Feb 21 15:43:36 devstack cinder-volume[82859]: DEBUG cinder.volume.drivers.quobyte [None req-54900b75-7b3b-45bc-bf7d-6291a30fa520 tempest-VolumesDeleteCascade-91150936 None] Quobyte Volume URL set to: {'osci02.corp.quobyte.com/cinder-vol-bcf0e7ae-2bb0-43d9-acb5-dc520c34fe7c': None} {{(pid=82859) _load_shares_config /opt/stack/cinder/cinder/volume/drivers/quobyte.py:617}}
Feb 21 15:43:36 devstack cinder-volume[82859]: DEBUG cinder.volume.drivers.quobyte [None req-54900b75-7b3b-45bc-bf7d-6291a30fa520 tempest-VolumesDeleteCascade-91150936 None] Available shares ['osci02.corp.quobyte.com/cinder-vol-bcf0e7ae-2bb0-43d9-acb5-dc520c34fe7c'] {{(pid=82859) _ensure_shares_mounted /opt/stack/cinder/cinder/volume/drivers/quobyte.py:647}}
Feb 21 15:43:36 devstack cinder-volume[82859]: DEBUG oslo_concurrency.lockutils [None req-54900b75-7b3b-45bc-bf7d-6291a30fa520 tempest-VolumesDeleteCascade-91150936 None] Lock "quobyte_ensure" "released" by "cinder.volume.drivers.quobyte.QuobyteDriver._ensure_shares_mounted" :: held 0.003s {{(pid=82859) inner /opt/stack/data/venv/lib/python3.10/site-packages/oslo_concurrency/lockutils.py:538}}
Feb 21 15:43:36 devstack cinder-volume[82859]: DEBUG cinder.volume.drivers.quobyte [None req-54900b75-7b3b-45bc-bf7d-6291a30fa520 tempest-VolumesDeleteCascade-91150936 None] Selected osci02.corp.quobyte.com/cinder-vol-bcf0e7ae-2bb0-43d9-acb5-dc520c34fe7c as target Quobyte volume. {{(pid=82859) _find_share /opt/stack/cinder/cinder/volume/drivers/quobyte.py:668}}
Feb 21 15:43:36 devstack cinder-volume[82859]: INFO cinder.volume.drivers.remotefs [None req-54900b75-7b3b-45bc-bf7d-6291a30fa520 tempest-VolumesDeleteCascade-91150936 None] casted to osci02.corp.quobyte.com/cinder-vol-bcf0e7ae-2bb0-43d9-acb5-dc520c34fe7c
Feb 21 15:43:36 devstack cinder-volume[82859]: DEBUG oslo_concurrency.processutils [None req-54900b75-7b3b-45bc-bf7d-6291a30fa520 tempest-VolumesDeleteCascade-91150936 None] Running cmd (subprocess): sudo cinder-rootwrap /etc/cinder/rootwrap.conf qemu-img create -f qcow2 -o preallocation=metadata /opt/stack/data/cinder/mnt/f8c63d9c7ed074dc05187c2e67080d75/volume-95ba3e90-f17b-4355-9a65-02df6c6a1e04 1073741824 {{(pid=82859) execute /opt/stack/data/venv/lib/python3.10/site-packages/oslo_concurrency/processutils.py:368}}
Feb 21 15:43:36 devstack cinder-volume[82859]: DEBUG cinder.volume.manager [None req-6fb571b7-c500-40d8-ad27-cc30f98c4192 tempest-GroupSnapshotsTest-334487336 None] Task 'cinder.volume.flows.manager.create_volume.CreateVolumeFromSpecTask;volume:create' (64164a0e-20b6-4bea-a48e-1f21014f114a) transitioned into state 'SUCCESS' from state 'RUNNING' with result '{'status': 'creating', 'volume_name': 'volume-7b29d383-a29b-4b20-8a69-36f03e0a9748', 'volume_size': 1}' {{(pid=82859) _task_receiver /opt/stack/data/venv/lib/python3.10/site-packages/taskflow/listeners/logging.py:182}}
Feb 21 15:43:36 devstack cinder-volume[82859]: DEBUG cinder.volume.manager [None req-6fb571b7-c500-40d8-ad27-cc30f98c4192 tempest-GroupSnapshotsTest-334487336 None] Task 'cinder.volume.flows.manager.create_volume.CreateVolumeOnFinishTask;volume:create, create.end' (961b8eda-95d2-403e-8e4f-2130c8430569) transitioned into state 'RUNNING' from state 'PENDING' {{(pid=82859) _task_receiver /opt/stack/data/venv/lib/python3.10/site-packages/taskflow/listeners/logging.py:194}}
Feb 21 15:43:36 devstack sudo[85599]: quobyte : PWD=/ ; USER=root ; COMMAND=/opt/stack/data/venv/bin/cinder-rootwrap /etc/cinder/rootwrap.conf qemu-img create -f qcow2 -o preallocation=metadata /opt/stack/data/cinder/mnt/f8c63d9c7ed074dc05187c2e67080d75/volume-95ba3e90-f17b-4355-9a65-02df6c6a1e04 1073741824
Feb 21 15:43:36 devstack sudo[85599]: pam_unix(sudo:session): session opened for user root(uid=0) by (uid=1000)
Feb 21 15:43:36 devstack cinder-volume[82859]: INFO cinder.volume.flows.manager.create_volume [None req-6fb571b7-c500-40d8-ad27-cc30f98c4192 tempest-GroupSnapshotsTest-334487336 None] Volume volume-7b29d383-a29b-4b20-8a69-36f03e0a9748 (7b29d383-a29b-4b20-8a69-36f03e0a9748): created successfully
Feb 21 15:43:36 devstack cinder-volume[82859]: DEBUG cinder.volume.manager [None req-6fb571b7-c500-40d8-ad27-cc30f98c4192 tempest-GroupSnapshotsTest-334487336 None] Task 'cinder.volume.flows.manager.create_volume.CreateVolumeOnFinishTask;volume:create, create.end' (961b8eda-95d2-403e-8e4f-2130c8430569) transitioned into state 'SUCCESS' from state 'RUNNING' with result 'None' {{(pid=82859) _task_receiver /opt/stack/data/venv/lib/python3.10/site-packages/taskflow/listeners/logging.py:182}}
Feb 21 15:43:36 devstack cinder-volume[82859]: DEBUG cinder.volume.manager [None req-6fb571b7-c500-40d8-ad27-cc30f98c4192 tempest-GroupSnapshotsTest-334487336 None] Flow 'volume_create_manager' (484d73a8-7766-4c37-bd8b-0be560edbbc6) transitioned into state 'SUCCESS' from state 'RUNNING' {{(pid=82859) _flow_receiver /opt/stack/data/venv/lib/python3.10/site-packages/taskflow/listeners/logging.py:145}}
Feb 21 15:43:36 devstack cinder-volume[82859]: INFO cinder.volume.manager [None req-6fb571b7-c500-40d8-ad27-cc30f98c4192 tempest-GroupSnapshotsTest-334487336 None] Created volume successfully.
Feb 21 15:43:37 devstack sudo[85599]: pam_unix(sudo:session): session closed for user root
Feb 21 15:43:37 devstack cinder-volume[82859]: DEBUG oslo_concurrency.processutils [None req-54900b75-7b3b-45bc-bf7d-6291a30fa520 tempest-VolumesDeleteCascade-91150936 None] CMD "sudo cinder-rootwrap /etc/cinder/rootwrap.conf qemu-img create -f qcow2 -o preallocation=metadata /opt/stack/data/cinder/mnt/f8c63d9c7ed074dc05187c2e67080d75/volume-95ba3e90-f17b-4355-9a65-02df6c6a1e04 1073741824" returned: 0 in 0.551s {{(pid=82859) execute /opt/stack/data/venv/lib/python3.10/site-packages/oslo_concurrency/processutils.py:396}}
Feb 21 15:43:37 devstack cinder-volume[82859]: DEBUG oslo_concurrency.processutils [None req-54900b75-7b3b-45bc-bf7d-6291a30fa520 tempest-VolumesDeleteCascade-91150936 None] Running cmd (subprocess): sudo cinder-rootwrap /etc/cinder/rootwrap.conf chmod ugo+rw /opt/stack/data/cinder/mnt/f8c63d9c7ed074dc05187c2e67080d75/volume-95ba3e90-f17b-4355-9a65-02df6c6a1e04 {{(pid=82859) execute /opt/stack/data/venv/lib/python3.10/site-packages/oslo_concurrency/processutils.py:368}}
Feb 21 15:43:37 devstack sudo[85604]: quobyte : PWD=/ ; USER=root ; COMMAND=/opt/stack/data/venv/bin/cinder-rootwrap /etc/cinder/rootwrap.conf chmod ugo+rw /opt/stack/data/cinder/mnt/f8c63d9c7ed074dc05187c2e67080d75/volume-95ba3e90-f17b-4355-9a65-02df6c6a1e04
Feb 21 15:43:37 devstack sudo[85604]: pam_unix(sudo:session): session opened for user root(uid=0) by (uid=1000)
Feb 21 15:43:37 devstack cinder-volume[82859]: INFO cinder.volume.manager [None req-02b5424b-6f9c-475a-8fba-fa70322fb4e3 tempest-GroupSnapshotsTest-334487336 None] Update group completed successfully.
Feb 21 15:43:37 devstack sudo[85604]: pam_unix(sudo:session): session closed for user root
Feb 21 15:43:37 devstack cinder-volume[82859]: DEBUG oslo_concurrency.processutils [None req-54900b75-7b3b-45bc-bf7d-6291a30fa520 tempest-VolumesDeleteCascade-91150936 None] CMD "sudo cinder-rootwrap /etc/cinder/rootwrap.conf chmod ugo+rw /opt/stack/data/cinder/mnt/f8c63d9c7ed074dc05187c2e67080d75/volume-95ba3e90-f17b-4355-9a65-02df6c6a1e04" returned: 0 in 0.544s {{(pid=82859) execute /opt/stack/data/venv/lib/python3.10/site-packages/oslo_concurrency/processutils.py:396}}
Feb 21 15:43:37 devstack cinder-volume[82859]: DEBUG cinder.volume.drivers.quobyte [None req-54900b75-7b3b-45bc-bf7d-6291a30fa520 tempest-VolumesDeleteCascade-91150936 None] <== create_volume: return (1118ms) {'provider_location': 'osci02.corp.quobyte.com/cinder-vol-bcf0e7ae-2bb0-43d9-acb5-dc520c34fe7c'} {{(pid=82859) trace_logging_wrapper /opt/stack/cinder/cinder/volume/volume_utils.py:1523}}
Feb 21 15:43:37 devstack cinder-volume[82859]: DEBUG oslo_concurrency.lockutils [None req-54900b75-7b3b-45bc-bf7d-6291a30fa520 tempest-VolumesDeleteCascade-91150936 None] Lock "quobyte" "released" by "cinder.volume.drivers.quobyte.QuobyteDriver.create_volume" :: held 1.121s {{(pid=82859) inner /opt/stack/data/venv/lib/python3.10/site-packages/oslo_concurrency/lockutils.py:538}}
Feb 21 15:43:37 devstack cinder-volume[82859]: DEBUG cinder.volume.manager [None req-54900b75-7b3b-45bc-bf7d-6291a30fa520 tempest-VolumesDeleteCascade-91150936 None] Task 'cinder.volume.flows.manager.create_volume.CreateVolumeFromSpecTask;volume:create' (e35d3bbc-d7ab-4b24-8624-f50813c1db74) transitioned into state 'SUCCESS' from state 'RUNNING' with result '{'status': 'creating', 'volume_name': 'volume-95ba3e90-f17b-4355-9a65-02df6c6a1e04', 'volume_size': 1}' {{(pid=82859) _task_receiver /opt/stack/data/venv/lib/python3.10/site-packages/taskflow/listeners/logging.py:182}}
Feb 21 15:43:37 devstack cinder-volume[82859]: DEBUG cinder.volume.manager [None req-54900b75-7b3b-45bc-bf7d-6291a30fa520 tempest-VolumesDeleteCascade-91150936 None] Task 'cinder.volume.flows.manager.create_volume.CreateVolumeOnFinishTask;volume:create, create.end' (a99009ec-3b5c-4c80-8996-3a82d0601c62) transitioned into state 'RUNNING' from state 'PENDING' {{(pid=82859) _task_receiver /opt/stack/data/venv/lib/python3.10/site-packages/taskflow/listeners/logging.py:194}}
Feb 21 15:43:37 devstack cinder-volume[82859]: INFO cinder.volume.flows.manager.create_volume [None req-54900b75-7b3b-45bc-bf7d-6291a30fa520 tempest-VolumesDeleteCascade-91150936 None] Volume volume-95ba3e90-f17b-4355-9a65-02df6c6a1e04 (95ba3e90-f17b-4355-9a65-02df6c6a1e04): created successfully
Feb 21 15:43:37 devstack cinder-volume[82859]: DEBUG cinder.volume.manager [None req-54900b75-7b3b-45bc-bf7d-6291a30fa520 tempest-VolumesDeleteCascade-91150936 None] Task 'cinder.volume.flows.manager.create_volume.CreateVolumeOnFinishTask;volume:create, create.end' (a99009ec-3b5c-4c80-8996-3a82d0601c62) transitioned into state 'SUCCESS' from state 'RUNNING' with result 'None' {{(pid=82859) _task_receiver /opt/stack/data/venv/lib/python3.10/site-packages/taskflow/listeners/logging.py:182}}
Feb 21 15:43:37 devstack cinder-volume[82859]: DEBUG cinder.volume.manager [None req-54900b75-7b3b-45bc-bf7d-6291a30fa520 tempest-VolumesDeleteCascade-91150936 None] Flow 'volume_create_manager' (3588a027-cdca-447a-9ffe-0ad64dd9177b) transitioned into state 'SUCCESS' from state 'RUNNING' {{(pid=82859) _flow_receiver /opt/stack/data/venv/lib/python3.10/site-packages/taskflow/listeners/logging.py:145}}
Feb 21 15:43:37 devstack cinder-volume[82859]: INFO cinder.volume.manager [None req-54900b75-7b3b-45bc-bf7d-6291a30fa520 tempest-VolumesDeleteCascade-91150936 None] Created volume successfully.
Feb 21 15:43:38 devstack cinder-volume[82859]: INFO cinder.volume.manager [None req-c499a4e9-4e10-448b-b610-7c83dd90cd9e tempest-GroupSnapshotsTest-334487336 None] Update group completed successfully.
Feb 21 15:43:38 devstack cinder-volume[82859]: DEBUG oslo_concurrency.lockutils [None req-c0d52946-6d02-40eb-a830-9e6817ca81a7 tempest-VolumesDeleteCascade-91150936 None] Acquiring lock "quobyte" by "cinder.volume.drivers.quobyte.QuobyteDriver.create_snapshot" {{(pid=82859) inner /opt/stack/data/venv/lib/python3.10/site-packages/oslo_concurrency/lockutils.py:506}}
Feb 21 15:43:38 devstack cinder-volume[82859]: DEBUG oslo_concurrency.lockutils [None req-c0d52946-6d02-40eb-a830-9e6817ca81a7 tempest-VolumesDeleteCascade-91150936 None] Lock "quobyte" acquired by "cinder.volume.drivers.quobyte.QuobyteDriver.create_snapshot" :: waited 0.001s {{(pid=82859) inner /opt/stack/data/venv/lib/python3.10/site-packages/oslo_concurrency/lockutils.py:519}}
Feb 21 15:43:38 devstack cinder-volume[82859]: DEBUG cinder.volume.drivers.remotefs [None req-c0d52946-6d02-40eb-a830-9e6817ca81a7 tempest-VolumesDeleteCascade-91150936 None] Creating offline snapshot e561de56-d5c5-482a-bd75-09611bf55843 of volume 95ba3e90-f17b-4355-9a65-02df6c6a1e04 {{(pid=82859) _create_snapshot /opt/stack/cinder/cinder/volume/drivers/remotefs.py:1815}}
Feb 21 15:43:39 devstack cinder-volume[82859]: DEBUG oslo.privsep.daemon [-] privsep: reply[c3b68e74-d83c-4743-85de-35e63fdbf2af]: (4, 'qcow2') {{(pid=83848) _call_back /opt/stack/data/venv/lib/python3.10/site-packages/oslo_privsep/daemon.py:573}}
Feb 21 15:43:39 devstack cinder-volume[82859]: DEBUG oslo_concurrency.processutils [None req-c0d52946-6d02-40eb-a830-9e6817ca81a7 tempest-VolumesDeleteCascade-91150936 None] Running cmd (subprocess): /opt/stack/data/venv/bin/python3.10 -m oslo_concurrency.prlimit --as=1073741824 --cpu=60 -- sudo cinder-rootwrap /etc/cinder/rootwrap.conf env LC_ALL=C qemu-img info -f qcow2 --output=json --force-share /opt/stack/data/cinder/mnt/f8c63d9c7ed074dc05187c2e67080d75/volume-95ba3e90-f17b-4355-9a65-02df6c6a1e04 {{(pid=82859) execute /opt/stack/data/venv/lib/python3.10/site-packages/oslo_concurrency/processutils.py:368}}
Feb 21 15:43:39 devstack sudo[85608]: quobyte : PWD=/ ; USER=root ; COMMAND=/opt/stack/data/venv/bin/cinder-rootwrap /etc/cinder/rootwrap.conf env LC_ALL=C qemu-img info -f qcow2 --output=json --force-share /opt/stack/data/cinder/mnt/f8c63d9c7ed074dc05187c2e67080d75/volume-95ba3e90-f17b-4355-9a65-02df6c6a1e04
Feb 21 15:43:39 devstack sudo[85608]: pam_unix(sudo:session): session opened for user root(uid=0) by (uid=1000)
Feb 21 15:43:39 devstack sudo[85608]: pam_unix(sudo:session): session closed for user root
Feb 21 15:43:39 devstack cinder-volume[82859]: DEBUG oslo_concurrency.processutils [None req-c0d52946-6d02-40eb-a830-9e6817ca81a7 tempest-VolumesDeleteCascade-91150936 None] CMD "/opt/stack/data/venv/bin/python3.10 -m oslo_concurrency.prlimit --as=1073741824 --cpu=60 -- sudo cinder-rootwrap /etc/cinder/rootwrap.conf env LC_ALL=C qemu-img info -f qcow2 --output=json --force-share /opt/stack/data/cinder/mnt/f8c63d9c7ed074dc05187c2e67080d75/volume-95ba3e90-f17b-4355-9a65-02df6c6a1e04" returned: 0 in 0.606s {{(pid=82859) execute /opt/stack/data/venv/lib/python3.10/site-packages/oslo_concurrency/processutils.py:396}}
Feb 21 15:43:39 devstack cinder-volume[82859]: DEBUG oslo_concurrency.processutils [None req-c0d52946-6d02-40eb-a830-9e6817ca81a7 tempest-VolumesDeleteCascade-91150936 None] Running cmd (subprocess): sudo cinder-rootwrap /etc/cinder/rootwrap.conf qemu-img create -f qcow2 -o backing_file=/opt/stack/data/cinder/mnt/f8c63d9c7ed074dc05187c2e67080d75/volume-95ba3e90-f17b-4355-9a65-02df6c6a1e04,backing_fmt=qcow2 /opt/stack/data/cinder/mnt/f8c63d9c7ed074dc05187c2e67080d75/volume-95ba3e90-f17b-4355-9a65-02df6c6a1e04.e561de56-d5c5-482a-bd75-09611bf55843 1G {{(pid=82859) execute /opt/stack/data/venv/lib/python3.10/site-packages/oslo_concurrency/processutils.py:368}}
Feb 21 15:43:39 devstack sudo[85613]: quobyte : PWD=/ ; USER=root ; COMMAND=/opt/stack/data/venv/bin/cinder-rootwrap /etc/cinder/rootwrap.conf qemu-img create -f qcow2 -o backing_file=/opt/stack/data/cinder/mnt/f8c63d9c7ed074dc05187c2e67080d75/volume-95ba3e90-f17b-4355-9a65-02df6c6a1e04,backing_fmt=qcow2 /opt/stack/data/cinder/mnt/f8c63d9c7ed074dc05187c2e67080d75/volume-95ba3e90-f17b-4355-9a65-02df6c6a1e04.e561de56-d5c5-482a-bd75-09611bf55843 1G
Feb 21 15:43:39 devstack sudo[85613]: pam_unix(sudo:session): session opened for user root(uid=0) by (uid=1000)
Feb 21 15:43:39 devstack cinder-volume[82859]: INFO cinder.volume.manager [None req-d0eb5b3a-7a37-4e57-8298-fedeec3501c9 tempest-GroupSnapshotsTest-334487336 None] Update group completed successfully.
Feb 21 15:43:40 devstack sudo[85613]: pam_unix(sudo:session): session closed for user root
Feb 21 15:43:40 devstack cinder-volume[82859]: DEBUG oslo_concurrency.processutils [None req-c0d52946-6d02-40eb-a830-9e6817ca81a7 tempest-VolumesDeleteCascade-91150936 None] CMD "sudo cinder-rootwrap /etc/cinder/rootwrap.conf qemu-img create -f qcow2 -o backing_file=/opt/stack/data/cinder/mnt/f8c63d9c7ed074dc05187c2e67080d75/volume-95ba3e90-f17b-4355-9a65-02df6c6a1e04,backing_fmt=qcow2 /opt/stack/data/cinder/mnt/f8c63d9c7ed074dc05187c2e67080d75/volume-95ba3e90-f17b-4355-9a65-02df6c6a1e04.e561de56-d5c5-482a-bd75-09611bf55843 1G" returned: 0 in 0.619s {{(pid=82859) execute /opt/stack/data/venv/lib/python3.10/site-packages/oslo_concurrency/processutils.py:396}}
Feb 21 15:43:40 devstack cinder-volume[82859]: DEBUG oslo_concurrency.processutils [None req-c0d52946-6d02-40eb-a830-9e6817ca81a7 tempest-VolumesDeleteCascade-91150936 None] Running cmd (subprocess): sudo cinder-rootwrap /etc/cinder/rootwrap.conf qemu-img rebase -u -b volume-95ba3e90-f17b-4355-9a65-02df6c6a1e04 -F qcow2 /opt/stack/data/cinder/mnt/f8c63d9c7ed074dc05187c2e67080d75/volume-95ba3e90-f17b-4355-9a65-02df6c6a1e04.e561de56-d5c5-482a-bd75-09611bf55843 {{(pid=82859) execute /opt/stack/data/venv/lib/python3.10/site-packages/oslo_concurrency/processutils.py:368}}
Feb 21 15:43:40 devstack sudo[85618]: quobyte : PWD=/ ; USER=root ; COMMAND=/opt/stack/data/venv/bin/cinder-rootwrap /etc/cinder/rootwrap.conf qemu-img rebase -u -b volume-95ba3e90-f17b-4355-9a65-02df6c6a1e04 -F qcow2 /opt/stack/data/cinder/mnt/f8c63d9c7ed074dc05187c2e67080d75/volume-95ba3e90-f17b-4355-9a65-02df6c6a1e04.e561de56-d5c5-482a-bd75-09611bf55843
Feb 21 15:43:40 devstack sudo[85618]: pam_unix(sudo:session): session opened for user root(uid=0) by (uid=1000)
Feb 21 15:43:40 devstack sudo[85618]: pam_unix(sudo:session): session closed for user root
Feb 21 15:43:40 devstack cinder-volume[82859]: DEBUG oslo_concurrency.processutils [None req-c0d52946-6d02-40eb-a830-9e6817ca81a7 tempest-VolumesDeleteCascade-91150936 None] CMD "sudo cinder-rootwrap /etc/cinder/rootwrap.conf qemu-img rebase -u -b volume-95ba3e90-f17b-4355-9a65-02df6c6a1e04 -F qcow2 /opt/stack/data/cinder/mnt/f8c63d9c7ed074dc05187c2e67080d75/volume-95ba3e90-f17b-4355-9a65-02df6c6a1e04.e561de56-d5c5-482a-bd75-09611bf55843" returned: 0 in 0.534s {{(pid=82859) execute /opt/stack/data/venv/lib/python3.10/site-packages/oslo_concurrency/processutils.py:396}}
Feb 21 15:43:40 devstack cinder-volume[82859]: WARNING cinder.volume.drivers.remotefs [None req-c0d52946-6d02-40eb-a830-9e6817ca81a7 tempest-VolumesDeleteCascade-91150936 None] /opt/stack/data/cinder/mnt/f8c63d9c7ed074dc05187c2e67080d75/volume-95ba3e90-f17b-4355-9a65-02df6c6a1e04.e561de56-d5c5-482a-bd75-09611bf55843 is being set with open permissions: ugo+rw
Feb 21 15:43:40 devstack cinder-volume[82859]: DEBUG oslo_concurrency.processutils [None req-c0d52946-6d02-40eb-a830-9e6817ca81a7 tempest-VolumesDeleteCascade-91150936 None] Running cmd (subprocess): sudo cinder-rootwrap /etc/cinder/rootwrap.conf chmod ugo+rw /opt/stack/data/cinder/mnt/f8c63d9c7ed074dc05187c2e67080d75/volume-95ba3e90-f17b-4355-9a65-02df6c6a1e04.e561de56-d5c5-482a-bd75-09611bf55843 {{(pid=82859) execute /opt/stack/data/venv/lib/python3.10/site-packages/oslo_concurrency/processutils.py:368}}
Feb 21 15:43:40 devstack sudo[85624]: quobyte : PWD=/ ; USER=root ; COMMAND=/opt/stack/data/venv/bin/cinder-rootwrap /etc/cinder/rootwrap.conf chmod ugo+rw /opt/stack/data/cinder/mnt/f8c63d9c7ed074dc05187c2e67080d75/volume-95ba3e90-f17b-4355-9a65-02df6c6a1e04.e561de56-d5c5-482a-bd75-09611bf55843
Feb 21 15:43:40 devstack sudo[85624]: pam_unix(sudo:session): session opened for user root(uid=0) by (uid=1000)
Feb 21 15:43:41 devstack cinder-volume[82859]: INFO cinder.volume.manager [None req-746b3a89-fc55-444d-9dc0-0de37aa86b50 tempest-GroupSnapshotsTest-334487336 None] Update group completed successfully.
Feb 21 15:43:41 devstack sudo[85624]: pam_unix(sudo:session): session closed for user root
Feb 21 15:43:41 devstack cinder-volume[82859]: DEBUG oslo_concurrency.processutils [None req-c0d52946-6d02-40eb-a830-9e6817ca81a7 tempest-VolumesDeleteCascade-91150936 None] CMD "sudo cinder-rootwrap /etc/cinder/rootwrap.conf chmod ugo+rw /opt/stack/data/cinder/mnt/f8c63d9c7ed074dc05187c2e67080d75/volume-95ba3e90-f17b-4355-9a65-02df6c6a1e04.e561de56-d5c5-482a-bd75-09611bf55843" returned: 0 in 0.573s {{(pid=82859) execute /opt/stack/data/venv/lib/python3.10/site-packages/oslo_concurrency/processutils.py:396}}
Feb 21 15:43:41 devstack cinder-volume[82859]: DEBUG oslo_concurrency.processutils [None req-c0d52946-6d02-40eb-a830-9e6817ca81a7 tempest-VolumesDeleteCascade-91150936 None] Running cmd (subprocess): sudo cinder-rootwrap /etc/cinder/rootwrap.conf truncate -s0 /opt/stack/data/cinder/mnt/f8c63d9c7ed074dc05187c2e67080d75/volume-95ba3e90-f17b-4355-9a65-02df6c6a1e04.info {{(pid=82859) execute /opt/stack/data/venv/lib/python3.10/site-packages/oslo_concurrency/processutils.py:368}}
Feb 21 15:43:41 devstack sudo[85633]: quobyte : PWD=/ ; USER=root ; COMMAND=/opt/stack/data/venv/bin/cinder-rootwrap /etc/cinder/rootwrap.conf truncate -s0 /opt/stack/data/cinder/mnt/f8c63d9c7ed074dc05187c2e67080d75/volume-95ba3e90-f17b-4355-9a65-02df6c6a1e04.info
Feb 21 15:43:41 devstack sudo[85633]: pam_unix(sudo:session): session opened for user root(uid=0) by (uid=1000)
Feb 21 15:43:41 devstack sudo[85633]: pam_unix(sudo:session): session closed for user root
Feb 21 15:43:41 devstack cinder-volume[82859]: DEBUG oslo_concurrency.processutils [None req-c0d52946-6d02-40eb-a830-9e6817ca81a7 tempest-VolumesDeleteCascade-91150936 None] CMD "sudo cinder-rootwrap /etc/cinder/rootwrap.conf truncate -s0 /opt/stack/data/cinder/mnt/f8c63d9c7ed074dc05187c2e67080d75/volume-95ba3e90-f17b-4355-9a65-02df6c6a1e04.info" returned: 0 in 0.450s {{(pid=82859) execute /opt/stack/data/venv/lib/python3.10/site-packages/oslo_concurrency/processutils.py:396}}
Feb 21 15:43:41 devstack cinder-volume[82859]: WARNING cinder.volume.drivers.remotefs [None req-c0d52946-6d02-40eb-a830-9e6817ca81a7 tempest-VolumesDeleteCascade-91150936 None] /opt/stack/data/cinder/mnt/f8c63d9c7ed074dc05187c2e67080d75/volume-95ba3e90-f17b-4355-9a65-02df6c6a1e04.info is being set with open permissions: ugo+rw
Feb 21 15:43:41 devstack cinder-volume[82859]: DEBUG oslo_concurrency.processutils [None req-c0d52946-6d02-40eb-a830-9e6817ca81a7 tempest-VolumesDeleteCascade-91150936 None] Running cmd (subprocess): sudo cinder-rootwrap /etc/cinder/rootwrap.conf chmod ugo+rw /opt/stack/data/cinder/mnt/f8c63d9c7ed074dc05187c2e67080d75/volume-95ba3e90-f17b-4355-9a65-02df6c6a1e04.info {{(pid=82859) execute /opt/stack/data/venv/lib/python3.10/site-packages/oslo_concurrency/processutils.py:368}}
Feb 21 15:43:41 devstack sudo[85636]: quobyte : PWD=/ ; USER=root ; COMMAND=/opt/stack/data/venv/bin/cinder-rootwrap /etc/cinder/rootwrap.conf chmod ugo+rw /opt/stack/data/cinder/mnt/f8c63d9c7ed074dc05187c2e67080d75/volume-95ba3e90-f17b-4355-9a65-02df6c6a1e04.info
Feb 21 15:43:41 devstack sudo[85636]: pam_unix(sudo:session): session opened for user root(uid=0) by (uid=1000)
Feb 21 15:43:42 devstack sudo[85636]: pam_unix(sudo:session): session closed for user root
Feb 21 15:43:42 devstack cinder-volume[82859]: DEBUG oslo_concurrency.processutils [None req-c0d52946-6d02-40eb-a830-9e6817ca81a7 tempest-VolumesDeleteCascade-91150936 None] CMD "sudo cinder-rootwrap /etc/cinder/rootwrap.conf chmod ugo+rw /opt/stack/data/cinder/mnt/f8c63d9c7ed074dc05187c2e67080d75/volume-95ba3e90-f17b-4355-9a65-02df6c6a1e04.info" returned: 0 in 0.492s {{(pid=82859) execute /opt/stack/data/venv/lib/python3.10/site-packages/oslo_concurrency/processutils.py:396}}
Feb 21 15:43:42 devstack cinder-volume[82859]: DEBUG oslo_concurrency.lockutils [None req-c0d52946-6d02-40eb-a830-9e6817ca81a7 tempest-VolumesDeleteCascade-91150936 None] Lock "quobyte" "released" by "cinder.volume.drivers.quobyte.QuobyteDriver.create_snapshot" :: held 3.333s {{(pid=82859) inner /opt/stack/data/venv/lib/python3.10/site-packages/oslo_concurrency/lockutils.py:538}}
Feb 21 15:43:42 devstack cinder-volume[82859]: INFO cinder.volume.manager [None req-c0d52946-6d02-40eb-a830-9e6817ca81a7 tempest-VolumesDeleteCascade-91150936 None] Create snapshot completed successfully
Feb 21 15:43:42 devstack cinder-volume[82859]: INFO cinder.volume.manager [None req-877db98c-9cf1-486a-93c5-f5fa4d0e43a9 tempest-GroupSnapshotsTest-334487336 None] GroupSnapshot cb9925be-ae65-4183-b2bd-403be57cad89: creating.
Feb 21 15:43:42 devstack cinder-volume[82859]: DEBUG cinder.volume.manager [None req-877db98c-9cf1-486a-93c5-f5fa4d0e43a9 tempest-GroupSnapshotsTest-334487336 None] Group snapshot cb9925be-ae65-4183-b2bd-403be57cad89: creating. {{(pid=82859) create_group_snapshot /opt/stack/cinder/cinder/volume/manager.py:4175}}
Feb 21 15:43:42 devstack cinder-volume[82859]: DEBUG oslo_concurrency.lockutils [None req-877db98c-9cf1-486a-93c5-f5fa4d0e43a9 tempest-GroupSnapshotsTest-334487336 None] Acquiring lock "quobyte" by "cinder.volume.drivers.quobyte.QuobyteDriver.create_snapshot" {{(pid=82859) inner /opt/stack/data/venv/lib/python3.10/site-packages/oslo_concurrency/lockutils.py:506}}
Feb 21 15:43:42 devstack cinder-volume[82859]: DEBUG oslo_concurrency.lockutils [None req-877db98c-9cf1-486a-93c5-f5fa4d0e43a9 tempest-GroupSnapshotsTest-334487336 None] Lock "quobyte" acquired by "cinder.volume.drivers.quobyte.QuobyteDriver.create_snapshot" :: waited 0.001s {{(pid=82859) inner /opt/stack/data/venv/lib/python3.10/site-packages/oslo_concurrency/lockutils.py:519}}
Feb 21 15:43:42 devstack cinder-volume[82859]: DEBUG cinder.volume.drivers.remotefs [None req-877db98c-9cf1-486a-93c5-f5fa4d0e43a9 tempest-GroupSnapshotsTest-334487336 None] Creating offline snapshot 6b02c569-6c48-43c8-a979-27c0f4dd0e16 of volume bab306aa-6404-4901-8de2-e32bfc0eebc2 {{(pid=82859) _create_snapshot /opt/stack/cinder/cinder/volume/drivers/remotefs.py:1815}}
Feb 21 15:43:42 devstack cinder-volume[82859]: DEBUG oslo.privsep.daemon [-] privsep: reply[021a5e7c-05cb-4964-9106-aab9cf3d4540]: (4, 'qcow2') {{(pid=83848) _call_back /opt/stack/data/venv/lib/python3.10/site-packages/oslo_privsep/daemon.py:573}}
Feb 21 15:43:42 devstack cinder-volume[82859]: DEBUG oslo_concurrency.processutils [None req-877db98c-9cf1-486a-93c5-f5fa4d0e43a9 tempest-GroupSnapshotsTest-334487336 None] Running cmd (subprocess): /opt/stack/data/venv/bin/python3.10 -m oslo_concurrency.prlimit --as=1073741824 --cpu=60 -- sudo cinder-rootwrap /etc/cinder/rootwrap.conf env LC_ALL=C qemu-img info -f qcow2 --output=json --force-share /opt/stack/data/cinder/mnt/f8c63d9c7ed074dc05187c2e67080d75/volume-bab306aa-6404-4901-8de2-e32bfc0eebc2 {{(pid=82859) execute /opt/stack/data/venv/lib/python3.10/site-packages/oslo_concurrency/processutils.py:368}}
Feb 21 15:43:42 devstack sudo[85639]: quobyte : PWD=/ ; USER=root ; COMMAND=/opt/stack/data/venv/bin/cinder-rootwrap /etc/cinder/rootwrap.conf env LC_ALL=C qemu-img info -f qcow2 --output=json --force-share /opt/stack/data/cinder/mnt/f8c63d9c7ed074dc05187c2e67080d75/volume-bab306aa-6404-4901-8de2-e32bfc0eebc2
Feb 21 15:43:42 devstack sudo[85639]: pam_unix(sudo:session): session opened for user root(uid=0) by (uid=1000)
Feb 21 15:43:42 devstack cinder-volume[82859]: DEBUG cinder.volume.flows.manager.create_volume [None req-bd797b1c-c645-4e9a-8807-e80bded9215d tempest-VolumesListAdminTestJSON-1702641562 None] Volume reschedule parameters: True retry: {'num_attempts': 1, 'backends': ['devstack@QuobyteHD#QuobyteHD'], 'hosts': ['devstack@QuobyteHD#QuobyteHD']} {{(pid=82859) get_flow /opt/stack/cinder/cinder/volume/flows/manager/create_volume.py:1388}}
Feb 21 15:43:42 devstack cinder-volume[82859]: DEBUG cinder.volume.manager [None req-bd797b1c-c645-4e9a-8807-e80bded9215d tempest-VolumesListAdminTestJSON-1702641562 None] Flow 'volume_create_manager' (40e3dcf5-5bc0-49a8-bad6-73d3e75f12f9) transitioned into state 'RUNNING' from state 'PENDING' {{(pid=82859) _flow_receiver /opt/stack/data/venv/lib/python3.10/site-packages/taskflow/listeners/logging.py:145}}
Feb 21 15:43:42 devstack cinder-volume[82859]: DEBUG cinder.volume.manager [None req-bd797b1c-c645-4e9a-8807-e80bded9215d tempest-VolumesListAdminTestJSON-1702641562 None] Task 'cinder.volume.flows.manager.create_volume.ExtractVolumeRefTask;volume:create' (2f98092c-b55e-40ae-8e35-9ab5469f5e19) transitioned into state 'RUNNING' from state 'PENDING' {{(pid=82859) _task_receiver /opt/stack/data/venv/lib/python3.10/site-packages/taskflow/listeners/logging.py:194}}
Feb 21 15:43:42 devstack cinder-volume[82859]: DEBUG cinder.volume.manager [None req-bd797b1c-c645-4e9a-8807-e80bded9215d tempest-VolumesListAdminTestJSON-1702641562 None] Task 'cinder.volume.flows.manager.create_volume.ExtractVolumeRefTask;volume:create' (2f98092c-b55e-40ae-8e35-9ab5469f5e19) transitioned into state 'SUCCESS' from state 'RUNNING' with result 'Volume(_name_id=None,admin_metadata=,attach_status='detached',availability_zone='nova',bootable=False,cluster=,cluster_name=None,consistencygroup=,consistencygroup_id=None,created_at=2026-02-21T14:43:43Z,deleted=False,deleted_at=None,display_description=None,display_name='tempest-VolumesListAdminTestJSON-Volume-968652616',ec2_id=None,encryption_key_id=None,glance_metadata=,group=,group_id=None,host='devstack@QuobyteHD#QuobyteHD',id=2dcd3a36-8a04-4cf0-8e85-feef8404169d,launched_at=None,metadata={},migration_status=None,multiattach=False,previous_status=None,project_id='4822e98aae764fefa88c26858d620cc0',provider_auth=None,provider_geometry=None,provider_id=None,provider_location=None,replication_driver_data=None,replication_extended_status=None,replication_status=None,scheduled_at=2026-02-21T14:43:43Z,service_uuid=None,shared_targets=True,size=1,snapshot_id=None,snapshots=,source_volid=None,status='creating',terminated_at=None,updated_at=2026-02-21T14:43:43Z,use_quota=True,user_id='db7c6d08fb22457fb7283999b93e0f43',volume_attachment=VolumeAttachmentList,volume_type=VolumeType(1c7f87a4-ca14-4d2c-81c4-b02b086a574b),volume_type_id=1c7f87a4-ca14-4d2c-81c4-b02b086a574b)' {{(pid=82859) _task_receiver /opt/stack/data/venv/lib/python3.10/site-packages/taskflow/listeners/logging.py:182}}
Feb 21 15:43:42 devstack cinder-volume[82859]: DEBUG cinder.volume.manager [None req-bd797b1c-c645-4e9a-8807-e80bded9215d tempest-VolumesListAdminTestJSON-1702641562 None] Task 'cinder.volume.flows.manager.create_volume.OnFailureRescheduleTask;volume:create' (73cb9979-87e6-482a-b0e1-dc925068918b) transitioned into state 'RUNNING' from state 'PENDING' {{(pid=82859) _task_receiver /opt/stack/data/venv/lib/python3.10/site-packages/taskflow/listeners/logging.py:194}}
Feb 21 15:43:42 devstack cinder-volume[82859]: DEBUG cinder.volume.manager [None req-bd797b1c-c645-4e9a-8807-e80bded9215d tempest-VolumesListAdminTestJSON-1702641562 None] Task 'cinder.volume.flows.manager.create_volume.OnFailureRescheduleTask;volume:create' (73cb9979-87e6-482a-b0e1-dc925068918b) transitioned into state 'SUCCESS' from state 'RUNNING' with result 'None' {{(pid=82859) _task_receiver /opt/stack/data/venv/lib/python3.10/site-packages/taskflow/listeners/logging.py:182}}
Feb 21 15:43:42 devstack cinder-volume[82859]: DEBUG cinder.volume.manager [None req-bd797b1c-c645-4e9a-8807-e80bded9215d tempest-VolumesListAdminTestJSON-1702641562 None] Task 'cinder.volume.flows.manager.create_volume.ExtractVolumeSpecTask;volume:create' (8b1317db-12f8-4d38-9dd9-0eef25805b43) transitioned into state 'RUNNING' from state 'PENDING' {{(pid=82859) _task_receiver /opt/stack/data/venv/lib/python3.10/site-packages/taskflow/listeners/logging.py:194}}
Feb 21 15:43:42 devstack cinder-volume[82859]: DEBUG cinder.volume.manager [None req-bd797b1c-c645-4e9a-8807-e80bded9215d tempest-VolumesListAdminTestJSON-1702641562 None] Task 'cinder.volume.flows.manager.create_volume.ExtractVolumeSpecTask;volume:create' (8b1317db-12f8-4d38-9dd9-0eef25805b43) transitioned into state 'SUCCESS' from state 'RUNNING' with result '{'status': 'creating', 'type': 'raw', 'volume_id': '2dcd3a36-8a04-4cf0-8e85-feef8404169d', 'volume_name': 'volume-2dcd3a36-8a04-4cf0-8e85-feef8404169d', 'volume_size': 1}' {{(pid=82859) _task_receiver /opt/stack/data/venv/lib/python3.10/site-packages/taskflow/listeners/logging.py:182}}
Feb 21 15:43:42 devstack cinder-volume[82859]: DEBUG cinder.volume.manager [None req-bd797b1c-c645-4e9a-8807-e80bded9215d tempest-VolumesListAdminTestJSON-1702641562 None] Task 'cinder.volume.flows.manager.create_volume.NotifyVolumeActionTask;volume:create, create.start' (859e38d0-7183-456d-b5eb-4846eb2b08b0) transitioned into state 'RUNNING' from state 'PENDING' {{(pid=82859) _task_receiver /opt/stack/data/venv/lib/python3.10/site-packages/taskflow/listeners/logging.py:194}}
Feb 21 15:43:42 devstack cinder-volume[82859]: DEBUG cinder.volume.manager [None req-bd797b1c-c645-4e9a-8807-e80bded9215d tempest-VolumesListAdminTestJSON-1702641562 None] Task 'cinder.volume.flows.manager.create_volume.NotifyVolumeActionTask;volume:create, create.start' (859e38d0-7183-456d-b5eb-4846eb2b08b0) transitioned into state 'SUCCESS' from state 'RUNNING' with result 'None' {{(pid=82859) _task_receiver /opt/stack/data/venv/lib/python3.10/site-packages/taskflow/listeners/logging.py:182}}
Feb 21 15:43:42 devstack cinder-volume[82859]: DEBUG cinder.volume.manager [None req-bd797b1c-c645-4e9a-8807-e80bded9215d tempest-VolumesListAdminTestJSON-1702641562 None] Task 'cinder.volume.flows.manager.create_volume.CreateVolumeFromSpecTask;volume:create' (f19f8b22-98c7-4680-bb55-941ae890d37b) transitioned into state 'RUNNING' from state 'PENDING' {{(pid=82859) _task_receiver /opt/stack/data/venv/lib/python3.10/site-packages/taskflow/listeners/logging.py:194}}
Feb 21 15:43:42 devstack cinder-volume[82859]: INFO cinder.volume.flows.manager.create_volume [None req-bd797b1c-c645-4e9a-8807-e80bded9215d tempest-VolumesListAdminTestJSON-1702641562 None] Volume 2dcd3a36-8a04-4cf0-8e85-feef8404169d: being created as raw with specification: {'status': 'creating', 'volume_name': 'volume-2dcd3a36-8a04-4cf0-8e85-feef8404169d', 'volume_size': 1}
Feb 21 15:43:42 devstack cinder-volume[82859]: DEBUG oslo_concurrency.lockutils [None req-bd797b1c-c645-4e9a-8807-e80bded9215d tempest-VolumesListAdminTestJSON-1702641562 None] Acquiring lock "quobyte" by "cinder.volume.drivers.quobyte.QuobyteDriver.create_volume" {{(pid=82859) inner /opt/stack/data/venv/lib/python3.10/site-packages/oslo_concurrency/lockutils.py:506}}
Feb 21 15:43:43 devstack sudo[85639]: pam_unix(sudo:session): session closed for user root
Feb 21 15:43:43 devstack cinder-volume[82859]: DEBUG oslo_concurrency.processutils [None req-877db98c-9cf1-486a-93c5-f5fa4d0e43a9 tempest-GroupSnapshotsTest-334487336 None] CMD "/opt/stack/data/venv/bin/python3.10 -m oslo_concurrency.prlimit --as=1073741824 --cpu=60 -- sudo cinder-rootwrap /etc/cinder/rootwrap.conf env LC_ALL=C qemu-img info -f qcow2 --output=json --force-share /opt/stack/data/cinder/mnt/f8c63d9c7ed074dc05187c2e67080d75/volume-bab306aa-6404-4901-8de2-e32bfc0eebc2" returned: 0 in 0.551s {{(pid=82859) execute /opt/stack/data/venv/lib/python3.10/site-packages/oslo_concurrency/processutils.py:396}}
Feb 21 15:43:43 devstack cinder-volume[82859]: DEBUG oslo_concurrency.processutils [None req-877db98c-9cf1-486a-93c5-f5fa4d0e43a9 tempest-GroupSnapshotsTest-334487336 None] Running cmd (subprocess): sudo cinder-rootwrap /etc/cinder/rootwrap.conf qemu-img create -f qcow2 -o backing_file=/opt/stack/data/cinder/mnt/f8c63d9c7ed074dc05187c2e67080d75/volume-bab306aa-6404-4901-8de2-e32bfc0eebc2,backing_fmt=qcow2 /opt/stack/data/cinder/mnt/f8c63d9c7ed074dc05187c2e67080d75/volume-bab306aa-6404-4901-8de2-e32bfc0eebc2.6b02c569-6c48-43c8-a979-27c0f4dd0e16 1G {{(pid=82859) execute /opt/stack/data/venv/lib/python3.10/site-packages/oslo_concurrency/processutils.py:368}}
Feb 21 15:43:43 devstack sudo[85644]: quobyte : PWD=/ ; USER=root ; COMMAND=/opt/stack/data/venv/bin/cinder-rootwrap /etc/cinder/rootwrap.conf qemu-img create -f qcow2 -o backing_file=/opt/stack/data/cinder/mnt/f8c63d9c7ed074dc05187c2e67080d75/volume-bab306aa-6404-4901-8de2-e32bfc0eebc2,backing_fmt=qcow2 /opt/stack/data/cinder/mnt/f8c63d9c7ed074dc05187c2e67080d75/volume-bab306aa-6404-4901-8de2-e32bfc0eebc2.6b02c569-6c48-43c8-a979-27c0f4dd0e16 1G
Feb 21 15:43:43 devstack sudo[85644]: pam_unix(sudo:session): session opened for user root(uid=0) by (uid=1000)
Feb 21 15:43:43 devstack cinder-volume[82859]: DEBUG oslo_concurrency.lockutils [None req-ea41797a-fc3e-4ea6-8e7c-c9a6856b4755 tempest-VolumesDeleteCascade-91150936 None] Acquiring lock "quobyte" by "cinder.volume.drivers.quobyte.QuobyteDriver.create_snapshot" {{(pid=82859) inner /opt/stack/data/venv/lib/python3.10/site-packages/oslo_concurrency/lockutils.py:506}}
Feb 21 15:43:43 devstack sudo[85644]: pam_unix(sudo:session): session closed for user root
Feb 21 15:43:43 devstack cinder-volume[82859]: DEBUG oslo_concurrency.processutils [None req-877db98c-9cf1-486a-93c5-f5fa4d0e43a9 tempest-GroupSnapshotsTest-334487336 None] CMD "sudo cinder-rootwrap /etc/cinder/rootwrap.conf qemu-img create -f qcow2 -o backing_file=/opt/stack/data/cinder/mnt/f8c63d9c7ed074dc05187c2e67080d75/volume-bab306aa-6404-4901-8de2-e32bfc0eebc2,backing_fmt=qcow2 /opt/stack/data/cinder/mnt/f8c63d9c7ed074dc05187c2e67080d75/volume-bab306aa-6404-4901-8de2-e32bfc0eebc2.6b02c569-6c48-43c8-a979-27c0f4dd0e16 1G" returned: 0 in 0.570s {{(pid=82859) execute /opt/stack/data/venv/lib/python3.10/site-packages/oslo_concurrency/processutils.py:396}}
Feb 21 15:43:43 devstack cinder-volume[82859]: DEBUG oslo_concurrency.processutils [None req-877db98c-9cf1-486a-93c5-f5fa4d0e43a9 tempest-GroupSnapshotsTest-334487336 None] Running cmd (subprocess): sudo cinder-rootwrap /etc/cinder/rootwrap.conf qemu-img rebase -u -b volume-bab306aa-6404-4901-8de2-e32bfc0eebc2 -F qcow2 /opt/stack/data/cinder/mnt/f8c63d9c7ed074dc05187c2e67080d75/volume-bab306aa-6404-4901-8de2-e32bfc0eebc2.6b02c569-6c48-43c8-a979-27c0f4dd0e16 {{(pid=82859) execute /opt/stack/data/venv/lib/python3.10/site-packages/oslo_concurrency/processutils.py:368}}
Feb 21 15:43:43 devstack sudo[85649]: quobyte : PWD=/ ; USER=root ; COMMAND=/opt/stack/data/venv/bin/cinder-rootwrap /etc/cinder/rootwrap.conf qemu-img rebase -u -b volume-bab306aa-6404-4901-8de2-e32bfc0eebc2 -F qcow2 /opt/stack/data/cinder/mnt/f8c63d9c7ed074dc05187c2e67080d75/volume-bab306aa-6404-4901-8de2-e32bfc0eebc2.6b02c569-6c48-43c8-a979-27c0f4dd0e16
Feb 21 15:43:43 devstack sudo[85649]: pam_unix(sudo:session): session opened for user root(uid=0) by (uid=1000)
Feb 21 15:43:44 devstack sudo[85649]: pam_unix(sudo:session): session closed for user root
Feb 21 15:43:44 devstack cinder-volume[82859]: DEBUG oslo_concurrency.processutils [None req-877db98c-9cf1-486a-93c5-f5fa4d0e43a9 tempest-GroupSnapshotsTest-334487336 None] CMD "sudo cinder-rootwrap /etc/cinder/rootwrap.conf qemu-img rebase -u -b volume-bab306aa-6404-4901-8de2-e32bfc0eebc2 -F qcow2 /opt/stack/data/cinder/mnt/f8c63d9c7ed074dc05187c2e67080d75/volume-bab306aa-6404-4901-8de2-e32bfc0eebc2.6b02c569-6c48-43c8-a979-27c0f4dd0e16" returned: 0 in 0.475s {{(pid=82859) execute /opt/stack/data/venv/lib/python3.10/site-packages/oslo_concurrency/processutils.py:396}}
Feb 21 15:43:44 devstack cinder-volume[82859]: WARNING cinder.volume.drivers.remotefs [None req-877db98c-9cf1-486a-93c5-f5fa4d0e43a9 tempest-GroupSnapshotsTest-334487336 None] /opt/stack/data/cinder/mnt/f8c63d9c7ed074dc05187c2e67080d75/volume-bab306aa-6404-4901-8de2-e32bfc0eebc2.6b02c569-6c48-43c8-a979-27c0f4dd0e16 is being set with open permissions: ugo+rw: NotImplementedError
Feb 21 15:43:44 devstack cinder-volume[82859]: DEBUG oslo_concurrency.processutils [None req-877db98c-9cf1-486a-93c5-f5fa4d0e43a9 tempest-GroupSnapshotsTest-334487336 None] Running cmd (subprocess): sudo cinder-rootwrap /etc/cinder/rootwrap.conf chmod ugo+rw /opt/stack/data/cinder/mnt/f8c63d9c7ed074dc05187c2e67080d75/volume-bab306aa-6404-4901-8de2-e32bfc0eebc2.6b02c569-6c48-43c8-a979-27c0f4dd0e16 {{(pid=82859) execute /opt/stack/data/venv/lib/python3.10/site-packages/oslo_concurrency/processutils.py:368}}
Feb 21 15:43:44 devstack sudo[85654]: quobyte : PWD=/ ; USER=root ; COMMAND=/opt/stack/data/venv/bin/cinder-rootwrap /etc/cinder/rootwrap.conf chmod ugo+rw /opt/stack/data/cinder/mnt/f8c63d9c7ed074dc05187c2e67080d75/volume-bab306aa-6404-4901-8de2-e32bfc0eebc2.6b02c569-6c48-43c8-a979-27c0f4dd0e16
Feb 21 15:43:44 devstack sudo[85654]: pam_unix(sudo:session): session opened for user root(uid=0) by (uid=1000)
Feb 21 15:43:44 devstack sudo[85654]: pam_unix(sudo:session): session closed for user root
Feb 21 15:43:44 devstack cinder-volume[82859]: DEBUG oslo_concurrency.processutils [None req-877db98c-9cf1-486a-93c5-f5fa4d0e43a9 tempest-GroupSnapshotsTest-334487336 None] CMD "sudo cinder-rootwrap /etc/cinder/rootwrap.conf chmod ugo+rw /opt/stack/data/cinder/mnt/f8c63d9c7ed074dc05187c2e67080d75/volume-bab306aa-6404-4901-8de2-e32bfc0eebc2.6b02c569-6c48-43c8-a979-27c0f4dd0e16" returned: 0 in 0.452s {{(pid=82859) execute /opt/stack/data/venv/lib/python3.10/site-packages/oslo_concurrency/processutils.py:396}}
Feb 21 15:43:44 devstack cinder-volume[82859]: DEBUG oslo_concurrency.processutils [None req-877db98c-9cf1-486a-93c5-f5fa4d0e43a9 tempest-GroupSnapshotsTest-334487336 None] Running cmd (subprocess): sudo cinder-rootwrap /etc/cinder/rootwrap.conf truncate -s0 /opt/stack/data/cinder/mnt/f8c63d9c7ed074dc05187c2e67080d75/volume-bab306aa-6404-4901-8de2-e32bfc0eebc2.info {{(pid=82859) execute /opt/stack/data/venv/lib/python3.10/site-packages/oslo_concurrency/processutils.py:368}}
Feb 21 15:43:44 devstack sudo[85657]: quobyte : PWD=/ ; USER=root ; COMMAND=/opt/stack/data/venv/bin/cinder-rootwrap /etc/cinder/rootwrap.conf truncate -s0 /opt/stack/data/cinder/mnt/f8c63d9c7ed074dc05187c2e67080d75/volume-bab306aa-6404-4901-8de2-e32bfc0eebc2.info
Feb 21 15:43:44 devstack sudo[85657]: pam_unix(sudo:session): session opened for user root(uid=0) by (uid=1000)
Feb 21 15:43:45 devstack sudo[85657]: pam_unix(sudo:session): session closed for user root
Feb 21 15:43:45 devstack cinder-volume[82859]: DEBUG oslo_concurrency.processutils [None req-877db98c-9cf1-486a-93c5-f5fa4d0e43a9 tempest-GroupSnapshotsTest-334487336 None] CMD "sudo cinder-rootwrap /etc/cinder/rootwrap.conf truncate -s0 /opt/stack/data/cinder/mnt/f8c63d9c7ed074dc05187c2e67080d75/volume-bab306aa-6404-4901-8de2-e32bfc0eebc2.info" returned: 0 in 0.481s {{(pid=82859) execute /opt/stack/data/venv/lib/python3.10/site-packages/oslo_concurrency/processutils.py:396}}
Feb 21 15:43:45 devstack cinder-volume[82859]: WARNING cinder.volume.drivers.remotefs [None req-877db98c-9cf1-486a-93c5-f5fa4d0e43a9 tempest-GroupSnapshotsTest-334487336 None] /opt/stack/data/cinder/mnt/f8c63d9c7ed074dc05187c2e67080d75/volume-bab306aa-6404-4901-8de2-e32bfc0eebc2.info is being set with open permissions: ugo+rw: NotImplementedError
Feb 21 15:43:45 devstack cinder-volume[82859]: DEBUG oslo_concurrency.processutils [None req-877db98c-9cf1-486a-93c5-f5fa4d0e43a9 tempest-GroupSnapshotsTest-334487336 None] Running cmd (subprocess): sudo cinder-rootwrap /etc/cinder/rootwrap.conf chmod ugo+rw /opt/stack/data/cinder/mnt/f8c63d9c7ed074dc05187c2e67080d75/volume-bab306aa-6404-4901-8de2-e32bfc0eebc2.info {{(pid=82859) execute /opt/stack/data/venv/lib/python3.10/site-packages/oslo_concurrency/processutils.py:368}}
Feb 21 15:43:45 devstack sudo[85660]: quobyte : PWD=/ ; USER=root ; COMMAND=/opt/stack/data/venv/bin/cinder-rootwrap /etc/cinder/rootwrap.conf chmod ugo+rw /opt/stack/data/cinder/mnt/f8c63d9c7ed074dc05187c2e67080d75/volume-bab306aa-6404-4901-8de2-e32bfc0eebc2.info
Feb 21 15:43:45 devstack sudo[85660]: pam_unix(sudo:session): session opened for user root(uid=0) by (uid=1000)
Feb 21 15:43:45 devstack sudo[85660]: pam_unix(sudo:session): session closed for user root
Feb 21 15:43:45 devstack cinder-volume[82859]: DEBUG oslo_concurrency.processutils [None req-877db98c-9cf1-486a-93c5-f5fa4d0e43a9 tempest-GroupSnapshotsTest-334487336 None] CMD "sudo cinder-rootwrap /etc/cinder/rootwrap.conf chmod ugo+rw /opt/stack/data/cinder/mnt/f8c63d9c7ed074dc05187c2e67080d75/volume-bab306aa-6404-4901-8de2-e32bfc0eebc2.info" returned: 0 in 0.425s {{(pid=82859) execute /opt/stack/data/venv/lib/python3.10/site-packages/oslo_concurrency/processutils.py:396}}
Feb 21 15:43:45 devstack cinder-volume[82859]: DEBUG oslo_concurrency.lockutils [None req-877db98c-9cf1-486a-93c5-f5fa4d0e43a9 tempest-GroupSnapshotsTest-334487336 None] Lock "quobyte" "released" by "cinder.volume.drivers.quobyte.QuobyteDriver.create_snapshot" :: held 3.015s {{(pid=82859) inner /opt/stack/data/venv/lib/python3.10/site-packages/oslo_concurrency/lockutils.py:538}}
Feb 21 15:43:45 devstack cinder-volume[82859]: DEBUG oslo_concurrency.lockutils [None req-877db98c-9cf1-486a-93c5-f5fa4d0e43a9 tempest-GroupSnapshotsTest-334487336 None] Acquiring lock "quobyte" by "cinder.volume.drivers.quobyte.QuobyteDriver.create_snapshot" {{(pid=82859) inner /opt/stack/data/venv/lib/python3.10/site-packages/oslo_concurrency/lockutils.py:506}}
Feb 21 15:43:45 devstack cinder-volume[82859]: DEBUG oslo_concurrency.lockutils [None req-877db98c-9cf1-486a-93c5-f5fa4d0e43a9 tempest-GroupSnapshotsTest-334487336 None] Lock "quobyte" acquired by "cinder.volume.drivers.quobyte.QuobyteDriver.create_snapshot" :: waited 0.000s {{(pid=82859) inner /opt/stack/data/venv/lib/python3.10/site-packages/oslo_concurrency/lockutils.py:519}}
Feb 21 15:43:45 devstack cinder-volume[82859]: DEBUG cinder.volume.drivers.remotefs [None req-877db98c-9cf1-486a-93c5-f5fa4d0e43a9 tempest-GroupSnapshotsTest-334487336 None] Creating offline snapshot a07c134c-6c04-479d-85aa-8d03aec4fdf0 of volume 7b29d383-a29b-4b20-8a69-36f03e0a9748 {{(pid=82859) _create_snapshot /opt/stack/cinder/cinder/volume/drivers/remotefs.py:1815}}
Feb 21 15:43:45 devstack cinder-volume[82859]: DEBUG oslo.privsep.daemon [-] privsep: reply[0db3f1f2-50b5-48f4-a434-829bc98af460]: (4, 'qcow2') {{(pid=83848) _call_back /opt/stack/data/venv/lib/python3.10/site-packages/oslo_privsep/daemon.py:573}}
Feb 21 15:43:45 devstack cinder-volume[82859]: DEBUG oslo_concurrency.processutils [None req-877db98c-9cf1-486a-93c5-f5fa4d0e43a9 tempest-GroupSnapshotsTest-334487336 None] Running cmd (subprocess): /opt/stack/data/venv/bin/python3.10 -m oslo_concurrency.prlimit --as=1073741824 --cpu=60 -- sudo cinder-rootwrap /etc/cinder/rootwrap.conf env LC_ALL=C qemu-img info -f qcow2 --output=json --force-share /opt/stack/data/cinder/mnt/f8c63d9c7ed074dc05187c2e67080d75/volume-7b29d383-a29b-4b20-8a69-36f03e0a9748 {{(pid=82859) execute /opt/stack/data/venv/lib/python3.10/site-packages/oslo_concurrency/processutils.py:368}}
Feb 21 15:43:45 devstack sudo[85663]: quobyte : PWD=/ ; USER=root ; COMMAND=/opt/stack/data/venv/bin/cinder-rootwrap /etc/cinder/rootwrap.conf env LC_ALL=C qemu-img info -f qcow2 --output=json --force-share /opt/stack/data/cinder/mnt/f8c63d9c7ed074dc05187c2e67080d75/volume-7b29d383-a29b-4b20-8a69-36f03e0a9748
Feb 21 15:43:45 devstack sudo[85663]: pam_unix(sudo:session): session opened for user root(uid=0) by (uid=1000)
Feb 21 15:43:46 devstack sudo[85663]: pam_unix(sudo:session): session closed for user root
Feb 21 15:43:46 devstack cinder-volume[82859]: DEBUG oslo_concurrency.processutils [None req-877db98c-9cf1-486a-93c5-f5fa4d0e43a9 tempest-GroupSnapshotsTest-334487336 None] CMD "/opt/stack/data/venv/bin/python3.10 -m oslo_concurrency.prlimit --as=1073741824 --cpu=60 -- sudo cinder-rootwrap /etc/cinder/rootwrap.conf env LC_ALL=C qemu-img info -f qcow2 --output=json --force-share /opt/stack/data/cinder/mnt/f8c63d9c7ed074dc05187c2e67080d75/volume-7b29d383-a29b-4b20-8a69-36f03e0a9748" returned: 0 in 0.558s {{(pid=82859) execute /opt/stack/data/venv/lib/python3.10/site-packages/oslo_concurrency/processutils.py:396}}
Feb 21 15:43:46 devstack cinder-volume[82859]: DEBUG oslo_concurrency.processutils [None req-877db98c-9cf1-486a-93c5-f5fa4d0e43a9 tempest-GroupSnapshotsTest-334487336 None] Running cmd (subprocess): sudo cinder-rootwrap /etc/cinder/rootwrap.conf qemu-img create -f qcow2 -o backing_file=/opt/stack/data/cinder/mnt/f8c63d9c7ed074dc05187c2e67080d75/volume-7b29d383-a29b-4b20-8a69-36f03e0a9748,backing_fmt=qcow2 /opt/stack/data/cinder/mnt/f8c63d9c7ed074dc05187c2e67080d75/volume-7b29d383-a29b-4b20-8a69-36f03e0a9748.a07c134c-6c04-479d-85aa-8d03aec4fdf0 1G {{(pid=82859) execute /opt/stack/data/venv/lib/python3.10/site-packages/oslo_concurrency/processutils.py:368}}
Feb 21 15:43:46 devstack sudo[85668]: quobyte : PWD=/ ; USER=root ; COMMAND=/opt/stack/data/venv/bin/cinder-rootwrap /etc/cinder/rootwrap.conf qemu-img create -f qcow2 -o backing_file=/opt/stack/data/cinder/mnt/f8c63d9c7ed074dc05187c2e67080d75/volume-7b29d383-a29b-4b20-8a69-36f03e0a9748,backing_fmt=qcow2 /opt/stack/data/cinder/mnt/f8c63d9c7ed074dc05187c2e67080d75/volume-7b29d383-a29b-4b20-8a69-36f03e0a9748.a07c134c-6c04-479d-85aa-8d03aec4fdf0 1G
Feb 21 15:43:46 devstack sudo[85668]: pam_unix(sudo:session): session opened for user root(uid=0) by (uid=1000)
Feb 21 15:43:46 devstack sudo[85668]: pam_unix(sudo:session): session closed for user root
Feb 21 15:43:46 devstack cinder-volume[82859]: DEBUG oslo_concurrency.processutils [None req-877db98c-9cf1-486a-93c5-f5fa4d0e43a9 tempest-GroupSnapshotsTest-334487336 None] CMD "sudo cinder-rootwrap /etc/cinder/rootwrap.conf qemu-img create -f qcow2 -o backing_file=/opt/stack/data/cinder/mnt/f8c63d9c7ed074dc05187c2e67080d75/volume-7b29d383-a29b-4b20-8a69-36f03e0a9748,backing_fmt=qcow2 /opt/stack/data/cinder/mnt/f8c63d9c7ed074dc05187c2e67080d75/volume-7b29d383-a29b-4b20-8a69-36f03e0a9748.a07c134c-6c04-479d-85aa-8d03aec4fdf0 1G" returned: 0 in 0.521s {{(pid=82859) execute /opt/stack/data/venv/lib/python3.10/site-packages/oslo_concurrency/processutils.py:396}}
Feb 21 15:43:46 devstack cinder-volume[82859]: DEBUG oslo_concurrency.processutils [None req-877db98c-9cf1-486a-93c5-f5fa4d0e43a9 tempest-GroupSnapshotsTest-334487336 None] Running cmd (subprocess): sudo cinder-rootwrap /etc/cinder/rootwrap.conf qemu-img rebase -u -b volume-7b29d383-a29b-4b20-8a69-36f03e0a9748 -F qcow2 /opt/stack/data/cinder/mnt/f8c63d9c7ed074dc05187c2e67080d75/volume-7b29d383-a29b-4b20-8a69-36f03e0a9748.a07c134c-6c04-479d-85aa-8d03aec4fdf0 {{(pid=82859) execute /opt/stack/data/venv/lib/python3.10/site-packages/oslo_concurrency/processutils.py:368}}
