Feb 13 10:36:55 devstack cinder-volume[79472]: DEBUG cinder.volume.drivers.quobyte [None req-6ec65820-76d1-4e0a-80df-c22210a5dada tempest-GroupSnapshotsV319Test-861011995 None] Quobyte Volume URL set to: {'osci02.corp.quobyte.com/cinder-vol-45559af4-c259-4411-a02a-993414b53900': None} {{(pid=79472) _load_shares_config /opt/stack/cinder/cinder/volume/drivers/quobyte.py:620}}
Feb 13 10:36:55 devstack cinder-volume[79472]: DEBUG cinder.volume.drivers.quobyte [None req-6ec65820-76d1-4e0a-80df-c22210a5dada tempest-GroupSnapshotsV319Test-861011995 None] Available shares ['osci02.corp.quobyte.com/cinder-vol-45559af4-c259-4411-a02a-993414b53900'] {{(pid=79472) _ensure_shares_mounted /opt/stack/cinder/cinder/volume/drivers/quobyte.py:650}}
Feb 13 10:36:55 devstack cinder-volume[79472]: DEBUG oslo_concurrency.lockutils [None req-6ec65820-76d1-4e0a-80df-c22210a5dada tempest-GroupSnapshotsV319Test-861011995 None] Lock "quobyte_ensure" "released" by "cinder.volume.drivers.quobyte.QuobyteDriver._ensure_shares_mounted" :: held 0.005s {{(pid=79472) inner /opt/stack/data/venv/lib/python3.10/site-packages/oslo_concurrency/lockutils.py:538}}
Feb 13 10:36:55 devstack cinder-volume[79472]: DEBUG oslo_concurrency.processutils [None req-6ec65820-76d1-4e0a-80df-c22210a5dada tempest-GroupSnapshotsV319Test-861011995 None] Running cmd (subprocess): sudo cinder-rootwrap /etc/cinder/rootwrap.conf df --portability --block-size 1 /opt/stack/data/cinder/mnt/5dab73e522ccc82a3ee343442fa44d98 {{(pid=79472) execute /opt/stack/data/venv/lib/python3.10/site-packages/oslo_concurrency/processutils.py:368}}
Feb 13 10:36:56 devstack sudo[81778]: quobyte : PWD=/ ; USER=root ; COMMAND=/opt/stack/data/venv/bin/cinder-rootwrap /etc/cinder/rootwrap.conf df --portability --block-size 1 /opt/stack/data/cinder/mnt/5dab73e522ccc82a3ee343442fa44d98
Feb 13 10:36:56 devstack sudo[81778]: pam_unix(sudo:session): session opened for user root(uid=0) by (uid=1000)
Feb 13 10:36:56 devstack cinder-volume[79472]: WARNING cinder.volume.volume_utils [None req-9004da00-633f-4ed5-92ba-9c0e7f3683a9 tempest-GroupSnapshotsTest-878939094 None] Volume driver (QuobyteDriver 1.1.14) is currently unsupported and may be removed in the next release of OpenStack. Use at your own risk.
Feb 13 10:36:56 devstack cinder-volume[79472]: INFO cinder.volume.manager [None req-9004da00-633f-4ed5-92ba-9c0e7f3683a9 tempest-GroupSnapshotsTest-878939094 None] Update group completed successfully.
Feb 13 10:36:56 devstack sudo[81775]: pam_unix(sudo:session): session closed for user root
Feb 13 10:36:56 devstack cinder-volume[79472]: DEBUG oslo_concurrency.processutils [None req-8ed7d79b-afbe-49bf-9319-e7d14607b4c7 tempest-GroupsTest-2356163 None] CMD "/opt/stack/data/venv/bin/python3.10 -m oslo_concurrency.prlimit --as=1073741824 --cpu=60 -- sudo cinder-rootwrap /etc/cinder/rootwrap.conf env LC_ALL=C qemu-img info -f qcow2 --output=json --force-share /opt/stack/data/cinder/mnt/5dab73e522ccc82a3ee343442fa44d98/volume-a57438d4-aded-4052-8b46-f4d452289a0d" returned: 0 in 0.608s {{(pid=79472) execute /opt/stack/data/venv/lib/python3.10/site-packages/oslo_concurrency/processutils.py:396}}
Feb 13 10:36:56 devstack cinder-volume[79472]: DEBUG oslo_concurrency.processutils [None req-8ed7d79b-afbe-49bf-9319-e7d14607b4c7 tempest-GroupsTest-2356163 None] Running cmd (subprocess): sudo cinder-rootwrap /etc/cinder/rootwrap.conf rm -f /opt/stack/data/cinder/mnt/5dab73e522ccc82a3ee343442fa44d98/volume-a57438d4-aded-4052-8b46-f4d452289a0d {{(pid=79472) execute /opt/stack/data/venv/lib/python3.10/site-packages/oslo_concurrency/processutils.py:368}}
Feb 13 10:36:56 devstack sudo[81783]: quobyte : PWD=/ ; USER=root ; COMMAND=/opt/stack/data/venv/bin/cinder-rootwrap /etc/cinder/rootwrap.conf rm -f /opt/stack/data/cinder/mnt/5dab73e522ccc82a3ee343442fa44d98/volume-a57438d4-aded-4052-8b46-f4d452289a0d
Feb 13 10:36:56 devstack sudo[81783]: pam_unix(sudo:session): session opened for user root(uid=0) by (uid=1000)
Feb 13 10:36:56 devstack sudo[81778]: pam_unix(sudo:session): session closed for user root
Feb 13 10:36:56 devstack cinder-volume[79472]: DEBUG oslo_concurrency.processutils [None req-6ec65820-76d1-4e0a-80df-c22210a5dada tempest-GroupSnapshotsV319Test-861011995 None] CMD "sudo cinder-rootwrap /etc/cinder/rootwrap.conf df --portability --block-size 1 /opt/stack/data/cinder/mnt/5dab73e522ccc82a3ee343442fa44d98" returned: 0 in 0.475s {{(pid=79472) execute /opt/stack/data/venv/lib/python3.10/site-packages/oslo_concurrency/processutils.py:396}}
Feb 13 10:36:56 devstack cinder-volume[79472]: DEBUG cinder.manager [None req-6ec65820-76d1-4e0a-80df-c22210a5dada tempest-GroupSnapshotsV319Test-861011995 None] Notifying Schedulers of capabilities ... {{(pid=79472) _publish_service_capabilities /opt/stack/cinder/cinder/manager.py:202}}
Feb 13 10:36:56 devstack cinder-volume[79472]: INFO cinder.volume.manager [None req-6ec65820-76d1-4e0a-80df-c22210a5dada tempest-GroupSnapshotsV319Test-861011995 None] Delete group completed successfully.
Feb 13 10:36:56 devstack sudo[81783]: pam_unix(sudo:session): session closed for user root
Feb 13 10:36:56 devstack cinder-volume[79472]: DEBUG oslo_concurrency.processutils [None req-8ed7d79b-afbe-49bf-9319-e7d14607b4c7 tempest-GroupsTest-2356163 None] CMD "sudo cinder-rootwrap /etc/cinder/rootwrap.conf rm -f /opt/stack/data/cinder/mnt/5dab73e522ccc82a3ee343442fa44d98/volume-a57438d4-aded-4052-8b46-f4d452289a0d" returned: 0 in 0.482s {{(pid=79472) execute /opt/stack/data/venv/lib/python3.10/site-packages/oslo_concurrency/processutils.py:396}}
Feb 13 10:36:56 devstack cinder-volume[79472]: DEBUG cinder.coordination [None req-8ed7d79b-afbe-49bf-9319-e7d14607b4c7 tempest-GroupsTest-2356163 None] Lock "cinder-quobyte-a57438d4-aded-4052-8b46-f4d452289a0d" released by "delete_volume" :: held 1.119s {{(pid=79472) __release /opt/stack/cinder/cinder/coordination.py:157}}
Feb 13 10:36:56 devstack cinder-volume[79472]: DEBUG cinder.quota [None req-8ed7d79b-afbe-49bf-9319-e7d14607b4c7 tempest-GroupsTest-2356163 None] Created reservations ['3a9d0cdd-8785-4fd8-8fca-7cf1dad95676'] {{(pid=79472) reserve /opt/stack/cinder/cinder/quota.py:752}}
Feb 13 10:36:56 devstack cinder-volume[79472]: WARNING cinder.quota [None req-8ed7d79b-afbe-49bf-9319-e7d14607b4c7 tempest-GroupsTest-2356163 None] Deprecated: Default quota for resource: volumes_tempest-GroupsTest-volume-type-456278577 is set by the default quota flag: quota_volumes_tempest-GroupsTest-volume-type-456278577, it is now deprecated. Please use the default quota class for default quota.
Feb 13 10:36:56 devstack cinder-volume[79472]: WARNING cinder.quota [None req-8ed7d79b-afbe-49bf-9319-e7d14607b4c7 tempest-GroupsTest-2356163 None] Deprecated: Default quota for resource: gigabytes_tempest-GroupsTest-volume-type-456278577 is set by the default quota flag: quota_gigabytes_tempest-GroupsTest-volume-type-456278577, it is now deprecated. Please use the default quota class for default quota.
Feb 13 10:36:56 devstack cinder-volume[79472]: DEBUG cinder.quota [None req-8ed7d79b-afbe-49bf-9319-e7d14607b4c7 tempest-GroupsTest-2356163 None] Created reservations ['153fdee3-b19c-45a8-9d49-2f61541becdd', '91bd8c4d-e738-40c2-abe2-bb51ea56d051', '3f0d76b8-df63-4ce4-b9bf-c59b88f27f90', '50146778-0cd5-4cf0-b6b1-9b776b43da3b'] {{(pid=79472) reserve /opt/stack/cinder/cinder/quota.py:752}}
Feb 13 10:36:56 devstack cinder-volume[79472]: DEBUG oslo_concurrency.lockutils [None req-8ed7d79b-afbe-49bf-9319-e7d14607b4c7 tempest-GroupsTest-2356163 None] Acquiring lock "quobyte_ensure" by "cinder.volume.drivers.quobyte.QuobyteDriver._ensure_shares_mounted" {{(pid=79472) inner /opt/stack/data/venv/lib/python3.10/site-packages/oslo_concurrency/lockutils.py:506}}
Feb 13 10:36:56 devstack cinder-volume[79472]: DEBUG oslo_concurrency.lockutils [None req-8ed7d79b-afbe-49bf-9319-e7d14607b4c7 tempest-GroupsTest-2356163 None] Lock "quobyte_ensure" acquired by "cinder.volume.drivers.quobyte.QuobyteDriver._ensure_shares_mounted" :: waited 0.001s {{(pid=79472) inner /opt/stack/data/venv/lib/python3.10/site-packages/oslo_concurrency/lockutils.py:519}}
Feb 13 10:36:56 devstack cinder-volume[79472]: DEBUG cinder.volume.drivers.quobyte [None req-8ed7d79b-afbe-49bf-9319-e7d14607b4c7 tempest-GroupsTest-2356163 None] Quobyte Volume URL set to: {'osci02.corp.quobyte.com/cinder-vol-45559af4-c259-4411-a02a-993414b53900': None} {{(pid=79472) _load_shares_config /opt/stack/cinder/cinder/volume/drivers/quobyte.py:620}}
Feb 13 10:36:56 devstack cinder-volume[79472]: DEBUG cinder.volume.drivers.quobyte [None req-8ed7d79b-afbe-49bf-9319-e7d14607b4c7 tempest-GroupsTest-2356163 None] Available shares ['osci02.corp.quobyte.com/cinder-vol-45559af4-c259-4411-a02a-993414b53900'] {{(pid=79472) _ensure_shares_mounted /opt/stack/cinder/cinder/volume/drivers/quobyte.py:650}}
Feb 13 10:36:56 devstack cinder-volume[79472]: DEBUG oslo_concurrency.lockutils [None req-8ed7d79b-afbe-49bf-9319-e7d14607b4c7 tempest-GroupsTest-2356163 None] Lock "quobyte_ensure" "released" by "cinder.volume.drivers.quobyte.QuobyteDriver._ensure_shares_mounted" :: held 0.004s {{(pid=79472) inner /opt/stack/data/venv/lib/python3.10/site-packages/oslo_concurrency/lockutils.py:538}}
Feb 13 10:36:56 devstack cinder-volume[79472]: DEBUG oslo_concurrency.processutils [None req-8ed7d79b-afbe-49bf-9319-e7d14607b4c7 tempest-GroupsTest-2356163 None] Running cmd (subprocess): sudo cinder-rootwrap /etc/cinder/rootwrap.conf df --portability --block-size 1 /opt/stack/data/cinder/mnt/5dab73e522ccc82a3ee343442fa44d98 {{(pid=79472) execute /opt/stack/data/venv/lib/python3.10/site-packages/oslo_concurrency/processutils.py:368}}
Feb 13 10:36:56 devstack sudo[81787]: quobyte : PWD=/ ; USER=root ; COMMAND=/opt/stack/data/venv/bin/cinder-rootwrap /etc/cinder/rootwrap.conf df --portability --block-size 1 /opt/stack/data/cinder/mnt/5dab73e522ccc82a3ee343442fa44d98
Feb 13 10:36:56 devstack sudo[81787]: pam_unix(sudo:session): session opened for user root(uid=0) by (uid=1000)
Feb 13 10:36:57 devstack cinder-volume[79472]: WARNING cinder.volume.volume_utils [None req-5f9606df-6ecc-4e29-92a7-2d59c05b476b tempest-GroupSnapshotsTest-878939094 None] Volume driver (QuobyteDriver 1.1.14) is currently unsupported and may be removed in the next release of OpenStack. Use at your own risk.
Feb 13 10:36:57 devstack cinder-volume[79472]: INFO cinder.volume.manager [None req-5f9606df-6ecc-4e29-92a7-2d59c05b476b tempest-GroupSnapshotsTest-878939094 None] Update group completed successfully.
Feb 13 10:36:57 devstack sudo[81787]: pam_unix(sudo:session): session closed for user root
Feb 13 10:36:57 devstack cinder-volume[79472]: DEBUG oslo_concurrency.processutils [None req-8ed7d79b-afbe-49bf-9319-e7d14607b4c7 tempest-GroupsTest-2356163 None] CMD "sudo cinder-rootwrap /etc/cinder/rootwrap.conf df --portability --block-size 1 /opt/stack/data/cinder/mnt/5dab73e522ccc82a3ee343442fa44d98" returned: 0 in 0.618s {{(pid=79472) execute /opt/stack/data/venv/lib/python3.10/site-packages/oslo_concurrency/processutils.py:396}}
Feb 13 10:36:57 devstack cinder-volume[79472]: DEBUG cinder.manager [None req-8ed7d79b-afbe-49bf-9319-e7d14607b4c7 tempest-GroupsTest-2356163 None] Notifying Schedulers of capabilities ... {{(pid=79472) _publish_service_capabilities /opt/stack/cinder/cinder/manager.py:202}}
Feb 13 10:36:57 devstack cinder-volume[79472]: INFO cinder.volume.manager [None req-8ed7d79b-afbe-49bf-9319-e7d14607b4c7 tempest-GroupsTest-2356163 None] Delete group completed successfully.
Feb 13 10:36:57 devstack cinder-volume[79472]: WARNING cinder.volume.volume_utils [None req-b465a857-2181-475b-97ce-29fe5be8f265 tempest-GroupsTest-2356163 None] Volume driver (QuobyteDriver 1.1.14) is currently unsupported and may be removed in the next release of OpenStack. Use at your own risk.
Feb 13 10:36:57 devstack cinder-volume[79472]: DEBUG cinder.quota [None req-b465a857-2181-475b-97ce-29fe5be8f265 tempest-GroupsTest-2356163 None] Created reservations ['78b9530f-7a94-4e5d-83fb-eb5bc2452337'] {{(pid=79472) reserve /opt/stack/cinder/cinder/quota.py:752}}
Feb 13 10:36:57 devstack cinder-volume[79472]: DEBUG oslo_concurrency.lockutils [None req-b465a857-2181-475b-97ce-29fe5be8f265 tempest-GroupsTest-2356163 None] Acquiring lock "quobyte_ensure" by "cinder.volume.drivers.quobyte.QuobyteDriver._ensure_shares_mounted" {{(pid=79472) inner /opt/stack/data/venv/lib/python3.10/site-packages/oslo_concurrency/lockutils.py:506}}
Feb 13 10:36:57 devstack cinder-volume[79472]: DEBUG oslo_concurrency.lockutils [None req-b465a857-2181-475b-97ce-29fe5be8f265 tempest-GroupsTest-2356163 None] Lock "quobyte_ensure" acquired by "cinder.volume.drivers.quobyte.QuobyteDriver._ensure_shares_mounted" :: waited 0.001s {{(pid=79472) inner /opt/stack/data/venv/lib/python3.10/site-packages/oslo_concurrency/lockutils.py:519}}
Feb 13 10:36:57 devstack cinder-volume[79472]: DEBUG cinder.volume.drivers.quobyte [None req-b465a857-2181-475b-97ce-29fe5be8f265 tempest-GroupsTest-2356163 None] Quobyte Volume URL set to: {'osci02.corp.quobyte.com/cinder-vol-45559af4-c259-4411-a02a-993414b53900': None} {{(pid=79472) _load_shares_config /opt/stack/cinder/cinder/volume/drivers/quobyte.py:620}}
Feb 13 10:36:57 devstack cinder-volume[79472]: DEBUG cinder.volume.drivers.quobyte [None req-b465a857-2181-475b-97ce-29fe5be8f265 tempest-GroupsTest-2356163 None] Available shares ['osci02.corp.quobyte.com/cinder-vol-45559af4-c259-4411-a02a-993414b53900'] {{(pid=79472) _ensure_shares_mounted /opt/stack/cinder/cinder/volume/drivers/quobyte.py:650}}
Feb 13 10:36:57 devstack cinder-volume[79472]: DEBUG oslo_concurrency.lockutils [None req-b465a857-2181-475b-97ce-29fe5be8f265 tempest-GroupsTest-2356163 None] Lock "quobyte_ensure" "released" by "cinder.volume.drivers.quobyte.QuobyteDriver._ensure_shares_mounted" :: held 0.005s {{(pid=79472) inner /opt/stack/data/venv/lib/python3.10/site-packages/oslo_concurrency/lockutils.py:538}}
Feb 13 10:36:57 devstack cinder-volume[79472]: DEBUG oslo_concurrency.processutils [None req-b465a857-2181-475b-97ce-29fe5be8f265 tempest-GroupsTest-2356163 None] Running cmd (subprocess): sudo cinder-rootwrap /etc/cinder/rootwrap.conf df --portability --block-size 1 /opt/stack/data/cinder/mnt/5dab73e522ccc82a3ee343442fa44d98 {{(pid=79472) execute /opt/stack/data/venv/lib/python3.10/site-packages/oslo_concurrency/processutils.py:368}}
Feb 13 10:36:57 devstack sudo[81790]: quobyte : PWD=/ ; USER=root ; COMMAND=/opt/stack/data/venv/bin/cinder-rootwrap /etc/cinder/rootwrap.conf df --portability --block-size 1 /opt/stack/data/cinder/mnt/5dab73e522ccc82a3ee343442fa44d98
Feb 13 10:36:57 devstack sudo[81790]: pam_unix(sudo:session): session opened for user root(uid=0) by (uid=1000)
Feb 13 10:36:58 devstack cinder-volume[79472]: WARNING cinder.volume.volume_utils [None req-77928262-688b-43f4-8ace-c0af88d0c6e3 tempest-GroupSnapshotsTest-878939094 None] Volume driver (QuobyteDriver 1.1.14) is currently unsupported and may be removed in the next release of OpenStack. Use at your own risk.
Feb 13 10:36:58 devstack cinder-volume[79472]: INFO cinder.volume.manager [None req-77928262-688b-43f4-8ace-c0af88d0c6e3 tempest-GroupSnapshotsTest-878939094 None] Update group completed successfully.
Feb 13 10:36:58 devstack sudo[81790]: pam_unix(sudo:session): session closed for user root
Feb 13 10:36:58 devstack cinder-volume[79472]: DEBUG oslo_concurrency.processutils [None req-b465a857-2181-475b-97ce-29fe5be8f265 tempest-GroupsTest-2356163 None] CMD "sudo cinder-rootwrap /etc/cinder/rootwrap.conf df --portability --block-size 1 /opt/stack/data/cinder/mnt/5dab73e522ccc82a3ee343442fa44d98" returned: 0 in 0.547s {{(pid=79472) execute /opt/stack/data/venv/lib/python3.10/site-packages/oslo_concurrency/processutils.py:396}}
Feb 13 10:36:58 devstack cinder-volume[79472]: DEBUG cinder.manager [None req-b465a857-2181-475b-97ce-29fe5be8f265 tempest-GroupsTest-2356163 None] Notifying Schedulers of capabilities ... {{(pid=79472) _publish_service_capabilities /opt/stack/cinder/cinder/manager.py:202}}
Feb 13 10:36:58 devstack cinder-volume[79472]: INFO cinder.volume.manager [None req-b465a857-2181-475b-97ce-29fe5be8f265 tempest-GroupsTest-2356163 None] Delete group completed successfully.
Feb 13 10:36:59 devstack cinder-volume[79472]: WARNING cinder.volume.volume_utils [None req-f741511b-8f1b-4352-89a7-cc64d0d61a71 tempest-GroupsTest-2356163 None] Volume driver (QuobyteDriver 1.1.14) is currently unsupported and may be removed in the next release of OpenStack. Use at your own risk.
Feb 13 10:36:59 devstack cinder-volume[79472]: INFO cinder.volume.manager [None req-f741511b-8f1b-4352-89a7-cc64d0d61a71 tempest-GroupsTest-2356163 None] Group tempest-GroupsTest-Group-656920843: creating
Feb 13 10:36:59 devstack cinder-volume[79472]: INFO cinder.volume.manager [None req-f741511b-8f1b-4352-89a7-cc64d0d61a71 tempest-GroupsTest-2356163 None] Group tempest-GroupsTest-Group-656920843: created successfully
Feb 13 10:36:59 devstack cinder-volume[79472]: INFO cinder.volume.manager [None req-f741511b-8f1b-4352-89a7-cc64d0d61a71 tempest-GroupsTest-2356163 None] Create group completed successfully.
Feb 13 10:36:59 devstack cinder-volume[79472]: INFO cinder.volume.manager [None req-aeb0ffa8-76f2-4da5-ad1f-068a721e35bf tempest-GroupSnapshotsTest-878939094 None] GroupSnapshot c2603c3f-d4ea-4a70-9c0b-35c39dcaa96d: creating.
Feb 13 10:36:59 devstack cinder-volume[79472]: WARNING cinder.volume.volume_utils [None req-aeb0ffa8-76f2-4da5-ad1f-068a721e35bf tempest-GroupSnapshotsTest-878939094 None] Volume driver (QuobyteDriver 1.1.14) is currently unsupported and may be removed in the next release of OpenStack. Use at your own risk.
Feb 13 10:36:59 devstack cinder-volume[79472]: DEBUG cinder.volume.manager [None req-aeb0ffa8-76f2-4da5-ad1f-068a721e35bf tempest-GroupSnapshotsTest-878939094 None] Group snapshot c2603c3f-d4ea-4a70-9c0b-35c39dcaa96d: creating. {{(pid=79472) create_group_snapshot /opt/stack/cinder/cinder/volume/manager.py:4175}}
Feb 13 10:36:59 devstack cinder-volume[79472]: DEBUG oslo_concurrency.lockutils [None req-aeb0ffa8-76f2-4da5-ad1f-068a721e35bf tempest-GroupSnapshotsTest-878939094 None] Acquiring lock "quobyte" by "cinder.volume.drivers.quobyte.QuobyteDriver.create_snapshot" {{(pid=79472) inner /opt/stack/data/venv/lib/python3.10/site-packages/oslo_concurrency/lockutils.py:506}}
Feb 13 10:36:59 devstack cinder-volume[79472]: DEBUG oslo_concurrency.lockutils [None req-aeb0ffa8-76f2-4da5-ad1f-068a721e35bf tempest-GroupSnapshotsTest-878939094 None] Lock "quobyte" acquired by "cinder.volume.drivers.quobyte.QuobyteDriver.create_snapshot" :: waited 0.001s {{(pid=79472) inner /opt/stack/data/venv/lib/python3.10/site-packages/oslo_concurrency/lockutils.py:519}}
Feb 13 10:36:59 devstack cinder-volume[79472]: DEBUG cinder.volume.drivers.remotefs [None req-aeb0ffa8-76f2-4da5-ad1f-068a721e35bf tempest-GroupSnapshotsTest-878939094 None] Creating offline snapshot cce0bdde-6e29-454c-8429-a77f709f8795 of volume f87c39c3-79c0-4220-bd24-c4dbbfbbd0f3 {{(pid=79472) _create_snapshot /opt/stack/cinder/cinder/volume/drivers/remotefs.py:1817}}
Feb 13 10:36:59 devstack cinder-volume[79472]: DEBUG oslo.privsep.daemon [-] privsep: reply[ad9789f1-1841-47dc-98d5-b91c51b7a990]: (4, 'qcow2') {{(pid=80503) _call_back /opt/stack/data/venv/lib/python3.10/site-packages/oslo_privsep/daemon.py:515}}
Feb 13 10:36:59 devstack cinder-volume[79472]: DEBUG oslo_concurrency.processutils [None req-aeb0ffa8-76f2-4da5-ad1f-068a721e35bf tempest-GroupSnapshotsTest-878939094 None] Running cmd (subprocess): /opt/stack/data/venv/bin/python3.10 -m oslo_concurrency.prlimit --as=1073741824 --cpu=60 -- sudo cinder-rootwrap /etc/cinder/rootwrap.conf env LC_ALL=C qemu-img info -f qcow2 --output=json --force-share /opt/stack/data/cinder/mnt/5dab73e522ccc82a3ee343442fa44d98/volume-f87c39c3-79c0-4220-bd24-c4dbbfbbd0f3 {{(pid=79472) execute /opt/stack/data/venv/lib/python3.10/site-packages/oslo_concurrency/processutils.py:368}}
Feb 13 10:36:59 devstack sudo[81793]: quobyte : PWD=/ ; USER=root ; COMMAND=/opt/stack/data/venv/bin/cinder-rootwrap /etc/cinder/rootwrap.conf env LC_ALL=C qemu-img info -f qcow2 --output=json --force-share /opt/stack/data/cinder/mnt/5dab73e522ccc82a3ee343442fa44d98/volume-f87c39c3-79c0-4220-bd24-c4dbbfbbd0f3
Feb 13 10:36:59 devstack sudo[81793]: pam_unix(sudo:session): session opened for user root(uid=0) by (uid=1000)
Feb 13 10:37:00 devstack sudo[81793]: pam_unix(sudo:session): session closed for user root
Feb 13 10:37:00 devstack cinder-volume[79472]: DEBUG oslo_concurrency.processutils [None req-aeb0ffa8-76f2-4da5-ad1f-068a721e35bf tempest-GroupSnapshotsTest-878939094 None] CMD "/opt/stack/data/venv/bin/python3.10 -m oslo_concurrency.prlimit --as=1073741824 --cpu=60 -- sudo cinder-rootwrap /etc/cinder/rootwrap.conf env LC_ALL=C qemu-img info -f qcow2 --output=json --force-share /opt/stack/data/cinder/mnt/5dab73e522ccc82a3ee343442fa44d98/volume-f87c39c3-79c0-4220-bd24-c4dbbfbbd0f3" returned: 0 in 0.627s {{(pid=79472) execute /opt/stack/data/venv/lib/python3.10/site-packages/oslo_concurrency/processutils.py:396}}
Feb 13 10:37:00 devstack cinder-volume[79472]: DEBUG oslo_concurrency.processutils [None req-aeb0ffa8-76f2-4da5-ad1f-068a721e35bf tempest-GroupSnapshotsTest-878939094 None] Running cmd (subprocess): sudo cinder-rootwrap /etc/cinder/rootwrap.conf qemu-img create -f qcow2 -o backing_file=/opt/stack/data/cinder/mnt/5dab73e522ccc82a3ee343442fa44d98/volume-f87c39c3-79c0-4220-bd24-c4dbbfbbd0f3,backing_fmt=qcow2 /opt/stack/data/cinder/mnt/5dab73e522ccc82a3ee343442fa44d98/volume-f87c39c3-79c0-4220-bd24-c4dbbfbbd0f3.cce0bdde-6e29-454c-8429-a77f709f8795 1G {{(pid=79472) execute /opt/stack/data/venv/lib/python3.10/site-packages/oslo_concurrency/processutils.py:368}}
Feb 13 10:37:00 devstack sudo[81798]: quobyte : PWD=/ ; USER=root ; COMMAND=/opt/stack/data/venv/bin/cinder-rootwrap /etc/cinder/rootwrap.conf qemu-img create -f qcow2 -o backing_file=/opt/stack/data/cinder/mnt/5dab73e522ccc82a3ee343442fa44d98/volume-f87c39c3-79c0-4220-bd24-c4dbbfbbd0f3,backing_fmt=qcow2 /opt/stack/data/cinder/mnt/5dab73e522ccc82a3ee343442fa44d98/volume-f87c39c3-79c0-4220-bd24-c4dbbfbbd0f3.cce0bdde-6e29-454c-8429-a77f709f8795 1G
Feb 13 10:37:00 devstack sudo[81798]: pam_unix(sudo:session): session opened for user root(uid=0) by (uid=1000)
Feb 13 10:37:00 devstack cinder-volume[79472]: WARNING cinder.volume.volume_utils [None req-a40b981a-71d9-465a-9b98-454d3c480b07 tempest-GroupsTest-2356163 None] Volume driver (QuobyteDriver 1.1.14) is currently unsupported and may be removed in the next release of OpenStack. Use at your own risk.
Feb 13 10:37:00 devstack cinder-volume[79472]: DEBUG cinder.volume.flows.manager.create_volume [None req-a40b981a-71d9-465a-9b98-454d3c480b07 tempest-GroupsTest-2356163 None] Volume reschedule parameters: True retry: {'num_attempts': 1, 'backends': ['devstack@QuobyteHD#QuobyteHD'], 'hosts': ['devstack@QuobyteHD#QuobyteHD']} {{(pid=79472) get_flow /opt/stack/cinder/cinder/volume/flows/manager/create_volume.py:1388}}
Feb 13 10:37:00 devstack cinder-volume[79472]: DEBUG cinder.volume.manager [None req-a40b981a-71d9-465a-9b98-454d3c480b07 tempest-GroupsTest-2356163 None] Flow 'volume_create_manager' (2e5d5b2c-ee00-463d-9dc4-ffa29d98c739) transitioned into state 'RUNNING' from state 'PENDING' {{(pid=79472) _flow_receiver /opt/stack/data/venv/lib/python3.10/site-packages/taskflow/listeners/logging.py:145}}
Feb 13 10:37:00 devstack cinder-volume[79472]: DEBUG cinder.volume.manager [None req-a40b981a-71d9-465a-9b98-454d3c480b07 tempest-GroupsTest-2356163 None] Task 'cinder.volume.flows.manager.create_volume.ExtractVolumeRefTask;volume:create' (b6acbd21-6825-4656-8251-0a25347e1250) transitioned into state 'RUNNING' from state 'PENDING' {{(pid=79472) _task_receiver /opt/stack/data/venv/lib/python3.10/site-packages/taskflow/listeners/logging.py:194}}
Feb 13 10:37:00 devstack cinder-volume[79472]: DEBUG cinder.volume.manager [None req-a40b981a-71d9-465a-9b98-454d3c480b07 tempest-GroupsTest-2356163 None] Task 'cinder.volume.flows.manager.create_volume.ExtractVolumeRefTask;volume:create' (b6acbd21-6825-4656-8251-0a25347e1250) transitioned into state 'SUCCESS' from state 'RUNNING' with result 'Volume(_name_id=None,admin_metadata=,attach_status='detached',availability_zone='nova',bootable=False,cluster=,cluster_name=None,consistencygroup=,consistencygroup_id=None,created_at=2026-02-13T09:37:01Z,deleted=False,deleted_at=None,display_description=None,display_name='tempest-volume-356464889',ec2_id=None,encryption_key_id=None,glance_metadata=,group=,group_id=1e2bc13e-7205-4575-85e3-3b8ebe6ca353,host='devstack@QuobyteHD#QuobyteHD',id=0a076aca-a1de-43c0-986f-2a39cdb794f4,launched_at=None,metadata={},migration_status=None,multiattach=False,previous_status=None,project_id='ed9a36cdaa7d4cc28af80cbadbfd71a6',provider_auth=None,provider_geometry=None,provider_id=None,provider_location=None,replication_driver_data=None,replication_extended_status=None,replication_status=None,scheduled_at=2026-02-13T09:37:01Z,service_uuid=None,shared_targets=True,size=1,snapshot_id=None,snapshots=,source_volid=None,status='creating',terminated_at=None,updated_at=2026-02-13T09:37:01Z,use_quota=True,user_id='4ea79168229c461e8e0e77ff97798806',volume_attachment=VolumeAttachmentList,volume_type=VolumeType(28bac671-52aa-451e-a21c-f7961bcd1894),volume_type_id=28bac671-52aa-451e-a21c-f7961bcd1894)' {{(pid=79472) _task_receiver /opt/stack/data/venv/lib/python3.10/site-packages/taskflow/listeners/logging.py:182}}
Feb 13 10:37:00 devstack cinder-volume[79472]: DEBUG cinder.volume.manager [None req-a40b981a-71d9-465a-9b98-454d3c480b07 tempest-GroupsTest-2356163 None] Task 'cinder.volume.flows.manager.create_volume.OnFailureRescheduleTask;volume:create' (a58b45cc-7d1f-45f9-aeb2-b98bb206e0bf) transitioned into state 'RUNNING' from state 'PENDING' {{(pid=79472) _task_receiver /opt/stack/data/venv/lib/python3.10/site-packages/taskflow/listeners/logging.py:194}}
Feb 13 10:37:00 devstack cinder-volume[79472]: DEBUG cinder.volume.manager [None req-a40b981a-71d9-465a-9b98-454d3c480b07 tempest-GroupsTest-2356163 None] Task 'cinder.volume.flows.manager.create_volume.OnFailureRescheduleTask;volume:create' (a58b45cc-7d1f-45f9-aeb2-b98bb206e0bf) transitioned into state 'SUCCESS' from state 'RUNNING' with result 'None' {{(pid=79472) _task_receiver /opt/stack/data/venv/lib/python3.10/site-packages/taskflow/listeners/logging.py:182}}
Feb 13 10:37:00 devstack cinder-volume[79472]: DEBUG cinder.volume.manager [None req-a40b981a-71d9-465a-9b98-454d3c480b07 tempest-GroupsTest-2356163 None] Task 'cinder.volume.flows.manager.create_volume.ExtractVolumeSpecTask;volume:create' (2850636d-1eed-4a9c-a9e5-3ebbc600003a) transitioned into state 'RUNNING' from state 'PENDING' {{(pid=79472) _task_receiver /opt/stack/data/venv/lib/python3.10/site-packages/taskflow/listeners/logging.py:194}}
Feb 13 10:37:00 devstack cinder-volume[79472]: DEBUG cinder.volume.manager [None req-a40b981a-71d9-465a-9b98-454d3c480b07 tempest-GroupsTest-2356163 None] Task 'cinder.volume.flows.manager.create_volume.ExtractVolumeSpecTask;volume:create' (2850636d-1eed-4a9c-a9e5-3ebbc600003a) transitioned into state 'SUCCESS' from state 'RUNNING' with result '{'status': 'creating', 'type': 'raw', 'volume_id': '0a076aca-a1de-43c0-986f-2a39cdb794f4', 'volume_name': 'volume-0a076aca-a1de-43c0-986f-2a39cdb794f4', 'volume_size': 1}' {{(pid=79472) _task_receiver /opt/stack/data/venv/lib/python3.10/site-packages/taskflow/listeners/logging.py:182}}
Feb 13 10:37:00 devstack cinder-volume[79472]: DEBUG cinder.volume.manager [None req-a40b981a-71d9-465a-9b98-454d3c480b07 tempest-GroupsTest-2356163 None] Task 'cinder.volume.flows.manager.create_volume.NotifyVolumeActionTask;volume:create, create.start' (646c3647-7292-4b99-bfa9-b7be12fd09dc) transitioned into state 'RUNNING' from state 'PENDING' {{(pid=79472) _task_receiver /opt/stack/data/venv/lib/python3.10/site-packages/taskflow/listeners/logging.py:194}}
Feb 13 10:37:00 devstack cinder-volume[79472]: DEBUG cinder.volume.manager [None req-a40b981a-71d9-465a-9b98-454d3c480b07 tempest-GroupsTest-2356163 None] Task 'cinder.volume.flows.manager.create_volume.NotifyVolumeActionTask;volume:create, create.start' (646c3647-7292-4b99-bfa9-b7be12fd09dc) transitioned into state 'SUCCESS' from state 'RUNNING' with result 'None' {{(pid=79472) _task_receiver /opt/stack/data/venv/lib/python3.10/site-packages/taskflow/listeners/logging.py:182}}
Feb 13 10:37:00 devstack cinder-volume[79472]: DEBUG cinder.volume.manager [None req-a40b981a-71d9-465a-9b98-454d3c480b07 tempest-GroupsTest-2356163 None] Task 'cinder.volume.flows.manager.create_volume.CreateVolumeFromSpecTask;volume:create' (35b14143-272b-4be1-a0d8-fe842d4358a2) transitioned into state 'RUNNING' from state 'PENDING' {{(pid=79472) _task_receiver /opt/stack/data/venv/lib/python3.10/site-packages/taskflow/listeners/logging.py:194}}
Feb 13 10:37:00 devstack cinder-volume[79472]: INFO cinder.volume.flows.manager.create_volume [None req-a40b981a-71d9-465a-9b98-454d3c480b07 tempest-GroupsTest-2356163 None] Volume 0a076aca-a1de-43c0-986f-2a39cdb794f4: being created as raw with specification: {'status': 'creating', 'volume_name': 'volume-0a076aca-a1de-43c0-986f-2a39cdb794f4', 'volume_size': 1}
Feb 13 10:37:00 devstack cinder-volume[79472]: DEBUG oslo_concurrency.lockutils [None req-a40b981a-71d9-465a-9b98-454d3c480b07 tempest-GroupsTest-2356163 None] Acquiring lock "quobyte" by "cinder.volume.drivers.quobyte.QuobyteDriver.create_volume" {{(pid=79472) inner /opt/stack/data/venv/lib/python3.10/site-packages/oslo_concurrency/lockutils.py:506}}
Feb 13 10:37:01 devstack sudo[81798]: pam_unix(sudo:session): session closed for user root
Feb 13 10:37:01 devstack cinder-volume[79472]: DEBUG oslo_concurrency.processutils [None req-aeb0ffa8-76f2-4da5-ad1f-068a721e35bf tempest-GroupSnapshotsTest-878939094 None] CMD "sudo cinder-rootwrap /etc/cinder/rootwrap.conf qemu-img create -f qcow2 -o backing_file=/opt/stack/data/cinder/mnt/5dab73e522ccc82a3ee343442fa44d98/volume-f87c39c3-79c0-4220-bd24-c4dbbfbbd0f3,backing_fmt=qcow2 /opt/stack/data/cinder/mnt/5dab73e522ccc82a3ee343442fa44d98/volume-f87c39c3-79c0-4220-bd24-c4dbbfbbd0f3.cce0bdde-6e29-454c-8429-a77f709f8795 1G" returned: 0 in 0.663s {{(pid=79472) execute /opt/stack/data/venv/lib/python3.10/site-packages/oslo_concurrency/processutils.py:396}}
Feb 13 10:37:01 devstack cinder-volume[79472]: DEBUG oslo_concurrency.processutils [None req-aeb0ffa8-76f2-4da5-ad1f-068a721e35bf tempest-GroupSnapshotsTest-878939094 None] Running cmd (subprocess): sudo cinder-rootwrap /etc/cinder/rootwrap.conf qemu-img rebase -u -b volume-f87c39c3-79c0-4220-bd24-c4dbbfbbd0f3 -F qcow2 /opt/stack/data/cinder/mnt/5dab73e522ccc82a3ee343442fa44d98/volume-f87c39c3-79c0-4220-bd24-c4dbbfbbd0f3.cce0bdde-6e29-454c-8429-a77f709f8795 {{(pid=79472) execute /opt/stack/data/venv/lib/python3.10/site-packages/oslo_concurrency/processutils.py:368}}
Feb 13 10:37:01 devstack sudo[81803]: quobyte : PWD=/ ; USER=root ; COMMAND=/opt/stack/data/venv/bin/cinder-rootwrap /etc/cinder/rootwrap.conf qemu-img rebase -u -b volume-f87c39c3-79c0-4220-bd24-c4dbbfbbd0f3 -F qcow2 /opt/stack/data/cinder/mnt/5dab73e522ccc82a3ee343442fa44d98/volume-f87c39c3-79c0-4220-bd24-c4dbbfbbd0f3.cce0bdde-6e29-454c-8429-a77f709f8795
Feb 13 10:37:01 devstack sudo[81803]: pam_unix(sudo:session): session opened for user root(uid=0) by (uid=1000)
Feb 13 10:37:01 devstack sudo[81803]: pam_unix(sudo:session): session closed for user root
Feb 13 10:37:01 devstack cinder-volume[79472]: DEBUG oslo_concurrency.processutils [None req-aeb0ffa8-76f2-4da5-ad1f-068a721e35bf tempest-GroupSnapshotsTest-878939094 None] CMD "sudo cinder-rootwrap /etc/cinder/rootwrap.conf qemu-img rebase -u -b volume-f87c39c3-79c0-4220-bd24-c4dbbfbbd0f3 -F qcow2 /opt/stack/data/cinder/mnt/5dab73e522ccc82a3ee343442fa44d98/volume-f87c39c3-79c0-4220-bd24-c4dbbfbbd0f3.cce0bdde-6e29-454c-8429-a77f709f8795" returned: 0 in 0.540s {{(pid=79472) execute /opt/stack/data/venv/lib/python3.10/site-packages/oslo_concurrency/processutils.py:396}}
Feb 13 10:37:01 devstack cinder-volume[79472]: WARNING cinder.volume.drivers.remotefs [None req-aeb0ffa8-76f2-4da5-ad1f-068a721e35bf tempest-GroupSnapshotsTest-878939094 None] /opt/stack/data/cinder/mnt/5dab73e522ccc82a3ee343442fa44d98/volume-f87c39c3-79c0-4220-bd24-c4dbbfbbd0f3.cce0bdde-6e29-454c-8429-a77f709f8795 is being set with open permissions: ugo+rw: NotImplementedError
Feb 13 10:37:01 devstack cinder-volume[79472]: DEBUG oslo_concurrency.processutils [None req-aeb0ffa8-76f2-4da5-ad1f-068a721e35bf tempest-GroupSnapshotsTest-878939094 None] Running cmd (subprocess): sudo cinder-rootwrap /etc/cinder/rootwrap.conf chmod ugo+rw /opt/stack/data/cinder/mnt/5dab73e522ccc82a3ee343442fa44d98/volume-f87c39c3-79c0-4220-bd24-c4dbbfbbd0f3.cce0bdde-6e29-454c-8429-a77f709f8795 {{(pid=79472) execute /opt/stack/data/venv/lib/python3.10/site-packages/oslo_concurrency/processutils.py:368}}
Feb 13 10:37:01 devstack sudo[81808]: quobyte : PWD=/ ; USER=root ; COMMAND=/opt/stack/data/venv/bin/cinder-rootwrap /etc/cinder/rootwrap.conf chmod ugo+rw /opt/stack/data/cinder/mnt/5dab73e522ccc82a3ee343442fa44d98/volume-f87c39c3-79c0-4220-bd24-c4dbbfbbd0f3.cce0bdde-6e29-454c-8429-a77f709f8795
Feb 13 10:37:01 devstack sudo[81808]: pam_unix(sudo:session): session opened for user root(uid=0) by (uid=1000)
Feb 13 10:37:02 devstack sudo[81808]: pam_unix(sudo:session): session closed for user root
Feb 13 10:37:02 devstack cinder-volume[79472]: DEBUG oslo_concurrency.processutils [None req-aeb0ffa8-76f2-4da5-ad1f-068a721e35bf tempest-GroupSnapshotsTest-878939094 None] CMD "sudo cinder-rootwrap /etc/cinder/rootwrap.conf chmod ugo+rw /opt/stack/data/cinder/mnt/5dab73e522ccc82a3ee343442fa44d98/volume-f87c39c3-79c0-4220-bd24-c4dbbfbbd0f3.cce0bdde-6e29-454c-8429-a77f709f8795" returned: 0 in 0.540s {{(pid=79472) execute /opt/stack/data/venv/lib/python3.10/site-packages/oslo_concurrency/processutils.py:396}}
Feb 13 10:37:02 devstack cinder-volume[79472]: DEBUG oslo_concurrency.processutils [None req-aeb0ffa8-76f2-4da5-ad1f-068a721e35bf tempest-GroupSnapshotsTest-878939094 None] Running cmd (subprocess): sudo cinder-rootwrap /etc/cinder/rootwrap.conf truncate -s0 /opt/stack/data/cinder/mnt/5dab73e522ccc82a3ee343442fa44d98/volume-f87c39c3-79c0-4220-bd24-c4dbbfbbd0f3.info {{(pid=79472) execute /opt/stack/data/venv/lib/python3.10/site-packages/oslo_concurrency/processutils.py:368}}
Feb 13 10:37:02 devstack sudo[81812]: quobyte : PWD=/ ; USER=root ; COMMAND=/opt/stack/data/venv/bin/cinder-rootwrap /etc/cinder/rootwrap.conf truncate -s0 /opt/stack/data/cinder/mnt/5dab73e522ccc82a3ee343442fa44d98/volume-f87c39c3-79c0-4220-bd24-c4dbbfbbd0f3.info
Feb 13 10:37:02 devstack sudo[81812]: pam_unix(sudo:session): session opened for user root(uid=0) by (uid=1000)
Feb 13 10:37:02 devstack sudo[81812]: pam_unix(sudo:session): session closed for user root
Feb 13 10:37:02 devstack cinder-volume[79472]: DEBUG oslo_concurrency.processutils [None req-aeb0ffa8-76f2-4da5-ad1f-068a721e35bf tempest-GroupSnapshotsTest-878939094 None] CMD "sudo cinder-rootwrap /etc/cinder/rootwrap.conf truncate -s0 /opt/stack/data/cinder/mnt/5dab73e522ccc82a3ee343442fa44d98/volume-f87c39c3-79c0-4220-bd24-c4dbbfbbd0f3.info" returned: 0 in 0.451s {{(pid=79472) execute /opt/stack/data/venv/lib/python3.10/site-packages/oslo_concurrency/processutils.py:396}}
Feb 13 10:37:02 devstack cinder-volume[79472]: WARNING cinder.volume.drivers.remotefs [None req-aeb0ffa8-76f2-4da5-ad1f-068a721e35bf tempest-GroupSnapshotsTest-878939094 None] /opt/stack/data/cinder/mnt/5dab73e522ccc82a3ee343442fa44d98/volume-f87c39c3-79c0-4220-bd24-c4dbbfbbd0f3.info is being set with open permissions: ugo+rw: NotImplementedError
Feb 13 10:37:02 devstack cinder-volume[79472]: DEBUG oslo_concurrency.processutils [None req-aeb0ffa8-76f2-4da5-ad1f-068a721e35bf tempest-GroupSnapshotsTest-878939094 None] Running cmd (subprocess): sudo cinder-rootwrap /etc/cinder/rootwrap.conf chmod ugo+rw /opt/stack/data/cinder/mnt/5dab73e522ccc82a3ee343442fa44d98/volume-f87c39c3-79c0-4220-bd24-c4dbbfbbd0f3.info {{(pid=79472) execute /opt/stack/data/venv/lib/python3.10/site-packages/oslo_concurrency/processutils.py:368}}
Feb 13 10:37:02 devstack sudo[81815]: quobyte : PWD=/ ; USER=root ; COMMAND=/opt/stack/data/venv/bin/cinder-rootwrap /etc/cinder/rootwrap.conf chmod ugo+rw /opt/stack/data/cinder/mnt/5dab73e522ccc82a3ee343442fa44d98/volume-f87c39c3-79c0-4220-bd24-c4dbbfbbd0f3.info
Feb 13 10:37:02 devstack sudo[81815]: pam_unix(sudo:session): session opened for user root(uid=0) by (uid=1000)
Feb 13 10:37:03 devstack sudo[81815]: pam_unix(sudo:session): session closed for user root
Feb 13 10:37:03 devstack cinder-volume[79472]: DEBUG oslo_concurrency.processutils [None req-aeb0ffa8-76f2-4da5-ad1f-068a721e35bf tempest-GroupSnapshotsTest-878939094 None] CMD "sudo cinder-rootwrap /etc/cinder/rootwrap.conf chmod ugo+rw /opt/stack/data/cinder/mnt/5dab73e522ccc82a3ee343442fa44d98/volume-f87c39c3-79c0-4220-bd24-c4dbbfbbd0f3.info" returned: 0 in 0.523s {{(pid=79472) execute /opt/stack/data/venv/lib/python3.10/site-packages/oslo_concurrency/processutils.py:396}}
Feb 13 10:37:03 devstack cinder-volume[79472]: DEBUG oslo_concurrency.lockutils [None req-aeb0ffa8-76f2-4da5-ad1f-068a721e35bf tempest-GroupSnapshotsTest-878939094 None] Lock "quobyte" "released" by "cinder.volume.drivers.quobyte.QuobyteDriver.create_snapshot" :: held 3.403s {{(pid=79472) inner /opt/stack/data/venv/lib/python3.10/site-packages/oslo_concurrency/lockutils.py:538}}
Feb 13 10:37:03 devstack cinder-volume[79472]: DEBUG oslo_concurrency.lockutils [None req-aeb0ffa8-76f2-4da5-ad1f-068a721e35bf tempest-GroupSnapshotsTest-878939094 None] Acquiring lock "quobyte" by "cinder.volume.drivers.quobyte.QuobyteDriver.create_snapshot" {{(pid=79472) inner /opt/stack/data/venv/lib/python3.10/site-packages/oslo_concurrency/lockutils.py:506}}
Feb 13 10:37:03 devstack cinder-volume[79472]: DEBUG oslo_concurrency.lockutils [None req-aeb0ffa8-76f2-4da5-ad1f-068a721e35bf tempest-GroupSnapshotsTest-878939094 None] Lock "quobyte" acquired by "cinder.volume.drivers.quobyte.QuobyteDriver.create_snapshot" :: waited 0.000s {{(pid=79472) inner /opt/stack/data/venv/lib/python3.10/site-packages/oslo_concurrency/lockutils.py:519}}
Feb 13 10:37:03 devstack cinder-volume[79472]: DEBUG cinder.volume.drivers.remotefs [None req-aeb0ffa8-76f2-4da5-ad1f-068a721e35bf tempest-GroupSnapshotsTest-878939094 None] Creating offline snapshot ceae64d5-ae60-415c-91f4-7cdfe758a030 of volume 05b604e6-34aa-4123-bd1e-56aeb3bd5386 {{(pid=79472) _create_snapshot /opt/stack/cinder/cinder/volume/drivers/remotefs.py:1817}}
Feb 13 10:37:03 devstack cinder-volume[79472]: DEBUG oslo.privsep.daemon [-] privsep: reply[689d0a21-28f1-42ef-aea1-3ebd766ad259]: (4, 'qcow2') {{(pid=80503) _call_back /opt/stack/data/venv/lib/python3.10/site-packages/oslo_privsep/daemon.py:515}}
Feb 13 10:37:03 devstack cinder-volume[79472]: DEBUG oslo_concurrency.processutils [None req-aeb0ffa8-76f2-4da5-ad1f-068a721e35bf tempest-GroupSnapshotsTest-878939094 None] Running cmd (subprocess): /opt/stack/data/venv/bin/python3.10 -m oslo_concurrency.prlimit --as=1073741824 --cpu=60 -- sudo cinder-rootwrap /etc/cinder/rootwrap.conf env LC_ALL=C qemu-img info -f qcow2 --output=json --force-share /opt/stack/data/cinder/mnt/5dab73e522ccc82a3ee343442fa44d98/volume-05b604e6-34aa-4123-bd1e-56aeb3bd5386 {{(pid=79472) execute /opt/stack/data/venv/lib/python3.10/site-packages/oslo_concurrency/processutils.py:368}}
Feb 13 10:37:03 devstack sudo[81818]: quobyte : PWD=/ ; USER=root ; COMMAND=/opt/stack/data/venv/bin/cinder-rootwrap /etc/cinder/rootwrap.conf env LC_ALL=C qemu-img info -f qcow2 --output=json --force-share /opt/stack/data/cinder/mnt/5dab73e522ccc82a3ee343442fa44d98/volume-05b604e6-34aa-4123-bd1e-56aeb3bd5386
Feb 13 10:37:03 devstack sudo[81818]: pam_unix(sudo:session): session opened for user root(uid=0) by (uid=1000)
Feb 13 10:37:03 devstack sudo[81818]: pam_unix(sudo:session): session closed for user root
Feb 13 10:37:03 devstack cinder-volume[79472]: DEBUG oslo_concurrency.processutils [None req-aeb0ffa8-76f2-4da5-ad1f-068a721e35bf tempest-GroupSnapshotsTest-878939094 None] CMD "/opt/stack/data/venv/bin/python3.10 -m oslo_concurrency.prlimit --as=1073741824 --cpu=60 -- sudo cinder-rootwrap /etc/cinder/rootwrap.conf env LC_ALL=C qemu-img info -f qcow2 --output=json --force-share /opt/stack/data/cinder/mnt/5dab73e522ccc82a3ee343442fa44d98/volume-05b604e6-34aa-4123-bd1e-56aeb3bd5386" returned: 0 in 0.592s {{(pid=79472) execute /opt/stack/data/venv/lib/python3.10/site-packages/oslo_concurrency/processutils.py:396}}
Feb 13 10:37:03 devstack cinder-volume[79472]: DEBUG oslo_concurrency.processutils [None req-aeb0ffa8-76f2-4da5-ad1f-068a721e35bf tempest-GroupSnapshotsTest-878939094 None] Running cmd (subprocess): sudo cinder-rootwrap /etc/cinder/rootwrap.conf qemu-img create -f qcow2 -o backing_file=/opt/stack/data/cinder/mnt/5dab73e522ccc82a3ee343442fa44d98/volume-05b604e6-34aa-4123-bd1e-56aeb3bd5386,backing_fmt=qcow2 /opt/stack/data/cinder/mnt/5dab73e522ccc82a3ee343442fa44d98/volume-05b604e6-34aa-4123-bd1e-56aeb3bd5386.ceae64d5-ae60-415c-91f4-7cdfe758a030 1G {{(pid=79472) execute /opt/stack/data/venv/lib/python3.10/site-packages/oslo_concurrency/processutils.py:368}}
Feb 13 10:37:03 devstack sudo[81823]: quobyte : PWD=/ ; USER=root ; COMMAND=/opt/stack/data/venv/bin/cinder-rootwrap /etc/cinder/rootwrap.conf qemu-img create -f qcow2 -o backing_file=/opt/stack/data/cinder/mnt/5dab73e522ccc82a3ee343442fa44d98/volume-05b604e6-34aa-4123-bd1e-56aeb3bd5386,backing_fmt=qcow2 /opt/stack/data/cinder/mnt/5dab73e522ccc82a3ee343442fa44d98/volume-05b604e6-34aa-4123-bd1e-56aeb3bd5386.ceae64d5-ae60-415c-91f4-7cdfe758a030 1G
Feb 13 10:37:03 devstack sudo[81823]: pam_unix(sudo:session): session opened for user root(uid=0) by (uid=1000)
Feb 13 10:37:04 devstack sudo[81823]: pam_unix(sudo:session): session closed for user root
Feb 13 10:37:04 devstack cinder-volume[79472]: DEBUG oslo_concurrency.processutils [None req-aeb0ffa8-76f2-4da5-ad1f-068a721e35bf tempest-GroupSnapshotsTest-878939094 None] CMD "sudo cinder-rootwrap /etc/cinder/rootwrap.conf qemu-img create -f qcow2 -o backing_file=/opt/stack/data/cinder/mnt/5dab73e522ccc82a3ee343442fa44d98/volume-05b604e6-34aa-4123-bd1e-56aeb3bd5386,backing_fmt=qcow2 /opt/stack/data/cinder/mnt/5dab73e522ccc82a3ee343442fa44d98/volume-05b604e6-34aa-4123-bd1e-56aeb3bd5386.ceae64d5-ae60-415c-91f4-7cdfe758a030 1G" returned: 0 in 0.580s {{(pid=79472) execute /opt/stack/data/venv/lib/python3.10/site-packages/oslo_concurrency/processutils.py:396}}
Feb 13 10:37:04 devstack cinder-volume[79472]: DEBUG oslo_concurrency.processutils [None req-aeb0ffa8-76f2-4da5-ad1f-068a721e35bf tempest-GroupSnapshotsTest-878939094 None] Running cmd (subprocess): sudo cinder-rootwrap /etc/cinder/rootwrap.conf qemu-img rebase -u -b volume-05b604e6-34aa-4123-bd1e-56aeb3bd5386 -F qcow2 /opt/stack/data/cinder/mnt/5dab73e522ccc82a3ee343442fa44d98/volume-05b604e6-34aa-4123-bd1e-56aeb3bd5386.ceae64d5-ae60-415c-91f4-7cdfe758a030 {{(pid=79472) execute /opt/stack/data/venv/lib/python3.10/site-packages/oslo_concurrency/processutils.py:368}}
Feb 13 10:37:04 devstack sudo[81828]: quobyte : PWD=/ ; USER=root ; COMMAND=/opt/stack/data/venv/bin/cinder-rootwrap /etc/cinder/rootwrap.conf qemu-img rebase -u -b volume-05b604e6-34aa-4123-bd1e-56aeb3bd5386 -F qcow2 /opt/stack/data/cinder/mnt/5dab73e522ccc82a3ee343442fa44d98/volume-05b604e6-34aa-4123-bd1e-56aeb3bd5386.ceae64d5-ae60-415c-91f4-7cdfe758a030
Feb 13 10:37:04 devstack sudo[81828]: pam_unix(sudo:session): session opened for user root(uid=0) by (uid=1000)
Feb 13 10:37:04 devstack sudo[81828]: pam_unix(sudo:session): session closed for user root
Feb 13 10:37:04 devstack cinder-volume[79472]: DEBUG oslo_concurrency.processutils [None req-aeb0ffa8-76f2-4da5-ad1f-068a721e35bf tempest-GroupSnapshotsTest-878939094 None] CMD "sudo cinder-rootwrap /etc/cinder/rootwrap.conf qemu-img rebase -u -b volume-05b604e6-34aa-4123-bd1e-56aeb3bd5386 -F qcow2 /opt/stack/data/cinder/mnt/5dab73e522ccc82a3ee343442fa44d98/volume-05b604e6-34aa-4123-bd1e-56aeb3bd5386.ceae64d5-ae60-415c-91f4-7cdfe758a030" returned: 0 in 0.488s {{(pid=79472) execute /opt/stack/data/venv/lib/python3.10/site-packages/oslo_concurrency/processutils.py:396}}
Feb 13 10:37:04 devstack cinder-volume[79472]: WARNING cinder.volume.drivers.remotefs [None req-aeb0ffa8-76f2-4da5-ad1f-068a721e35bf tempest-GroupSnapshotsTest-878939094 None] /opt/stack/data/cinder/mnt/5dab73e522ccc82a3ee343442fa44d98/volume-05b604e6-34aa-4123-bd1e-56aeb3bd5386.ceae64d5-ae60-415c-91f4-7cdfe758a030 is being set with open permissions: ugo+rw: NotImplementedError
Feb 13 10:37:04 devstack cinder-volume[79472]: DEBUG oslo_concurrency.processutils [None req-aeb0ffa8-76f2-4da5-ad1f-068a721e35bf tempest-GroupSnapshotsTest-878939094 None] Running cmd (subprocess): sudo cinder-rootwrap /etc/cinder/rootwrap.conf chmod ugo+rw /opt/stack/data/cinder/mnt/5dab73e522ccc82a3ee343442fa44d98/volume-05b604e6-34aa-4123-bd1e-56aeb3bd5386.ceae64d5-ae60-415c-91f4-7cdfe758a030 {{(pid=79472) execute /opt/stack/data/venv/lib/python3.10/site-packages/oslo_concurrency/processutils.py:368}}
Feb 13 10:37:04 devstack sudo[81833]: quobyte : PWD=/ ; USER=root ; COMMAND=/opt/stack/data/venv/bin/cinder-rootwrap /etc/cinder/rootwrap.conf chmod ugo+rw /opt/stack/data/cinder/mnt/5dab73e522ccc82a3ee343442fa44d98/volume-05b604e6-34aa-4123-bd1e-56aeb3bd5386.ceae64d5-ae60-415c-91f4-7cdfe758a030
Feb 13 10:37:04 devstack sudo[81833]: pam_unix(sudo:session): session opened for user root(uid=0) by (uid=1000)
Feb 13 10:37:05 devstack sudo[81833]: pam_unix(sudo:session): session closed for user root
Feb 13 10:37:05 devstack cinder-volume[79472]: DEBUG oslo_concurrency.processutils [None req-aeb0ffa8-76f2-4da5-ad1f-068a721e35bf tempest-GroupSnapshotsTest-878939094 None] CMD "sudo cinder-rootwrap /etc/cinder/rootwrap.conf chmod ugo+rw /opt/stack/data/cinder/mnt/5dab73e522ccc82a3ee343442fa44d98/volume-05b604e6-34aa-4123-bd1e-56aeb3bd5386.ceae64d5-ae60-415c-91f4-7cdfe758a030" returned: 0 in 0.511s {{(pid=79472) execute /opt/stack/data/venv/lib/python3.10/site-packages/oslo_concurrency/processutils.py:396}}
Feb 13 10:37:05 devstack cinder-volume[79472]: DEBUG oslo_concurrency.processutils [None req-aeb0ffa8-76f2-4da5-ad1f-068a721e35bf tempest-GroupSnapshotsTest-878939094 None] Running cmd (subprocess): sudo cinder-rootwrap /etc/cinder/rootwrap.conf truncate -s0 /opt/stack/data/cinder/mnt/5dab73e522ccc82a3ee343442fa44d98/volume-05b604e6-34aa-4123-bd1e-56aeb3bd5386.info {{(pid=79472) execute /opt/stack/data/venv/lib/python3.10/site-packages/oslo_concurrency/processutils.py:368}}
Feb 13 10:37:05 devstack sudo[81836]: quobyte : PWD=/ ; USER=root ; COMMAND=/opt/stack/data/venv/bin/cinder-rootwrap /etc/cinder/rootwrap.conf truncate -s0 /opt/stack/data/cinder/mnt/5dab73e522ccc82a3ee343442fa44d98/volume-05b604e6-34aa-4123-bd1e-56aeb3bd5386.info
Feb 13 10:37:05 devstack sudo[81836]: pam_unix(sudo:session): session opened for user root(uid=0) by (uid=1000)
Feb 13 10:37:05 devstack sudo[81836]: pam_unix(sudo:session): session closed for user root
Feb 13 10:37:05 devstack cinder-volume[79472]: DEBUG oslo_concurrency.processutils [None req-aeb0ffa8-76f2-4da5-ad1f-068a721e35bf tempest-GroupSnapshotsTest-878939094 None] CMD "sudo cinder-rootwrap /etc/cinder/rootwrap.conf truncate -s0 /opt/stack/data/cinder/mnt/5dab73e522ccc82a3ee343442fa44d98/volume-05b604e6-34aa-4123-bd1e-56aeb3bd5386.info" returned: 0 in 0.518s {{(pid=79472) execute /opt/stack/data/venv/lib/python3.10/site-packages/oslo_concurrency/processutils.py:396}}
Feb 13 10:37:05 devstack cinder-volume[79472]: WARNING cinder.volume.drivers.remotefs [None req-aeb0ffa8-76f2-4da5-ad1f-068a721e35bf tempest-GroupSnapshotsTest-878939094 None] /opt/stack/data/cinder/mnt/5dab73e522ccc82a3ee343442fa44d98/volume-05b604e6-34aa-4123-bd1e-56aeb3bd5386.info is being set with open permissions: ugo+rw: NotImplementedError
Feb 13 10:37:05 devstack cinder-volume[79472]: DEBUG oslo_concurrency.processutils [None req-aeb0ffa8-76f2-4da5-ad1f-068a721e35bf tempest-GroupSnapshotsTest-878939094 None] Running cmd (subprocess): sudo cinder-rootwrap /etc/cinder/rootwrap.conf chmod ugo+rw /opt/stack/data/cinder/mnt/5dab73e522ccc82a3ee343442fa44d98/volume-05b604e6-34aa-4123-bd1e-56aeb3bd5386.info {{(pid=79472) execute /opt/stack/data/venv/lib/python3.10/site-packages/oslo_concurrency/processutils.py:368}}
Feb 13 10:37:05 devstack sudo[81839]: quobyte : PWD=/ ; USER=root ; COMMAND=/opt/stack/data/venv/bin/cinder-rootwrap /etc/cinder/rootwrap.conf chmod ugo+rw /opt/stack/data/cinder/mnt/5dab73e522ccc82a3ee343442fa44d98/volume-05b604e6-34aa-4123-bd1e-56aeb3bd5386.info
Feb 13 10:37:05 devstack sudo[81839]: pam_unix(sudo:session): session opened for user root(uid=0) by (uid=1000)
Feb 13 10:37:06 devstack sudo[81839]: pam_unix(sudo:session): session closed for user root
Feb 13 10:37:06 devstack cinder-volume[79472]: DEBUG oslo_concurrency.processutils [None req-aeb0ffa8-76f2-4da5-ad1f-068a721e35bf tempest-GroupSnapshotsTest-878939094 None] CMD "sudo cinder-rootwrap /etc/cinder/rootwrap.conf chmod ugo+rw /opt/stack/data/cinder/mnt/5dab73e522ccc82a3ee343442fa44d98/volume-05b604e6-34aa-4123-bd1e-56aeb3bd5386.info" returned: 0 in 0.532s {{(pid=79472) execute /opt/stack/data/venv/lib/python3.10/site-packages/oslo_concurrency/processutils.py:396}}
Feb 13 10:37:06 devstack cinder-volume[79472]: DEBUG oslo_concurrency.lockutils [None req-aeb0ffa8-76f2-4da5-ad1f-068a721e35bf tempest-GroupSnapshotsTest-878939094 None] Lock "quobyte" "released" by "cinder.volume.drivers.quobyte.QuobyteDriver.create_snapshot" :: held 3.280s {{(pid=79472) inner /opt/stack/data/venv/lib/python3.10/site-packages/oslo_concurrency/lockutils.py:538}}
