Jan 08 07:32:50 devstack devstack@n-api.service[60252]: DEBUG nova.api.openstack.wsgi_app [-] oslo_limit.insecure = False {{(pid=60252) log_opt_values /opt/stack/data/venv/lib/python3.10/site-packages/oslo_config/cfg.py:2824}}
Jan 08 07:32:50 devstack devstack@n-api.service[60252]: DEBUG nova.api.openstack.wsgi_app [-] oslo_limit.keyfile = None {{(pid=60252) log_opt_values /opt/stack/data/venv/lib/python3.10/site-packages/oslo_config/cfg.py:2824}}
Jan 08 07:32:50 devstack devstack@n-api.service[60252]: DEBUG nova.api.openstack.wsgi_app [-] oslo_limit.max_version = None {{(pid=60252) log_opt_values /opt/stack/data/venv/lib/python3.10/site-packages/oslo_config/cfg.py:2824}}
Jan 08 07:32:50 devstack devstack@n-api.service[60252]: DEBUG nova.api.openstack.wsgi_app [-] oslo_limit.min_version = None {{(pid=60252) log_opt_values /opt/stack/data/venv/lib/python3.10/site-packages/oslo_config/cfg.py:2824}}
Jan 08 07:32:50 devstack devstack@n-api.service[60252]: DEBUG nova.api.openstack.wsgi_app [-] oslo_limit.region_name = None {{(pid=60252) log_opt_values /opt/stack/data/venv/lib/python3.10/site-packages/oslo_config/cfg.py:2824}}
Jan 08 07:32:50 devstack devstack@n-api.service[60252]: DEBUG nova.api.openstack.wsgi_app [-] oslo_limit.retriable_status_codes = None {{(pid=60252) log_opt_values /opt/stack/data/venv/lib/python3.10/site-packages/oslo_config/cfg.py:2824}}
Jan 08 07:32:50 devstack devstack@n-api.service[60252]: DEBUG nova.api.openstack.wsgi_app [-] oslo_limit.service_name = None {{(pid=60252) log_opt_values /opt/stack/data/venv/lib/python3.10/site-packages/oslo_config/cfg.py:2824}}
Jan 08 07:32:50 devstack devstack@n-api.service[60252]: DEBUG nova.api.openstack.wsgi_app [-] oslo_limit.service_type = None {{(pid=60252) log_opt_values /opt/stack/data/venv/lib/python3.10/site-packages/oslo_config/cfg.py:2824}}
Jan 08 07:32:50 devstack devstack@n-api.service[60252]: DEBUG nova.api.openstack.wsgi_app [-] oslo_limit.split_loggers = False {{(pid=60252) log_opt_values /opt/stack/data/venv/lib/python3.10/site-packages/oslo_config/cfg.py:2824}}
Jan 08 07:32:50 devstack devstack@n-api.service[60252]: DEBUG nova.api.openstack.wsgi_app [-] oslo_limit.status_code_retries = None {{(pid=60252) log_opt_values /opt/stack/data/venv/lib/python3.10/site-packages/oslo_config/cfg.py:2824}}
Jan 08 07:32:50 devstack devstack@n-api.service[60252]: DEBUG nova.api.openstack.wsgi_app [-] oslo_limit.status_code_retry_delay = None {{(pid=60252) log_opt_values /opt/stack/data/venv/lib/python3.10/site-packages/oslo_config/cfg.py:2824}}
Jan 08 07:32:50 devstack devstack@n-api.service[60252]: DEBUG nova.api.openstack.wsgi_app [-] oslo_limit.timeout = None {{(pid=60252) log_opt_values /opt/stack/data/venv/lib/python3.10/site-packages/oslo_config/cfg.py:2824}}
Jan 08 07:32:50 devstack devstack@n-api.service[60252]: DEBUG nova.api.openstack.wsgi_app [-] oslo_limit.valid_interfaces = None {{(pid=60252) log_opt_values /opt/stack/data/venv/lib/python3.10/site-packages/oslo_config/cfg.py:2824}}
Jan 08 07:32:50 devstack devstack@n-api.service[60252]: DEBUG nova.api.openstack.wsgi_app [-] oslo_limit.version = None {{(pid=60252) log_opt_values /opt/stack/data/venv/lib/python3.10/site-packages/oslo_config/cfg.py:2824}}
Jan 08 07:32:50 devstack devstack@n-api.service[60252]: DEBUG nova.api.openstack.wsgi_app [-] oslo_messaging_rabbit.amqp_auto_delete = False {{(pid=60252) log_opt_values /opt/stack/data/venv/lib/python3.10/site-packages/oslo_config/cfg.py:2824}}
Jan 08 07:32:50 devstack devstack@n-api.service[60252]: DEBUG nova.api.openstack.wsgi_app [-] oslo_messaging_rabbit.amqp_durable_queues = False {{(pid=60252) log_opt_values /opt/stack/data/venv/lib/python3.10/site-packages/oslo_config/cfg.py:2824}}
Jan 08 07:32:50 devstack devstack@n-api.service[60252]: DEBUG nova.api.openstack.wsgi_app [-] oslo_messaging_rabbit.conn_pool_min_size = 2 {{(pid=60252) log_opt_values /opt/stack/data/venv/lib/python3.10/site-packages/oslo_config/cfg.py:2824}}
Jan 08 07:32:50 devstack devstack@n-api.service[60252]: DEBUG nova.api.openstack.wsgi_app [-] oslo_messaging_rabbit.conn_pool_ttl = 1200 {{(pid=60252) log_opt_values /opt/stack/data/venv/lib/python3.10/site-packages/oslo_config/cfg.py:2824}}
Jan 08 07:32:50 devstack devstack@n-api.service[60252]: DEBUG nova.api.openstack.wsgi_app [-] oslo_messaging_rabbit.direct_mandatory_flag = True {{(pid=60252) log_opt_values /opt/stack/data/venv/lib/python3.10/site-packages/oslo_config/cfg.py:2824}}
Jan 08 07:32:50 devstack devstack@n-api.service[60252]: DEBUG nova.api.openstack.wsgi_app [-] oslo_messaging_rabbit.enable_cancel_on_failover = False {{(pid=60252) log_opt_values /opt/stack/data/venv/lib/python3.10/site-packages/oslo_config/cfg.py:2824}}
Jan 08 07:32:50 devstack devstack@n-api.service[60252]: DEBUG nova.api.openstack.wsgi_app [-] oslo_messaging_rabbit.heartbeat_in_pthread = False {{(pid=60252) log_opt_values /opt/stack/data/venv/lib/python3.10/site-packages/oslo_config/cfg.py:2824}}
Jan 08 07:32:50 devstack devstack@n-api.service[60252]: DEBUG nova.api.openstack.wsgi_app [-] oslo_messaging_rabbit.heartbeat_rate = 3 {{(pid=60252) log_opt_values /opt/stack/data/venv/lib/python3.10/site-packages/oslo_config/cfg.py:2824}}
Jan 08 07:32:50 devstack devstack@n-api.service[60252]: DEBUG nova.api.openstack.wsgi_app [-] oslo_messaging_rabbit.heartbeat_timeout_threshold = 60 {{(pid=60252) log_opt_values /opt/stack/data/venv/lib/python3.10/site-packages/oslo_config/cfg.py:2824}}
Jan 08 07:32:50 devstack devstack@n-api.service[60252]: DEBUG nova.api.openstack.wsgi_app [-] oslo_messaging_rabbit.hostname = devstack {{(pid=60252) log_opt_values /opt/stack/data/venv/lib/python3.10/site-packages/oslo_config/cfg.py:2824}}
Jan 08 07:32:50 devstack devstack@n-api.service[60252]: DEBUG nova.api.openstack.wsgi_app [-] oslo_messaging_rabbit.kombu_compression = None {{(pid=60252) log_opt_values /opt/stack/data/venv/lib/python3.10/site-packages/oslo_config/cfg.py:2824}}
Jan 08 07:32:50 devstack devstack@n-api.service[60252]: DEBUG nova.api.openstack.wsgi_app [-] oslo_messaging_rabbit.kombu_failover_strategy = round-robin {{(pid=60252) log_opt_values /opt/stack/data/venv/lib/python3.10/site-packages/oslo_config/cfg.py:2824}}
Jan 08 07:32:50 devstack devstack@n-api.service[60252]: DEBUG nova.api.openstack.wsgi_app [-] oslo_messaging_rabbit.kombu_missing_consumer_retry_timeout = 60 {{(pid=60252) log_opt_values /opt/stack/data/venv/lib/python3.10/site-packages/oslo_config/cfg.py:2824}}
Jan 08 07:32:50 devstack devstack@n-api.service[60252]: DEBUG nova.api.openstack.wsgi_app [-] oslo_messaging_rabbit.kombu_reconnect_delay = 1.0 {{(pid=60252) log_opt_values /opt/stack/data/venv/lib/python3.10/site-packages/oslo_config/cfg.py:2824}}
Jan 08 07:32:50 devstack devstack@n-api.service[60252]: DEBUG nova.api.openstack.wsgi_app [-] oslo_messaging_rabbit.kombu_reconnect_splay = 0.0 {{(pid=60252) log_opt_values /opt/stack/data/venv/lib/python3.10/site-packages/oslo_config/cfg.py:2824}}
Jan 08 07:32:50 devstack devstack@n-api.service[60252]: DEBUG nova.api.openstack.wsgi_app [-] oslo_messaging_rabbit.processname = uwsgi {{(pid=60252) log_opt_values /opt/stack/data/venv/lib/python3.10/site-packages/oslo_config/cfg.py:2824}}
Jan 08 07:32:50 devstack devstack@n-api.service[60252]: DEBUG nova.api.openstack.wsgi_app [-] oslo_messaging_rabbit.rabbit_ha_queues = False {{(pid=60252) log_opt_values /opt/stack/data/venv/lib/python3.10/site-packages/oslo_config/cfg.py:2824}}
Jan 08 07:32:50 devstack devstack@n-api.service[60252]: DEBUG nova.api.openstack.wsgi_app [-] oslo_messaging_rabbit.rabbit_interval_max = 30 {{(pid=60252) log_opt_values /opt/stack/data/venv/lib/python3.10/site-packages/oslo_config/cfg.py:2824}}
Jan 08 07:32:50 devstack devstack@n-api.service[60252]: DEBUG nova.api.openstack.wsgi_app [-] oslo_messaging_rabbit.rabbit_login_method = AMQPLAIN {{(pid=60252) log_opt_values /opt/stack/data/venv/lib/python3.10/site-packages/oslo_config/cfg.py:2824}}
Jan 08 07:32:50 devstack devstack@n-api.service[60252]: DEBUG nova.api.openstack.wsgi_app [-] oslo_messaging_rabbit.rabbit_qos_prefetch_count = 0 {{(pid=60252) log_opt_values /opt/stack/data/venv/lib/python3.10/site-packages/oslo_config/cfg.py:2824}}
Jan 08 07:32:50 devstack devstack@n-api.service[60252]: DEBUG nova.api.openstack.wsgi_app [-] oslo_messaging_rabbit.rabbit_quorum_delivery_limit = 0 {{(pid=60252) log_opt_values /opt/stack/data/venv/lib/python3.10/site-packages/oslo_config/cfg.py:2824}}
Jan 08 07:32:50 devstack devstack@n-api.service[60252]: DEBUG nova.api.openstack.wsgi_app [-] oslo_messaging_rabbit.rabbit_quorum_max_memory_bytes = 0 {{(pid=60252) log_opt_values /opt/stack/data/venv/lib/python3.10/site-packages/oslo_config/cfg.py:2824}}
Jan 08 07:32:50 devstack devstack@n-api.service[60252]: DEBUG nova.api.openstack.wsgi_app [-] oslo_messaging_rabbit.rabbit_quorum_max_memory_length = 0 {{(pid=60252) log_opt_values /opt/stack/data/venv/lib/python3.10/site-packages/oslo_config/cfg.py:2824}}
Jan 08 07:32:50 devstack devstack@n-api.service[60252]: DEBUG nova.api.openstack.wsgi_app [-] oslo_messaging_rabbit.rabbit_quorum_queue = False {{(pid=60252) log_opt_values /opt/stack/data/venv/lib/python3.10/site-packages/oslo_config/cfg.py:2824}}
Jan 08 07:32:50 devstack devstack@n-api.service[60252]: DEBUG nova.api.openstack.wsgi_app [-] oslo_messaging_rabbit.rabbit_retry_backoff = 2 {{(pid=60252) log_opt_values /opt/stack/data/venv/lib/python3.10/site-packages/oslo_config/cfg.py:2824}}
Jan 08 07:32:50 devstack devstack@n-api.service[60252]: DEBUG nova.api.openstack.wsgi_app [-] oslo_messaging_rabbit.rabbit_retry_interval = 1 {{(pid=60252) log_opt_values /opt/stack/data/venv/lib/python3.10/site-packages/oslo_config/cfg.py:2824}}
Jan 08 07:32:50 devstack devstack@n-api.service[60252]: DEBUG nova.api.openstack.wsgi_app [-] oslo_messaging_rabbit.rabbit_stream_fanout = False {{(pid=60252) log_opt_values /opt/stack/data/venv/lib/python3.10/site-packages/oslo_config/cfg.py:2824}}
Jan 08 07:32:50 devstack devstack@n-api.service[60252]: DEBUG nova.api.openstack.wsgi_app [-] oslo_messaging_rabbit.rabbit_transient_queues_ttl = 1800 {{(pid=60252) log_opt_values /opt/stack/data/venv/lib/python3.10/site-packages/oslo_config/cfg.py:2824}}
Jan 08 07:32:50 devstack devstack@n-api.service[60252]: DEBUG nova.api.openstack.wsgi_app [-] oslo_messaging_rabbit.rabbit_transient_quorum_queue = False {{(pid=60252) log_opt_values /opt/stack/data/venv/lib/python3.10/site-packages/oslo_config/cfg.py:2824}}
Jan 08 07:32:50 devstack devstack@n-api.service[60252]: DEBUG nova.api.openstack.wsgi_app [-] oslo_messaging_rabbit.rpc_conn_pool_size = 30 {{(pid=60252) log_opt_values /opt/stack/data/venv/lib/python3.10/site-packages/oslo_config/cfg.py:2824}}
Jan 08 07:32:50 devstack devstack@n-api.service[60252]: DEBUG nova.api.openstack.wsgi_app [-] oslo_messaging_rabbit.ssl = False {{(pid=60252) log_opt_values /opt/stack/data/venv/lib/python3.10/site-packages/oslo_config/cfg.py:2824}}
Jan 08 07:32:50 devstack devstack@n-api.service[60252]: DEBUG nova.api.openstack.wsgi_app [-] oslo_messaging_rabbit.ssl_ca_file = {{(pid=60252) log_opt_values /opt/stack/data/venv/lib/python3.10/site-packages/oslo_config/cfg.py:2824}}
Jan 08 07:32:50 devstack devstack@n-api.service[60252]: DEBUG nova.api.openstack.wsgi_app [-] oslo_messaging_rabbit.ssl_cert_file = {{(pid=60252) log_opt_values /opt/stack/data/venv/lib/python3.10/site-packages/oslo_config/cfg.py:2824}}
Jan 08 07:32:50 devstack devstack@n-api.service[60252]: DEBUG nova.api.openstack.wsgi_app [-] oslo_messaging_rabbit.ssl_enforce_fips_mode = False {{(pid=60252) log_opt_values /opt/stack/data/venv/lib/python3.10/site-packages/oslo_config/cfg.py:2824}}
Jan 08 07:32:50 devstack devstack@n-api.service[60252]: DEBUG nova.api.openstack.wsgi_app [-] oslo_messaging_rabbit.ssl_key_file = {{(pid=60252) log_opt_values /opt/stack/data/venv/lib/python3.10/site-packages/oslo_config/cfg.py:2824}}
Jan 08 07:32:50 devstack devstack@n-api.service[60252]: DEBUG nova.api.openstack.wsgi_app [-] oslo_messaging_rabbit.ssl_version = {{(pid=60252) log_opt_values /opt/stack/data/venv/lib/python3.10/site-packages/oslo_config/cfg.py:2824}}
Jan 08 07:32:50 devstack devstack@n-api.service[60252]: DEBUG nova.api.openstack.wsgi_app [-] oslo_messaging_rabbit.use_queue_manager = False {{(pid=60252) log_opt_values /opt/stack/data/venv/lib/python3.10/site-packages/oslo_config/cfg.py:2824}}
Jan 08 07:32:50 devstack devstack@n-api.service[60252]: DEBUG nova.api.openstack.wsgi_app [-] oslo_messaging_notifications.driver = ['messagingv2'] {{(pid=60252) log_opt_values /opt/stack/data/venv/lib/python3.10/site-packages/oslo_config/cfg.py:2824}}
Jan 08 07:32:50 devstack devstack@n-api.service[60252]: DEBUG nova.api.openstack.wsgi_app [-] oslo_messaging_notifications.retry = -1 {{(pid=60252) log_opt_values /opt/stack/data/venv/lib/python3.10/site-packages/oslo_config/cfg.py:2824}}
Jan 08 07:32:50 devstack devstack@n-api.service[60252]: DEBUG nova.api.openstack.wsgi_app [-] oslo_messaging_notifications.topics = ['notifications'] {{(pid=60252) log_opt_values /opt/stack/data/venv/lib/python3.10/site-packages/oslo_config/cfg.py:2824}}
Jan 08 07:32:50 devstack devstack@n-api.service[60252]: DEBUG nova.api.openstack.wsgi_app [-] oslo_messaging_notifications.transport_url = **** {{(pid=60252) log_opt_values /opt/stack/data/venv/lib/python3.10/site-packages/oslo_config/cfg.py:2824}}
Jan 08 07:32:50 devstack devstack@n-api.service[60252]: DEBUG nova.api.openstack.wsgi_app [-] oslo_reports.file_event_handler = None {{(pid=60252) log_opt_values /opt/stack/data/venv/lib/python3.10/site-packages/oslo_config/cfg.py:2824}}
Jan 08 07:32:50 devstack devstack@n-api.service[60252]: DEBUG nova.api.openstack.wsgi_app [-] oslo_reports.file_event_handler_interval = 1 {{(pid=60252) log_opt_values /opt/stack/data/venv/lib/python3.10/site-packages/oslo_config/cfg.py:2824}}
Jan 08 07:32:50 devstack devstack@n-api.service[60252]: DEBUG nova.api.openstack.wsgi_app [-] oslo_reports.log_dir = None {{(pid=60252) log_opt_values /opt/stack/data/venv/lib/python3.10/site-packages/oslo_config/cfg.py:2824}}
Jan 08 07:32:50 devstack devstack@n-api.service[60252]: DEBUG nova.api.openstack.wsgi_app [-] ******************************************************************************** {{(pid=60252) log_opt_values /opt/stack/data/venv/lib/python3.10/site-packages/oslo_config/cfg.py:2828}}
Jan 08 07:32:50 devstack devstack@n-api.service[60251]: INFO dbcounter [None req-cd4b8e2c-fa74-4283-b06f-79530887d273 None None] Registered counter for database nova_api
Jan 08 07:32:50 devstack devstack@n-api.service[60251]: DEBUG oslo_db.sqlalchemy.engines [None req-cd4b8e2c-fa74-4283-b06f-79530887d273 None None] MySQL server mode set to STRICT_TRANS_TABLES,STRICT_ALL_TABLES,NO_ZERO_IN_DATE,NO_ZERO_DATE,ERROR_FOR_DIVISION_BY_ZERO,TRADITIONAL,NO_ENGINE_SUBSTITUTION {{(pid=60251) _check_effective_sql_mode /opt/stack/data/venv/lib/python3.10/site-packages/oslo_db/sqlalchemy/engines.py:397}}
Jan 08 07:32:50 devstack devstack@n-api.service[60252]: INFO dbcounter [None req-445cffc7-6f08-4e48-a794-eb637ac7828d None None] Registered counter for database nova_api
Jan 08 07:32:50 devstack devstack@n-api.service[60252]: DEBUG oslo_db.sqlalchemy.engines [None req-445cffc7-6f08-4e48-a794-eb637ac7828d None None] MySQL server mode set to STRICT_TRANS_TABLES,STRICT_ALL_TABLES,NO_ZERO_IN_DATE,NO_ZERO_DATE,ERROR_FOR_DIVISION_BY_ZERO,TRADITIONAL,NO_ENGINE_SUBSTITUTION {{(pid=60252) _check_effective_sql_mode /opt/stack/data/venv/lib/python3.10/site-packages/oslo_db/sqlalchemy/engines.py:397}}
Jan 08 07:32:50 devstack devstack@n-api.service[60251]: DEBUG dbcounter [-] [60251] Writer thread running {{(pid=60251) stat_writer /opt/stack/data/venv/lib/python3.10/site-packages/dbcounter.py:102}}
Jan 08 07:32:50 devstack devstack@n-api.service[60251]: DEBUG nova.context [None req-cd4b8e2c-fa74-4283-b06f-79530887d273 None None] Found 2 cells: 00000000-0000-0000-0000-000000000000(cell0),a60b6836-cf23-4e99-a5f4-d8818ecdd8a9(cell1) {{(pid=60251) load_cells /opt/stack/nova/nova/context.py:464}}
Jan 08 07:32:50 devstack devstack@n-api.service[60251]: DEBUG oslo_concurrency.lockutils [None req-cd4b8e2c-fa74-4283-b06f-79530887d273 None None] Acquiring lock "00000000-0000-0000-0000-000000000000" by "nova.context.set_target_cell..get_or_set_cached_cell_and_set_connections" {{(pid=60251) inner /opt/stack/data/venv/lib/python3.10/site-packages/oslo_concurrency/lockutils.py:405}}
Jan 08 07:32:50 devstack devstack@n-api.service[60251]: DEBUG oslo_concurrency.lockutils [None req-cd4b8e2c-fa74-4283-b06f-79530887d273 None None] Lock "00000000-0000-0000-0000-000000000000" acquired by "nova.context.set_target_cell..get_or_set_cached_cell_and_set_connections" :: waited 0.000s {{(pid=60251) inner /opt/stack/data/venv/lib/python3.10/site-packages/oslo_concurrency/lockutils.py:410}}
Jan 08 07:32:50 devstack devstack@n-api.service[60251]: DEBUG oslo_concurrency.lockutils [None req-cd4b8e2c-fa74-4283-b06f-79530887d273 None None] Lock "00000000-0000-0000-0000-000000000000" "released" by "nova.context.set_target_cell..get_or_set_cached_cell_and_set_connections" :: held 0.001s {{(pid=60251) inner /opt/stack/data/venv/lib/python3.10/site-packages/oslo_concurrency/lockutils.py:424}}
Jan 08 07:32:50 devstack devstack@n-api.service[60251]: DEBUG oslo_concurrency.lockutils [None req-cd4b8e2c-fa74-4283-b06f-79530887d273 None None] Acquiring lock "a60b6836-cf23-4e99-a5f4-d8818ecdd8a9" by "nova.context.set_target_cell..get_or_set_cached_cell_and_set_connections" {{(pid=60251) inner /opt/stack/data/venv/lib/python3.10/site-packages/oslo_concurrency/lockutils.py:405}}
Jan 08 07:32:50 devstack devstack@n-api.service[60251]: DEBUG oslo_concurrency.lockutils [None req-cd4b8e2c-fa74-4283-b06f-79530887d273 None None] Lock "a60b6836-cf23-4e99-a5f4-d8818ecdd8a9" acquired by "nova.context.set_target_cell..get_or_set_cached_cell_and_set_connections" :: waited 0.000s {{(pid=60251) inner /opt/stack/data/venv/lib/python3.10/site-packages/oslo_concurrency/lockutils.py:410}}
Jan 08 07:32:50 devstack devstack@n-api.service[60251]: DEBUG oslo_concurrency.lockutils [None req-cd4b8e2c-fa74-4283-b06f-79530887d273 None None] Lock "a60b6836-cf23-4e99-a5f4-d8818ecdd8a9" "released" by "nova.context.set_target_cell..get_or_set_cached_cell_and_set_connections" :: held 0.002s {{(pid=60251) inner /opt/stack/data/venv/lib/python3.10/site-packages/oslo_concurrency/lockutils.py:424}}
Jan 08 07:32:50 devstack devstack@n-api.service[60251]: INFO dbcounter [None req-cd4b8e2c-fa74-4283-b06f-79530887d273 None None] Registered counter for database nova_cell0
Jan 08 07:32:50 devstack devstack@n-api.service[60251]: INFO dbcounter [None req-cd4b8e2c-fa74-4283-b06f-79530887d273 None None] Registered counter for database nova_cell1
Jan 08 07:32:50 devstack devstack@n-api.service[60252]: DEBUG dbcounter [-] [60252] Writer thread running {{(pid=60252) stat_writer /opt/stack/data/venv/lib/python3.10/site-packages/dbcounter.py:102}}
Jan 08 07:32:50 devstack devstack@n-api.service[60251]: DEBUG oslo_db.sqlalchemy.engines [None req-cd4b8e2c-fa74-4283-b06f-79530887d273 None None] MySQL server mode set to STRICT_TRANS_TABLES,STRICT_ALL_TABLES,NO_ZERO_IN_DATE,NO_ZERO_DATE,ERROR_FOR_DIVISION_BY_ZERO,TRADITIONAL,NO_ENGINE_SUBSTITUTION {{(pid=60251) _check_effective_sql_mode /opt/stack/data/venv/lib/python3.10/site-packages/oslo_db/sqlalchemy/engines.py:397}}
Jan 08 07:32:50 devstack devstack@n-api.service[60251]: DEBUG oslo_db.sqlalchemy.engines [None req-cd4b8e2c-fa74-4283-b06f-79530887d273 None None] MySQL server mode set to STRICT_TRANS_TABLES,STRICT_ALL_TABLES,NO_ZERO_IN_DATE,NO_ZERO_DATE,ERROR_FOR_DIVISION_BY_ZERO,TRADITIONAL,NO_ENGINE_SUBSTITUTION {{(pid=60251) _check_effective_sql_mode /opt/stack/data/venv/lib/python3.10/site-packages/oslo_db/sqlalchemy/engines.py:397}}
Jan 08 07:32:50 devstack devstack@n-api.service[60252]: DEBUG nova.context [None req-445cffc7-6f08-4e48-a794-eb637ac7828d None None] Found 2 cells: 00000000-0000-0000-0000-000000000000(cell0),a60b6836-cf23-4e99-a5f4-d8818ecdd8a9(cell1) {{(pid=60252) load_cells /opt/stack/nova/nova/context.py:464}}
Jan 08 07:32:50 devstack devstack@n-api.service[60252]: DEBUG oslo_concurrency.lockutils [None req-445cffc7-6f08-4e48-a794-eb637ac7828d None None] Acquiring lock "00000000-0000-0000-0000-000000000000" by "nova.context.set_target_cell..get_or_set_cached_cell_and_set_connections" {{(pid=60252) inner /opt/stack/data/venv/lib/python3.10/site-packages/oslo_concurrency/lockutils.py:405}}
Jan 08 07:32:50 devstack devstack@n-api.service[60252]: DEBUG oslo_concurrency.lockutils [None req-445cffc7-6f08-4e48-a794-eb637ac7828d None None] Lock "00000000-0000-0000-0000-000000000000" acquired by "nova.context.set_target_cell..get_or_set_cached_cell_and_set_connections" :: waited 0.000s {{(pid=60252) inner /opt/stack/data/venv/lib/python3.10/site-packages/oslo_concurrency/lockutils.py:410}}
Jan 08 07:32:50 devstack devstack@n-api.service[60252]: DEBUG oslo_concurrency.lockutils [None req-445cffc7-6f08-4e48-a794-eb637ac7828d None None] Lock "00000000-0000-0000-0000-000000000000" "released" by "nova.context.set_target_cell..get_or_set_cached_cell_and_set_connections" :: held 0.001s {{(pid=60252) inner /opt/stack/data/venv/lib/python3.10/site-packages/oslo_concurrency/lockutils.py:424}}
Jan 08 07:32:50 devstack devstack@n-api.service[60252]: DEBUG oslo_concurrency.lockutils [None req-445cffc7-6f08-4e48-a794-eb637ac7828d None None] Acquiring lock "a60b6836-cf23-4e99-a5f4-d8818ecdd8a9" by "nova.context.set_target_cell..get_or_set_cached_cell_and_set_connections" {{(pid=60252) inner /opt/stack/data/venv/lib/python3.10/site-packages/oslo_concurrency/lockutils.py:405}}
Jan 08 07:32:50 devstack devstack@n-api.service[60252]: DEBUG oslo_concurrency.lockutils [None req-445cffc7-6f08-4e48-a794-eb637ac7828d None None] Lock "a60b6836-cf23-4e99-a5f4-d8818ecdd8a9" acquired by "nova.context.set_target_cell..get_or_set_cached_cell_and_set_connections" :: waited 0.000s {{(pid=60252) inner /opt/stack/data/venv/lib/python3.10/site-packages/oslo_concurrency/lockutils.py:410}}
Jan 08 07:32:50 devstack devstack@n-api.service[60252]: DEBUG oslo_concurrency.lockutils [None req-445cffc7-6f08-4e48-a794-eb637ac7828d None None] Lock "a60b6836-cf23-4e99-a5f4-d8818ecdd8a9" "released" by "nova.context.set_target_cell..get_or_set_cached_cell_and_set_connections" :: held 0.002s {{(pid=60252) inner /opt/stack/data/venv/lib/python3.10/site-packages/oslo_concurrency/lockutils.py:424}}
Jan 08 07:32:50 devstack devstack@n-api.service[60252]: INFO dbcounter [None req-445cffc7-6f08-4e48-a794-eb637ac7828d None None] Registered counter for database nova_cell0
Jan 08 07:32:50 devstack devstack@n-api.service[60252]: INFO dbcounter [None req-445cffc7-6f08-4e48-a794-eb637ac7828d None None] Registered counter for database nova_cell1
Jan 08 07:32:50 devstack devstack@n-api.service[60252]: DEBUG oslo_db.sqlalchemy.engines [None req-445cffc7-6f08-4e48-a794-eb637ac7828d None None] MySQL server mode set to STRICT_TRANS_TABLES,STRICT_ALL_TABLES,NO_ZERO_IN_DATE,NO_ZERO_DATE,ERROR_FOR_DIVISION_BY_ZERO,TRADITIONAL,NO_ENGINE_SUBSTITUTION {{(pid=60252) _check_effective_sql_mode /opt/stack/data/venv/lib/python3.10/site-packages/oslo_db/sqlalchemy/engines.py:397}}
Jan 08 07:32:50 devstack devstack@n-api.service[60252]: DEBUG oslo_db.sqlalchemy.engines [None req-445cffc7-6f08-4e48-a794-eb637ac7828d None None] MySQL server mode set to STRICT_TRANS_TABLES,STRICT_ALL_TABLES,NO_ZERO_IN_DATE,NO_ZERO_DATE,ERROR_FOR_DIVISION_BY_ZERO,TRADITIONAL,NO_ENGINE_SUBSTITUTION {{(pid=60252) _check_effective_sql_mode /opt/stack/data/venv/lib/python3.10/site-packages/oslo_db/sqlalchemy/engines.py:397}}
Jan 08 07:32:50 devstack devstack@n-api.service[60251]: DEBUG dbcounter [-] [60251] Writer thread running {{(pid=60251) stat_writer /opt/stack/data/venv/lib/python3.10/site-packages/dbcounter.py:102}}
Jan 08 07:32:50 devstack devstack@n-api.service[60251]: DEBUG dbcounter [-] [60251] Writer thread running {{(pid=60251) stat_writer /opt/stack/data/venv/lib/python3.10/site-packages/dbcounter.py:102}}
Jan 08 07:32:50 devstack devstack@n-api.service[60251]: INFO dbcounter [None req-cd4b8e2c-fa74-4283-b06f-79530887d273 None None] Registered counter for database nova_cell0
Jan 08 07:32:50 devstack devstack@n-api.service[60251]: DEBUG oslo_db.sqlalchemy.engines [None req-cd4b8e2c-fa74-4283-b06f-79530887d273 None None] MySQL server mode set to STRICT_TRANS_TABLES,STRICT_ALL_TABLES,NO_ZERO_IN_DATE,NO_ZERO_DATE,ERROR_FOR_DIVISION_BY_ZERO,TRADITIONAL,NO_ENGINE_SUBSTITUTION {{(pid=60251) _check_effective_sql_mode /opt/stack/data/venv/lib/python3.10/site-packages/oslo_db/sqlalchemy/engines.py:397}}
Jan 08 07:32:50 devstack devstack@n-api.service[60251]: DEBUG dbcounter [-] [60251] Writer thread running {{(pid=60251) stat_writer /opt/stack/data/venv/lib/python3.10/site-packages/dbcounter.py:102}}
Jan 08 07:32:50 devstack devstack@n-api.service[60252]: DEBUG dbcounter [-] [60252] Writer thread running {{(pid=60252) stat_writer /opt/stack/data/venv/lib/python3.10/site-packages/dbcounter.py:102}}
Jan 08 07:32:50 devstack devstack@n-api.service[60252]: DEBUG dbcounter [-] [60252] Writer thread running {{(pid=60252) stat_writer /opt/stack/data/venv/lib/python3.10/site-packages/dbcounter.py:102}}
Jan 08 07:32:50 devstack devstack@n-api.service[60252]: INFO dbcounter [None req-445cffc7-6f08-4e48-a794-eb637ac7828d None None] Registered counter for database nova_cell0
Jan 08 07:32:50 devstack devstack@n-api.service[60252]: DEBUG oslo_db.sqlalchemy.engines [None req-445cffc7-6f08-4e48-a794-eb637ac7828d None None] MySQL server mode set to STRICT_TRANS_TABLES,STRICT_ALL_TABLES,NO_ZERO_IN_DATE,NO_ZERO_DATE,ERROR_FOR_DIVISION_BY_ZERO,TRADITIONAL,NO_ENGINE_SUBSTITUTION {{(pid=60252) _check_effective_sql_mode /opt/stack/data/venv/lib/python3.10/site-packages/oslo_db/sqlalchemy/engines.py:397}}
Jan 08 07:32:50 devstack devstack@n-api.service[60252]: DEBUG dbcounter [-] [60252] Writer thread running {{(pid=60252) stat_writer /opt/stack/data/venv/lib/python3.10/site-packages/dbcounter.py:102}}
Jan 08 07:32:50 devstack devstack@n-api.service[60251]: DEBUG oslo_concurrency.processutils [None req-cd4b8e2c-fa74-4283-b06f-79530887d273 None None] Running cmd (subprocess): grep -F node.session.scan /sbin/iscsiadm {{(pid=60251) execute /opt/stack/data/venv/lib/python3.10/site-packages/oslo_concurrency/processutils.py:349}}
Jan 08 07:32:50 devstack devstack@n-api.service[60252]: DEBUG oslo_concurrency.processutils [None req-445cffc7-6f08-4e48-a794-eb637ac7828d None None] Running cmd (subprocess): grep -F node.session.scan /sbin/iscsiadm {{(pid=60252) execute /opt/stack/data/venv/lib/python3.10/site-packages/oslo_concurrency/processutils.py:349}}
Jan 08 07:32:50 devstack devstack@n-api.service[60251]: DEBUG oslo_concurrency.processutils [None req-cd4b8e2c-fa74-4283-b06f-79530887d273 None None] CMD "grep -F node.session.scan /sbin/iscsiadm" returned: 0 in 0.014s {{(pid=60251) execute /opt/stack/data/venv/lib/python3.10/site-packages/oslo_concurrency/processutils.py:372}}
Jan 08 07:32:50 devstack devstack@n-api.service[60252]: DEBUG oslo_concurrency.processutils [None req-445cffc7-6f08-4e48-a794-eb637ac7828d None None] CMD "grep -F node.session.scan /sbin/iscsiadm" returned: 0 in 0.015s {{(pid=60252) execute /opt/stack/data/venv/lib/python3.10/site-packages/oslo_concurrency/processutils.py:372}}
Jan 08 07:32:51 devstack devstack@n-api.service[60252]: WARNING keystonemiddleware.auth_token [None req-445cffc7-6f08-4e48-a794-eb637ac7828d None None] AuthToken middleware is set with keystone_authtoken.service_token_roles_required set to False. This is backwards compatible but deprecated behaviour. Please set this to True.
Jan 08 07:32:51 devstack devstack@n-api.service[60251]: WARNING keystonemiddleware.auth_token [None req-cd4b8e2c-fa74-4283-b06f-79530887d273 None None] AuthToken middleware is set with keystone_authtoken.service_token_roles_required set to False. This is backwards compatible but deprecated behaviour. Please set this to True.
Jan 08 07:32:51 devstack devstack@n-api.service[60252]: WARNING keystonemiddleware.auth_token [None req-445cffc7-6f08-4e48-a794-eb637ac7828d None None] Configuring www_authenticate_uri to point to the public identity endpoint is required; clients may not be able to authenticate against an admin endpoint
Jan 08 07:32:51 devstack devstack@n-api.service[60251]: WARNING keystonemiddleware.auth_token [None req-cd4b8e2c-fa74-4283-b06f-79530887d273 None None] Configuring www_authenticate_uri to point to the public identity endpoint is required; clients may not be able to authenticate against an admin endpoint
Jan 08 07:32:51 devstack devstack@n-api.service[60252]: WARNING keystonemiddleware.auth_token [None req-445cffc7-6f08-4e48-a794-eb637ac7828d None None] AuthToken middleware is set with keystone_authtoken.service_token_roles_required set to False. This is backwards compatible but deprecated behaviour. Please set this to True.
Jan 08 07:32:51 devstack devstack@n-api.service[60251]: WARNING keystonemiddleware.auth_token [None req-cd4b8e2c-fa74-4283-b06f-79530887d273 None None] AuthToken middleware is set with keystone_authtoken.service_token_roles_required set to False. This is backwards compatible but deprecated behaviour. Please set this to True.
Jan 08 07:32:51 devstack devstack@n-api.service[60252]: WARNING keystonemiddleware.auth_token [None req-445cffc7-6f08-4e48-a794-eb637ac7828d None None] Configuring www_authenticate_uri to point to the public identity endpoint is required; clients may not be able to authenticate against an admin endpoint
Jan 08 07:32:51 devstack devstack@n-api.service[60251]: WARNING keystonemiddleware.auth_token [None req-cd4b8e2c-fa74-4283-b06f-79530887d273 None None] Configuring www_authenticate_uri to point to the public identity endpoint is required; clients may not be able to authenticate against an admin endpoint
Jan 08 07:32:51 devstack devstack@n-api.service[60252]: WSGI app 0 (mountpoint='') ready in 5 seconds on interpreter 0x55b9046eb1e0 pid: 60252 (default app)
Jan 08 07:32:51 devstack devstack@n-api.service[60251]: WSGI app 0 (mountpoint='') ready in 5 seconds on interpreter 0x55b9046eb1e0 pid: 60251 (default app)
Jan 08 07:32:51 devstack devstack@n-api.service[60252]: DEBUG nova.api.openstack.wsgi [None req-445cffc7-6f08-4e48-a794-eb637ac7828d None None] Calling method '>' {{(pid=60252) _process_stack /opt/stack/nova/nova/api/openstack/wsgi.py:520}}
Jan 08 07:32:51 devstack devstack@n-api.service[60252]: INFO nova.api.openstack.requestlog [None req-445cffc7-6f08-4e48-a794-eb637ac7828d None None] 192.168.122.89 "GET /compute/v2.1/" status: 200 len: 391 microversion: 2.1 time: 0.003066
Jan 08 07:32:51 devstack devstack@n-api.service[60252]: [pid: 60252|app: 0|req: 1/1] 192.168.122.89 () {54 vars in 884 bytes} [Thu Jan 8 07:32:51 2026] GET /compute/v2.1/ => generated 391 bytes in 6 msecs (HTTP/1.1 200) 9 headers in 357 bytes (1 switches on core 0)
Jan 08 07:34:28 devstack devstack@n-api.service[60251]: DEBUG nova.api.openstack.wsgi [None req-cd4b8e2c-fa74-4283-b06f-79530887d273 None None] Calling method '>' {{(pid=60251) _process_stack /opt/stack/nova/nova/api/openstack/wsgi.py:520}}
Jan 08 07:34:28 devstack devstack@n-api.service[60251]: INFO nova.api.openstack.requestlog [None req-cd4b8e2c-fa74-4283-b06f-79530887d273 None None] 192.168.122.89 "GET /compute/v2.1" status: 200 len: 391 microversion: 2.1 time: 0.003652
Jan 08 07:34:28 devstack devstack@n-api.service[60251]: [pid: 60251|app: 0|req: 1/2] 192.168.122.89 () {58 vars in 1027 bytes} [Thu Jan 8 07:34:28 2026] GET /compute/v2.1 => generated 391 bytes in 5 msecs (HTTP/1.1 200) 9 headers in 357 bytes (1 switches on core 0)
Jan 08 07:34:28 devstack devstack@n-api.service[60252]: DEBUG dbcounter [-] [60252] Writing DB stats nova_api:SELECT=1 {{(pid=60252) stat_writer /opt/stack/data/venv/lib/python3.10/site-packages/dbcounter.py:115}}
Jan 08 07:34:28 devstack devstack@n-api.service[60252]: DEBUG dbcounter [-] [60252] Writing DB stats nova_cell0:SELECT=1 {{(pid=60252) stat_writer /opt/stack/data/venv/lib/python3.10/site-packages/dbcounter.py:115}}
Jan 08 07:34:28 devstack devstack@n-api.service[60252]: DEBUG dbcounter [-] [60252] Writing DB stats nova_cell1:SELECT=1 {{(pid=60252) stat_writer /opt/stack/data/venv/lib/python3.10/site-packages/dbcounter.py:115}}
Jan 08 07:34:28 devstack devstack@n-api.service[60252]: DEBUG dbcounter [-] [60252] Writing DB stats nova_cell0:SELECT=1 {{(pid=60252) stat_writer /opt/stack/data/venv/lib/python3.10/site-packages/dbcounter.py:115}}
Jan 08 07:34:29 devstack devstack@n-api.service[60252]: DEBUG nova.api.openstack.wsgi [None req-e4b22246-b957-4a80-b92e-eec80187a4c2 admin admin] Calling method '>' {{(pid=60252) _process_stack /opt/stack/nova/nova/api/openstack/wsgi.py:520}}
Jan 08 07:34:29 devstack devstack@n-api.service[60252]: INFO nova.api.openstack.requestlog [None req-e4b22246-b957-4a80-b92e-eec80187a4c2 admin admin] 192.168.122.89 "GET /compute/v2.1/flavors/detail?is_public=True" status: 200 len: 15 microversion: 2.61 time: 0.501418
Jan 08 07:34:29 devstack devstack@n-api.service[60252]: [pid: 60252|app: 0|req: 2/3] 192.168.122.89 () {64 vars in 1388 bytes} [Thu Jan 8 07:34:28 2026] GET /compute/v2.1/flavors/detail?is_public=True => generated 15 bytes in 503 msecs (HTTP/1.1 200) 9 headers in 358 bytes (1 switches on core 0)
Jan 08 07:34:30 devstack devstack@n-api.service[60251]: DEBUG nova.api.openstack.wsgi [None req-cd4b8e2c-fa74-4283-b06f-79530887d273 None None] Calling method '>' {{(pid=60251) _process_stack /opt/stack/nova/nova/api/openstack/wsgi.py:520}}
Jan 08 07:34:30 devstack devstack@n-api.service[60251]: INFO nova.api.openstack.requestlog [None req-cd4b8e2c-fa74-4283-b06f-79530887d273 None None] 192.168.122.89 "GET /compute/v2.1" status: 200 len: 391 microversion: 2.1 time: 0.003032
Jan 08 07:34:30 devstack devstack@n-api.service[60251]: [pid: 60251|app: 0|req: 2/4] 192.168.122.89 () {58 vars in 1027 bytes} [Thu Jan 8 07:34:30 2026] GET /compute/v2.1 => generated 391 bytes in 4 msecs (HTTP/1.1 200) 9 headers in 357 bytes (1 switches on core 0)
Jan 08 07:34:30 devstack devstack@n-api.service[60252]: DEBUG nova.api.openstack.wsgi [None req-a29cdd9b-6dbf-48f8-b9b0-548d7a035dbc admin admin] Action: 'create', calling method: >, body: {"flavor": {"vcpus": 1, "disk": 1, "name": "cirros256", "ram": 256, "os-flavor-access:is_public": true, "id": "c1", "OS-FLV-EXT-DATA:ephemeral": 0, "rxtx_factor": 1.0, "swap": 0}} {{(pid=60252) _process_stack /opt/stack/nova/nova/api/openstack/wsgi.py:518}}
Jan 08 07:34:31 devstack devstack@n-api.service[60252]: INFO nova.api.openstack.requestlog [None req-a29cdd9b-6dbf-48f8-b9b0-548d7a035dbc admin admin] 192.168.122.89 "POST /compute/v2.1/flavors" status: 200 len: 413 microversion: 2.61 time: 0.087692
Jan 08 07:34:31 devstack devstack@n-api.service[60252]: [pid: 60252|app: 0|req: 3/5] 192.168.122.89 () {68 vars in 1379 bytes} [Thu Jan 8 07:34:30 2026] POST /compute/v2.1/flavors => generated 413 bytes in 89 msecs (HTTP/1.1 200) 9 headers in 359 bytes (1 switches on core 0)
Jan 08 07:34:31 devstack devstack@n-api.service[60251]: DEBUG nova.api.openstack.wsgi [None req-6956d0b1-19b1-4206-a219-3ef1a3444b1f admin admin] Action: 'create', calling method: >, body: {"extra_specs": {"hw_rng:allowed": "True"}} {{(pid=60251) _process_stack /opt/stack/nova/nova/api/openstack/wsgi.py:518}}
Jan 08 07:34:31 devstack devstack@n-api.service[60251]: DEBUG dbcounter [-] [60251] Writing DB stats nova_api:SELECT=1 {{(pid=60251) stat_writer /opt/stack/data/venv/lib/python3.10/site-packages/dbcounter.py:115}}
Jan 08 07:34:31 devstack devstack@n-api.service[60251]: DEBUG dbcounter [-] [60251] Writing DB stats nova_cell0:SELECT=1 {{(pid=60251) stat_writer /opt/stack/data/venv/lib/python3.10/site-packages/dbcounter.py:115}}
Jan 08 07:34:31 devstack devstack@n-api.service[60251]: DEBUG dbcounter [-] [60251] Writing DB stats nova_cell1:SELECT=1 {{(pid=60251) stat_writer /opt/stack/data/venv/lib/python3.10/site-packages/dbcounter.py:115}}
Jan 08 07:34:31 devstack devstack@n-api.service[60251]: DEBUG dbcounter [-] [60251] Writing DB stats nova_cell0:SELECT=2,nova_cell0:INSERT=1 {{(pid=60251) stat_writer /opt/stack/data/venv/lib/python3.10/site-packages/dbcounter.py:115}}
Jan 08 07:34:31 devstack devstack@n-api.service[60251]: INFO nova.api.openstack.requestlog [None req-6956d0b1-19b1-4206-a219-3ef1a3444b1f admin admin] 192.168.122.89 "POST /compute/v2.1/flavors/c1/os-extra_specs" status: 200 len: 43 microversion: 2.61 time: 0.438104
Jan 08 07:34:31 devstack devstack@n-api.service[60251]: [pid: 60251|app: 0|req: 3/6] 192.168.122.89 () {68 vars in 1432 bytes} [Thu Jan 8 07:34:31 2026] POST /compute/v2.1/flavors/c1/os-extra_specs => generated 43 bytes in 439 msecs (HTTP/1.1 200) 9 headers in 358 bytes (1 switches on core 0)
Jan 08 07:34:33 devstack devstack@n-api.service[60252]: DEBUG nova.api.openstack.wsgi [None req-a29cdd9b-6dbf-48f8-b9b0-548d7a035dbc admin admin] Calling method '>' {{(pid=60252) _process_stack /opt/stack/nova/nova/api/openstack/wsgi.py:520}}
Jan 08 07:34:33 devstack devstack@n-api.service[60252]: INFO nova.api.openstack.requestlog [None req-a29cdd9b-6dbf-48f8-b9b0-548d7a035dbc admin admin] 192.168.122.89 "GET /compute/v2.1" status: 200 len: 391 microversion: 2.1 time: 0.002801
Jan 08 07:34:33 devstack devstack@n-api.service[60252]: [pid: 60252|app: 0|req: 4/7] 192.168.122.89 () {58 vars in 1027 bytes} [Thu Jan 8 07:34:33 2026] GET /compute/v2.1 => generated 391 bytes in 4 msecs (HTTP/1.1 200) 9 headers in 357 bytes (1 switches on core 0)
Jan 08 07:34:33 devstack devstack@n-api.service[60251]: DEBUG nova.api.openstack.wsgi [None req-3f8a13d5-8541-4dff-a905-ca3b6280fe6d admin admin] Action: 'create', calling method: >, body: {"flavor": {"OS-FLV-EXT-DATA:ephemeral": 0, "rxtx_factor": 1.0, "os-flavor-access:is_public": true, "disk": 5, "name": "ds512M", "vcpus": 1, "ram": 512, "id": "d1", "swap": 0}} {{(pid=60251) _process_stack /opt/stack/nova/nova/api/openstack/wsgi.py:518}}
Jan 08 07:34:33 devstack devstack@n-api.service[60251]: INFO nova.api.openstack.requestlog [None req-3f8a13d5-8541-4dff-a905-ca3b6280fe6d admin admin] 192.168.122.89 "POST /compute/v2.1/flavors" status: 200 len: 410 microversion: 2.61 time: 0.313329
Jan 08 07:34:33 devstack devstack@n-api.service[60251]: [pid: 60251|app: 0|req: 4/8] 192.168.122.89 () {68 vars in 1379 bytes} [Thu Jan 8 07:34:33 2026] POST /compute/v2.1/flavors => generated 410 bytes in 317 msecs (HTTP/1.1 200) 9 headers in 359 bytes (1 switches on core 0)
Jan 08 07:34:33 devstack devstack@n-api.service[60252]: DEBUG nova.api.openstack.wsgi [None req-4c08db77-c0ff-49e3-9dd3-1aeeaa73f163 admin admin] Action: 'create', calling method: >, body: {"extra_specs": {"hw_rng:allowed": "True"}} {{(pid=60252) _process_stack /opt/stack/nova/nova/api/openstack/wsgi.py:518}}
Jan 08 07:34:33 devstack devstack@n-api.service[60252]: INFO nova.api.openstack.requestlog [None req-4c08db77-c0ff-49e3-9dd3-1aeeaa73f163 admin admin] 192.168.122.89 "POST /compute/v2.1/flavors/d1/os-extra_specs" status: 200 len: 43 microversion: 2.61 time: 0.102200
Jan 08 07:34:33 devstack devstack@n-api.service[60252]: [pid: 60252|app: 0|req: 5/9] 192.168.122.89 () {68 vars in 1432 bytes} [Thu Jan 8 07:34:33 2026] POST /compute/v2.1/flavors/d1/os-extra_specs => generated 43 bytes in 113 msecs (HTTP/1.1 200) 9 headers in 358 bytes (1 switches on core 0)
Jan 08 07:34:35 devstack devstack@n-api.service[60251]: DEBUG nova.api.openstack.wsgi [None req-3f8a13d5-8541-4dff-a905-ca3b6280fe6d admin admin] Calling method '>' {{(pid=60251) _process_stack /opt/stack/nova/nova/api/openstack/wsgi.py:520}}
Jan 08 07:34:35 devstack devstack@n-api.service[60251]: INFO nova.api.openstack.requestlog [None req-3f8a13d5-8541-4dff-a905-ca3b6280fe6d admin admin] 192.168.122.89 "GET /compute/v2.1" status: 200 len: 391 microversion: 2.1 time: 0.003119
Jan 08 07:34:35 devstack devstack@n-api.service[60251]: [pid: 60251|app: 0|req: 5/10] 192.168.122.89 () {58 vars in 1027 bytes} [Thu Jan 8 07:34:35 2026] GET /compute/v2.1 => generated 391 bytes in 4 msecs (HTTP/1.1 200) 9 headers in 357 bytes (1 switches on core 0)
Jan 08 07:34:35 devstack devstack@n-api.service[60252]: DEBUG nova.api.openstack.wsgi [None req-85802941-ca6d-44bf-bdd8-ec72f2f35537 admin admin] Action: 'create', calling method: >, body: {"flavor": {"id": "d2", "OS-FLV-EXT-DATA:ephemeral": 0, "swap": 0, "ram": 1024, "os-flavor-access:is_public": true, "vcpus": 1, "rxtx_factor": 1.0, "name": "ds1G", "disk": 10}} {{(pid=60252) _process_stack /opt/stack/nova/nova/api/openstack/wsgi.py:518}}
Jan 08 07:34:35 devstack devstack@n-api.service[60252]: INFO nova.api.openstack.requestlog [None req-85802941-ca6d-44bf-bdd8-ec72f2f35537 admin admin] 192.168.122.89 "POST /compute/v2.1/flavors" status: 200 len: 410 microversion: 2.61 time: 0.054764
Jan 08 07:34:35 devstack devstack@n-api.service[60252]: [pid: 60252|app: 0|req: 6/11] 192.168.122.89 () {68 vars in 1379 bytes} [Thu Jan 8 07:34:35 2026] POST /compute/v2.1/flavors => generated 410 bytes in 57 msecs (HTTP/1.1 200) 9 headers in 359 bytes (1 switches on core 0)
Jan 08 07:34:35 devstack devstack@n-api.service[60251]: DEBUG nova.api.openstack.wsgi [None req-9792c6d3-5edc-43eb-9094-e34cefbdad09 admin admin] Action: 'create', calling method: >, body: {"extra_specs": {"hw_rng:allowed": "True"}} {{(pid=60251) _process_stack /opt/stack/nova/nova/api/openstack/wsgi.py:518}}
Jan 08 07:34:35 devstack devstack@n-api.service[60251]: INFO nova.api.openstack.requestlog [None req-9792c6d3-5edc-43eb-9094-e34cefbdad09 admin admin] 192.168.122.89 "POST /compute/v2.1/flavors/d2/os-extra_specs" status: 200 len: 43 microversion: 2.61 time: 0.028150
Jan 08 07:34:35 devstack devstack@n-api.service[60251]: [pid: 60251|app: 0|req: 6/12] 192.168.122.89 () {68 vars in 1432 bytes} [Thu Jan 8 07:34:35 2026] POST /compute/v2.1/flavors/d2/os-extra_specs => generated 43 bytes in 30 msecs (HTTP/1.1 200) 9 headers in 358 bytes (1 switches on core 0)
Jan 08 07:34:37 devstack devstack@n-api.service[60252]: DEBUG nova.api.openstack.wsgi [None req-85802941-ca6d-44bf-bdd8-ec72f2f35537 admin admin] Calling method '>' {{(pid=60252) _process_stack /opt/stack/nova/nova/api/openstack/wsgi.py:520}}
Jan 08 07:34:37 devstack devstack@n-api.service[60252]: INFO nova.api.openstack.requestlog [None req-85802941-ca6d-44bf-bdd8-ec72f2f35537 admin admin] 192.168.122.89 "GET /compute/v2.1" status: 200 len: 391 microversion: 2.1 time: 0.003426
Jan 08 07:34:37 devstack devstack@n-api.service[60252]: [pid: 60252|app: 0|req: 7/13] 192.168.122.89 () {58 vars in 1027 bytes} [Thu Jan 8 07:34:37 2026] GET /compute/v2.1 => generated 391 bytes in 4 msecs (HTTP/1.1 200) 9 headers in 357 bytes (1 switches on core 0)
Jan 08 07:34:37 devstack devstack@n-api.service[60251]: DEBUG nova.api.openstack.wsgi [None req-aba7cbb0-4b41-452f-8abd-f5459346f53b admin admin] Action: 'create', calling method: >, body: {"flavor": {"vcpus": 2, "swap": 0, "os-flavor-access:is_public": true, "id": "d3", "ram": 2048, "rxtx_factor": 1.0, "disk": 10, "OS-FLV-EXT-DATA:ephemeral": 0, "name": "ds2G"}} {{(pid=60251) _process_stack /opt/stack/nova/nova/api/openstack/wsgi.py:518}}
Jan 08 07:34:37 devstack devstack@n-api.service[60251]: INFO nova.api.openstack.requestlog [None req-aba7cbb0-4b41-452f-8abd-f5459346f53b admin admin] 192.168.122.89 "POST /compute/v2.1/flavors" status: 200 len: 410 microversion: 2.61 time: 0.074020
Jan 08 07:34:37 devstack devstack@n-api.service[60251]: [pid: 60251|app: 0|req: 7/14] 192.168.122.89 () {68 vars in 1379 bytes} [Thu Jan 8 07:34:37 2026] POST /compute/v2.1/flavors => generated 410 bytes in 76 msecs (HTTP/1.1 200) 9 headers in 359 bytes (1 switches on core 0)
Jan 08 07:34:37 devstack devstack@n-api.service[60252]: DEBUG nova.api.openstack.wsgi [None req-ae875196-3c87-40cb-96d3-f13c065ec451 admin admin] Action: 'create', calling method: >, body: {"extra_specs": {"hw_rng:allowed": "True"}} {{(pid=60252) _process_stack /opt/stack/nova/nova/api/openstack/wsgi.py:518}}
Jan 08 07:34:37 devstack devstack@n-api.service[60252]: INFO nova.api.openstack.requestlog [None req-ae875196-3c87-40cb-96d3-f13c065ec451 admin admin] 192.168.122.89 "POST /compute/v2.1/flavors/d3/os-extra_specs" status: 200 len: 43 microversion: 2.61 time: 0.022895
Jan 08 07:34:37 devstack devstack@n-api.service[60252]: [pid: 60252|app: 0|req: 8/15] 192.168.122.89 () {68 vars in 1432 bytes} [Thu Jan 8 07:34:37 2026] POST /compute/v2.1/flavors/d3/os-extra_specs => generated 43 bytes in 24 msecs (HTTP/1.1 200) 9 headers in 358 bytes (1 switches on core 0)
Jan 08 07:34:39 devstack devstack@n-api.service[60251]: DEBUG nova.api.openstack.wsgi [None req-aba7cbb0-4b41-452f-8abd-f5459346f53b admin admin] Calling method '>' {{(pid=60251) _process_stack /opt/stack/nova/nova/api/openstack/wsgi.py:520}}
Jan 08 07:34:39 devstack devstack@n-api.service[60251]: INFO nova.api.openstack.requestlog [None req-aba7cbb0-4b41-452f-8abd-f5459346f53b admin admin] 192.168.122.89 "GET /compute/v2.1" status: 200 len: 391 microversion: 2.1 time: 0.002856
Jan 08 07:34:39 devstack devstack@n-api.service[60251]: [pid: 60251|app: 0|req: 8/16] 192.168.122.89 () {58 vars in 1027 bytes} [Thu Jan 8 07:34:39 2026] GET /compute/v2.1 => generated 391 bytes in 4 msecs (HTTP/1.1 200) 9 headers in 357 bytes (1 switches on core 0)
Jan 08 07:34:39 devstack devstack@n-api.service[60252]: DEBUG nova.api.openstack.wsgi [None req-381d1787-354e-4f13-9fd2-a71b6c79ca70 admin admin] Action: 'create', calling method: >, body: {"flavor": {"vcpus": 4, "OS-FLV-EXT-DATA:ephemeral": 0, "name": "ds4G", "ram": 4096, "swap": 0, "id": "d4", "disk": 20, "os-flavor-access:is_public": true, "rxtx_factor": 1.0}} {{(pid=60252) _process_stack /opt/stack/nova/nova/api/openstack/wsgi.py:518}}
Jan 08 07:34:39 devstack devstack@n-api.service[60252]: INFO nova.api.openstack.requestlog [None req-381d1787-354e-4f13-9fd2-a71b6c79ca70 admin admin] 192.168.122.89 "POST /compute/v2.1/flavors" status: 200 len: 410 microversion: 2.61 time: 0.051449
Jan 08 07:34:39 devstack devstack@n-api.service[60252]: [pid: 60252|app: 0|req: 9/17] 192.168.122.89 () {68 vars in 1379 bytes} [Thu Jan 8 07:34:39 2026] POST /compute/v2.1/flavors => generated 410 bytes in 52 msecs (HTTP/1.1 200) 9 headers in 359 bytes (1 switches on core 0)
Jan 08 07:34:39 devstack devstack@n-api.service[60251]: DEBUG nova.api.openstack.wsgi [None req-dd02f70e-4add-4cca-ac47-3ad024978842 admin admin] Action: 'create', calling method: >, body: {"extra_specs": {"hw_rng:allowed": "True"}} {{(pid=60251) _process_stack /opt/stack/nova/nova/api/openstack/wsgi.py:518}}
Jan 08 07:34:39 devstack devstack@n-api.service[60251]: INFO nova.api.openstack.requestlog [None req-dd02f70e-4add-4cca-ac47-3ad024978842 admin admin] 192.168.122.89 "POST /compute/v2.1/flavors/d4/os-extra_specs" status: 200 len: 43 microversion: 2.61 time: 0.027994
Jan 08 07:34:39 devstack devstack@n-api.service[60251]: [pid: 60251|app: 0|req: 9/18] 192.168.122.89 () {68 vars in 1432 bytes} [Thu Jan 8 07:34:39 2026] POST /compute/v2.1/flavors/d4/os-extra_specs => generated 43 bytes in 30 msecs (HTTP/1.1 200) 9 headers in 358 bytes (1 switches on core 0)
Jan 08 07:34:41 devstack devstack@n-api.service[60252]: DEBUG nova.api.openstack.wsgi [None req-381d1787-354e-4f13-9fd2-a71b6c79ca70 admin admin] Calling method '>' {{(pid=60252) _process_stack /opt/stack/nova/nova/api/openstack/wsgi.py:520}}
Jan 08 07:34:41 devstack devstack@n-api.service[60252]: INFO nova.api.openstack.requestlog [None req-381d1787-354e-4f13-9fd2-a71b6c79ca70 admin admin] 192.168.122.89 "GET /compute/v2.1" status: 200 len: 391 microversion: 2.1 time: 0.003384
Jan 08 07:34:41 devstack devstack@n-api.service[60252]: [pid: 60252|app: 0|req: 10/19] 192.168.122.89 () {58 vars in 1027 bytes} [Thu Jan 8 07:34:41 2026] GET /compute/v2.1 => generated 391 bytes in 4 msecs (HTTP/1.1 200) 9 headers in 357 bytes (1 switches on core 0)
Jan 08 07:34:41 devstack devstack@n-api.service[60251]: DEBUG nova.api.openstack.wsgi [None req-07928384-4eef-43f3-b189-c27771ddd962 admin admin] Calling method '>' {{(pid=60251) _process_stack /opt/stack/nova/nova/api/openstack/wsgi.py:520}}
Jan 08 07:34:41 devstack devstack@n-api.service[60251]: INFO nova.api.openstack.requestlog [None req-07928384-4eef-43f3-b189-c27771ddd962 admin admin] 192.168.122.89 "GET /compute/v2.1/flavors/detail?is_public=True" status: 200 len: 2136 microversion: 2.61 time: 0.084778
Jan 08 07:34:41 devstack devstack@n-api.service[60251]: [pid: 60251|app: 0|req: 10/20] 192.168.122.89 () {64 vars in 1388 bytes} [Thu Jan 8 07:34:41 2026] GET /compute/v2.1/flavors/detail?is_public=True => generated 2136 bytes in 86 msecs (HTTP/1.1 200) 9 headers in 360 bytes (1 switches on core 0)
Jan 08 07:34:43 devstack devstack@n-api.service[60252]: DEBUG nova.api.openstack.wsgi [None req-381d1787-354e-4f13-9fd2-a71b6c79ca70 admin admin] Calling method '>' {{(pid=60252) _process_stack /opt/stack/nova/nova/api/openstack/wsgi.py:520}}
Jan 08 07:34:43 devstack devstack@n-api.service[60252]: INFO nova.api.openstack.requestlog [None req-381d1787-354e-4f13-9fd2-a71b6c79ca70 admin admin] 192.168.122.89 "GET /compute/v2.1" status: 200 len: 391 microversion: 2.1 time: 0.003263
Jan 08 07:34:43 devstack devstack@n-api.service[60252]: [pid: 60252|app: 0|req: 11/21] 192.168.122.89 () {58 vars in 1027 bytes} [Thu Jan 8 07:34:43 2026] GET /compute/v2.1 => generated 391 bytes in 4 msecs (HTTP/1.1 200) 9 headers in 357 bytes (1 switches on core 0)
