Apr 07 22:28:08 devstack cinder-volume[82595]: DEBUG cinder.volume.manager [None req-d3b63e60-d05c-4c66-8537-adb865e468d8 tempest-DeleteServersTestJSON-1148582675 None] Task 'cinder.volume.flows.manager.create_volume.ExtractVolumeSpecTask;volume:create' (e9704756-7f90-4e76-8372-6615c152d420) transitioned into state 'SUCCESS' from state 'RUNNING' with result '{'status': 'creating', 'type': 'raw', 'volume_id': '65d40d31-d87c-46aa-8432-99d6841d130c', 'volume_name': 'volume-65d40d31-d87c-46aa-8432-99d6841d130c', 'volume_size': 1}' {{(pid=82595) _task_receiver /opt/stack/data/venv/lib/python3.10/site-packages/taskflow/listeners/logging.py:182}}
Apr 07 22:28:08 devstack cinder-volume[82595]: DEBUG cinder.volume.manager [None req-d3b63e60-d05c-4c66-8537-adb865e468d8 tempest-DeleteServersTestJSON-1148582675 None] Task 'cinder.volume.flows.manager.create_volume.NotifyVolumeActionTask;volume:create, create.start' (8667797b-0630-48f9-ac4a-42d5424ee61c) transitioned into state 'RUNNING' from state 'PENDING' {{(pid=82595) _task_receiver /opt/stack/data/venv/lib/python3.10/site-packages/taskflow/listeners/logging.py:194}}
Apr 07 22:28:08 devstack cinder-volume[82595]: DEBUG cinder.volume.manager [None req-d3b63e60-d05c-4c66-8537-adb865e468d8 tempest-DeleteServersTestJSON-1148582675 None] Task 'cinder.volume.flows.manager.create_volume.NotifyVolumeActionTask;volume:create, create.start' (8667797b-0630-48f9-ac4a-42d5424ee61c) transitioned into state 'SUCCESS' from state 'RUNNING' with result 'None' {{(pid=82595) _task_receiver /opt/stack/data/venv/lib/python3.10/site-packages/taskflow/listeners/logging.py:182}}
Apr 07 22:28:08 devstack cinder-volume[82595]: DEBUG cinder.volume.manager [None req-d3b63e60-d05c-4c66-8537-adb865e468d8 tempest-DeleteServersTestJSON-1148582675 None] Task 'cinder.volume.flows.manager.create_volume.CreateVolumeFromSpecTask;volume:create' (2297d391-ecd7-4264-89b8-5933a4ffaa77) transitioned into state 'RUNNING' from state 'PENDING' {{(pid=82595) _task_receiver /opt/stack/data/venv/lib/python3.10/site-packages/taskflow/listeners/logging.py:194}}
Apr 07 22:28:08 devstack cinder-volume[82595]: INFO cinder.volume.flows.manager.create_volume [None req-d3b63e60-d05c-4c66-8537-adb865e468d8 tempest-DeleteServersTestJSON-1148582675 None] Volume 65d40d31-d87c-46aa-8432-99d6841d130c: being created as raw with specification: {'status': 'creating', 'volume_name': 'volume-65d40d31-d87c-46aa-8432-99d6841d130c', 'volume_size': 1}
Apr 07 22:28:08 devstack cinder-volume[82595]: DEBUG oslo_concurrency.lockutils [None req-d3b63e60-d05c-4c66-8537-adb865e468d8 tempest-DeleteServersTestJSON-1148582675 None] Acquiring lock "quobyte" by "cinder.volume.drivers.quobyte.QuobyteDriver.create_volume" {{(pid=82595) inner /opt/stack/data/venv/lib/python3.10/site-packages/oslo_concurrency/lockutils.py:506}}
Apr 07 22:28:09 devstack sudo[84914]: pam_unix(sudo:session): session closed for user root
Apr 07 22:28:09 devstack cinder-volume[82595]: DEBUG oslo_concurrency.processutils [None req-9bd00a51-6e0c-4357-a260-b1f7151706a1 tempest-GroupSnapshotsTest-383122235 None] CMD "/opt/stack/data/venv/bin/python3.10 -m oslo_concurrency.prlimit --as=1073741824 --cpu=60 -- sudo cinder-rootwrap /etc/cinder/rootwrap.conf env LC_ALL=C qemu-img info -f qcow2 --output=json --force-share /opt/stack/data/cinder/mnt/8cd3262bbd6ff8aeef17af6f93230fb5/volume-605ee93f-fab3-4d5a-80d7-17f1c28eb99d" returned: 0 in 0.709s {{(pid=82595) execute /opt/stack/data/venv/lib/python3.10/site-packages/oslo_concurrency/processutils.py:468}}
Apr 07 22:28:09 devstack cinder-volume[82595]: DEBUG oslo_concurrency.processutils [None req-9bd00a51-6e0c-4357-a260-b1f7151706a1 tempest-GroupSnapshotsTest-383122235 None] Running cmd (subprocess): sudo cinder-rootwrap /etc/cinder/rootwrap.conf qemu-img create -f qcow2 -o backing_file=/opt/stack/data/cinder/mnt/8cd3262bbd6ff8aeef17af6f93230fb5/volume-605ee93f-fab3-4d5a-80d7-17f1c28eb99d,backing_fmt=qcow2 /opt/stack/data/cinder/mnt/8cd3262bbd6ff8aeef17af6f93230fb5/volume-605ee93f-fab3-4d5a-80d7-17f1c28eb99d.9b0b346c-2af9-412b-96f2-6e492070b949 1G {{(pid=82595) execute /opt/stack/data/venv/lib/python3.10/site-packages/oslo_concurrency/processutils.py:440}}
Apr 07 22:28:09 devstack sudo[84921]: quobyte : PWD=/ ; USER=root ; COMMAND=/opt/stack/data/venv/bin/cinder-rootwrap /etc/cinder/rootwrap.conf qemu-img create -f qcow2 -o backing_file=/opt/stack/data/cinder/mnt/8cd3262bbd6ff8aeef17af6f93230fb5/volume-605ee93f-fab3-4d5a-80d7-17f1c28eb99d,backing_fmt=qcow2 /opt/stack/data/cinder/mnt/8cd3262bbd6ff8aeef17af6f93230fb5/volume-605ee93f-fab3-4d5a-80d7-17f1c28eb99d.9b0b346c-2af9-412b-96f2-6e492070b949 1G
Apr 07 22:28:09 devstack sudo[84921]: pam_unix(sudo:session): session opened for user root(uid=0) by (uid=1000)
Apr 07 22:28:09 devstack sudo[84921]: pam_unix(sudo:session): session closed for user root
Apr 07 22:28:09 devstack cinder-volume[82595]: DEBUG oslo_concurrency.processutils [None req-9bd00a51-6e0c-4357-a260-b1f7151706a1 tempest-GroupSnapshotsTest-383122235 None] CMD "sudo cinder-rootwrap /etc/cinder/rootwrap.conf qemu-img create -f qcow2 -o backing_file=/opt/stack/data/cinder/mnt/8cd3262bbd6ff8aeef17af6f93230fb5/volume-605ee93f-fab3-4d5a-80d7-17f1c28eb99d,backing_fmt=qcow2 /opt/stack/data/cinder/mnt/8cd3262bbd6ff8aeef17af6f93230fb5/volume-605ee93f-fab3-4d5a-80d7-17f1c28eb99d.9b0b346c-2af9-412b-96f2-6e492070b949 1G" returned: 0 in 0.513s {{(pid=82595) execute /opt/stack/data/venv/lib/python3.10/site-packages/oslo_concurrency/processutils.py:468}}
Apr 07 22:28:09 devstack cinder-volume[82595]: DEBUG oslo_concurrency.processutils [None req-9bd00a51-6e0c-4357-a260-b1f7151706a1 tempest-GroupSnapshotsTest-383122235 None] Running cmd (subprocess): sudo cinder-rootwrap /etc/cinder/rootwrap.conf qemu-img rebase -u -b volume-605ee93f-fab3-4d5a-80d7-17f1c28eb99d -F qcow2 /opt/stack/data/cinder/mnt/8cd3262bbd6ff8aeef17af6f93230fb5/volume-605ee93f-fab3-4d5a-80d7-17f1c28eb99d.9b0b346c-2af9-412b-96f2-6e492070b949 {{(pid=82595) execute /opt/stack/data/venv/lib/python3.10/site-packages/oslo_concurrency/processutils.py:440}}
Apr 07 22:28:09 devstack sudo[84926]: quobyte : PWD=/ ; USER=root ; COMMAND=/opt/stack/data/venv/bin/cinder-rootwrap /etc/cinder/rootwrap.conf qemu-img rebase -u -b volume-605ee93f-fab3-4d5a-80d7-17f1c28eb99d -F qcow2 /opt/stack/data/cinder/mnt/8cd3262bbd6ff8aeef17af6f93230fb5/volume-605ee93f-fab3-4d5a-80d7-17f1c28eb99d.9b0b346c-2af9-412b-96f2-6e492070b949
Apr 07 22:28:09 devstack sudo[84926]: pam_unix(sudo:session): session opened for user root(uid=0) by (uid=1000)
Apr 07 22:28:10 devstack sudo[84926]: pam_unix(sudo:session): session closed for user root
Apr 07 22:28:10 devstack cinder-volume[82595]: DEBUG oslo_concurrency.processutils [None req-9bd00a51-6e0c-4357-a260-b1f7151706a1 tempest-GroupSnapshotsTest-383122235 None] CMD "sudo cinder-rootwrap /etc/cinder/rootwrap.conf qemu-img rebase -u -b volume-605ee93f-fab3-4d5a-80d7-17f1c28eb99d -F qcow2 /opt/stack/data/cinder/mnt/8cd3262bbd6ff8aeef17af6f93230fb5/volume-605ee93f-fab3-4d5a-80d7-17f1c28eb99d.9b0b346c-2af9-412b-96f2-6e492070b949" returned: 0 in 0.810s {{(pid=82595) execute /opt/stack/data/venv/lib/python3.10/site-packages/oslo_concurrency/processutils.py:468}}
Apr 07 22:28:10 devstack cinder-volume[82595]: WARNING cinder.volume.drivers.remotefs [None req-9bd00a51-6e0c-4357-a260-b1f7151706a1 tempest-GroupSnapshotsTest-383122235 None] /opt/stack/data/cinder/mnt/8cd3262bbd6ff8aeef17af6f93230fb5/volume-605ee93f-fab3-4d5a-80d7-17f1c28eb99d.9b0b346c-2af9-412b-96f2-6e492070b949 is being set with open permissions: ugo+rw: NotImplementedError
Apr 07 22:28:10 devstack cinder-volume[82595]: DEBUG oslo_concurrency.processutils [None req-9bd00a51-6e0c-4357-a260-b1f7151706a1 tempest-GroupSnapshotsTest-383122235 None] Running cmd (subprocess): sudo cinder-rootwrap /etc/cinder/rootwrap.conf chmod ugo+rw /opt/stack/data/cinder/mnt/8cd3262bbd6ff8aeef17af6f93230fb5/volume-605ee93f-fab3-4d5a-80d7-17f1c28eb99d.9b0b346c-2af9-412b-96f2-6e492070b949 {{(pid=82595) execute /opt/stack/data/venv/lib/python3.10/site-packages/oslo_concurrency/processutils.py:440}}
Apr 07 22:28:10 devstack sudo[84958]: quobyte : PWD=/ ; USER=root ; COMMAND=/opt/stack/data/venv/bin/cinder-rootwrap /etc/cinder/rootwrap.conf chmod ugo+rw /opt/stack/data/cinder/mnt/8cd3262bbd6ff8aeef17af6f93230fb5/volume-605ee93f-fab3-4d5a-80d7-17f1c28eb99d.9b0b346c-2af9-412b-96f2-6e492070b949
Apr 07 22:28:10 devstack sudo[84958]: pam_unix(sudo:session): session opened for user root(uid=0) by (uid=1000)
Apr 07 22:28:10 devstack sudo[84958]: pam_unix(sudo:session): session closed for user root
Apr 07 22:28:10 devstack cinder-volume[82595]: DEBUG oslo_concurrency.processutils [None req-9bd00a51-6e0c-4357-a260-b1f7151706a1 tempest-GroupSnapshotsTest-383122235 None] CMD "sudo cinder-rootwrap /etc/cinder/rootwrap.conf chmod ugo+rw /opt/stack/data/cinder/mnt/8cd3262bbd6ff8aeef17af6f93230fb5/volume-605ee93f-fab3-4d5a-80d7-17f1c28eb99d.9b0b346c-2af9-412b-96f2-6e492070b949" returned: 0 in 0.426s {{(pid=82595) execute /opt/stack/data/venv/lib/python3.10/site-packages/oslo_concurrency/processutils.py:468}}
Apr 07 22:28:10 devstack cinder-volume[82595]: DEBUG oslo_concurrency.processutils [None req-9bd00a51-6e0c-4357-a260-b1f7151706a1 tempest-GroupSnapshotsTest-383122235 None] Running cmd (subprocess): sudo cinder-rootwrap /etc/cinder/rootwrap.conf truncate -s0 /opt/stack/data/cinder/mnt/8cd3262bbd6ff8aeef17af6f93230fb5/volume-605ee93f-fab3-4d5a-80d7-17f1c28eb99d.info {{(pid=82595) execute /opt/stack/data/venv/lib/python3.10/site-packages/oslo_concurrency/processutils.py:440}}
Apr 07 22:28:10 devstack sudo[84961]: quobyte : PWD=/ ; USER=root ; COMMAND=/opt/stack/data/venv/bin/cinder-rootwrap /etc/cinder/rootwrap.conf truncate -s0 /opt/stack/data/cinder/mnt/8cd3262bbd6ff8aeef17af6f93230fb5/volume-605ee93f-fab3-4d5a-80d7-17f1c28eb99d.info
Apr 07 22:28:10 devstack sudo[84961]: pam_unix(sudo:session): session opened for user root(uid=0) by (uid=1000)
Apr 07 22:28:11 devstack sudo[84961]: pam_unix(sudo:session): session closed for user root
Apr 07 22:28:11 devstack cinder-volume[82595]: DEBUG oslo_concurrency.processutils [None req-9bd00a51-6e0c-4357-a260-b1f7151706a1 tempest-GroupSnapshotsTest-383122235 None] CMD "sudo cinder-rootwrap /etc/cinder/rootwrap.conf truncate -s0 /opt/stack/data/cinder/mnt/8cd3262bbd6ff8aeef17af6f93230fb5/volume-605ee93f-fab3-4d5a-80d7-17f1c28eb99d.info" returned: 0 in 0.525s {{(pid=82595) execute /opt/stack/data/venv/lib/python3.10/site-packages/oslo_concurrency/processutils.py:468}}
Apr 07 22:28:11 devstack cinder-volume[82595]: WARNING cinder.volume.drivers.remotefs [None req-9bd00a51-6e0c-4357-a260-b1f7151706a1 tempest-GroupSnapshotsTest-383122235 None] /opt/stack/data/cinder/mnt/8cd3262bbd6ff8aeef17af6f93230fb5/volume-605ee93f-fab3-4d5a-80d7-17f1c28eb99d.info is being set with open permissions: ugo+rw: NotImplementedError
Apr 07 22:28:11 devstack cinder-volume[82595]: DEBUG oslo_concurrency.processutils [None req-9bd00a51-6e0c-4357-a260-b1f7151706a1 tempest-GroupSnapshotsTest-383122235 None] Running cmd (subprocess): sudo cinder-rootwrap /etc/cinder/rootwrap.conf chmod ugo+rw /opt/stack/data/cinder/mnt/8cd3262bbd6ff8aeef17af6f93230fb5/volume-605ee93f-fab3-4d5a-80d7-17f1c28eb99d.info {{(pid=82595) execute /opt/stack/data/venv/lib/python3.10/site-packages/oslo_concurrency/processutils.py:440}}
Apr 07 22:28:11 devstack sudo[84966]: quobyte : PWD=/ ; USER=root ; COMMAND=/opt/stack/data/venv/bin/cinder-rootwrap /etc/cinder/rootwrap.conf chmod ugo+rw /opt/stack/data/cinder/mnt/8cd3262bbd6ff8aeef17af6f93230fb5/volume-605ee93f-fab3-4d5a-80d7-17f1c28eb99d.info
Apr 07 22:28:11 devstack sudo[84966]: pam_unix(sudo:session): session opened for user root(uid=0) by (uid=1000)
Apr 07 22:28:11 devstack sudo[84966]: pam_unix(sudo:session): session closed for user root
Apr 07 22:28:11 devstack cinder-volume[82595]: DEBUG oslo_concurrency.processutils [None req-9bd00a51-6e0c-4357-a260-b1f7151706a1 tempest-GroupSnapshotsTest-383122235 None] CMD "sudo cinder-rootwrap /etc/cinder/rootwrap.conf chmod ugo+rw /opt/stack/data/cinder/mnt/8cd3262bbd6ff8aeef17af6f93230fb5/volume-605ee93f-fab3-4d5a-80d7-17f1c28eb99d.info" returned: 0 in 0.518s {{(pid=82595) execute /opt/stack/data/venv/lib/python3.10/site-packages/oslo_concurrency/processutils.py:468}}
Apr 07 22:28:11 devstack cinder-volume[82595]: DEBUG oslo_concurrency.lockutils [None req-9bd00a51-6e0c-4357-a260-b1f7151706a1 tempest-GroupSnapshotsTest-383122235 None] Lock "quobyte" "released" by "cinder.volume.drivers.quobyte.QuobyteDriver.create_snapshot" :: held 3.603s {{(pid=82595) inner /opt/stack/data/venv/lib/python3.10/site-packages/oslo_concurrency/lockutils.py:538}}
Apr 07 22:28:11 devstack cinder-volume[82595]: DEBUG oslo_concurrency.lockutils [None req-9bd00a51-6e0c-4357-a260-b1f7151706a1 tempest-GroupSnapshotsTest-383122235 None] Acquiring lock "quobyte" by "cinder.volume.drivers.quobyte.QuobyteDriver.create_snapshot" {{(pid=82595) inner /opt/stack/data/venv/lib/python3.10/site-packages/oslo_concurrency/lockutils.py:506}}
Apr 07 22:28:11 devstack cinder-volume[82595]: DEBUG oslo_concurrency.lockutils [None req-9bd00a51-6e0c-4357-a260-b1f7151706a1 tempest-GroupSnapshotsTest-383122235 None] Lock "quobyte" acquired by "cinder.volume.drivers.quobyte.QuobyteDriver.create_snapshot" :: waited 0.000s {{(pid=82595) inner /opt/stack/data/venv/lib/python3.10/site-packages/oslo_concurrency/lockutils.py:519}}
Apr 07 22:28:11 devstack cinder-volume[82595]: DEBUG cinder.volume.drivers.remotefs [None req-9bd00a51-6e0c-4357-a260-b1f7151706a1 tempest-GroupSnapshotsTest-383122235 None] Creating offline snapshot e9647474-97dc-4943-986c-e747bdab6e76 of volume f1a124d9-9157-4234-9db1-07fb6bde3f2e {{(pid=82595) _create_snapshot /opt/stack/cinder/cinder/volume/drivers/remotefs.py:1815}}
Apr 07 22:28:11 devstack cinder-volume[82595]: DEBUG oslo.privsep.daemon [-] privsep: reply[30c17d4d-4008-40ca-87ac-e5a63bfaa665]: (4, 'qcow2') {{(pid=83536) _call_back /opt/stack/data/venv/lib/python3.10/site-packages/oslo_privsep/daemon.py:573}}
Apr 07 22:28:11 devstack cinder-volume[82595]: DEBUG oslo_concurrency.processutils [None req-9bd00a51-6e0c-4357-a260-b1f7151706a1 tempest-GroupSnapshotsTest-383122235 None] Running cmd (subprocess): /opt/stack/data/venv/bin/python3.10 -m oslo_concurrency.prlimit --as=1073741824 --cpu=60 -- sudo cinder-rootwrap /etc/cinder/rootwrap.conf env LC_ALL=C qemu-img info -f qcow2 --output=json --force-share /opt/stack/data/cinder/mnt/8cd3262bbd6ff8aeef17af6f93230fb5/volume-f1a124d9-9157-4234-9db1-07fb6bde3f2e {{(pid=82595) execute /opt/stack/data/venv/lib/python3.10/site-packages/oslo_concurrency/processutils.py:440}}
Apr 07 22:28:12 devstack sudo[84969]: quobyte : PWD=/ ; USER=root ; COMMAND=/opt/stack/data/venv/bin/cinder-rootwrap /etc/cinder/rootwrap.conf env LC_ALL=C qemu-img info -f qcow2 --output=json --force-share /opt/stack/data/cinder/mnt/8cd3262bbd6ff8aeef17af6f93230fb5/volume-f1a124d9-9157-4234-9db1-07fb6bde3f2e
Apr 07 22:28:12 devstack sudo[84969]: pam_unix(sudo:session): session opened for user root(uid=0) by (uid=1000)
Apr 07 22:28:12 devstack sudo[84969]: pam_unix(sudo:session): session closed for user root
Apr 07 22:28:12 devstack cinder-volume[82595]: DEBUG oslo_concurrency.processutils [None req-9bd00a51-6e0c-4357-a260-b1f7151706a1 tempest-GroupSnapshotsTest-383122235 None] CMD "/opt/stack/data/venv/bin/python3.10 -m oslo_concurrency.prlimit --as=1073741824 --cpu=60 -- sudo cinder-rootwrap /etc/cinder/rootwrap.conf env LC_ALL=C qemu-img info -f qcow2 --output=json --force-share /opt/stack/data/cinder/mnt/8cd3262bbd6ff8aeef17af6f93230fb5/volume-f1a124d9-9157-4234-9db1-07fb6bde3f2e" returned: 0 in 0.830s {{(pid=82595) execute /opt/stack/data/venv/lib/python3.10/site-packages/oslo_concurrency/processutils.py:468}}
Apr 07 22:28:12 devstack cinder-volume[82595]: DEBUG oslo_concurrency.processutils [None req-9bd00a51-6e0c-4357-a260-b1f7151706a1 tempest-GroupSnapshotsTest-383122235 None] Running cmd (subprocess): sudo cinder-rootwrap /etc/cinder/rootwrap.conf qemu-img create -f qcow2 -o backing_file=/opt/stack/data/cinder/mnt/8cd3262bbd6ff8aeef17af6f93230fb5/volume-f1a124d9-9157-4234-9db1-07fb6bde3f2e,backing_fmt=qcow2 /opt/stack/data/cinder/mnt/8cd3262bbd6ff8aeef17af6f93230fb5/volume-f1a124d9-9157-4234-9db1-07fb6bde3f2e.e9647474-97dc-4943-986c-e747bdab6e76 1G {{(pid=82595) execute /opt/stack/data/venv/lib/python3.10/site-packages/oslo_concurrency/processutils.py:440}}
Apr 07 22:28:12 devstack sudo[85009]: quobyte : PWD=/ ; USER=root ; COMMAND=/opt/stack/data/venv/bin/cinder-rootwrap /etc/cinder/rootwrap.conf qemu-img create -f qcow2 -o backing_file=/opt/stack/data/cinder/mnt/8cd3262bbd6ff8aeef17af6f93230fb5/volume-f1a124d9-9157-4234-9db1-07fb6bde3f2e,backing_fmt=qcow2 /opt/stack/data/cinder/mnt/8cd3262bbd6ff8aeef17af6f93230fb5/volume-f1a124d9-9157-4234-9db1-07fb6bde3f2e.e9647474-97dc-4943-986c-e747bdab6e76 1G
Apr 07 22:28:12 devstack sudo[85009]: pam_unix(sudo:session): session opened for user root(uid=0) by (uid=1000)
Apr 07 22:28:13 devstack sudo[85009]: pam_unix(sudo:session): session closed for user root
Apr 07 22:28:13 devstack cinder-volume[82595]: DEBUG oslo_concurrency.processutils [None req-9bd00a51-6e0c-4357-a260-b1f7151706a1 tempest-GroupSnapshotsTest-383122235 None] CMD "sudo cinder-rootwrap /etc/cinder/rootwrap.conf qemu-img create -f qcow2 -o backing_file=/opt/stack/data/cinder/mnt/8cd3262bbd6ff8aeef17af6f93230fb5/volume-f1a124d9-9157-4234-9db1-07fb6bde3f2e,backing_fmt=qcow2 /opt/stack/data/cinder/mnt/8cd3262bbd6ff8aeef17af6f93230fb5/volume-f1a124d9-9157-4234-9db1-07fb6bde3f2e.e9647474-97dc-4943-986c-e747bdab6e76 1G" returned: 0 in 0.725s {{(pid=82595) execute /opt/stack/data/venv/lib/python3.10/site-packages/oslo_concurrency/processutils.py:468}}
Apr 07 22:28:13 devstack cinder-volume[82595]: DEBUG oslo_concurrency.processutils [None req-9bd00a51-6e0c-4357-a260-b1f7151706a1 tempest-GroupSnapshotsTest-383122235 None] Running cmd (subprocess): sudo cinder-rootwrap /etc/cinder/rootwrap.conf qemu-img rebase -u -b volume-f1a124d9-9157-4234-9db1-07fb6bde3f2e -F qcow2 /opt/stack/data/cinder/mnt/8cd3262bbd6ff8aeef17af6f93230fb5/volume-f1a124d9-9157-4234-9db1-07fb6bde3f2e.e9647474-97dc-4943-986c-e747bdab6e76 {{(pid=82595) execute /opt/stack/data/venv/lib/python3.10/site-packages/oslo_concurrency/processutils.py:440}}
Apr 07 22:28:13 devstack sudo[85017]: quobyte : PWD=/ ; USER=root ; COMMAND=/opt/stack/data/venv/bin/cinder-rootwrap /etc/cinder/rootwrap.conf qemu-img rebase -u -b volume-f1a124d9-9157-4234-9db1-07fb6bde3f2e -F qcow2 /opt/stack/data/cinder/mnt/8cd3262bbd6ff8aeef17af6f93230fb5/volume-f1a124d9-9157-4234-9db1-07fb6bde3f2e.e9647474-97dc-4943-986c-e747bdab6e76
Apr 07 22:28:13 devstack sudo[85017]: pam_unix(sudo:session): session opened for user root(uid=0) by (uid=1000)
Apr 07 22:28:14 devstack sudo[85017]: pam_unix(sudo:session): session closed for user root
Apr 07 22:28:14 devstack cinder-volume[82595]: DEBUG oslo_concurrency.processutils [None req-9bd00a51-6e0c-4357-a260-b1f7151706a1 tempest-GroupSnapshotsTest-383122235 None] CMD "sudo cinder-rootwrap /etc/cinder/rootwrap.conf qemu-img rebase -u -b volume-f1a124d9-9157-4234-9db1-07fb6bde3f2e -F qcow2 /opt/stack/data/cinder/mnt/8cd3262bbd6ff8aeef17af6f93230fb5/volume-f1a124d9-9157-4234-9db1-07fb6bde3f2e.e9647474-97dc-4943-986c-e747bdab6e76" returned: 0 in 0.826s {{(pid=82595) execute /opt/stack/data/venv/lib/python3.10/site-packages/oslo_concurrency/processutils.py:468}}
Apr 07 22:28:14 devstack cinder-volume[82595]: WARNING cinder.volume.drivers.remotefs [None req-9bd00a51-6e0c-4357-a260-b1f7151706a1 tempest-GroupSnapshotsTest-383122235 None] /opt/stack/data/cinder/mnt/8cd3262bbd6ff8aeef17af6f93230fb5/volume-f1a124d9-9157-4234-9db1-07fb6bde3f2e.e9647474-97dc-4943-986c-e747bdab6e76 is being set with open permissions: ugo+rw: NotImplementedError
Apr 07 22:28:14 devstack cinder-volume[82595]: DEBUG oslo_concurrency.processutils [None req-9bd00a51-6e0c-4357-a260-b1f7151706a1 tempest-GroupSnapshotsTest-383122235 None] Running cmd (subprocess): sudo cinder-rootwrap /etc/cinder/rootwrap.conf chmod ugo+rw /opt/stack/data/cinder/mnt/8cd3262bbd6ff8aeef17af6f93230fb5/volume-f1a124d9-9157-4234-9db1-07fb6bde3f2e.e9647474-97dc-4943-986c-e747bdab6e76 {{(pid=82595) execute /opt/stack/data/venv/lib/python3.10/site-packages/oslo_concurrency/processutils.py:440}}
Apr 07 22:28:14 devstack sudo[85052]: quobyte : PWD=/ ; USER=root ; COMMAND=/opt/stack/data/venv/bin/cinder-rootwrap /etc/cinder/rootwrap.conf chmod ugo+rw /opt/stack/data/cinder/mnt/8cd3262bbd6ff8aeef17af6f93230fb5/volume-f1a124d9-9157-4234-9db1-07fb6bde3f2e.e9647474-97dc-4943-986c-e747bdab6e76
Apr 07 22:28:14 devstack sudo[85052]: pam_unix(sudo:session): session opened for user root(uid=0) by (uid=1000)
Apr 07 22:28:15 devstack sudo[85052]: pam_unix(sudo:session): session closed for user root
Apr 07 22:28:15 devstack cinder-volume[82595]: DEBUG oslo_concurrency.processutils [None req-9bd00a51-6e0c-4357-a260-b1f7151706a1 tempest-GroupSnapshotsTest-383122235 None] CMD "sudo cinder-rootwrap /etc/cinder/rootwrap.conf chmod ugo+rw /opt/stack/data/cinder/mnt/8cd3262bbd6ff8aeef17af6f93230fb5/volume-f1a124d9-9157-4234-9db1-07fb6bde3f2e.e9647474-97dc-4943-986c-e747bdab6e76" returned: 0 in 0.785s {{(pid=82595) execute /opt/stack/data/venv/lib/python3.10/site-packages/oslo_concurrency/processutils.py:468}}
Apr 07 22:28:15 devstack cinder-volume[82595]: DEBUG oslo_concurrency.processutils [None req-9bd00a51-6e0c-4357-a260-b1f7151706a1 tempest-GroupSnapshotsTest-383122235 None] Running cmd (subprocess): sudo cinder-rootwrap /etc/cinder/rootwrap.conf truncate -s0 /opt/stack/data/cinder/mnt/8cd3262bbd6ff8aeef17af6f93230fb5/volume-f1a124d9-9157-4234-9db1-07fb6bde3f2e.info {{(pid=82595) execute /opt/stack/data/venv/lib/python3.10/site-packages/oslo_concurrency/processutils.py:440}}
Apr 07 22:28:15 devstack sudo[85057]: quobyte : PWD=/ ; USER=root ; COMMAND=/opt/stack/data/venv/bin/cinder-rootwrap /etc/cinder/rootwrap.conf truncate -s0 /opt/stack/data/cinder/mnt/8cd3262bbd6ff8aeef17af6f93230fb5/volume-f1a124d9-9157-4234-9db1-07fb6bde3f2e.info
Apr 07 22:28:15 devstack sudo[85057]: pam_unix(sudo:session): session opened for user root(uid=0) by (uid=1000)
Apr 07 22:28:15 devstack sudo[85057]: pam_unix(sudo:session): session closed for user root
Apr 07 22:28:15 devstack cinder-volume[82595]: DEBUG oslo_concurrency.processutils [None req-9bd00a51-6e0c-4357-a260-b1f7151706a1 tempest-GroupSnapshotsTest-383122235 None] CMD "sudo cinder-rootwrap /etc/cinder/rootwrap.conf truncate -s0 /opt/stack/data/cinder/mnt/8cd3262bbd6ff8aeef17af6f93230fb5/volume-f1a124d9-9157-4234-9db1-07fb6bde3f2e.info" returned: 0 in 0.575s {{(pid=82595) execute /opt/stack/data/venv/lib/python3.10/site-packages/oslo_concurrency/processutils.py:468}}
Apr 07 22:28:15 devstack cinder-volume[82595]: WARNING cinder.volume.drivers.remotefs [None req-9bd00a51-6e0c-4357-a260-b1f7151706a1 tempest-GroupSnapshotsTest-383122235 None] /opt/stack/data/cinder/mnt/8cd3262bbd6ff8aeef17af6f93230fb5/volume-f1a124d9-9157-4234-9db1-07fb6bde3f2e.info is being set with open permissions: ugo+rw: NotImplementedError
Apr 07 22:28:15 devstack cinder-volume[82595]: DEBUG oslo_concurrency.processutils [None req-9bd00a51-6e0c-4357-a260-b1f7151706a1 tempest-GroupSnapshotsTest-383122235 None] Running cmd (subprocess): sudo cinder-rootwrap /etc/cinder/rootwrap.conf chmod ugo+rw /opt/stack/data/cinder/mnt/8cd3262bbd6ff8aeef17af6f93230fb5/volume-f1a124d9-9157-4234-9db1-07fb6bde3f2e.info {{(pid=82595) execute /opt/stack/data/venv/lib/python3.10/site-packages/oslo_concurrency/processutils.py:440}}
Apr 07 22:28:15 devstack sudo[85060]: quobyte : PWD=/ ; USER=root ; COMMAND=/opt/stack/data/venv/bin/cinder-rootwrap /etc/cinder/rootwrap.conf chmod ugo+rw /opt/stack/data/cinder/mnt/8cd3262bbd6ff8aeef17af6f93230fb5/volume-f1a124d9-9157-4234-9db1-07fb6bde3f2e.info
Apr 07 22:28:15 devstack sudo[85060]: pam_unix(sudo:session): session opened for user root(uid=0) by (uid=1000)
Apr 07 22:28:16 devstack sudo[85060]: pam_unix(sudo:session): session closed for user root
Apr 07 22:28:16 devstack cinder-volume[82595]: DEBUG oslo_concurrency.processutils [None req-9bd00a51-6e0c-4357-a260-b1f7151706a1 tempest-GroupSnapshotsTest-383122235 None] CMD "sudo cinder-rootwrap /etc/cinder/rootwrap.conf chmod ugo+rw /opt/stack/data/cinder/mnt/8cd3262bbd6ff8aeef17af6f93230fb5/volume-f1a124d9-9157-4234-9db1-07fb6bde3f2e.info" returned: 0 in 0.596s {{(pid=82595) execute /opt/stack/data/venv/lib/python3.10/site-packages/oslo_concurrency/processutils.py:468}}
Apr 07 22:28:16 devstack cinder-volume[82595]: DEBUG oslo_concurrency.lockutils [None req-9bd00a51-6e0c-4357-a260-b1f7151706a1 tempest-GroupSnapshotsTest-383122235 None] Lock "quobyte" "released" by "cinder.volume.drivers.quobyte.QuobyteDriver.create_snapshot" :: held 4.414s {{(pid=82595) inner /opt/stack/data/venv/lib/python3.10/site-packages/oslo_concurrency/lockutils.py:538}}
Apr 07 22:28:16 devstack cinder-volume[82595]: DEBUG oslo_concurrency.lockutils [None req-d3b63e60-d05c-4c66-8537-adb865e468d8 tempest-DeleteServersTestJSON-1148582675 None] Lock "quobyte" acquired by "cinder.volume.drivers.quobyte.QuobyteDriver.create_volume" :: waited 7.371s {{(pid=82595) inner /opt/stack/data/venv/lib/python3.10/site-packages/oslo_concurrency/lockutils.py:519}}
Apr 07 22:28:16 devstack cinder-volume[82595]: DEBUG cinder.volume.drivers.quobyte [None req-d3b63e60-d05c-4c66-8537-adb865e468d8 tempest-DeleteServersTestJSON-1148582675 None] ==> create_volume: call "{'self': , 'volume': Volume(_name_id=None,admin_metadata=,attach_status='detached',availability_zone='nova',bootable=False,cluster=,cluster_name=None,consistencygroup=,consistencygroup_id=None,created_at=2026-04-07T20:28:09Z,deleted=False,deleted_at=None,display_description=None,display_name='tempest-DeleteServersTestJSON-volume-871640943',ec2_id=None,encryption_key_id=None,glance_metadata=,group=,group_id=None,host='devstack@QuobyteHD#QuobyteHD',id=65d40d31-d87c-46aa-8432-99d6841d130c,launched_at=None,metadata={},migration_status=None,multiattach=False,previous_status=None,project_id='5a7f913e025e4e5983f90cb8901c27bb',provider_auth=None,provider_geometry=None,provider_id=None,provider_location=None,replication_driver_data=None,replication_extended_status=None,replication_status=None,scheduled_at=2026-04-07T20:28:09Z,service_uuid=None,shared_targets=True,size=1,snapshot_id=None,snapshots=,source_volid=None,status='creating',terminated_at=None,updated_at=2026-04-07T20:28:09Z,use_quota=True,user_id='16e802fe30d8422d8a30503375e82d3d',volume_attachment=VolumeAttachmentList,volume_type=VolumeType(c000a430-1a61-4505-b9b8-71d164003705),volume_type_id=c000a430-1a61-4505-b9b8-71d164003705)}" {{(pid=82595) trace_logging_wrapper /opt/stack/cinder/cinder/volume/volume_utils.py:1498}}
Apr 07 22:28:16 devstack cinder-volume[82595]: DEBUG cinder.volume.drivers.remotefs [None req-d3b63e60-d05c-4c66-8537-adb865e468d8 tempest-DeleteServersTestJSON-1148582675 None] Creating volume 65d40d31-d87c-46aa-8432-99d6841d130c {{(pid=82595) create_volume /opt/stack/cinder/cinder/volume/drivers/remotefs.py:292}}
Apr 07 22:28:16 devstack cinder-volume[82595]: DEBUG oslo_concurrency.lockutils [None req-d3b63e60-d05c-4c66-8537-adb865e468d8 tempest-DeleteServersTestJSON-1148582675 None] Acquiring lock "quobyte_ensure" by "cinder.volume.drivers.quobyte.QuobyteDriver._ensure_shares_mounted" {{(pid=82595) inner /opt/stack/data/venv/lib/python3.10/site-packages/oslo_concurrency/lockutils.py:506}}
Apr 07 22:28:16 devstack cinder-volume[82595]: DEBUG oslo_concurrency.lockutils [None req-d3b63e60-d05c-4c66-8537-adb865e468d8 tempest-DeleteServersTestJSON-1148582675 None] Lock "quobyte_ensure" acquired by "cinder.volume.drivers.quobyte.QuobyteDriver._ensure_shares_mounted" :: waited 0.000s {{(pid=82595) inner /opt/stack/data/venv/lib/python3.10/site-packages/oslo_concurrency/lockutils.py:519}}
Apr 07 22:28:16 devstack cinder-volume[82595]: DEBUG cinder.volume.drivers.quobyte [None req-d3b63e60-d05c-4c66-8537-adb865e468d8 tempest-DeleteServersTestJSON-1148582675 None] Quobyte Volume URL set to: {'osci02.corp.quobyte.com/cinder-vol-3e35973c-064c-4851-bd83-6e6c909d4fd4': None} {{(pid=82595) _load_shares_config /opt/stack/cinder/cinder/volume/drivers/quobyte.py:617}}
Apr 07 22:28:16 devstack cinder-volume[82595]: DEBUG cinder.volume.drivers.quobyte [None req-d3b63e60-d05c-4c66-8537-adb865e468d8 tempest-DeleteServersTestJSON-1148582675 None] Available shares ['osci02.corp.quobyte.com/cinder-vol-3e35973c-064c-4851-bd83-6e6c909d4fd4'] {{(pid=82595) _ensure_shares_mounted /opt/stack/cinder/cinder/volume/drivers/quobyte.py:647}}
Apr 07 22:28:16 devstack cinder-volume[82595]: DEBUG oslo_concurrency.lockutils [None req-d3b63e60-d05c-4c66-8537-adb865e468d8 tempest-DeleteServersTestJSON-1148582675 None] Lock "quobyte_ensure" "released" by "cinder.volume.drivers.quobyte.QuobyteDriver._ensure_shares_mounted" :: held 0.032s {{(pid=82595) inner /opt/stack/data/venv/lib/python3.10/site-packages/oslo_concurrency/lockutils.py:538}}
Apr 07 22:28:16 devstack cinder-volume[82595]: DEBUG cinder.volume.drivers.quobyte [None req-d3b63e60-d05c-4c66-8537-adb865e468d8 tempest-DeleteServersTestJSON-1148582675 None] Selected osci02.corp.quobyte.com/cinder-vol-3e35973c-064c-4851-bd83-6e6c909d4fd4 as target Quobyte volume. {{(pid=82595) _find_share /opt/stack/cinder/cinder/volume/drivers/quobyte.py:668}}
Apr 07 22:28:16 devstack cinder-volume[82595]: INFO cinder.volume.drivers.remotefs [None req-d3b63e60-d05c-4c66-8537-adb865e468d8 tempest-DeleteServersTestJSON-1148582675 None] casted to osci02.corp.quobyte.com/cinder-vol-3e35973c-064c-4851-bd83-6e6c909d4fd4
Apr 07 22:28:16 devstack cinder-volume[82595]: DEBUG oslo_concurrency.processutils [None req-d3b63e60-d05c-4c66-8537-adb865e468d8 tempest-DeleteServersTestJSON-1148582675 None] Running cmd (subprocess): sudo cinder-rootwrap /etc/cinder/rootwrap.conf qemu-img create -f qcow2 -o preallocation=metadata /opt/stack/data/cinder/mnt/8cd3262bbd6ff8aeef17af6f93230fb5/volume-65d40d31-d87c-46aa-8432-99d6841d130c 1073741824 {{(pid=82595) execute /opt/stack/data/venv/lib/python3.10/site-packages/oslo_concurrency/processutils.py:440}}
Apr 07 22:28:16 devstack sudo[85064]: quobyte : PWD=/ ; USER=root ; COMMAND=/opt/stack/data/venv/bin/cinder-rootwrap /etc/cinder/rootwrap.conf qemu-img create -f qcow2 -o preallocation=metadata /opt/stack/data/cinder/mnt/8cd3262bbd6ff8aeef17af6f93230fb5/volume-65d40d31-d87c-46aa-8432-99d6841d130c 1073741824
Apr 07 22:28:16 devstack sudo[85064]: pam_unix(sudo:session): session opened for user root(uid=0) by (uid=1000)
Apr 07 22:28:16 devstack cinder-volume[82595]: INFO cinder.volume.manager [None req-9bd00a51-6e0c-4357-a260-b1f7151706a1 tempest-GroupSnapshotsTest-383122235 None] group_snapshot cc8d85b3-8aa8-44b3-b171-c279fe9249c1: created successfully
Apr 07 22:28:17 devstack cinder-volume[82595]: INFO cinder.volume.manager [None req-608fe052-8fda-428b-9648-0e39100c3037 tempest-GroupSnapshotsTest-383122235 None] group_snapshot cc8d85b3-8aa8-44b3-b171-c279fe9249c1: deleting
Apr 07 22:28:17 devstack cinder-volume[82595]: DEBUG cinder.volume.manager [None req-608fe052-8fda-428b-9648-0e39100c3037 tempest-GroupSnapshotsTest-383122235 None] group_snapshot cc8d85b3-8aa8-44b3-b171-c279fe9249c1: deleting {{(pid=82595) delete_group_snapshot /opt/stack/cinder/cinder/volume/manager.py:4350}}
Apr 07 22:28:17 devstack cinder-volume[82595]: DEBUG cinder.coordination [None req-608fe052-8fda-428b-9648-0e39100c3037 tempest-GroupSnapshotsTest-383122235 None] Acquiring lock "cinder-quobyte-605ee93f-fab3-4d5a-80d7-17f1c28eb99d" by "delete_snapshot" {{(pid=82595) __acquire /opt/stack/cinder/cinder/coordination.py:138}}
Apr 07 22:28:17 devstack cinder-volume[82595]: DEBUG cinder.coordination [None req-608fe052-8fda-428b-9648-0e39100c3037 tempest-GroupSnapshotsTest-383122235 None] Lock "cinder-quobyte-605ee93f-fab3-4d5a-80d7-17f1c28eb99d" acquired by "delete_snapshot" :: waited 0.050s {{(pid=82595) __acquire /opt/stack/cinder/cinder/coordination.py:141}}
Apr 07 22:28:17 devstack cinder-volume[82595]: DEBUG cinder.coordination [None req-608fe052-8fda-428b-9648-0e39100c3037 tempest-GroupSnapshotsTest-383122235 None] Acquiring lock "cinder-quobyte-9b0b346c-2af9-412b-96f2-6e492070b949" by "_delete_snapshot" {{(pid=82595) __acquire /opt/stack/cinder/cinder/coordination.py:138}}
Apr 07 22:28:17 devstack cinder-volume[82595]: DEBUG cinder.coordination [None req-608fe052-8fda-428b-9648-0e39100c3037 tempest-GroupSnapshotsTest-383122235 None] Lock "cinder-quobyte-9b0b346c-2af9-412b-96f2-6e492070b949" acquired by "_delete_snapshot" :: waited 0.012s {{(pid=82595) __acquire /opt/stack/cinder/cinder/coordination.py:141}}
Apr 07 22:28:17 devstack cinder-volume[82595]: DEBUG cinder.volume.drivers.remotefs [None req-608fe052-8fda-428b-9648-0e39100c3037 tempest-GroupSnapshotsTest-383122235 None] Deleting offline snapshot 9b0b346c-2af9-412b-96f2-6e492070b949 of volume 605ee93f-fab3-4d5a-80d7-17f1c28eb99d {{(pid=82595) _delete_snapshot /opt/stack/cinder/cinder/volume/drivers/remotefs.py:1288}}
Apr 07 22:28:17 devstack cinder-volume[82595]: DEBUG cinder.volume.drivers.remotefs [None req-608fe052-8fda-428b-9648-0e39100c3037 tempest-GroupSnapshotsTest-383122235 None] snapshot_file for this snap is: volume-605ee93f-fab3-4d5a-80d7-17f1c28eb99d.9b0b346c-2af9-412b-96f2-6e492070b949 {{(pid=82595) _delete_snapshot /opt/stack/cinder/cinder/volume/drivers/remotefs.py:1317}}
Apr 07 22:28:17 devstack cinder-volume[82595]: DEBUG oslo.privsep.daemon [-] privsep: reply[3e67fe8a-1b66-4ab3-947e-f16043c2dc5a]: (4, 'qcow2') {{(pid=83536) _call_back /opt/stack/data/venv/lib/python3.10/site-packages/oslo_privsep/daemon.py:573}}
Apr 07 22:28:17 devstack cinder-volume[82595]: DEBUG oslo_concurrency.processutils [None req-608fe052-8fda-428b-9648-0e39100c3037 tempest-GroupSnapshotsTest-383122235 None] Running cmd (subprocess): /opt/stack/data/venv/bin/python3.10 -m oslo_concurrency.prlimit --as=1073741824 --cpu=60 -- sudo cinder-rootwrap /etc/cinder/rootwrap.conf env LC_ALL=C qemu-img info -f qcow2 --output=json --force-share /opt/stack/data/cinder/mnt/8cd3262bbd6ff8aeef17af6f93230fb5/volume-605ee93f-fab3-4d5a-80d7-17f1c28eb99d.9b0b346c-2af9-412b-96f2-6e492070b949 {{(pid=82595) execute /opt/stack/data/venv/lib/python3.10/site-packages/oslo_concurrency/processutils.py:440}}
Apr 07 22:28:17 devstack sudo[85085]: quobyte : PWD=/ ; USER=root ; COMMAND=/opt/stack/data/venv/bin/cinder-rootwrap /etc/cinder/rootwrap.conf env LC_ALL=C qemu-img info -f qcow2 --output=json --force-share /opt/stack/data/cinder/mnt/8cd3262bbd6ff8aeef17af6f93230fb5/volume-605ee93f-fab3-4d5a-80d7-17f1c28eb99d.9b0b346c-2af9-412b-96f2-6e492070b949
Apr 07 22:28:17 devstack sudo[85085]: pam_unix(sudo:session): session opened for user root(uid=0) by (uid=1000)
Apr 07 22:28:18 devstack sudo[85064]: pam_unix(sudo:session): session closed for user root
Apr 07 22:28:18 devstack cinder-volume[82595]: DEBUG oslo_concurrency.processutils [None req-d3b63e60-d05c-4c66-8537-adb865e468d8 tempest-DeleteServersTestJSON-1148582675 None] CMD "sudo cinder-rootwrap /etc/cinder/rootwrap.conf qemu-img create -f qcow2 -o preallocation=metadata /opt/stack/data/cinder/mnt/8cd3262bbd6ff8aeef17af6f93230fb5/volume-65d40d31-d87c-46aa-8432-99d6841d130c 1073741824" returned: 0 in 1.689s {{(pid=82595) execute /opt/stack/data/venv/lib/python3.10/site-packages/oslo_concurrency/processutils.py:468}}
Apr 07 22:28:18 devstack cinder-volume[82595]: DEBUG oslo_concurrency.processutils [None req-d3b63e60-d05c-4c66-8537-adb865e468d8 tempest-DeleteServersTestJSON-1148582675 None] Running cmd (subprocess): sudo cinder-rootwrap /etc/cinder/rootwrap.conf chmod ugo+rw /opt/stack/data/cinder/mnt/8cd3262bbd6ff8aeef17af6f93230fb5/volume-65d40d31-d87c-46aa-8432-99d6841d130c {{(pid=82595) execute /opt/stack/data/venv/lib/python3.10/site-packages/oslo_concurrency/processutils.py:440}}
Apr 07 22:28:18 devstack sudo[85105]: quobyte : PWD=/ ; USER=root ; COMMAND=/opt/stack/data/venv/bin/cinder-rootwrap /etc/cinder/rootwrap.conf chmod ugo+rw /opt/stack/data/cinder/mnt/8cd3262bbd6ff8aeef17af6f93230fb5/volume-65d40d31-d87c-46aa-8432-99d6841d130c
Apr 07 22:28:18 devstack sudo[85105]: pam_unix(sudo:session): session opened for user root(uid=0) by (uid=1000)
Apr 07 22:28:18 devstack sudo[85085]: pam_unix(sudo:session): session closed for user root
Apr 07 22:28:18 devstack cinder-volume[82595]: DEBUG oslo_concurrency.processutils [None req-608fe052-8fda-428b-9648-0e39100c3037 tempest-GroupSnapshotsTest-383122235 None] CMD "/opt/stack/data/venv/bin/python3.10 -m oslo_concurrency.prlimit --as=1073741824 --cpu=60 -- sudo cinder-rootwrap /etc/cinder/rootwrap.conf env LC_ALL=C qemu-img info -f qcow2 --output=json --force-share /opt/stack/data/cinder/mnt/8cd3262bbd6ff8aeef17af6f93230fb5/volume-605ee93f-fab3-4d5a-80d7-17f1c28eb99d.9b0b346c-2af9-412b-96f2-6e492070b949" returned: 0 in 0.905s {{(pid=82595) execute /opt/stack/data/venv/lib/python3.10/site-packages/oslo_concurrency/processutils.py:468}}
Apr 07 22:28:18 devstack cinder-volume[82595]: DEBUG cinder.volume.drivers.remotefs [None req-608fe052-8fda-428b-9648-0e39100c3037 tempest-GroupSnapshotsTest-383122235 None] Fetching qemu-img info with special backing_file_template: (/opt/stack/data/cinder/mnt/[0-9a-f]+/)?(volume-605ee93f-fab3-4d5a-80d7-17f1c28eb99d(.(tmp-snap-)?[0-9a-f-]+)?|volume_from_snapshot_cache/(tmp-snap-)?[0-9a-f-]+(.(child-|parent-)[0-9a-f-]+)?)$ {{(pid=82595) _qemu_img_info_base /opt/stack/cinder/cinder/volume/drivers/remotefs.py:896}}
Apr 07 22:28:18 devstack cinder-volume[82595]: DEBUG oslo.privsep.daemon [-] privsep: reply[efceba12-eda2-487d-904f-7809194e667c]: (4, 'qcow2') {{(pid=83536) _call_back /opt/stack/data/venv/lib/python3.10/site-packages/oslo_privsep/daemon.py:573}}
Apr 07 22:28:18 devstack cinder-volume[82595]: DEBUG oslo_concurrency.processutils [None req-608fe052-8fda-428b-9648-0e39100c3037 tempest-GroupSnapshotsTest-383122235 None] Running cmd (subprocess): /opt/stack/data/venv/bin/python3.10 -m oslo_concurrency.prlimit --as=1073741824 --cpu=60 -- sudo cinder-rootwrap /etc/cinder/rootwrap.conf env LC_ALL=C qemu-img info -f qcow2 --output=json --force-share /opt/stack/data/cinder/mnt/8cd3262bbd6ff8aeef17af6f93230fb5/volume-605ee93f-fab3-4d5a-80d7-17f1c28eb99d {{(pid=82595) execute /opt/stack/data/venv/lib/python3.10/site-packages/oslo_concurrency/processutils.py:440}}
Apr 07 22:28:18 devstack sudo[85108]: quobyte : PWD=/ ; USER=root ; COMMAND=/opt/stack/data/venv/bin/cinder-rootwrap /etc/cinder/rootwrap.conf env LC_ALL=C qemu-img info -f qcow2 --output=json --force-share /opt/stack/data/cinder/mnt/8cd3262bbd6ff8aeef17af6f93230fb5/volume-605ee93f-fab3-4d5a-80d7-17f1c28eb99d
Apr 07 22:28:18 devstack sudo[85108]: pam_unix(sudo:session): session opened for user root(uid=0) by (uid=1000)
Apr 07 22:28:18 devstack sudo[85105]: pam_unix(sudo:session): session closed for user root
Apr 07 22:28:18 devstack cinder-volume[82595]: DEBUG oslo_concurrency.processutils [None req-d3b63e60-d05c-4c66-8537-adb865e468d8 tempest-DeleteServersTestJSON-1148582675 None] CMD "sudo cinder-rootwrap /etc/cinder/rootwrap.conf chmod ugo+rw /opt/stack/data/cinder/mnt/8cd3262bbd6ff8aeef17af6f93230fb5/volume-65d40d31-d87c-46aa-8432-99d6841d130c" returned: 0 in 0.767s {{(pid=82595) execute /opt/stack/data/venv/lib/python3.10/site-packages/oslo_concurrency/processutils.py:468}}
Apr 07 22:28:18 devstack cinder-volume[82595]: DEBUG cinder.volume.drivers.quobyte [None req-d3b63e60-d05c-4c66-8537-adb865e468d8 tempest-DeleteServersTestJSON-1148582675 None] <== create_volume: return (2531ms) {'provider_location': 'osci02.corp.quobyte.com/cinder-vol-3e35973c-064c-4851-bd83-6e6c909d4fd4'} {{(pid=82595) trace_logging_wrapper /opt/stack/cinder/cinder/volume/volume_utils.py:1523}}
Apr 07 22:28:18 devstack cinder-volume[82595]: DEBUG oslo_concurrency.lockutils [None req-d3b63e60-d05c-4c66-8537-adb865e468d8 tempest-DeleteServersTestJSON-1148582675 None] Lock "quobyte" "released" by "cinder.volume.drivers.quobyte.QuobyteDriver.create_volume" :: held 2.533s {{(pid=82595) inner /opt/stack/data/venv/lib/python3.10/site-packages/oslo_concurrency/lockutils.py:538}}
Apr 07 22:28:18 devstack cinder-volume[82595]: DEBUG cinder.volume.manager [None req-d3b63e60-d05c-4c66-8537-adb865e468d8 tempest-DeleteServersTestJSON-1148582675 None] Task 'cinder.volume.flows.manager.create_volume.CreateVolumeFromSpecTask;volume:create' (2297d391-ecd7-4264-89b8-5933a4ffaa77) transitioned into state 'SUCCESS' from state 'RUNNING' with result '{'status': 'creating', 'volume_name': 'volume-65d40d31-d87c-46aa-8432-99d6841d130c', 'volume_size': 1}' {{(pid=82595) _task_receiver /opt/stack/data/venv/lib/python3.10/site-packages/taskflow/listeners/logging.py:182}}
Apr 07 22:28:18 devstack cinder-volume[82595]: DEBUG cinder.volume.manager [None req-d3b63e60-d05c-4c66-8537-adb865e468d8 tempest-DeleteServersTestJSON-1148582675 None] Task 'cinder.volume.flows.manager.create_volume.CreateVolumeOnFinishTask;volume:create, create.end' (c932bc0b-6df5-4f83-8b2a-a818a6722361) transitioned into state 'RUNNING' from state 'PENDING' {{(pid=82595) _task_receiver /opt/stack/data/venv/lib/python3.10/site-packages/taskflow/listeners/logging.py:194}}
Apr 07 22:28:18 devstack cinder-volume[82595]: INFO cinder.volume.flows.manager.create_volume [None req-d3b63e60-d05c-4c66-8537-adb865e468d8 tempest-DeleteServersTestJSON-1148582675 None] Volume volume-65d40d31-d87c-46aa-8432-99d6841d130c (65d40d31-d87c-46aa-8432-99d6841d130c): created successfully
Apr 07 22:28:18 devstack cinder-volume[82595]: DEBUG cinder.volume.manager [None req-d3b63e60-d05c-4c66-8537-adb865e468d8 tempest-DeleteServersTestJSON-1148582675 None] Task 'cinder.volume.flows.manager.create_volume.CreateVolumeOnFinishTask;volume:create, create.end' (c932bc0b-6df5-4f83-8b2a-a818a6722361) transitioned into state 'SUCCESS' from state 'RUNNING' with result 'None' {{(pid=82595) _task_receiver /opt/stack/data/venv/lib/python3.10/site-packages/taskflow/listeners/logging.py:182}}
Apr 07 22:28:18 devstack cinder-volume[82595]: DEBUG cinder.volume.manager [None req-d3b63e60-d05c-4c66-8537-adb865e468d8 tempest-DeleteServersTestJSON-1148582675 None] Flow 'volume_create_manager' (d79fc247-f112-4587-b7bb-712b2ea73e28) transitioned into state 'SUCCESS' from state 'RUNNING' {{(pid=82595) _flow_receiver /opt/stack/data/venv/lib/python3.10/site-packages/taskflow/listeners/logging.py:145}}
Apr 07 22:28:18 devstack cinder-volume[82595]: INFO cinder.volume.manager [None req-d3b63e60-d05c-4c66-8537-adb865e468d8 tempest-DeleteServersTestJSON-1148582675 None] Created volume successfully.
Apr 07 22:28:19 devstack sudo[85108]: pam_unix(sudo:session): session closed for user root
Apr 07 22:28:19 devstack cinder-volume[82595]: DEBUG oslo_concurrency.processutils [None req-608fe052-8fda-428b-9648-0e39100c3037 tempest-GroupSnapshotsTest-383122235 None] CMD "/opt/stack/data/venv/bin/python3.10 -m oslo_concurrency.prlimit --as=1073741824 --cpu=60 -- sudo cinder-rootwrap /etc/cinder/rootwrap.conf env LC_ALL=C qemu-img info -f qcow2 --output=json --force-share /opt/stack/data/cinder/mnt/8cd3262bbd6ff8aeef17af6f93230fb5/volume-605ee93f-fab3-4d5a-80d7-17f1c28eb99d" returned: 0 in 0.791s {{(pid=82595) execute /opt/stack/data/venv/lib/python3.10/site-packages/oslo_concurrency/processutils.py:468}}
Apr 07 22:28:19 devstack cinder-volume[82595]: DEBUG oslo_concurrency.processutils [None req-608fe052-8fda-428b-9648-0e39100c3037 tempest-GroupSnapshotsTest-383122235 None] Running cmd (subprocess): sudo cinder-rootwrap /etc/cinder/rootwrap.conf qemu-img commit -d /opt/stack/data/cinder/mnt/8cd3262bbd6ff8aeef17af6f93230fb5/volume-605ee93f-fab3-4d5a-80d7-17f1c28eb99d.9b0b346c-2af9-412b-96f2-6e492070b949 {{(pid=82595) execute /opt/stack/data/venv/lib/python3.10/site-packages/oslo_concurrency/processutils.py:440}}
Apr 07 22:28:19 devstack sudo[85114]: quobyte : PWD=/ ; USER=root ; COMMAND=/opt/stack/data/venv/bin/cinder-rootwrap /etc/cinder/rootwrap.conf qemu-img commit -d /opt/stack/data/cinder/mnt/8cd3262bbd6ff8aeef17af6f93230fb5/volume-605ee93f-fab3-4d5a-80d7-17f1c28eb99d.9b0b346c-2af9-412b-96f2-6e492070b949
Apr 07 22:28:19 devstack sudo[85114]: pam_unix(sudo:session): session opened for user root(uid=0) by (uid=1000)
Apr 07 22:28:20 devstack sudo[85114]: pam_unix(sudo:session): session closed for user root
Apr 07 22:28:20 devstack cinder-volume[82595]: DEBUG oslo_concurrency.processutils [None req-608fe052-8fda-428b-9648-0e39100c3037 tempest-GroupSnapshotsTest-383122235 None] CMD "sudo cinder-rootwrap /etc/cinder/rootwrap.conf qemu-img commit -d /opt/stack/data/cinder/mnt/8cd3262bbd6ff8aeef17af6f93230fb5/volume-605ee93f-fab3-4d5a-80d7-17f1c28eb99d.9b0b346c-2af9-412b-96f2-6e492070b949" returned: 0 in 1.018s {{(pid=82595) execute /opt/stack/data/venv/lib/python3.10/site-packages/oslo_concurrency/processutils.py:468}}
Apr 07 22:28:20 devstack cinder-volume[82595]: DEBUG oslo_concurrency.processutils [None req-608fe052-8fda-428b-9648-0e39100c3037 tempest-GroupSnapshotsTest-383122235 None] Running cmd (subprocess): sudo cinder-rootwrap /etc/cinder/rootwrap.conf rm -f /opt/stack/data/cinder/mnt/8cd3262bbd6ff8aeef17af6f93230fb5/volume-605ee93f-fab3-4d5a-80d7-17f1c28eb99d.9b0b346c-2af9-412b-96f2-6e492070b949 {{(pid=82595) execute /opt/stack/data/venv/lib/python3.10/site-packages/oslo_concurrency/processutils.py:440}}
Apr 07 22:28:20 devstack sudo[85125]: quobyte : PWD=/ ; USER=root ; COMMAND=/opt/stack/data/venv/bin/cinder-rootwrap /etc/cinder/rootwrap.conf rm -f /opt/stack/data/cinder/mnt/8cd3262bbd6ff8aeef17af6f93230fb5/volume-605ee93f-fab3-4d5a-80d7-17f1c28eb99d.9b0b346c-2af9-412b-96f2-6e492070b949
Apr 07 22:28:20 devstack sudo[85125]: pam_unix(sudo:session): session opened for user root(uid=0) by (uid=1000)
Apr 07 22:28:20 devstack sudo[85125]: pam_unix(sudo:session): session closed for user root
Apr 07 22:28:20 devstack cinder-volume[82595]: DEBUG oslo_concurrency.processutils [None req-608fe052-8fda-428b-9648-0e39100c3037 tempest-GroupSnapshotsTest-383122235 None] CMD "sudo cinder-rootwrap /etc/cinder/rootwrap.conf rm -f /opt/stack/data/cinder/mnt/8cd3262bbd6ff8aeef17af6f93230fb5/volume-605ee93f-fab3-4d5a-80d7-17f1c28eb99d.9b0b346c-2af9-412b-96f2-6e492070b949" returned: 0 in 0.585s {{(pid=82595) execute /opt/stack/data/venv/lib/python3.10/site-packages/oslo_concurrency/processutils.py:468}}
Apr 07 22:28:20 devstack cinder-volume[82595]: DEBUG cinder.coordination [None req-608fe052-8fda-428b-9648-0e39100c3037 tempest-GroupSnapshotsTest-383122235 None] Lock "cinder-quobyte-9b0b346c-2af9-412b-96f2-6e492070b949" released by "_delete_snapshot" :: held 3.615s {{(pid=82595) __release /opt/stack/cinder/cinder/coordination.py:152}}
Apr 07 22:28:20 devstack cinder-volume[82595]: DEBUG cinder.coordination [None req-608fe052-8fda-428b-9648-0e39100c3037 tempest-GroupSnapshotsTest-383122235 None] Lock "cinder-quobyte-605ee93f-fab3-4d5a-80d7-17f1c28eb99d" released by "delete_snapshot" :: held 3.632s {{(pid=82595) __release /opt/stack/cinder/cinder/coordination.py:152}}
Apr 07 22:28:20 devstack cinder-volume[82595]: DEBUG cinder.coordination [None req-608fe052-8fda-428b-9648-0e39100c3037 tempest-GroupSnapshotsTest-383122235 None] Acquiring lock "cinder-quobyte-f1a124d9-9157-4234-9db1-07fb6bde3f2e" by "delete_snapshot" {{(pid=82595) __acquire /opt/stack/cinder/cinder/coordination.py:138}}
Apr 07 22:28:20 devstack cinder-volume[82595]: DEBUG cinder.coordination [None req-608fe052-8fda-428b-9648-0e39100c3037 tempest-GroupSnapshotsTest-383122235 None] Lock "cinder-quobyte-f1a124d9-9157-4234-9db1-07fb6bde3f2e" acquired by "delete_snapshot" :: waited 0.012s {{(pid=82595) __acquire /opt/stack/cinder/cinder/coordination.py:141}}
Apr 07 22:28:20 devstack cinder-volume[82595]: DEBUG cinder.coordination [None req-608fe052-8fda-428b-9648-0e39100c3037 tempest-GroupSnapshotsTest-383122235 None] Acquiring lock "cinder-quobyte-e9647474-97dc-4943-986c-e747bdab6e76" by "_delete_snapshot" {{(pid=82595) __acquire /opt/stack/cinder/cinder/coordination.py:138}}
Apr 07 22:28:20 devstack cinder-volume[82595]: DEBUG cinder.coordination [None req-608fe052-8fda-428b-9648-0e39100c3037 tempest-GroupSnapshotsTest-383122235 None] Lock "cinder-quobyte-e9647474-97dc-4943-986c-e747bdab6e76" acquired by "_delete_snapshot" :: waited 0.011s {{(pid=82595) __acquire /opt/stack/cinder/cinder/coordination.py:141}}
Apr 07 22:28:20 devstack cinder-volume[82595]: DEBUG cinder.volume.drivers.remotefs [None req-608fe052-8fda-428b-9648-0e39100c3037 tempest-GroupSnapshotsTest-383122235 None] Deleting offline snapshot e9647474-97dc-4943-986c-e747bdab6e76 of volume f1a124d9-9157-4234-9db1-07fb6bde3f2e {{(pid=82595) _delete_snapshot /opt/stack/cinder/cinder/volume/drivers/remotefs.py:1288}}
Apr 07 22:28:20 devstack cinder-volume[82595]: DEBUG cinder.volume.drivers.remotefs [None req-608fe052-8fda-428b-9648-0e39100c3037 tempest-GroupSnapshotsTest-383122235 None] snapshot_file for this snap is: volume-f1a124d9-9157-4234-9db1-07fb6bde3f2e.e9647474-97dc-4943-986c-e747bdab6e76 {{(pid=82595) _delete_snapshot /opt/stack/cinder/cinder/volume/drivers/remotefs.py:1317}}
Apr 07 22:28:20 devstack cinder-volume[82595]: DEBUG oslo.privsep.daemon [-] privsep: reply[8adf1597-9234-4108-8a4b-145a56c26f8b]: (4, 'qcow2') {{(pid=83536) _call_back /opt/stack/data/venv/lib/python3.10/site-packages/oslo_privsep/daemon.py:573}}
