Apr 16 11:25:52 devstack cinder-volume[83804]: DEBUG cinder.coordination [None req-b0b02254-6ef2-4d9a-b43b-8d0b2cac9750 tempest-GroupsV314Test-1765002614 None] Lock "cinder-quobyte-542fb8ac-4119-4ad9-9c5b-5fab2c17fb51" acquired by "_copy_volume_from_snapshot" :: waited 0.018s {{(pid=83804) __acquire /opt/stack/cinder/cinder/coordination.py:141}}
Apr 16 11:25:52 devstack cinder-volume[83804]: DEBUG cinder.volume.drivers.quobyte [None req-b0b02254-6ef2-4d9a-b43b-8d0b2cac9750 tempest-GroupsV314Test-1765002614 None] snapshot: 5699e4cb-6545-484d-b8e4-858a2510c399, volume: 542fb8ac-4119-4ad9-9c5b-5fab2c17fb51, {{(pid=83804) _copy_volume_from_snapshot /opt/stack/cinder/cinder/volume/drivers/quobyte.py:401}}
Apr 16 11:25:52 devstack cinder-volume[83804]: DEBUG oslo_concurrency.lockutils [None req-b0b02254-6ef2-4d9a-b43b-8d0b2cac9750 tempest-GroupsV314Test-1765002614 None] Acquiring lock "quobyte_ensure" by "cinder.volume.drivers.quobyte.QuobyteDriver._ensure_shares_mounted" {{(pid=83804) inner /opt/stack/data/venv/lib/python3.10/site-packages/oslo_concurrency/lockutils.py:506}}
Apr 16 11:25:52 devstack cinder-volume[83804]: DEBUG oslo_concurrency.lockutils [None req-b0b02254-6ef2-4d9a-b43b-8d0b2cac9750 tempest-GroupsV314Test-1765002614 None] Lock "quobyte_ensure" acquired by "cinder.volume.drivers.quobyte.QuobyteDriver._ensure_shares_mounted" :: waited 0.001s {{(pid=83804) inner /opt/stack/data/venv/lib/python3.10/site-packages/oslo_concurrency/lockutils.py:519}}
Apr 16 11:25:52 devstack cinder-volume[83804]: DEBUG cinder.volume.drivers.quobyte [None req-b0b02254-6ef2-4d9a-b43b-8d0b2cac9750 tempest-GroupsV314Test-1765002614 None] Quobyte Volume URL set to: {'osci02.corp.quobyte.com/cinder-vol-5f85587f-0695-439f-adc9-d2d5f05f8253': None} {{(pid=83804) _load_shares_config /opt/stack/cinder/cinder/volume/drivers/quobyte.py:617}}
Apr 16 11:25:52 devstack cinder-volume[83804]: DEBUG cinder.volume.drivers.quobyte [None req-b0b02254-6ef2-4d9a-b43b-8d0b2cac9750 tempest-GroupsV314Test-1765002614 None] Available shares ['osci02.corp.quobyte.com/cinder-vol-5f85587f-0695-439f-adc9-d2d5f05f8253'] {{(pid=83804) _ensure_shares_mounted /opt/stack/cinder/cinder/volume/drivers/quobyte.py:647}}
Apr 16 11:25:52 devstack cinder-volume[83804]: DEBUG oslo_concurrency.lockutils [None req-b0b02254-6ef2-4d9a-b43b-8d0b2cac9750 tempest-GroupsV314Test-1765002614 None] Lock "quobyte_ensure" "released" by "cinder.volume.drivers.quobyte.QuobyteDriver._ensure_shares_mounted" :: held 0.008s {{(pid=83804) inner /opt/stack/data/venv/lib/python3.10/site-packages/oslo_concurrency/lockutils.py:538}}
Apr 16 11:25:52 devstack cinder-volume[83804]: DEBUG oslo.privsep.daemon [-] privsep: reply[167f9efe-ead3-4836-aa0b-d35c8296f275]: (4, 'qcow2') {{(pid=84608) _call_back /opt/stack/data/venv/lib/python3.10/site-packages/oslo_privsep/daemon.py:573}}
Apr 16 11:25:52 devstack cinder-volume[83804]: DEBUG oslo_concurrency.processutils [None req-b0b02254-6ef2-4d9a-b43b-8d0b2cac9750 tempest-GroupsV314Test-1765002614 None] Running cmd (subprocess): /opt/stack/data/venv/bin/python3.10 -m oslo_concurrency.prlimit --as=1073741824 --cpu=60 -- sudo cinder-rootwrap /etc/cinder/rootwrap.conf env LC_ALL=C qemu-img info -f qcow2 --output=json --force-share /opt/stack/data/cinder/mnt/0d9746397fda3811e10fcebe6bc5259d/volume-c08e0087-03cc-49cc-bb83-2a7ab17ff71d.5699e4cb-6545-484d-b8e4-858a2510c399 {{(pid=83804) execute /opt/stack/data/venv/lib/python3.10/site-packages/oslo_concurrency/processutils.py:440}}
Apr 16 11:25:52 devstack sudo[86322]: quobyte : PWD=/ ; USER=root ; COMMAND=/opt/stack/data/venv/bin/cinder-rootwrap /etc/cinder/rootwrap.conf env LC_ALL=C qemu-img info -f qcow2 --output=json --force-share /opt/stack/data/cinder/mnt/0d9746397fda3811e10fcebe6bc5259d/volume-c08e0087-03cc-49cc-bb83-2a7ab17ff71d.5699e4cb-6545-484d-b8e4-858a2510c399
Apr 16 11:25:52 devstack sudo[86322]: pam_unix(sudo:session): session opened for user root(uid=0) by (uid=1000)
Apr 16 11:25:53 devstack sudo[86322]: pam_unix(sudo:session): session closed for user root
Apr 16 11:25:53 devstack cinder-volume[83804]: DEBUG oslo_concurrency.processutils [None req-b0b02254-6ef2-4d9a-b43b-8d0b2cac9750 tempest-GroupsV314Test-1765002614 None] CMD "/opt/stack/data/venv/bin/python3.10 -m oslo_concurrency.prlimit --as=1073741824 --cpu=60 -- sudo cinder-rootwrap /etc/cinder/rootwrap.conf env LC_ALL=C qemu-img info -f qcow2 --output=json --force-share /opt/stack/data/cinder/mnt/0d9746397fda3811e10fcebe6bc5259d/volume-c08e0087-03cc-49cc-bb83-2a7ab17ff71d.5699e4cb-6545-484d-b8e4-858a2510c399" returned: 0 in 0.721s {{(pid=83804) execute /opt/stack/data/venv/lib/python3.10/site-packages/oslo_concurrency/processutils.py:468}}
Apr 16 11:25:53 devstack cinder-volume[83804]: DEBUG cinder.volume.drivers.remotefs [None req-b0b02254-6ef2-4d9a-b43b-8d0b2cac9750 tempest-GroupsV314Test-1765002614 None] Fetching qemu-img info with special backing_file_template: (/opt/stack/data/cinder/mnt/[0-9a-f]+/)?(volume-c08e0087-03cc-49cc-bb83-2a7ab17ff71d(.(tmp-snap-)?[0-9a-f-]+)?|volume_from_snapshot_cache/(tmp-snap-)?[0-9a-f-]+(.(child-|parent-)[0-9a-f-]+)?)$ {{(pid=83804) _qemu_img_info_base /opt/stack/cinder/cinder/volume/drivers/remotefs.py:896}}
Apr 16 11:25:53 devstack cinder-volume[83804]: DEBUG cinder.volume.drivers.quobyte [None req-b0b02254-6ef2-4d9a-b43b-8d0b2cac9750 tempest-GroupsV314Test-1765002614 None] will copy from snapshot at /opt/stack/data/cinder/mnt/0d9746397fda3811e10fcebe6bc5259d/volume-c08e0087-03cc-49cc-bb83-2a7ab17ff71d {{(pid=83804) _copy_volume_from_snapshot /opt/stack/cinder/cinder/volume/drivers/quobyte.py:420}}
Apr 16 11:25:53 devstack cinder-volume[83804]: DEBUG cinder.volume.drivers.quobyte [None req-b0b02254-6ef2-4d9a-b43b-8d0b2cac9750 tempest-GroupsV314Test-1765002614 None] Creating direct copy from snapshot {{(pid=83804) _copy_volume_from_snapshot /opt/stack/cinder/cinder/volume/drivers/quobyte.py:428}}
Apr 16 11:25:53 devstack cinder-volume[83804]: DEBUG oslo.privsep.daemon [-] privsep: reply[f55db7fb-3af7-4d1e-81d0-30e3707cc374]: (4, 'qcow2') {{(pid=84608) _call_back /opt/stack/data/venv/lib/python3.10/site-packages/oslo_privsep/daemon.py:573}}
Apr 16 11:25:53 devstack cinder-volume[83804]: DEBUG oslo_concurrency.processutils [None req-b0b02254-6ef2-4d9a-b43b-8d0b2cac9750 tempest-GroupsV314Test-1765002614 None] Running cmd (subprocess): /opt/stack/data/venv/bin/python3.10 -m oslo_concurrency.prlimit --as=1073741824 --cpu=60 -- sudo cinder-rootwrap /etc/cinder/rootwrap.conf env LC_ALL=C qemu-img info -f qcow2 --output=json /opt/stack/data/cinder/mnt/0d9746397fda3811e10fcebe6bc5259d/volume-c08e0087-03cc-49cc-bb83-2a7ab17ff71d {{(pid=83804) execute /opt/stack/data/venv/lib/python3.10/site-packages/oslo_concurrency/processutils.py:440}}
Apr 16 11:25:53 devstack sudo[86354]: quobyte : PWD=/ ; USER=root ; COMMAND=/opt/stack/data/venv/bin/cinder-rootwrap /etc/cinder/rootwrap.conf env LC_ALL=C qemu-img info -f qcow2 --output=json /opt/stack/data/cinder/mnt/0d9746397fda3811e10fcebe6bc5259d/volume-c08e0087-03cc-49cc-bb83-2a7ab17ff71d
Apr 16 11:25:53 devstack sudo[86354]: pam_unix(sudo:session): session opened for user root(uid=0) by (uid=1000)
Apr 16 11:25:54 devstack sudo[86354]: pam_unix(sudo:session): session closed for user root
Apr 16 11:25:54 devstack cinder-volume[83804]: DEBUG oslo_concurrency.processutils [None req-b0b02254-6ef2-4d9a-b43b-8d0b2cac9750 tempest-GroupsV314Test-1765002614 None] CMD "/opt/stack/data/venv/bin/python3.10 -m oslo_concurrency.prlimit --as=1073741824 --cpu=60 -- sudo cinder-rootwrap /etc/cinder/rootwrap.conf env LC_ALL=C qemu-img info -f qcow2 --output=json /opt/stack/data/cinder/mnt/0d9746397fda3811e10fcebe6bc5259d/volume-c08e0087-03cc-49cc-bb83-2a7ab17ff71d" returned: 0 in 1.140s {{(pid=83804) execute /opt/stack/data/venv/lib/python3.10/site-packages/oslo_concurrency/processutils.py:468}}
Apr 16 11:25:54 devstack cinder-volume[83804]: DEBUG cinder.utils [None req-b0b02254-6ef2-4d9a-b43b-8d0b2cac9750 tempest-GroupsV314Test-1765002614 None] Path /opt/stack/data/cinder/mnt/0d9746397fda3811e10fcebe6bc5259d/volume-542fb8ac-4119-4ad9-9c5b-5fab2c17fb51 not found in is_blk_device check {{(pid=83804) is_blk_device /opt/stack/cinder/cinder/utils.py:602}}
Apr 16 11:25:54 devstack cinder-volume[83804]: DEBUG oslo_concurrency.processutils [None req-b0b02254-6ef2-4d9a-b43b-8d0b2cac9750 tempest-GroupsV314Test-1765002614 None] Running cmd (subprocess): sudo cinder-rootwrap /etc/cinder/rootwrap.conf qemu-img convert -O qcow2 /opt/stack/data/cinder/mnt/0d9746397fda3811e10fcebe6bc5259d/volume-c08e0087-03cc-49cc-bb83-2a7ab17ff71d /opt/stack/data/cinder/mnt/0d9746397fda3811e10fcebe6bc5259d/volume-542fb8ac-4119-4ad9-9c5b-5fab2c17fb51 {{(pid=83804) execute /opt/stack/data/venv/lib/python3.10/site-packages/oslo_concurrency/processutils.py:440}}
Apr 16 11:25:54 devstack sudo[86385]: quobyte : PWD=/ ; USER=root ; COMMAND=/opt/stack/data/venv/bin/cinder-rootwrap /etc/cinder/rootwrap.conf qemu-img convert -O qcow2 /opt/stack/data/cinder/mnt/0d9746397fda3811e10fcebe6bc5259d/volume-c08e0087-03cc-49cc-bb83-2a7ab17ff71d /opt/stack/data/cinder/mnt/0d9746397fda3811e10fcebe6bc5259d/volume-542fb8ac-4119-4ad9-9c5b-5fab2c17fb51
Apr 16 11:25:54 devstack sudo[86385]: pam_unix(sudo:session): session opened for user root(uid=0) by (uid=1000)
Apr 16 11:25:59 devstack sudo[86385]: pam_unix(sudo:session): session closed for user root
Apr 16 11:25:59 devstack cinder-volume[83804]: DEBUG oslo_concurrency.processutils [None req-b0b02254-6ef2-4d9a-b43b-8d0b2cac9750 tempest-GroupsV314Test-1765002614 None] CMD "sudo cinder-rootwrap /etc/cinder/rootwrap.conf qemu-img convert -O qcow2 /opt/stack/data/cinder/mnt/0d9746397fda3811e10fcebe6bc5259d/volume-c08e0087-03cc-49cc-bb83-2a7ab17ff71d /opt/stack/data/cinder/mnt/0d9746397fda3811e10fcebe6bc5259d/volume-542fb8ac-4119-4ad9-9c5b-5fab2c17fb51" returned: 0 in 5.224s {{(pid=83804) execute /opt/stack/data/venv/lib/python3.10/site-packages/oslo_concurrency/processutils.py:468}}
Apr 16 11:25:59 devstack cinder-volume[83804]: DEBUG oslo.privsep.daemon [-] privsep: reply[f551630f-c792-48db-ba3e-7aab58b05cdf]: (4, 'qcow2') {{(pid=84608) _call_back /opt/stack/data/venv/lib/python3.10/site-packages/oslo_privsep/daemon.py:573}}
Apr 16 11:25:59 devstack cinder-volume[83804]: DEBUG oslo_concurrency.processutils [None req-b0b02254-6ef2-4d9a-b43b-8d0b2cac9750 tempest-GroupsV314Test-1765002614 None] Running cmd (subprocess): /opt/stack/data/venv/bin/python3.10 -m oslo_concurrency.prlimit --as=1073741824 --cpu=60 -- sudo cinder-rootwrap /etc/cinder/rootwrap.conf env LC_ALL=C qemu-img info -f qcow2 --output=json /opt/stack/data/cinder/mnt/0d9746397fda3811e10fcebe6bc5259d/volume-c08e0087-03cc-49cc-bb83-2a7ab17ff71d {{(pid=83804) execute /opt/stack/data/venv/lib/python3.10/site-packages/oslo_concurrency/processutils.py:440}}
Apr 16 11:25:59 devstack sudo[86488]: quobyte : PWD=/ ; USER=root ; COMMAND=/opt/stack/data/venv/bin/cinder-rootwrap /etc/cinder/rootwrap.conf env LC_ALL=C qemu-img info -f qcow2 --output=json /opt/stack/data/cinder/mnt/0d9746397fda3811e10fcebe6bc5259d/volume-c08e0087-03cc-49cc-bb83-2a7ab17ff71d
Apr 16 11:25:59 devstack sudo[86488]: pam_unix(sudo:session): session opened for user root(uid=0) by (uid=1000)
Apr 16 11:26:00 devstack cinder-volume[83804]: DEBUG dbcounter [-] [83804] Writing DB stats cinder:UPDATE=22,cinder:SELECT=23,cinder:INSERT=4,cinder:DELETE=1 {{(pid=83804) stat_writer /opt/stack/data/venv/lib/python3.10/site-packages/dbcounter.py:115}}
Apr 16 11:26:01 devstack sudo[86488]: pam_unix(sudo:session): session closed for user root
Apr 16 11:26:01 devstack cinder-volume[83804]: DEBUG oslo_concurrency.processutils [None req-b0b02254-6ef2-4d9a-b43b-8d0b2cac9750 tempest-GroupsV314Test-1765002614 None] CMD "/opt/stack/data/venv/bin/python3.10 -m oslo_concurrency.prlimit --as=1073741824 --cpu=60 -- sudo cinder-rootwrap /etc/cinder/rootwrap.conf env LC_ALL=C qemu-img info -f qcow2 --output=json /opt/stack/data/cinder/mnt/0d9746397fda3811e10fcebe6bc5259d/volume-c08e0087-03cc-49cc-bb83-2a7ab17ff71d" returned: 0 in 1.795s {{(pid=83804) execute /opt/stack/data/venv/lib/python3.10/site-packages/oslo_concurrency/processutils.py:468}}
Apr 16 11:26:01 devstack cinder-volume[83804]: DEBUG cinder.image.image_utils [None req-b0b02254-6ef2-4d9a-b43b-8d0b2cac9750 tempest-GroupsV314Test-1765002614 None] Image conversion details: src /opt/stack/data/cinder/mnt/0d9746397fda3811e10fcebe6bc5259d/volume-c08e0087-03cc-49cc-bb83-2a7ab17ff71d, size 1024.00 MB, duration 5.23 sec, destination /opt/stack/data/cinder/mnt/0d9746397fda3811e10fcebe6bc5259d/volume-542fb8ac-4119-4ad9-9c5b-5fab2c17fb51 {{(pid=83804) _convert_image /opt/stack/cinder/cinder/image/image_utils.py:533}}
Apr 16 11:26:01 devstack cinder-volume[83804]: INFO cinder.image.image_utils [None req-b0b02254-6ef2-4d9a-b43b-8d0b2cac9750 tempest-GroupsV314Test-1765002614 None] Converted 1024.00 MB image at 195.96 MB/s
Apr 16 11:26:01 devstack cinder-volume[83804]: WARNING cinder.volume.drivers.remotefs [None req-b0b02254-6ef2-4d9a-b43b-8d0b2cac9750 tempest-GroupsV314Test-1765002614 None] /opt/stack/data/cinder/mnt/0d9746397fda3811e10fcebe6bc5259d/volume-542fb8ac-4119-4ad9-9c5b-5fab2c17fb51 is being set with open permissions: ugo+rw: NotImplementedError
Apr 16 11:26:01 devstack cinder-volume[83804]: DEBUG oslo_concurrency.processutils [None req-b0b02254-6ef2-4d9a-b43b-8d0b2cac9750 tempest-GroupsV314Test-1765002614 None] Running cmd (subprocess): sudo cinder-rootwrap /etc/cinder/rootwrap.conf chmod ugo+rw /opt/stack/data/cinder/mnt/0d9746397fda3811e10fcebe6bc5259d/volume-542fb8ac-4119-4ad9-9c5b-5fab2c17fb51 {{(pid=83804) execute /opt/stack/data/venv/lib/python3.10/site-packages/oslo_concurrency/processutils.py:440}}
Apr 16 11:26:01 devstack sudo[86521]: quobyte : PWD=/ ; USER=root ; COMMAND=/opt/stack/data/venv/bin/cinder-rootwrap /etc/cinder/rootwrap.conf chmod ugo+rw /opt/stack/data/cinder/mnt/0d9746397fda3811e10fcebe6bc5259d/volume-542fb8ac-4119-4ad9-9c5b-5fab2c17fb51
Apr 16 11:26:01 devstack sudo[86521]: pam_unix(sudo:session): session opened for user root(uid=0) by (uid=1000)
Apr 16 11:26:01 devstack sudo[86521]: pam_unix(sudo:session): session closed for user root
Apr 16 11:26:01 devstack cinder-volume[83804]: DEBUG oslo_concurrency.processutils [None req-b0b02254-6ef2-4d9a-b43b-8d0b2cac9750 tempest-GroupsV314Test-1765002614 None] CMD "sudo cinder-rootwrap /etc/cinder/rootwrap.conf chmod ugo+rw /opt/stack/data/cinder/mnt/0d9746397fda3811e10fcebe6bc5259d/volume-542fb8ac-4119-4ad9-9c5b-5fab2c17fb51" returned: 0 in 0.426s {{(pid=83804) execute /opt/stack/data/venv/lib/python3.10/site-packages/oslo_concurrency/processutils.py:468}}
Apr 16 11:26:01 devstack cinder-volume[83804]: DEBUG cinder.coordination [None req-b0b02254-6ef2-4d9a-b43b-8d0b2cac9750 tempest-GroupsV314Test-1765002614 None] Lock "cinder-quobyte-542fb8ac-4119-4ad9-9c5b-5fab2c17fb51" released by "_copy_volume_from_snapshot" :: held 9.393s {{(pid=83804) __release /opt/stack/cinder/cinder/coordination.py:152}}
Apr 16 11:26:01 devstack cinder-volume[83804]: DEBUG cinder.coordination [None req-b0b02254-6ef2-4d9a-b43b-8d0b2cac9750 tempest-GroupsV314Test-1765002614 None] Acquiring lock "cinder-quobyte-5699e4cb-6545-484d-b8e4-858a2510c399" by "_delete_snapshot" {{(pid=83804) __acquire /opt/stack/cinder/cinder/coordination.py:138}}
Apr 16 11:26:01 devstack cinder-volume[83804]: DEBUG cinder.coordination [None req-b0b02254-6ef2-4d9a-b43b-8d0b2cac9750 tempest-GroupsV314Test-1765002614 None] Lock "cinder-quobyte-5699e4cb-6545-484d-b8e4-858a2510c399" acquired by "_delete_snapshot" :: waited 0.010s {{(pid=83804) __acquire /opt/stack/cinder/cinder/coordination.py:141}}
Apr 16 11:26:01 devstack cinder-volume[83804]: DEBUG cinder.volume.drivers.remotefs [None req-b0b02254-6ef2-4d9a-b43b-8d0b2cac9750 tempest-GroupsV314Test-1765002614 None] Deleting offline snapshot 5699e4cb-6545-484d-b8e4-858a2510c399 of volume c08e0087-03cc-49cc-bb83-2a7ab17ff71d {{(pid=83804) _delete_snapshot /opt/stack/cinder/cinder/volume/drivers/remotefs.py:1288}}
Apr 16 11:26:01 devstack cinder-volume[83804]: DEBUG cinder.volume.drivers.remotefs [None req-b0b02254-6ef2-4d9a-b43b-8d0b2cac9750 tempest-GroupsV314Test-1765002614 None] snapshot_file for this snap is: volume-c08e0087-03cc-49cc-bb83-2a7ab17ff71d.5699e4cb-6545-484d-b8e4-858a2510c399 {{(pid=83804) _delete_snapshot /opt/stack/cinder/cinder/volume/drivers/remotefs.py:1317}}
Apr 16 11:26:01 devstack cinder-volume[83804]: DEBUG oslo.privsep.daemon [-] privsep: reply[8ff4cd37-f1e8-4676-8517-411ce4966e2c]: (4, 'qcow2') {{(pid=84608) _call_back /opt/stack/data/venv/lib/python3.10/site-packages/oslo_privsep/daemon.py:573}}
Apr 16 11:26:01 devstack cinder-volume[83804]: DEBUG oslo_concurrency.processutils [None req-b0b02254-6ef2-4d9a-b43b-8d0b2cac9750 tempest-GroupsV314Test-1765002614 None] Running cmd (subprocess): /opt/stack/data/venv/bin/python3.10 -m oslo_concurrency.prlimit --as=1073741824 --cpu=60 -- sudo cinder-rootwrap /etc/cinder/rootwrap.conf env LC_ALL=C qemu-img info -f qcow2 --output=json --force-share /opt/stack/data/cinder/mnt/0d9746397fda3811e10fcebe6bc5259d/volume-c08e0087-03cc-49cc-bb83-2a7ab17ff71d.5699e4cb-6545-484d-b8e4-858a2510c399 {{(pid=83804) execute /opt/stack/data/venv/lib/python3.10/site-packages/oslo_concurrency/processutils.py:440}}
Apr 16 11:26:02 devstack sudo[86526]: quobyte : PWD=/ ; USER=root ; COMMAND=/opt/stack/data/venv/bin/cinder-rootwrap /etc/cinder/rootwrap.conf env LC_ALL=C qemu-img info -f qcow2 --output=json --force-share /opt/stack/data/cinder/mnt/0d9746397fda3811e10fcebe6bc5259d/volume-c08e0087-03cc-49cc-bb83-2a7ab17ff71d.5699e4cb-6545-484d-b8e4-858a2510c399
Apr 16 11:26:02 devstack sudo[86526]: pam_unix(sudo:session): session opened for user root(uid=0) by (uid=1000)
Apr 16 11:26:02 devstack sudo[86526]: pam_unix(sudo:session): session closed for user root
Apr 16 11:26:02 devstack cinder-volume[83804]: DEBUG oslo_concurrency.processutils [None req-b0b02254-6ef2-4d9a-b43b-8d0b2cac9750 tempest-GroupsV314Test-1765002614 None] CMD "/opt/stack/data/venv/bin/python3.10 -m oslo_concurrency.prlimit --as=1073741824 --cpu=60 -- sudo cinder-rootwrap /etc/cinder/rootwrap.conf env LC_ALL=C qemu-img info -f qcow2 --output=json --force-share /opt/stack/data/cinder/mnt/0d9746397fda3811e10fcebe6bc5259d/volume-c08e0087-03cc-49cc-bb83-2a7ab17ff71d.5699e4cb-6545-484d-b8e4-858a2510c399" returned: 0 in 0.908s {{(pid=83804) execute /opt/stack/data/venv/lib/python3.10/site-packages/oslo_concurrency/processutils.py:468}}
Apr 16 11:26:02 devstack cinder-volume[83804]: DEBUG cinder.volume.drivers.remotefs [None req-b0b02254-6ef2-4d9a-b43b-8d0b2cac9750 tempest-GroupsV314Test-1765002614 None] Fetching qemu-img info with special backing_file_template: (/opt/stack/data/cinder/mnt/[0-9a-f]+/)?(volume-c08e0087-03cc-49cc-bb83-2a7ab17ff71d(.(tmp-snap-)?[0-9a-f-]+)?|volume_from_snapshot_cache/(tmp-snap-)?[0-9a-f-]+(.(child-|parent-)[0-9a-f-]+)?)$ {{(pid=83804) _qemu_img_info_base /opt/stack/cinder/cinder/volume/drivers/remotefs.py:896}}
Apr 16 11:26:02 devstack cinder-volume[83804]: DEBUG oslo.privsep.daemon [-] privsep: reply[960cf658-4e3f-4697-b635-c4e7da612c6e]: (4, 'qcow2') {{(pid=84608) _call_back /opt/stack/data/venv/lib/python3.10/site-packages/oslo_privsep/daemon.py:573}}
Apr 16 11:26:02 devstack cinder-volume[83804]: DEBUG oslo_concurrency.processutils [None req-b0b02254-6ef2-4d9a-b43b-8d0b2cac9750 tempest-GroupsV314Test-1765002614 None] Running cmd (subprocess): /opt/stack/data/venv/bin/python3.10 -m oslo_concurrency.prlimit --as=1073741824 --cpu=60 -- sudo cinder-rootwrap /etc/cinder/rootwrap.conf env LC_ALL=C qemu-img info -f qcow2 --output=json --force-share /opt/stack/data/cinder/mnt/0d9746397fda3811e10fcebe6bc5259d/volume-c08e0087-03cc-49cc-bb83-2a7ab17ff71d {{(pid=83804) execute /opt/stack/data/venv/lib/python3.10/site-packages/oslo_concurrency/processutils.py:440}}
Apr 16 11:26:03 devstack sudo[86532]: quobyte : PWD=/ ; USER=root ; COMMAND=/opt/stack/data/venv/bin/cinder-rootwrap /etc/cinder/rootwrap.conf env LC_ALL=C qemu-img info -f qcow2 --output=json --force-share /opt/stack/data/cinder/mnt/0d9746397fda3811e10fcebe6bc5259d/volume-c08e0087-03cc-49cc-bb83-2a7ab17ff71d
Apr 16 11:26:03 devstack sudo[86532]: pam_unix(sudo:session): session opened for user root(uid=0) by (uid=1000)
Apr 16 11:26:03 devstack cinder-volume[83804]: DEBUG dbcounter [-] [83804] Writing DB stats cinder:UPDATE=23,cinder:SELECT=32,cinder:INSERT=8 {{(pid=83804) stat_writer /opt/stack/data/venv/lib/python3.10/site-packages/dbcounter.py:115}}
Apr 16 11:26:03 devstack sudo[86532]: pam_unix(sudo:session): session closed for user root
Apr 16 11:26:03 devstack cinder-volume[83804]: DEBUG oslo_concurrency.processutils [None req-b0b02254-6ef2-4d9a-b43b-8d0b2cac9750 tempest-GroupsV314Test-1765002614 None] CMD "/opt/stack/data/venv/bin/python3.10 -m oslo_concurrency.prlimit --as=1073741824 --cpu=60 -- sudo cinder-rootwrap /etc/cinder/rootwrap.conf env LC_ALL=C qemu-img info -f qcow2 --output=json --force-share /opt/stack/data/cinder/mnt/0d9746397fda3811e10fcebe6bc5259d/volume-c08e0087-03cc-49cc-bb83-2a7ab17ff71d" returned: 0 in 0.997s {{(pid=83804) execute /opt/stack/data/venv/lib/python3.10/site-packages/oslo_concurrency/processutils.py:468}}
Apr 16 11:26:03 devstack cinder-volume[83804]: DEBUG oslo_concurrency.processutils [None req-b0b02254-6ef2-4d9a-b43b-8d0b2cac9750 tempest-GroupsV314Test-1765002614 None] Running cmd (subprocess): sudo cinder-rootwrap /etc/cinder/rootwrap.conf qemu-img commit -d /opt/stack/data/cinder/mnt/0d9746397fda3811e10fcebe6bc5259d/volume-c08e0087-03cc-49cc-bb83-2a7ab17ff71d.5699e4cb-6545-484d-b8e4-858a2510c399 {{(pid=83804) execute /opt/stack/data/venv/lib/python3.10/site-packages/oslo_concurrency/processutils.py:440}}
Apr 16 11:26:03 devstack sudo[86542]: quobyte : PWD=/ ; USER=root ; COMMAND=/opt/stack/data/venv/bin/cinder-rootwrap /etc/cinder/rootwrap.conf qemu-img commit -d /opt/stack/data/cinder/mnt/0d9746397fda3811e10fcebe6bc5259d/volume-c08e0087-03cc-49cc-bb83-2a7ab17ff71d.5699e4cb-6545-484d-b8e4-858a2510c399
Apr 16 11:26:03 devstack sudo[86542]: pam_unix(sudo:session): session opened for user root(uid=0) by (uid=1000)
Apr 16 11:26:04 devstack sudo[86542]: pam_unix(sudo:session): session closed for user root
Apr 16 11:26:04 devstack cinder-volume[83804]: DEBUG oslo_concurrency.processutils [None req-b0b02254-6ef2-4d9a-b43b-8d0b2cac9750 tempest-GroupsV314Test-1765002614 None] CMD "sudo cinder-rootwrap /etc/cinder/rootwrap.conf qemu-img commit -d /opt/stack/data/cinder/mnt/0d9746397fda3811e10fcebe6bc5259d/volume-c08e0087-03cc-49cc-bb83-2a7ab17ff71d.5699e4cb-6545-484d-b8e4-858a2510c399" returned: 0 in 1.016s {{(pid=83804) execute /opt/stack/data/venv/lib/python3.10/site-packages/oslo_concurrency/processutils.py:468}}
Apr 16 11:26:04 devstack cinder-volume[83804]: DEBUG oslo_concurrency.processutils [None req-b0b02254-6ef2-4d9a-b43b-8d0b2cac9750 tempest-GroupsV314Test-1765002614 None] Running cmd (subprocess): sudo cinder-rootwrap /etc/cinder/rootwrap.conf rm -f /opt/stack/data/cinder/mnt/0d9746397fda3811e10fcebe6bc5259d/volume-c08e0087-03cc-49cc-bb83-2a7ab17ff71d.5699e4cb-6545-484d-b8e4-858a2510c399 {{(pid=83804) execute /opt/stack/data/venv/lib/python3.10/site-packages/oslo_concurrency/processutils.py:440}}
Apr 16 11:26:04 devstack sudo[86549]: quobyte : PWD=/ ; USER=root ; COMMAND=/opt/stack/data/venv/bin/cinder-rootwrap /etc/cinder/rootwrap.conf rm -f /opt/stack/data/cinder/mnt/0d9746397fda3811e10fcebe6bc5259d/volume-c08e0087-03cc-49cc-bb83-2a7ab17ff71d.5699e4cb-6545-484d-b8e4-858a2510c399
Apr 16 11:26:04 devstack sudo[86549]: pam_unix(sudo:session): session opened for user root(uid=0) by (uid=1000)
Apr 16 11:26:05 devstack sudo[86549]: pam_unix(sudo:session): session closed for user root
Apr 16 11:26:05 devstack cinder-volume[83804]: DEBUG oslo_concurrency.processutils [None req-b0b02254-6ef2-4d9a-b43b-8d0b2cac9750 tempest-GroupsV314Test-1765002614 None] CMD "sudo cinder-rootwrap /etc/cinder/rootwrap.conf rm -f /opt/stack/data/cinder/mnt/0d9746397fda3811e10fcebe6bc5259d/volume-c08e0087-03cc-49cc-bb83-2a7ab17ff71d.5699e4cb-6545-484d-b8e4-858a2510c399" returned: 0 in 0.526s {{(pid=83804) execute /opt/stack/data/venv/lib/python3.10/site-packages/oslo_concurrency/processutils.py:468}}
Apr 16 11:26:05 devstack cinder-volume[83804]: DEBUG cinder.coordination [None req-b0b02254-6ef2-4d9a-b43b-8d0b2cac9750 tempest-GroupsV314Test-1765002614 None] Lock "cinder-quobyte-5699e4cb-6545-484d-b8e4-858a2510c399" released by "_delete_snapshot" :: held 3.575s {{(pid=83804) __release /opt/stack/cinder/cinder/coordination.py:152}}
Apr 16 11:26:05 devstack cinder-volume[83804]: DEBUG oslo_concurrency.lockutils [None req-b0b02254-6ef2-4d9a-b43b-8d0b2cac9750 tempest-GroupsV314Test-1765002614 None] Lock "quobyte" "released" by "cinder.volume.drivers.quobyte.QuobyteDriver.create_cloned_volume" :: held 17.469s {{(pid=83804) inner /opt/stack/data/venv/lib/python3.10/site-packages/oslo_concurrency/lockutils.py:538}}
Apr 16 11:26:05 devstack cinder-volume[83804]: INFO cinder.volume.manager [None req-b0b02254-6ef2-4d9a-b43b-8d0b2cac9750 tempest-GroupsV314Test-1765002614 None] Create group from source-group-dae6ffe7-e6d2-46c0-9bb4-44e7e1bcd652 completed successfully.
Apr 16 11:26:06 devstack cinder-volume[83804]: DEBUG cinder.coordination [None req-f2244dad-211e-4ccf-b3f2-c5a64202aac9 tempest-GroupsV314Test-1765002614 None] Acquiring lock "cinder-quobyte-542fb8ac-4119-4ad9-9c5b-5fab2c17fb51" by "delete_volume" {{(pid=83804) __acquire /opt/stack/cinder/cinder/coordination.py:138}}
Apr 16 11:26:06 devstack cinder-volume[83804]: DEBUG cinder.coordination [None req-f2244dad-211e-4ccf-b3f2-c5a64202aac9 tempest-GroupsV314Test-1765002614 None] Lock "cinder-quobyte-542fb8ac-4119-4ad9-9c5b-5fab2c17fb51" acquired by "delete_volume" :: waited 0.009s {{(pid=83804) __acquire /opt/stack/cinder/cinder/coordination.py:141}}
Apr 16 11:26:06 devstack cinder-volume[83804]: DEBUG oslo.privsep.daemon [-] privsep: reply[de3db3f1-7a0b-47e2-88d7-42761590b938]: (4, 'qcow2') {{(pid=84608) _call_back /opt/stack/data/venv/lib/python3.10/site-packages/oslo_privsep/daemon.py:573}}
Apr 16 11:26:06 devstack cinder-volume[83804]: DEBUG oslo_concurrency.processutils [None req-f2244dad-211e-4ccf-b3f2-c5a64202aac9 tempest-GroupsV314Test-1765002614 None] Running cmd (subprocess): /opt/stack/data/venv/bin/python3.10 -m oslo_concurrency.prlimit --as=1073741824 --cpu=60 -- sudo cinder-rootwrap /etc/cinder/rootwrap.conf env LC_ALL=C qemu-img info -f qcow2 --output=json --force-share /opt/stack/data/cinder/mnt/0d9746397fda3811e10fcebe6bc5259d/volume-542fb8ac-4119-4ad9-9c5b-5fab2c17fb51 {{(pid=83804) execute /opt/stack/data/venv/lib/python3.10/site-packages/oslo_concurrency/processutils.py:440}}
Apr 16 11:26:06 devstack sudo[86552]: quobyte : PWD=/ ; USER=root ; COMMAND=/opt/stack/data/venv/bin/cinder-rootwrap /etc/cinder/rootwrap.conf env LC_ALL=C qemu-img info -f qcow2 --output=json --force-share /opt/stack/data/cinder/mnt/0d9746397fda3811e10fcebe6bc5259d/volume-542fb8ac-4119-4ad9-9c5b-5fab2c17fb51
Apr 16 11:26:06 devstack sudo[86552]: pam_unix(sudo:session): session opened for user root(uid=0) by (uid=1000)
Apr 16 11:26:07 devstack sudo[86552]: pam_unix(sudo:session): session closed for user root
Apr 16 11:26:07 devstack cinder-volume[83804]: DEBUG oslo_concurrency.processutils [None req-f2244dad-211e-4ccf-b3f2-c5a64202aac9 tempest-GroupsV314Test-1765002614 None] CMD "/opt/stack/data/venv/bin/python3.10 -m oslo_concurrency.prlimit --as=1073741824 --cpu=60 -- sudo cinder-rootwrap /etc/cinder/rootwrap.conf env LC_ALL=C qemu-img info -f qcow2 --output=json --force-share /opt/stack/data/cinder/mnt/0d9746397fda3811e10fcebe6bc5259d/volume-542fb8ac-4119-4ad9-9c5b-5fab2c17fb51" returned: 0 in 0.677s {{(pid=83804) execute /opt/stack/data/venv/lib/python3.10/site-packages/oslo_concurrency/processutils.py:468}}
Apr 16 11:26:07 devstack cinder-volume[83804]: DEBUG oslo_concurrency.processutils [None req-f2244dad-211e-4ccf-b3f2-c5a64202aac9 tempest-GroupsV314Test-1765002614 None] Running cmd (subprocess): sudo cinder-rootwrap /etc/cinder/rootwrap.conf rm -f /opt/stack/data/cinder/mnt/0d9746397fda3811e10fcebe6bc5259d/volume-542fb8ac-4119-4ad9-9c5b-5fab2c17fb51 {{(pid=83804) execute /opt/stack/data/venv/lib/python3.10/site-packages/oslo_concurrency/processutils.py:440}}
Apr 16 11:26:07 devstack sudo[86578]: quobyte : PWD=/ ; USER=root ; COMMAND=/opt/stack/data/venv/bin/cinder-rootwrap /etc/cinder/rootwrap.conf rm -f /opt/stack/data/cinder/mnt/0d9746397fda3811e10fcebe6bc5259d/volume-542fb8ac-4119-4ad9-9c5b-5fab2c17fb51
Apr 16 11:26:07 devstack sudo[86578]: pam_unix(sudo:session): session opened for user root(uid=0) by (uid=1000)
Apr 16 11:26:07 devstack sudo[86578]: pam_unix(sudo:session): session closed for user root
Apr 16 11:26:07 devstack cinder-volume[83804]: DEBUG oslo_concurrency.processutils [None req-f2244dad-211e-4ccf-b3f2-c5a64202aac9 tempest-GroupsV314Test-1765002614 None] CMD "sudo cinder-rootwrap /etc/cinder/rootwrap.conf rm -f /opt/stack/data/cinder/mnt/0d9746397fda3811e10fcebe6bc5259d/volume-542fb8ac-4119-4ad9-9c5b-5fab2c17fb51" returned: 0 in 0.579s {{(pid=83804) execute /opt/stack/data/venv/lib/python3.10/site-packages/oslo_concurrency/processutils.py:468}}
Apr 16 11:26:07 devstack cinder-volume[83804]: DEBUG cinder.coordination [None req-f2244dad-211e-4ccf-b3f2-c5a64202aac9 tempest-GroupsV314Test-1765002614 None] Lock "cinder-quobyte-542fb8ac-4119-4ad9-9c5b-5fab2c17fb51" released by "delete_volume" :: held 1.335s {{(pid=83804) __release /opt/stack/cinder/cinder/coordination.py:152}}
Apr 16 11:26:07 devstack cinder-volume[83804]: DEBUG cinder.quota [None req-f2244dad-211e-4ccf-b3f2-c5a64202aac9 tempest-GroupsV314Test-1765002614 None] Created reservations ['cc94ef1b-d7d1-49c2-b58c-b5f4b6908bc2'] {{(pid=83804) reserve /opt/stack/cinder/cinder/quota.py:752}}
Apr 16 11:26:07 devstack cinder-volume[83804]: WARNING cinder.quota [None req-f2244dad-211e-4ccf-b3f2-c5a64202aac9 tempest-GroupsV314Test-1765002614 None] Deprecated: Default quota for resource: volumes_tempest-GroupsV314Test-volume-type-1669306028 is set by the default quota flag: quota_volumes_tempest-GroupsV314Test-volume-type-1669306028, it is now deprecated. Please use the default quota class for default quota.
Apr 16 11:26:07 devstack cinder-volume[83804]: WARNING cinder.quota [None req-f2244dad-211e-4ccf-b3f2-c5a64202aac9 tempest-GroupsV314Test-1765002614 None] Deprecated: Default quota for resource: gigabytes_tempest-GroupsV314Test-volume-type-1669306028 is set by the default quota flag: quota_gigabytes_tempest-GroupsV314Test-volume-type-1669306028, it is now deprecated. Please use the default quota class for default quota.
Apr 16 11:26:07 devstack cinder-volume[83804]: DEBUG cinder.quota [None req-f2244dad-211e-4ccf-b3f2-c5a64202aac9 tempest-GroupsV314Test-1765002614 None] Created reservations ['a253aad3-2d58-4ae4-bd47-fc9f94d7e5f6', '52d5972c-a366-4e33-a904-64606fc5f09c', '61a7c1d7-c155-4194-b165-095e375457c2', 'ba55d3cc-9cbd-41d0-859e-964e06f1630a'] {{(pid=83804) reserve /opt/stack/cinder/cinder/quota.py:752}}
Apr 16 11:26:07 devstack cinder-volume[83804]: DEBUG oslo_concurrency.lockutils [None req-f2244dad-211e-4ccf-b3f2-c5a64202aac9 tempest-GroupsV314Test-1765002614 None] Acquiring lock "quobyte_ensure" by "cinder.volume.drivers.quobyte.QuobyteDriver._ensure_shares_mounted" {{(pid=83804) inner /opt/stack/data/venv/lib/python3.10/site-packages/oslo_concurrency/lockutils.py:506}}
Apr 16 11:26:07 devstack cinder-volume[83804]: DEBUG oslo_concurrency.lockutils [None req-f2244dad-211e-4ccf-b3f2-c5a64202aac9 tempest-GroupsV314Test-1765002614 None] Lock "quobyte_ensure" acquired by "cinder.volume.drivers.quobyte.QuobyteDriver._ensure_shares_mounted" :: waited 0.001s {{(pid=83804) inner /opt/stack/data/venv/lib/python3.10/site-packages/oslo_concurrency/lockutils.py:519}}
Apr 16 11:26:07 devstack cinder-volume[83804]: DEBUG cinder.volume.drivers.quobyte [None req-f2244dad-211e-4ccf-b3f2-c5a64202aac9 tempest-GroupsV314Test-1765002614 None] Quobyte Volume URL set to: {'osci02.corp.quobyte.com/cinder-vol-5f85587f-0695-439f-adc9-d2d5f05f8253': None} {{(pid=83804) _load_shares_config /opt/stack/cinder/cinder/volume/drivers/quobyte.py:617}}
Apr 16 11:26:07 devstack cinder-volume[83804]: DEBUG cinder.volume.drivers.quobyte [None req-f2244dad-211e-4ccf-b3f2-c5a64202aac9 tempest-GroupsV314Test-1765002614 None] Available shares ['osci02.corp.quobyte.com/cinder-vol-5f85587f-0695-439f-adc9-d2d5f05f8253'] {{(pid=83804) _ensure_shares_mounted /opt/stack/cinder/cinder/volume/drivers/quobyte.py:647}}
Apr 16 11:26:07 devstack cinder-volume[83804]: DEBUG oslo_concurrency.lockutils [None req-f2244dad-211e-4ccf-b3f2-c5a64202aac9 tempest-GroupsV314Test-1765002614 None] Lock "quobyte_ensure" "released" by "cinder.volume.drivers.quobyte.QuobyteDriver._ensure_shares_mounted" :: held 0.004s {{(pid=83804) inner /opt/stack/data/venv/lib/python3.10/site-packages/oslo_concurrency/lockutils.py:538}}
Apr 16 11:26:07 devstack cinder-volume[83804]: DEBUG oslo_concurrency.processutils [None req-f2244dad-211e-4ccf-b3f2-c5a64202aac9 tempest-GroupsV314Test-1765002614 None] Running cmd (subprocess): sudo cinder-rootwrap /etc/cinder/rootwrap.conf df --portability --block-size 1 /opt/stack/data/cinder/mnt/0d9746397fda3811e10fcebe6bc5259d {{(pid=83804) execute /opt/stack/data/venv/lib/python3.10/site-packages/oslo_concurrency/processutils.py:440}}
Apr 16 11:26:07 devstack sudo[86582]: quobyte : PWD=/ ; USER=root ; COMMAND=/opt/stack/data/venv/bin/cinder-rootwrap /etc/cinder/rootwrap.conf df --portability --block-size 1 /opt/stack/data/cinder/mnt/0d9746397fda3811e10fcebe6bc5259d
Apr 16 11:26:07 devstack sudo[86582]: pam_unix(sudo:session): session opened for user root(uid=0) by (uid=1000)
Apr 16 11:26:08 devstack sudo[86582]: pam_unix(sudo:session): session closed for user root
Apr 16 11:26:08 devstack cinder-volume[83804]: DEBUG oslo_concurrency.processutils [None req-f2244dad-211e-4ccf-b3f2-c5a64202aac9 tempest-GroupsV314Test-1765002614 None] CMD "sudo cinder-rootwrap /etc/cinder/rootwrap.conf df --portability --block-size 1 /opt/stack/data/cinder/mnt/0d9746397fda3811e10fcebe6bc5259d" returned: 0 in 0.529s {{(pid=83804) execute /opt/stack/data/venv/lib/python3.10/site-packages/oslo_concurrency/processutils.py:468}}
Apr 16 11:26:08 devstack cinder-volume[83804]: DEBUG cinder.manager [None req-f2244dad-211e-4ccf-b3f2-c5a64202aac9 tempest-GroupsV314Test-1765002614 None] Notifying Schedulers of capabilities ... {{(pid=83804) _publish_service_capabilities /opt/stack/cinder/cinder/manager.py:202}}
Apr 16 11:26:08 devstack cinder-volume[83804]: INFO cinder.volume.manager [None req-f2244dad-211e-4ccf-b3f2-c5a64202aac9 tempest-GroupsV314Test-1765002614 None] Delete group completed successfully.
Apr 16 11:26:08 devstack cinder-volume[83804]: DEBUG cinder.coordination [None req-ff239802-23b7-4857-aee8-491ed5a2cf9f tempest-GroupsV314Test-1765002614 None] Acquiring lock "cinder-quobyte-c08e0087-03cc-49cc-bb83-2a7ab17ff71d" by "delete_volume" {{(pid=83804) __acquire /opt/stack/cinder/cinder/coordination.py:138}}
Apr 16 11:26:08 devstack cinder-volume[83804]: DEBUG cinder.coordination [None req-ff239802-23b7-4857-aee8-491ed5a2cf9f tempest-GroupsV314Test-1765002614 None] Lock "cinder-quobyte-c08e0087-03cc-49cc-bb83-2a7ab17ff71d" acquired by "delete_volume" :: waited 0.013s {{(pid=83804) __acquire /opt/stack/cinder/cinder/coordination.py:141}}
Apr 16 11:26:08 devstack cinder-volume[83804]: DEBUG oslo.privsep.daemon [-] privsep: reply[961e6bc3-5e7d-49ee-9434-55d2a0d89304]: (4, 'qcow2') {{(pid=84608) _call_back /opt/stack/data/venv/lib/python3.10/site-packages/oslo_privsep/daemon.py:573}}
Apr 16 11:26:08 devstack cinder-volume[83804]: DEBUG oslo_concurrency.processutils [None req-ff239802-23b7-4857-aee8-491ed5a2cf9f tempest-GroupsV314Test-1765002614 None] Running cmd (subprocess): /opt/stack/data/venv/bin/python3.10 -m oslo_concurrency.prlimit --as=1073741824 --cpu=60 -- sudo cinder-rootwrap /etc/cinder/rootwrap.conf env LC_ALL=C qemu-img info -f qcow2 --output=json --force-share /opt/stack/data/cinder/mnt/0d9746397fda3811e10fcebe6bc5259d/volume-c08e0087-03cc-49cc-bb83-2a7ab17ff71d {{(pid=83804) execute /opt/stack/data/venv/lib/python3.10/site-packages/oslo_concurrency/processutils.py:440}}
Apr 16 11:26:09 devstack sudo[86592]: quobyte : PWD=/ ; USER=root ; COMMAND=/opt/stack/data/venv/bin/cinder-rootwrap /etc/cinder/rootwrap.conf env LC_ALL=C qemu-img info -f qcow2 --output=json --force-share /opt/stack/data/cinder/mnt/0d9746397fda3811e10fcebe6bc5259d/volume-c08e0087-03cc-49cc-bb83-2a7ab17ff71d
Apr 16 11:26:09 devstack sudo[86592]: pam_unix(sudo:session): session opened for user root(uid=0) by (uid=1000)
Apr 16 11:26:09 devstack sudo[86592]: pam_unix(sudo:session): session closed for user root
Apr 16 11:26:09 devstack cinder-volume[83804]: DEBUG oslo_concurrency.processutils [None req-ff239802-23b7-4857-aee8-491ed5a2cf9f tempest-GroupsV314Test-1765002614 None] CMD "/opt/stack/data/venv/bin/python3.10 -m oslo_concurrency.prlimit --as=1073741824 --cpu=60 -- sudo cinder-rootwrap /etc/cinder/rootwrap.conf env LC_ALL=C qemu-img info -f qcow2 --output=json --force-share /opt/stack/data/cinder/mnt/0d9746397fda3811e10fcebe6bc5259d/volume-c08e0087-03cc-49cc-bb83-2a7ab17ff71d" returned: 0 in 0.846s {{(pid=83804) execute /opt/stack/data/venv/lib/python3.10/site-packages/oslo_concurrency/processutils.py:468}}
Apr 16 11:26:09 devstack cinder-volume[83804]: DEBUG oslo_concurrency.processutils [None req-ff239802-23b7-4857-aee8-491ed5a2cf9f tempest-GroupsV314Test-1765002614 None] Running cmd (subprocess): sudo cinder-rootwrap /etc/cinder/rootwrap.conf rm -f /opt/stack/data/cinder/mnt/0d9746397fda3811e10fcebe6bc5259d/volume-c08e0087-03cc-49cc-bb83-2a7ab17ff71d {{(pid=83804) execute /opt/stack/data/venv/lib/python3.10/site-packages/oslo_concurrency/processutils.py:440}}
Apr 16 11:26:09 devstack sudo[86607]: quobyte : PWD=/ ; USER=root ; COMMAND=/opt/stack/data/venv/bin/cinder-rootwrap /etc/cinder/rootwrap.conf rm -f /opt/stack/data/cinder/mnt/0d9746397fda3811e10fcebe6bc5259d/volume-c08e0087-03cc-49cc-bb83-2a7ab17ff71d
Apr 16 11:26:09 devstack sudo[86607]: pam_unix(sudo:session): session opened for user root(uid=0) by (uid=1000)
Apr 16 11:26:10 devstack sudo[86607]: pam_unix(sudo:session): session closed for user root
Apr 16 11:26:10 devstack cinder-volume[83804]: DEBUG oslo_concurrency.processutils [None req-ff239802-23b7-4857-aee8-491ed5a2cf9f tempest-GroupsV314Test-1765002614 None] CMD "sudo cinder-rootwrap /etc/cinder/rootwrap.conf rm -f /opt/stack/data/cinder/mnt/0d9746397fda3811e10fcebe6bc5259d/volume-c08e0087-03cc-49cc-bb83-2a7ab17ff71d" returned: 0 in 0.678s {{(pid=83804) execute /opt/stack/data/venv/lib/python3.10/site-packages/oslo_concurrency/processutils.py:468}}
Apr 16 11:26:10 devstack cinder-volume[83804]: DEBUG cinder.coordination [None req-ff239802-23b7-4857-aee8-491ed5a2cf9f tempest-GroupsV314Test-1765002614 None] Lock "cinder-quobyte-c08e0087-03cc-49cc-bb83-2a7ab17ff71d" released by "delete_volume" :: held 1.561s {{(pid=83804) __release /opt/stack/cinder/cinder/coordination.py:152}}
Apr 16 11:26:10 devstack cinder-volume[83804]: DEBUG cinder.quota [None req-ff239802-23b7-4857-aee8-491ed5a2cf9f tempest-GroupsV314Test-1765002614 None] Created reservations ['88f32e05-93da-4722-9bc6-9f5092bab72a'] {{(pid=83804) reserve /opt/stack/cinder/cinder/quota.py:752}}
Apr 16 11:26:10 devstack cinder-volume[83804]: DEBUG cinder.quota [None req-ff239802-23b7-4857-aee8-491ed5a2cf9f tempest-GroupsV314Test-1765002614 None] Created reservations ['7ab4959a-576a-4ed9-819f-1e09954137d9', '0539f3c7-b3be-4c96-ab86-4e7f500193b6', '1622874a-0fcc-4b5a-a419-dd582d8c9d5f', '33a8dd72-f891-490b-a7fe-3d73bec43b1f'] {{(pid=83804) reserve /opt/stack/cinder/cinder/quota.py:752}}
Apr 16 11:26:10 devstack cinder-volume[83804]: DEBUG oslo_concurrency.lockutils [None req-ff239802-23b7-4857-aee8-491ed5a2cf9f tempest-GroupsV314Test-1765002614 None] Acquiring lock "quobyte_ensure" by "cinder.volume.drivers.quobyte.QuobyteDriver._ensure_shares_mounted" {{(pid=83804) inner /opt/stack/data/venv/lib/python3.10/site-packages/oslo_concurrency/lockutils.py:506}}
Apr 16 11:26:10 devstack cinder-volume[83804]: DEBUG oslo_concurrency.lockutils [None req-ff239802-23b7-4857-aee8-491ed5a2cf9f tempest-GroupsV314Test-1765002614 None] Lock "quobyte_ensure" acquired by "cinder.volume.drivers.quobyte.QuobyteDriver._ensure_shares_mounted" :: waited 0.001s {{(pid=83804) inner /opt/stack/data/venv/lib/python3.10/site-packages/oslo_concurrency/lockutils.py:519}}
Apr 16 11:26:10 devstack cinder-volume[83804]: DEBUG cinder.volume.drivers.quobyte [None req-ff239802-23b7-4857-aee8-491ed5a2cf9f tempest-GroupsV314Test-1765002614 None] Quobyte Volume URL set to: {'osci02.corp.quobyte.com/cinder-vol-5f85587f-0695-439f-adc9-d2d5f05f8253': None} {{(pid=83804) _load_shares_config /opt/stack/cinder/cinder/volume/drivers/quobyte.py:617}}
Apr 16 11:26:10 devstack cinder-volume[83804]: DEBUG cinder.volume.drivers.quobyte [None req-ff239802-23b7-4857-aee8-491ed5a2cf9f tempest-GroupsV314Test-1765002614 None] Available shares ['osci02.corp.quobyte.com/cinder-vol-5f85587f-0695-439f-adc9-d2d5f05f8253'] {{(pid=83804) _ensure_shares_mounted /opt/stack/cinder/cinder/volume/drivers/quobyte.py:647}}
Apr 16 11:26:10 devstack cinder-volume[83804]: DEBUG oslo_concurrency.lockutils [None req-ff239802-23b7-4857-aee8-491ed5a2cf9f tempest-GroupsV314Test-1765002614 None] Lock "quobyte_ensure" "released" by "cinder.volume.drivers.quobyte.QuobyteDriver._ensure_shares_mounted" :: held 0.004s {{(pid=83804) inner /opt/stack/data/venv/lib/python3.10/site-packages/oslo_concurrency/lockutils.py:538}}
Apr 16 11:26:10 devstack cinder-volume[83804]: DEBUG oslo_concurrency.processutils [None req-ff239802-23b7-4857-aee8-491ed5a2cf9f tempest-GroupsV314Test-1765002614 None] Running cmd (subprocess): sudo cinder-rootwrap /etc/cinder/rootwrap.conf df --portability --block-size 1 /opt/stack/data/cinder/mnt/0d9746397fda3811e10fcebe6bc5259d {{(pid=83804) execute /opt/stack/data/venv/lib/python3.10/site-packages/oslo_concurrency/processutils.py:440}}
Apr 16 11:26:10 devstack sudo[86638]: quobyte : PWD=/ ; USER=root ; COMMAND=/opt/stack/data/venv/bin/cinder-rootwrap /etc/cinder/rootwrap.conf df --portability --block-size 1 /opt/stack/data/cinder/mnt/0d9746397fda3811e10fcebe6bc5259d
Apr 16 11:26:10 devstack sudo[86638]: pam_unix(sudo:session): session opened for user root(uid=0) by (uid=1000)
Apr 16 11:26:10 devstack cinder-volume[83804]: DEBUG oslo_service.periodic_task [None req-43e341f7-d225-41d0-8c2c-116163dc9f85 None None] Running periodic task VolumeManager.publish_service_capabilities {{(pid=83804) run_periodic_tasks /opt/stack/data/venv/lib/python3.10/site-packages/oslo_service/periodic_task.py:210}}
Apr 16 11:26:10 devstack cinder-volume[83804]: DEBUG oslo_concurrency.lockutils [None req-43e341f7-d225-41d0-8c2c-116163dc9f85 None None] Acquiring lock "quobyte_ensure" by "cinder.volume.drivers.quobyte.QuobyteDriver._ensure_shares_mounted" {{(pid=83804) inner /opt/stack/data/venv/lib/python3.10/site-packages/oslo_concurrency/lockutils.py:506}}
Apr 16 11:26:10 devstack cinder-volume[83804]: DEBUG oslo_concurrency.lockutils [None req-43e341f7-d225-41d0-8c2c-116163dc9f85 None None] Lock "quobyte_ensure" acquired by "cinder.volume.drivers.quobyte.QuobyteDriver._ensure_shares_mounted" :: waited 0.000s {{(pid=83804) inner /opt/stack/data/venv/lib/python3.10/site-packages/oslo_concurrency/lockutils.py:519}}
Apr 16 11:26:10 devstack cinder-volume[83804]: DEBUG cinder.volume.drivers.quobyte [None req-43e341f7-d225-41d0-8c2c-116163dc9f85 None None] Quobyte Volume URL set to: {'osci02.corp.quobyte.com/cinder-vol-5f85587f-0695-439f-adc9-d2d5f05f8253': None} {{(pid=83804) _load_shares_config /opt/stack/cinder/cinder/volume/drivers/quobyte.py:617}}
Apr 16 11:26:10 devstack cinder-volume[83804]: DEBUG cinder.volume.drivers.quobyte [None req-43e341f7-d225-41d0-8c2c-116163dc9f85 None None] Available shares ['osci02.corp.quobyte.com/cinder-vol-5f85587f-0695-439f-adc9-d2d5f05f8253'] {{(pid=83804) _ensure_shares_mounted /opt/stack/cinder/cinder/volume/drivers/quobyte.py:647}}
Apr 16 11:26:10 devstack cinder-volume[83804]: DEBUG oslo_concurrency.lockutils [None req-43e341f7-d225-41d0-8c2c-116163dc9f85 None None] Lock "quobyte_ensure" "released" by "cinder.volume.drivers.quobyte.QuobyteDriver._ensure_shares_mounted" :: held 0.003s {{(pid=83804) inner /opt/stack/data/venv/lib/python3.10/site-packages/oslo_concurrency/lockutils.py:538}}
Apr 16 11:26:10 devstack cinder-volume[83804]: DEBUG oslo_concurrency.processutils [None req-43e341f7-d225-41d0-8c2c-116163dc9f85 None None] Running cmd (subprocess): sudo cinder-rootwrap /etc/cinder/rootwrap.conf df --portability --block-size 1 /opt/stack/data/cinder/mnt/0d9746397fda3811e10fcebe6bc5259d {{(pid=83804) execute /opt/stack/data/venv/lib/python3.10/site-packages/oslo_concurrency/processutils.py:440}}
Apr 16 11:26:10 devstack sudo[86645]: quobyte : PWD=/ ; USER=root ; COMMAND=/opt/stack/data/venv/bin/cinder-rootwrap /etc/cinder/rootwrap.conf df --portability --block-size 1 /opt/stack/data/cinder/mnt/0d9746397fda3811e10fcebe6bc5259d
Apr 16 11:26:10 devstack sudo[86645]: pam_unix(sudo:session): session opened for user root(uid=0) by (uid=1000)
Apr 16 11:26:11 devstack sudo[86638]: pam_unix(sudo:session): session closed for user root
Apr 16 11:26:11 devstack cinder-volume[83804]: DEBUG oslo_concurrency.processutils [None req-ff239802-23b7-4857-aee8-491ed5a2cf9f tempest-GroupsV314Test-1765002614 None] CMD "sudo cinder-rootwrap /etc/cinder/rootwrap.conf df --portability --block-size 1 /opt/stack/data/cinder/mnt/0d9746397fda3811e10fcebe6bc5259d" returned: 0 in 0.812s {{(pid=83804) execute /opt/stack/data/venv/lib/python3.10/site-packages/oslo_concurrency/processutils.py:468}}
Apr 16 11:26:11 devstack cinder-volume[83804]: DEBUG cinder.manager [None req-ff239802-23b7-4857-aee8-491ed5a2cf9f tempest-GroupsV314Test-1765002614 None] Notifying Schedulers of capabilities ... {{(pid=83804) _publish_service_capabilities /opt/stack/cinder/cinder/manager.py:202}}
Apr 16 11:26:11 devstack cinder-volume[83804]: INFO cinder.volume.manager [None req-ff239802-23b7-4857-aee8-491ed5a2cf9f tempest-GroupsV314Test-1765002614 None] Delete group completed successfully.
Apr 16 11:26:12 devstack sudo[86645]: pam_unix(sudo:session): session closed for user root
Apr 16 11:26:12 devstack cinder-volume[83804]: DEBUG oslo_concurrency.processutils [None req-43e341f7-d225-41d0-8c2c-116163dc9f85 None None] CMD "sudo cinder-rootwrap /etc/cinder/rootwrap.conf df --portability --block-size 1 /opt/stack/data/cinder/mnt/0d9746397fda3811e10fcebe6bc5259d" returned: 0 in 1.504s {{(pid=83804) execute /opt/stack/data/venv/lib/python3.10/site-packages/oslo_concurrency/processutils.py:468}}
Apr 16 11:26:12 devstack cinder-volume[83804]: DEBUG cinder.manager [None req-43e341f7-d225-41d0-8c2c-116163dc9f85 None None] Notifying Schedulers of capabilities ... {{(pid=83804) _publish_service_capabilities /opt/stack/cinder/cinder/manager.py:202}}
Apr 16 11:26:14 devstack cinder-volume[83804]: DEBUG cinder.volume.flows.manager.create_volume [None req-2db3bebd-88cd-429d-b565-d087ba2ad215 tempest-ServerRescueNegativeTestJSON-1776745641 None] Volume reschedule parameters: True retry: {'num_attempts': 1, 'backends': ['devstack@QuobyteHD#QuobyteHD'], 'hosts': ['devstack@QuobyteHD#QuobyteHD']} {{(pid=83804) get_flow /opt/stack/cinder/cinder/volume/flows/manager/create_volume.py:1395}}
Apr 16 11:26:14 devstack cinder-volume[83804]: DEBUG cinder.volume.manager [None req-2db3bebd-88cd-429d-b565-d087ba2ad215 tempest-ServerRescueNegativeTestJSON-1776745641 None] Flow 'volume_create_manager' (716f2803-8cb4-4d4c-8c28-e9efc102b489) transitioned into state 'RUNNING' from state 'PENDING' {{(pid=83804) _flow_receiver /opt/stack/data/venv/lib/python3.10/site-packages/taskflow/listeners/logging.py:145}}
Apr 16 11:26:14 devstack cinder-volume[83804]: DEBUG cinder.volume.manager [None req-2db3bebd-88cd-429d-b565-d087ba2ad215 tempest-ServerRescueNegativeTestJSON-1776745641 None] Task 'cinder.volume.flows.manager.create_volume.ExtractVolumeRefTask;volume:create' (1f0c63a7-8161-4297-a4b4-c74271d59659) transitioned into state 'RUNNING' from state 'PENDING' {{(pid=83804) _task_receiver /opt/stack/data/venv/lib/python3.10/site-packages/taskflow/listeners/logging.py:194}}
