Feb 04 11:08:56 devstack devstack@g-api.service[76326]: DEBUG glance.common.config [None req-86395180-9ab8-4b5b-b331-aa2bbd8e0403 None None] barbican_service_user.cafile = None {{(pid=76326) log_opt_values /opt/stack/data/venv/lib/python3.10/site-packages/oslo_config/cfg.py:2824}}
Feb 04 11:08:56 devstack devstack@g-api.service[76326]: DEBUG glance.common.config [None req-86395180-9ab8-4b5b-b331-aa2bbd8e0403 None None] barbican_service_user.certfile = None {{(pid=76326) log_opt_values /opt/stack/data/venv/lib/python3.10/site-packages/oslo_config/cfg.py:2824}}
Feb 04 11:08:56 devstack devstack@g-api.service[76326]: DEBUG glance.common.config [None req-86395180-9ab8-4b5b-b331-aa2bbd8e0403 None None] barbican_service_user.collect_timing = False {{(pid=76326) log_opt_values /opt/stack/data/venv/lib/python3.10/site-packages/oslo_config/cfg.py:2824}}
Feb 04 11:08:56 devstack devstack@g-api.service[76326]: DEBUG glance.common.config [None req-86395180-9ab8-4b5b-b331-aa2bbd8e0403 None None] barbican_service_user.insecure = False {{(pid=76326) log_opt_values /opt/stack/data/venv/lib/python3.10/site-packages/oslo_config/cfg.py:2824}}
Feb 04 11:08:56 devstack devstack@g-api.service[76326]: DEBUG glance.common.config [None req-86395180-9ab8-4b5b-b331-aa2bbd8e0403 None None] barbican_service_user.keyfile = None {{(pid=76326) log_opt_values /opt/stack/data/venv/lib/python3.10/site-packages/oslo_config/cfg.py:2824}}
Feb 04 11:08:56 devstack devstack@g-api.service[76326]: DEBUG glance.common.config [None req-86395180-9ab8-4b5b-b331-aa2bbd8e0403 None None] barbican_service_user.split_loggers = False {{(pid=76326) log_opt_values /opt/stack/data/venv/lib/python3.10/site-packages/oslo_config/cfg.py:2824}}
Feb 04 11:08:56 devstack devstack@g-api.service[76326]: DEBUG glance.common.config [None req-86395180-9ab8-4b5b-b331-aa2bbd8e0403 None None] barbican_service_user.timeout = None {{(pid=76326) log_opt_values /opt/stack/data/venv/lib/python3.10/site-packages/oslo_config/cfg.py:2824}}
Feb 04 11:08:56 devstack devstack@g-api.service[76326]: DEBUG glance.common.config [None req-86395180-9ab8-4b5b-b331-aa2bbd8e0403 None None] database.asyncio_connection = **** {{(pid=76326) log_opt_values /opt/stack/data/venv/lib/python3.10/site-packages/oslo_config/cfg.py:2824}}
Feb 04 11:08:56 devstack devstack@g-api.service[76326]: DEBUG glance.common.config [None req-86395180-9ab8-4b5b-b331-aa2bbd8e0403 None None] database.asyncio_slave_connection = **** {{(pid=76326) log_opt_values /opt/stack/data/venv/lib/python3.10/site-packages/oslo_config/cfg.py:2824}}
Feb 04 11:08:56 devstack devstack@g-api.service[76326]: DEBUG glance.common.config [None req-86395180-9ab8-4b5b-b331-aa2bbd8e0403 None None] database.backend = sqlalchemy {{(pid=76326) log_opt_values /opt/stack/data/venv/lib/python3.10/site-packages/oslo_config/cfg.py:2824}}
Feb 04 11:08:56 devstack devstack@g-api.service[76326]: DEBUG glance.common.config [None req-86395180-9ab8-4b5b-b331-aa2bbd8e0403 None None] database.connection = **** {{(pid=76326) log_opt_values /opt/stack/data/venv/lib/python3.10/site-packages/oslo_config/cfg.py:2824}}
Feb 04 11:08:56 devstack devstack@g-api.service[76326]: DEBUG glance.common.config [None req-86395180-9ab8-4b5b-b331-aa2bbd8e0403 None None] database.connection_debug = 0 {{(pid=76326) log_opt_values /opt/stack/data/venv/lib/python3.10/site-packages/oslo_config/cfg.py:2824}}
Feb 04 11:08:56 devstack devstack@g-api.service[76326]: DEBUG glance.common.config [None req-86395180-9ab8-4b5b-b331-aa2bbd8e0403 None None] database.connection_parameters = {{(pid=76326) log_opt_values /opt/stack/data/venv/lib/python3.10/site-packages/oslo_config/cfg.py:2824}}
Feb 04 11:08:56 devstack devstack@g-api.service[76326]: DEBUG glance.common.config [None req-86395180-9ab8-4b5b-b331-aa2bbd8e0403 None None] database.connection_recycle_time = 3600 {{(pid=76326) log_opt_values /opt/stack/data/venv/lib/python3.10/site-packages/oslo_config/cfg.py:2824}}
Feb 04 11:08:56 devstack devstack@g-api.service[76326]: DEBUG glance.common.config [None req-86395180-9ab8-4b5b-b331-aa2bbd8e0403 None None] database.connection_trace = False {{(pid=76326) log_opt_values /opt/stack/data/venv/lib/python3.10/site-packages/oslo_config/cfg.py:2824}}
Feb 04 11:08:56 devstack devstack@g-api.service[76326]: DEBUG glance.common.config [None req-86395180-9ab8-4b5b-b331-aa2bbd8e0403 None None] database.db_inc_retry_interval = True {{(pid=76326) log_opt_values /opt/stack/data/venv/lib/python3.10/site-packages/oslo_config/cfg.py:2824}}
Feb 04 11:08:56 devstack devstack@g-api.service[76326]: DEBUG glance.common.config [None req-86395180-9ab8-4b5b-b331-aa2bbd8e0403 None None] database.db_max_retries = 20 {{(pid=76326) log_opt_values /opt/stack/data/venv/lib/python3.10/site-packages/oslo_config/cfg.py:2824}}
Feb 04 11:08:56 devstack devstack@g-api.service[76326]: DEBUG glance.common.config [None req-86395180-9ab8-4b5b-b331-aa2bbd8e0403 None None] database.db_max_retry_interval = 10 {{(pid=76326) log_opt_values /opt/stack/data/venv/lib/python3.10/site-packages/oslo_config/cfg.py:2824}}
Feb 04 11:08:56 devstack devstack@g-api.service[76326]: DEBUG glance.common.config [None req-86395180-9ab8-4b5b-b331-aa2bbd8e0403 None None] database.db_retry_interval = 1 {{(pid=76326) log_opt_values /opt/stack/data/venv/lib/python3.10/site-packages/oslo_config/cfg.py:2824}}
Feb 04 11:08:56 devstack devstack@g-api.service[76326]: DEBUG glance.common.config [None req-86395180-9ab8-4b5b-b331-aa2bbd8e0403 None None] database.max_overflow = 50 {{(pid=76326) log_opt_values /opt/stack/data/venv/lib/python3.10/site-packages/oslo_config/cfg.py:2824}}
Feb 04 11:08:56 devstack devstack@g-api.service[76326]: DEBUG glance.common.config [None req-86395180-9ab8-4b5b-b331-aa2bbd8e0403 None None] database.max_pool_size = 5 {{(pid=76326) log_opt_values /opt/stack/data/venv/lib/python3.10/site-packages/oslo_config/cfg.py:2824}}
Feb 04 11:08:56 devstack devstack@g-api.service[76326]: DEBUG glance.common.config [None req-86395180-9ab8-4b5b-b331-aa2bbd8e0403 None None] database.max_retries = 10 {{(pid=76326) log_opt_values /opt/stack/data/venv/lib/python3.10/site-packages/oslo_config/cfg.py:2824}}
Feb 04 11:08:56 devstack devstack@g-api.service[76326]: DEBUG glance.common.config [None req-86395180-9ab8-4b5b-b331-aa2bbd8e0403 None None] database.mysql_sql_mode = TRADITIONAL {{(pid=76326) log_opt_values /opt/stack/data/venv/lib/python3.10/site-packages/oslo_config/cfg.py:2824}}
Feb 04 11:08:56 devstack devstack@g-api.service[76326]: DEBUG glance.common.config [None req-86395180-9ab8-4b5b-b331-aa2bbd8e0403 None None] database.mysql_wsrep_sync_wait = None {{(pid=76326) log_opt_values /opt/stack/data/venv/lib/python3.10/site-packages/oslo_config/cfg.py:2824}}
Feb 04 11:08:56 devstack devstack@g-api.service[76326]: DEBUG glance.common.config [None req-86395180-9ab8-4b5b-b331-aa2bbd8e0403 None None] database.pool_timeout = None {{(pid=76326) log_opt_values /opt/stack/data/venv/lib/python3.10/site-packages/oslo_config/cfg.py:2824}}
Feb 04 11:08:56 devstack devstack@g-api.service[76326]: DEBUG glance.common.config [None req-86395180-9ab8-4b5b-b331-aa2bbd8e0403 None None] database.retry_interval = 10 {{(pid=76326) log_opt_values /opt/stack/data/venv/lib/python3.10/site-packages/oslo_config/cfg.py:2824}}
Feb 04 11:08:56 devstack devstack@g-api.service[76326]: DEBUG glance.common.config [None req-86395180-9ab8-4b5b-b331-aa2bbd8e0403 None None] database.slave_connection = **** {{(pid=76326) log_opt_values /opt/stack/data/venv/lib/python3.10/site-packages/oslo_config/cfg.py:2824}}
Feb 04 11:08:56 devstack devstack@g-api.service[76326]: DEBUG glance.common.config [None req-86395180-9ab8-4b5b-b331-aa2bbd8e0403 None None] database.sqlite_synchronous = True {{(pid=76326) log_opt_values /opt/stack/data/venv/lib/python3.10/site-packages/oslo_config/cfg.py:2824}}
Feb 04 11:08:56 devstack devstack@g-api.service[76326]: DEBUG glance.common.config [None req-86395180-9ab8-4b5b-b331-aa2bbd8e0403 None None] database.synchronous_reader = True {{(pid=76326) log_opt_values /opt/stack/data/venv/lib/python3.10/site-packages/oslo_config/cfg.py:2824}}
Feb 04 11:08:56 devstack devstack@g-api.service[76326]: DEBUG glance.common.config [None req-86395180-9ab8-4b5b-b331-aa2bbd8e0403 None None] database.use_db_reconnect = False {{(pid=76326) log_opt_values /opt/stack/data/venv/lib/python3.10/site-packages/oslo_config/cfg.py:2824}}
Feb 04 11:08:56 devstack devstack@g-api.service[76326]: DEBUG glance.common.config [None req-86395180-9ab8-4b5b-b331-aa2bbd8e0403 None None] healthcheck.allowed_source_ranges = [] {{(pid=76326) log_opt_values /opt/stack/data/venv/lib/python3.10/site-packages/oslo_config/cfg.py:2824}}
Feb 04 11:08:56 devstack devstack@g-api.service[76326]: DEBUG glance.common.config [None req-86395180-9ab8-4b5b-b331-aa2bbd8e0403 None None] healthcheck.backends = ['disable_by_file'] {{(pid=76326) log_opt_values /opt/stack/data/venv/lib/python3.10/site-packages/oslo_config/cfg.py:2824}}
Feb 04 11:08:56 devstack devstack@g-api.service[76326]: DEBUG glance.common.config [None req-86395180-9ab8-4b5b-b331-aa2bbd8e0403 None None] healthcheck.detailed = False {{(pid=76326) log_opt_values /opt/stack/data/venv/lib/python3.10/site-packages/oslo_config/cfg.py:2824}}
Feb 04 11:08:56 devstack devstack@g-api.service[76326]: DEBUG glance.common.config [None req-86395180-9ab8-4b5b-b331-aa2bbd8e0403 None None] healthcheck.disable_by_file_path = None {{(pid=76326) log_opt_values /opt/stack/data/venv/lib/python3.10/site-packages/oslo_config/cfg.py:2824}}
Feb 04 11:08:56 devstack devstack@g-api.service[76326]: DEBUG glance.common.config [None req-86395180-9ab8-4b5b-b331-aa2bbd8e0403 None None] healthcheck.ignore_proxied_requests = False {{(pid=76326) log_opt_values /opt/stack/data/venv/lib/python3.10/site-packages/oslo_config/cfg.py:2824}}
Feb 04 11:08:56 devstack devstack@g-api.service[76326]: DEBUG glance.common.config [None req-86395180-9ab8-4b5b-b331-aa2bbd8e0403 None None] ******************************************************************************** {{(pid=76326) log_opt_values /opt/stack/data/venv/lib/python3.10/site-packages/oslo_config/cfg.py:2828}}
Feb 04 11:08:56 devstack devstack@g-api.service[76326]: WSGI app 0 (mountpoint='') ready in 4 seconds on interpreter 0x55f6a2f136a0 pid: 76326 (default app)
Feb 04 11:08:58 devstack devstack@g-api.service[76327]: DEBUG glance.api.middleware.version_negotiation [None req-f447c013-2a5d-4cc4-9cd8-66df50ce9172 None None] Determining version of request: GET / Accept: application/json {{(pid=76327) process_request /opt/stack/glance/glance/api/middleware/version_negotiation.py:44}}
Feb 04 11:08:58 devstack devstack@g-api.service[76327]: DEBUG glance.api.middleware.version_negotiation [None req-f447c013-2a5d-4cc4-9cd8-66df50ce9172 None None] Using url versioning {{(pid=76327) process_request /opt/stack/glance/glance/api/middleware/version_negotiation.py:57}}
Feb 04 11:08:58 devstack devstack@g-api.service[76327]: DEBUG glance.api.middleware.version_negotiation [None req-f447c013-2a5d-4cc4-9cd8-66df50ce9172 None None] Unknown version. Returning version choices. {{(pid=76327) process_request /opt/stack/glance/glance/api/middleware/version_negotiation.py:64}}
Feb 04 11:08:58 devstack devstack@g-api.service[76327]: [pid: 76327|app: 0|req: 2/2] 127.0.0.1 () {34 vars in 516 bytes} [Wed Feb 4 11:08:58 2026] GET / => generated 1446 bytes in 2 msecs (HTTP/1.1 300) 3 headers in 106 bytes (1 switches on core 0)
Feb 04 11:08:58 devstack devstack@g-api.service[76326]: DEBUG glance.api.middleware.version_negotiation [None req-86395180-9ab8-4b5b-b331-aa2bbd8e0403 None None] Determining version of request: POST /v2/images Accept: */* {{(pid=76326) process_request /opt/stack/glance/glance/api/middleware/version_negotiation.py:44}}
Feb 04 11:08:58 devstack devstack@g-api.service[76326]: DEBUG glance.api.middleware.version_negotiation [None req-86395180-9ab8-4b5b-b331-aa2bbd8e0403 None None] Using url versioning {{(pid=76326) process_request /opt/stack/glance/glance/api/middleware/version_negotiation.py:57}}
Feb 04 11:08:58 devstack devstack@g-api.service[76326]: DEBUG glance.api.middleware.version_negotiation [None req-86395180-9ab8-4b5b-b331-aa2bbd8e0403 None None] Matched version: v2 {{(pid=76326) process_request /opt/stack/glance/glance/api/middleware/version_negotiation.py:69}}
Feb 04 11:08:58 devstack devstack@g-api.service[76326]: DEBUG glance.api.middleware.version_negotiation [None req-86395180-9ab8-4b5b-b331-aa2bbd8e0403 None None] new path /v2/images {{(pid=76326) process_request /opt/stack/glance/glance/api/middleware/version_negotiation.py:70}}
Feb 04 11:08:59 devstack devstack@g-api.service[76326]: [pid: 76326|app: 0|req: 1/3] 127.0.0.1 () {40 vars in 779 bytes} [Wed Feb 4 11:08:58 2026] POST /v2/images => generated 807 bytes in 818 msecs (HTTP/1.1 201) 6 headers in 314 bytes (1 switches on core 0)
Feb 04 11:08:59 devstack devstack@g-api.service[76327]: DEBUG glance.api.middleware.version_negotiation [None req-f447c013-2a5d-4cc4-9cd8-66df50ce9172 None None] Determining version of request: PUT /v2/images/2c0200ed-dd1d-40c9-803c-4c2ad582ac27/file Accept: {{(pid=76327) process_request /opt/stack/glance/glance/api/middleware/version_negotiation.py:44}}
Feb 04 11:08:59 devstack devstack@g-api.service[76327]: DEBUG glance.api.middleware.version_negotiation [None req-f447c013-2a5d-4cc4-9cd8-66df50ce9172 None None] Using url versioning {{(pid=76327) process_request /opt/stack/glance/glance/api/middleware/version_negotiation.py:57}}
Feb 04 11:08:59 devstack devstack@g-api.service[76327]: DEBUG glance.api.middleware.version_negotiation [None req-f447c013-2a5d-4cc4-9cd8-66df50ce9172 None None] Matched version: v2 {{(pid=76327) process_request /opt/stack/glance/glance/api/middleware/version_negotiation.py:69}}
Feb 04 11:08:59 devstack devstack@g-api.service[76327]: DEBUG glance.api.middleware.version_negotiation [None req-f447c013-2a5d-4cc4-9cd8-66df50ce9172 None None] new path /v2/images/2c0200ed-dd1d-40c9-803c-4c2ad582ac27/file {{(pid=76327) process_request /opt/stack/glance/glance/api/middleware/version_negotiation.py:70}}
Feb 04 11:09:00 devstack devstack@g-api.service[76327]: INFO glance.api.v2.image_data [None req-7ee8bea1-43ae-42dc-b1bd-9d8ecb15b830 admin admin] Unable to create trust: no such option collect_timing in group [keystone_authtoken] Use the existing user token.
Feb 04 11:09:00 devstack devstack@g-api.service[76327]: DEBUG glance.location [None req-7ee8bea1-43ae-42dc-b1bd-9d8ecb15b830 admin admin] Enabling in-flight format inspection for qcow2 {{(pid=76327) set_data /opt/stack/glance/glance/location.py:616}}
Feb 04 11:09:00 devstack devstack@g-api.service[76327]: DEBUG oslo_utils.imageutils.format_inspector [None req-7ee8bea1-43ae-42dc-b1bd-9d8ecb15b830 admin admin] Format inspector for vmdk does not match, excluding from consideration (Signature KDMV not found: b'QFI\xfb') {{(pid=76327) _process_chunk /opt/stack/data/venv/lib/python3.10/site-packages/oslo_utils/imageutils/format_inspector.py:1537}}
Feb 04 11:09:00 devstack devstack@g-api.service[76327]: DEBUG oslo_utils.imageutils.format_inspector [None req-7ee8bea1-43ae-42dc-b1bd-9d8ecb15b830 admin admin] Format inspector for vhdx does not match, excluding from consideration (Region signature not found at 30000) {{(pid=76327) _process_chunk /opt/stack/data/venv/lib/python3.10/site-packages/oslo_utils/imageutils/format_inspector.py:1537}}
Feb 04 11:09:00 devstack devstack@g-api.service[76327]: DEBUG glance_store._drivers.filesystem [None req-7ee8bea1-43ae-42dc-b1bd-9d8ecb15b830 admin admin] Wrote 21692416 bytes to /opt/stack/data/glance/images/2c0200ed-dd1d-40c9-803c-4c2ad582ac27 with checksum 87617e24a5e30cb3b87fda8c0764838f and multihash 9a9bce0083a00939ec17c11febbfc767aa211aaa54f51e75c5a8b271a9b5637c77205a518b7a2007cb391d23cceb01e0e4e8d64832317151bc85b734b92a7be0 {{(pid=76327) add /opt/stack/data/venv/lib/python3.10/site-packages/glance_store/_drivers/filesystem.py:794}}
Feb 04 11:09:00 devstack devstack@g-api.service[76327]: INFO glance.location [None req-7ee8bea1-43ae-42dc-b1bd-9d8ecb15b830 admin admin] Image format matched and virtual size computed: 117440512
Feb 04 11:09:00 devstack devstack@g-api.service[76327]: DEBUG glance_store.backend [None req-7ee8bea1-43ae-42dc-b1bd-9d8ecb15b830 admin admin] Skipping store.set_acls... not implemented. {{(pid=76327) set_acls /opt/stack/data/venv/lib/python3.10/site-packages/glance_store/backend.py:507}}
Feb 04 11:09:00 devstack devstack@g-api.service[76327]: [pid: 76327|app: 0|req: 3/4] 127.0.0.1 () {40 vars in 872 bytes} [Wed Feb 4 11:08:59 2026] PUT /v2/images/2c0200ed-dd1d-40c9-803c-4c2ad582ac27/file => generated 0 bytes in 1246 msecs (HTTP/1.1 204) 4 headers in 171 bytes (1 switches on core 0)
Feb 04 11:09:00 devstack devstack@g-api.service[76326]: DEBUG glance.api.middleware.version_negotiation [None req-f1951697-e266-4dff-98e2-6eef7be1e55b admin admin] Determining version of request: GET /v2/images/2c0200ed-dd1d-40c9-803c-4c2ad582ac27 Accept: */* {{(pid=76326) process_request /opt/stack/glance/glance/api/middleware/version_negotiation.py:44}}
Feb 04 11:09:00 devstack devstack@g-api.service[76326]: DEBUG glance.api.middleware.version_negotiation [None req-f1951697-e266-4dff-98e2-6eef7be1e55b admin admin] Using url versioning {{(pid=76326) process_request /opt/stack/glance/glance/api/middleware/version_negotiation.py:57}}
Feb 04 11:09:00 devstack devstack@g-api.service[76326]: DEBUG glance.api.middleware.version_negotiation [None req-f1951697-e266-4dff-98e2-6eef7be1e55b admin admin] Matched version: v2 {{(pid=76326) process_request /opt/stack/glance/glance/api/middleware/version_negotiation.py:69}}
Feb 04 11:09:00 devstack devstack@g-api.service[76326]: DEBUG glance.api.middleware.version_negotiation [None req-f1951697-e266-4dff-98e2-6eef7be1e55b admin admin] new path /v2/images/2c0200ed-dd1d-40c9-803c-4c2ad582ac27 {{(pid=76326) process_request /opt/stack/glance/glance/api/middleware/version_negotiation.py:70}}
Feb 04 11:09:00 devstack devstack@g-api.service[76326]: [pid: 76326|app: 0|req: 2/5] 127.0.0.1 () {36 vars in 799 bytes} [Wed Feb 4 11:09:00 2026] GET /v2/images/2c0200ed-dd1d-40c9-803c-4c2ad582ac27 => generated 976 bytes in 16 msecs (HTTP/1.1 200) 4 headers in 157 bytes (1 switches on core 0)
Feb 04 11:09:10 devstack devstack@g-api.service[76327]: DEBUG dbcounter [-] [76327] Writing DB stats glance:INSERT=5,glance:SELECT=16,glance:UPDATE=2 {{(pid=76327) stat_writer /opt/stack/data/venv/lib/python3.10/site-packages/dbcounter.py:115}}
Feb 04 11:09:10 devstack devstack@g-api.service[76326]: DEBUG dbcounter [-] [76326] Writing DB stats glance:INSERT=9,glance:SELECT=6 {{(pid=76326) stat_writer /opt/stack/data/venv/lib/python3.10/site-packages/dbcounter.py:115}}
Feb 04 11:09:39 devstack devstack@g-api.service[76327]: DEBUG glance.api.middleware.version_negotiation [None req-7ee8bea1-43ae-42dc-b1bd-9d8ecb15b830 admin admin] Determining version of request: GET / Accept: application/json {{(pid=76327) process_request /opt/stack/glance/glance/api/middleware/version_negotiation.py:44}}
Feb 04 11:09:39 devstack devstack@g-api.service[76327]: DEBUG glance.api.middleware.version_negotiation [None req-7ee8bea1-43ae-42dc-b1bd-9d8ecb15b830 admin admin] Using url versioning {{(pid=76327) process_request /opt/stack/glance/glance/api/middleware/version_negotiation.py:57}}
Feb 04 11:09:39 devstack devstack@g-api.service[76327]: DEBUG glance.api.middleware.version_negotiation [None req-7ee8bea1-43ae-42dc-b1bd-9d8ecb15b830 admin admin] Unknown version. Returning version choices. {{(pid=76327) process_request /opt/stack/glance/glance/api/middleware/version_negotiation.py:64}}
Feb 04 11:09:39 devstack devstack@g-api.service[76327]: [pid: 76327|app: 0|req: 4/6] 127.0.0.1 () {34 vars in 513 bytes} [Wed Feb 4 11:09:39 2026] GET / => generated 1446 bytes in 2 msecs (HTTP/1.1 300) 3 headers in 106 bytes (1 switches on core 0)
Feb 04 11:09:39 devstack devstack@g-api.service[76326]: DEBUG glance.api.middleware.version_negotiation [None req-db281939-af2f-44b1-aa9a-a3edd73ae5c1 admin admin] Determining version of request: GET /v2/images Accept: application/json {{(pid=76326) process_request /opt/stack/glance/glance/api/middleware/version_negotiation.py:44}}
Feb 04 11:09:39 devstack devstack@g-api.service[76326]: DEBUG glance.api.middleware.version_negotiation [None req-db281939-af2f-44b1-aa9a-a3edd73ae5c1 admin admin] Using url versioning {{(pid=76326) process_request /opt/stack/glance/glance/api/middleware/version_negotiation.py:57}}
Feb 04 11:09:39 devstack devstack@g-api.service[76326]: DEBUG glance.api.middleware.version_negotiation [None req-db281939-af2f-44b1-aa9a-a3edd73ae5c1 admin admin] Matched version: v2 {{(pid=76326) process_request /opt/stack/glance/glance/api/middleware/version_negotiation.py:69}}
Feb 04 11:09:39 devstack devstack@g-api.service[76326]: DEBUG glance.api.middleware.version_negotiation [None req-db281939-af2f-44b1-aa9a-a3edd73ae5c1 admin admin] new path /v2/images {{(pid=76326) process_request /opt/stack/glance/glance/api/middleware/version_negotiation.py:70}}
Feb 04 11:09:39 devstack devstack@g-api.service[76326]: [pid: 76326|app: 0|req: 3/7] 127.0.0.1 () {36 vars in 735 bytes} [Wed Feb 4 11:09:39 2026] GET /v2/images => generated 1045 bytes in 62 msecs (HTTP/1.1 200) 4 headers in 158 bytes (1 switches on core 0)
Feb 04 11:09:45 devstack devstack@g-api.service[76327]: DEBUG glance.api.middleware.version_negotiation [None req-7ee8bea1-43ae-42dc-b1bd-9d8ecb15b830 admin admin] Determining version of request: GET / Accept: application/json {{(pid=76327) process_request /opt/stack/glance/glance/api/middleware/version_negotiation.py:44}}
Feb 04 11:09:45 devstack devstack@g-api.service[76327]: DEBUG glance.api.middleware.version_negotiation [None req-7ee8bea1-43ae-42dc-b1bd-9d8ecb15b830 admin admin] Using url versioning {{(pid=76327) process_request /opt/stack/glance/glance/api/middleware/version_negotiation.py:57}}
Feb 04 11:09:45 devstack devstack@g-api.service[76327]: DEBUG glance.api.middleware.version_negotiation [None req-7ee8bea1-43ae-42dc-b1bd-9d8ecb15b830 admin admin] Unknown version. Returning version choices. {{(pid=76327) process_request /opt/stack/glance/glance/api/middleware/version_negotiation.py:64}}
Feb 04 11:09:45 devstack devstack@g-api.service[76327]: [pid: 76327|app: 0|req: 5/8] 127.0.0.1 () {34 vars in 513 bytes} [Wed Feb 4 11:09:45 2026] GET / => generated 1446 bytes in 2 msecs (HTTP/1.1 300) 3 headers in 106 bytes (1 switches on core 0)
Feb 04 11:09:45 devstack devstack@g-api.service[76326]: DEBUG glance.api.middleware.version_negotiation [None req-7777a5b5-130b-4f3e-87c6-d69511b28e6d admin admin] Determining version of request: GET /v2/images/2c0200ed-dd1d-40c9-803c-4c2ad582ac27 Accept: */* {{(pid=76326) process_request /opt/stack/glance/glance/api/middleware/version_negotiation.py:44}}
Feb 04 11:09:45 devstack devstack@g-api.service[76326]: DEBUG glance.api.middleware.version_negotiation [None req-7777a5b5-130b-4f3e-87c6-d69511b28e6d admin admin] Using url versioning {{(pid=76326) process_request /opt/stack/glance/glance/api/middleware/version_negotiation.py:57}}
Feb 04 11:09:45 devstack devstack@g-api.service[76326]: DEBUG glance.api.middleware.version_negotiation [None req-7777a5b5-130b-4f3e-87c6-d69511b28e6d admin admin] Matched version: v2 {{(pid=76326) process_request /opt/stack/glance/glance/api/middleware/version_negotiation.py:69}}
Feb 04 11:09:45 devstack devstack@g-api.service[76326]: DEBUG glance.api.middleware.version_negotiation [None req-7777a5b5-130b-4f3e-87c6-d69511b28e6d admin admin] new path /v2/images/2c0200ed-dd1d-40c9-803c-4c2ad582ac27 {{(pid=76326) process_request /opt/stack/glance/glance/api/middleware/version_negotiation.py:70}}
Feb 04 11:09:45 devstack devstack@g-api.service[76326]: [pid: 76326|app: 0|req: 4/9] 127.0.0.1 () {36 vars in 796 bytes} [Wed Feb 4 11:09:45 2026] GET /v2/images/2c0200ed-dd1d-40c9-803c-4c2ad582ac27 => generated 976 bytes in 46 msecs (HTTP/1.1 200) 4 headers in 157 bytes (1 switches on core 0)
Feb 04 11:09:49 devstack devstack@g-api.service[76327]: DEBUG glance.api.middleware.version_negotiation [None req-7ee8bea1-43ae-42dc-b1bd-9d8ecb15b830 admin admin] Determining version of request: GET / Accept: application/json {{(pid=76327) process_request /opt/stack/glance/glance/api/middleware/version_negotiation.py:44}}
Feb 04 11:09:49 devstack devstack@g-api.service[76327]: DEBUG glance.api.middleware.version_negotiation [None req-7ee8bea1-43ae-42dc-b1bd-9d8ecb15b830 admin admin] Using url versioning {{(pid=76327) process_request /opt/stack/glance/glance/api/middleware/version_negotiation.py:57}}
Feb 04 11:09:49 devstack devstack@g-api.service[76327]: DEBUG glance.api.middleware.version_negotiation [None req-7ee8bea1-43ae-42dc-b1bd-9d8ecb15b830 admin admin] Unknown version. Returning version choices. {{(pid=76327) process_request /opt/stack/glance/glance/api/middleware/version_negotiation.py:64}}
Feb 04 11:09:49 devstack devstack@g-api.service[76327]: [pid: 76327|app: 0|req: 6/10] 127.0.0.1 () {34 vars in 513 bytes} [Wed Feb 4 11:09:49 2026] GET / => generated 1446 bytes in 2 msecs (HTTP/1.1 300) 3 headers in 106 bytes (1 switches on core 0)
Feb 04 11:09:49 devstack devstack@g-api.service[76326]: DEBUG glance.api.middleware.version_negotiation [None req-de97dbbd-9ed7-46ad-8314-1d3958216e4c admin admin] Determining version of request: GET /v2/images/2c0200ed-dd1d-40c9-803c-4c2ad582ac27 Accept: */* {{(pid=76326) process_request /opt/stack/glance/glance/api/middleware/version_negotiation.py:44}}
Feb 04 11:09:49 devstack devstack@g-api.service[76326]: DEBUG glance.api.middleware.version_negotiation [None req-de97dbbd-9ed7-46ad-8314-1d3958216e4c admin admin] Using url versioning {{(pid=76326) process_request /opt/stack/glance/glance/api/middleware/version_negotiation.py:57}}
Feb 04 11:09:49 devstack devstack@g-api.service[76326]: DEBUG glance.api.middleware.version_negotiation [None req-de97dbbd-9ed7-46ad-8314-1d3958216e4c admin admin] Matched version: v2 {{(pid=76326) process_request /opt/stack/glance/glance/api/middleware/version_negotiation.py:69}}
Feb 04 11:09:49 devstack devstack@g-api.service[76326]: DEBUG glance.api.middleware.version_negotiation [None req-de97dbbd-9ed7-46ad-8314-1d3958216e4c admin admin] new path /v2/images/2c0200ed-dd1d-40c9-803c-4c2ad582ac27 {{(pid=76326) process_request /opt/stack/glance/glance/api/middleware/version_negotiation.py:70}}
Feb 04 11:09:49 devstack devstack@g-api.service[76326]: [pid: 76326|app: 0|req: 5/11] 127.0.0.1 () {36 vars in 796 bytes} [Wed Feb 4 11:09:49 2026] GET /v2/images/2c0200ed-dd1d-40c9-803c-4c2ad582ac27 => generated 976 bytes in 43 msecs (HTTP/1.1 200) 4 headers in 157 bytes (1 switches on core 0)
Feb 04 11:09:59 devstack devstack@g-api.service[76326]: DEBUG dbcounter [-] [76326] Writing DB stats glance:SELECT=5 {{(pid=76326) stat_writer /opt/stack/data/venv/lib/python3.10/site-packages/dbcounter.py:115}}
Feb 04 11:11:07 devstack devstack@g-api.service[76327]: DEBUG glance.api.middleware.version_negotiation [None req-7ee8bea1-43ae-42dc-b1bd-9d8ecb15b830 admin admin] Determining version of request: GET / Accept: application/json {{(pid=76327) process_request /opt/stack/glance/glance/api/middleware/version_negotiation.py:44}}
Feb 04 11:11:07 devstack devstack@g-api.service[76327]: DEBUG glance.api.middleware.version_negotiation [None req-7ee8bea1-43ae-42dc-b1bd-9d8ecb15b830 admin admin] Using url versioning {{(pid=76327) process_request /opt/stack/glance/glance/api/middleware/version_negotiation.py:57}}
Feb 04 11:11:07 devstack devstack@g-api.service[76327]: DEBUG glance.api.middleware.version_negotiation [None req-7ee8bea1-43ae-42dc-b1bd-9d8ecb15b830 admin admin] Unknown version. Returning version choices. {{(pid=76327) process_request /opt/stack/glance/glance/api/middleware/version_negotiation.py:64}}
Feb 04 11:11:07 devstack devstack@g-api.service[76327]: [pid: 76327|app: 0|req: 7/12] 127.0.0.1 () {36 vars in 484 bytes} [Wed Feb 4 11:11:07 2026] GET / => generated 1446 bytes in 2 msecs (HTTP/1.1 300) 3 headers in 106 bytes (1 switches on core 0)
Feb 04 11:12:12 devstack devstack@g-api.service[76326]: DEBUG glance.api.middleware.version_negotiation [None req-fd30dd53-d459-42e7-a5e9-718e7e8721b6 admin admin] Determining version of request: GET /v2/images/2c0200ed-dd1d-40c9-803c-4c2ad582ac27 Accept: */* {{(pid=76326) process_request /opt/stack/glance/glance/api/middleware/version_negotiation.py:44}}
Feb 04 11:12:12 devstack devstack@g-api.service[76326]: DEBUG glance.api.middleware.version_negotiation [None req-fd30dd53-d459-42e7-a5e9-718e7e8721b6 admin admin] Using url versioning {{(pid=76326) process_request /opt/stack/glance/glance/api/middleware/version_negotiation.py:57}}
Feb 04 11:12:12 devstack devstack@g-api.service[76326]: DEBUG glance.api.middleware.version_negotiation [None req-fd30dd53-d459-42e7-a5e9-718e7e8721b6 admin admin] Matched version: v2 {{(pid=76326) process_request /opt/stack/glance/glance/api/middleware/version_negotiation.py:69}}
Feb 04 11:12:12 devstack devstack@g-api.service[76326]: DEBUG glance.api.middleware.version_negotiation [None req-fd30dd53-d459-42e7-a5e9-718e7e8721b6 admin admin] new path /v2/images/2c0200ed-dd1d-40c9-803c-4c2ad582ac27 {{(pid=76326) process_request /opt/stack/glance/glance/api/middleware/version_negotiation.py:70}}
Feb 04 11:12:12 devstack devstack@g-api.service[76326]: WARNING keystonemiddleware.auth_token [None req-fd30dd53-d459-42e7-a5e9-718e7e8721b6 admin admin] A valid token was submitted as a service token, but it was not a valid service token. This is incorrect but backwards compatible behaviour. This will be removed in future releases.
Feb 04 11:12:12 devstack devstack@g-api.service[76326]: [pid: 76326|app: 0|req: 6/13] 127.0.0.1 () {42 vars in 1055 bytes} [Wed Feb 4 11:12:12 2026] GET /v2/images/2c0200ed-dd1d-40c9-803c-4c2ad582ac27 => generated 976 bytes in 151 msecs (HTTP/1.1 200) 4 headers in 157 bytes (1 switches on core 0)
Feb 04 11:12:12 devstack devstack@g-api.service[76327]: DEBUG glance.api.middleware.version_negotiation [None req-7ee8bea1-43ae-42dc-b1bd-9d8ecb15b830 admin admin] Determining version of request: GET /v2/schemas/image Accept: */* {{(pid=76327) process_request /opt/stack/glance/glance/api/middleware/version_negotiation.py:44}}
Feb 04 11:12:12 devstack devstack@g-api.service[76327]: DEBUG glance.api.middleware.version_negotiation [None req-7ee8bea1-43ae-42dc-b1bd-9d8ecb15b830 admin admin] Using url versioning {{(pid=76327) process_request /opt/stack/glance/glance/api/middleware/version_negotiation.py:57}}
Feb 04 11:12:12 devstack devstack@g-api.service[76327]: DEBUG glance.api.middleware.version_negotiation [None req-7ee8bea1-43ae-42dc-b1bd-9d8ecb15b830 admin admin] Matched version: v2 {{(pid=76327) process_request /opt/stack/glance/glance/api/middleware/version_negotiation.py:69}}
Feb 04 11:12:12 devstack devstack@g-api.service[76327]: DEBUG glance.api.middleware.version_negotiation [None req-7ee8bea1-43ae-42dc-b1bd-9d8ecb15b830 admin admin] new path /v2/schemas/image {{(pid=76327) process_request /opt/stack/glance/glance/api/middleware/version_negotiation.py:70}}
Feb 04 11:12:12 devstack devstack@g-api.service[76327]: WARNING keystonemiddleware.auth_token [None req-7ee8bea1-43ae-42dc-b1bd-9d8ecb15b830 admin admin] A valid token was submitted as a service token, but it was not a valid service token. This is incorrect but backwards compatible behaviour. This will be removed in future releases.
Feb 04 11:12:12 devstack devstack@g-api.service[76327]: [pid: 76327|app: 0|req: 8/14] 127.0.0.1 () {42 vars in 995 bytes} [Wed Feb 4 11:12:12 2026] GET /v2/schemas/image => generated 6083 bytes in 7 msecs (HTTP/1.1 200) 4 headers in 158 bytes (1 switches on core 0)
Feb 04 11:12:12 devstack devstack@g-api.service[76326]: DEBUG glance.api.middleware.version_negotiation [None req-2db62328-d9cf-49b9-bd45-58f4a22ae37c tempest-TaggedBootDevicesTest_v242-1285419318 tempest-TaggedBootDevicesTest_v242-1285419318-project-member] Determining version of request: GET /v2/schemas/image Accept: */* {{(pid=76326) process_request /opt/stack/glance/glance/api/middleware/version_negotiation.py:44}}
Feb 04 11:12:12 devstack devstack@g-api.service[76326]: DEBUG glance.api.middleware.version_negotiation [None req-2db62328-d9cf-49b9-bd45-58f4a22ae37c tempest-TaggedBootDevicesTest_v242-1285419318 tempest-TaggedBootDevicesTest_v242-1285419318-project-member] Using url versioning {{(pid=76326) process_request /opt/stack/glance/glance/api/middleware/version_negotiation.py:57}}
Feb 04 11:12:12 devstack devstack@g-api.service[76326]: DEBUG glance.api.middleware.version_negotiation [None req-2db62328-d9cf-49b9-bd45-58f4a22ae37c tempest-TaggedBootDevicesTest_v242-1285419318 tempest-TaggedBootDevicesTest_v242-1285419318-project-member] Matched version: v2 {{(pid=76326) process_request /opt/stack/glance/glance/api/middleware/version_negotiation.py:69}}
Feb 04 11:12:12 devstack devstack@g-api.service[76326]: DEBUG glance.api.middleware.version_negotiation [None req-2db62328-d9cf-49b9-bd45-58f4a22ae37c tempest-TaggedBootDevicesTest_v242-1285419318 tempest-TaggedBootDevicesTest_v242-1285419318-project-member] new path /v2/schemas/image {{(pid=76326) process_request /opt/stack/glance/glance/api/middleware/version_negotiation.py:70}}
Feb 04 11:12:12 devstack devstack@g-api.service[76326]: [pid: 76326|app: 0|req: 7/15] 127.0.0.1 () {42 vars in 995 bytes} [Wed Feb 4 11:12:12 2026] GET /v2/schemas/image => generated 6083 bytes in 5 msecs (HTTP/1.1 200) 4 headers in 158 bytes (1 switches on core 0)
Feb 04 11:12:12 devstack devstack@g-api.service[76327]: DEBUG glance.api.middleware.version_negotiation [None req-2db62328-d9cf-49b9-bd45-58f4a22ae37c tempest-TaggedBootDevicesTest_v242-1285419318 tempest-TaggedBootDevicesTest_v242-1285419318-project-member] Determining version of request: GET /v2/images/2c0200ed-dd1d-40c9-803c-4c2ad582ac27 Accept: */* {{(pid=76327) process_request /opt/stack/glance/glance/api/middleware/version_negotiation.py:44}}
Feb 04 11:12:12 devstack devstack@g-api.service[76327]: DEBUG glance.api.middleware.version_negotiation [None req-2db62328-d9cf-49b9-bd45-58f4a22ae37c tempest-TaggedBootDevicesTest_v242-1285419318 tempest-TaggedBootDevicesTest_v242-1285419318-project-member] Using url versioning {{(pid=76327) process_request /opt/stack/glance/glance/api/middleware/version_negotiation.py:57}}
Feb 04 11:12:12 devstack devstack@g-api.service[76327]: DEBUG glance.api.middleware.version_negotiation [None req-2db62328-d9cf-49b9-bd45-58f4a22ae37c tempest-TaggedBootDevicesTest_v242-1285419318 tempest-TaggedBootDevicesTest_v242-1285419318-project-member] Matched version: v2 {{(pid=76327) process_request /opt/stack/glance/glance/api/middleware/version_negotiation.py:69}}
Feb 04 11:12:12 devstack devstack@g-api.service[76327]: DEBUG glance.api.middleware.version_negotiation [None req-2db62328-d9cf-49b9-bd45-58f4a22ae37c tempest-TaggedBootDevicesTest_v242-1285419318 tempest-TaggedBootDevicesTest_v242-1285419318-project-member] new path /v2/images/2c0200ed-dd1d-40c9-803c-4c2ad582ac27 {{(pid=76327) process_request /opt/stack/glance/glance/api/middleware/version_negotiation.py:70}}
Feb 04 11:12:12 devstack devstack@g-api.service[76327]: [pid: 76327|app: 0|req: 9/16] 127.0.0.1 () {42 vars in 1055 bytes} [Wed Feb 4 11:12:12 2026] GET /v2/images/2c0200ed-dd1d-40c9-803c-4c2ad582ac27 => generated 976 bytes in 24 msecs (HTTP/1.1 200) 4 headers in 157 bytes (1 switches on core 0)
Feb 04 11:12:12 devstack devstack@g-api.service[76326]: DEBUG glance.api.middleware.version_negotiation [None req-2db62328-d9cf-49b9-bd45-58f4a22ae37c tempest-TaggedBootDevicesTest_v242-1285419318 tempest-TaggedBootDevicesTest_v242-1285419318-project-member] Determining version of request: GET /v2/schemas/image Accept: */* {{(pid=76326) process_request /opt/stack/glance/glance/api/middleware/version_negotiation.py:44}}
Feb 04 11:12:12 devstack devstack@g-api.service[76326]: DEBUG glance.api.middleware.version_negotiation [None req-2db62328-d9cf-49b9-bd45-58f4a22ae37c tempest-TaggedBootDevicesTest_v242-1285419318 tempest-TaggedBootDevicesTest_v242-1285419318-project-member] Using url versioning {{(pid=76326) process_request /opt/stack/glance/glance/api/middleware/version_negotiation.py:57}}
Feb 04 11:12:12 devstack devstack@g-api.service[76326]: DEBUG glance.api.middleware.version_negotiation [None req-2db62328-d9cf-49b9-bd45-58f4a22ae37c tempest-TaggedBootDevicesTest_v242-1285419318 tempest-TaggedBootDevicesTest_v242-1285419318-project-member] Matched version: v2 {{(pid=76326) process_request /opt/stack/glance/glance/api/middleware/version_negotiation.py:69}}
Feb 04 11:12:12 devstack devstack@g-api.service[76326]: DEBUG glance.api.middleware.version_negotiation [None req-2db62328-d9cf-49b9-bd45-58f4a22ae37c tempest-TaggedBootDevicesTest_v242-1285419318 tempest-TaggedBootDevicesTest_v242-1285419318-project-member] new path /v2/schemas/image {{(pid=76326) process_request /opt/stack/glance/glance/api/middleware/version_negotiation.py:70}}
Feb 04 11:12:12 devstack devstack@g-api.service[76326]: [pid: 76326|app: 0|req: 8/17] 127.0.0.1 () {42 vars in 995 bytes} [Wed Feb 4 11:12:12 2026] GET /v2/schemas/image => generated 6083 bytes in 5 msecs (HTTP/1.1 200) 4 headers in 158 bytes (1 switches on core 0)
Feb 04 11:12:12 devstack devstack@g-api.service[76327]: DEBUG glance.api.middleware.version_negotiation [None req-2db62328-d9cf-49b9-bd45-58f4a22ae37c tempest-TaggedBootDevicesTest_v242-1285419318 tempest-TaggedBootDevicesTest_v242-1285419318-project-member] Determining version of request: GET /v2/schemas/image Accept: */* {{(pid=76327) process_request /opt/stack/glance/glance/api/middleware/version_negotiation.py:44}}
Feb 04 11:12:12 devstack devstack@g-api.service[76327]: DEBUG glance.api.middleware.version_negotiation [None req-2db62328-d9cf-49b9-bd45-58f4a22ae37c tempest-TaggedBootDevicesTest_v242-1285419318 tempest-TaggedBootDevicesTest_v242-1285419318-project-member] Using url versioning {{(pid=76327) process_request /opt/stack/glance/glance/api/middleware/version_negotiation.py:57}}
Feb 04 11:12:12 devstack devstack@g-api.service[76327]: DEBUG glance.api.middleware.version_negotiation [None req-2db62328-d9cf-49b9-bd45-58f4a22ae37c tempest-TaggedBootDevicesTest_v242-1285419318 tempest-TaggedBootDevicesTest_v242-1285419318-project-member] Matched version: v2 {{(pid=76327) process_request /opt/stack/glance/glance/api/middleware/version_negotiation.py:69}}
Feb 04 11:12:12 devstack devstack@g-api.service[76327]: DEBUG glance.api.middleware.version_negotiation [None req-2db62328-d9cf-49b9-bd45-58f4a22ae37c tempest-TaggedBootDevicesTest_v242-1285419318 tempest-TaggedBootDevicesTest_v242-1285419318-project-member] new path /v2/schemas/image {{(pid=76327) process_request /opt/stack/glance/glance/api/middleware/version_negotiation.py:70}}
Feb 04 11:12:12 devstack devstack@g-api.service[76327]: [pid: 76327|app: 0|req: 10/18] 127.0.0.1 () {42 vars in 995 bytes} [Wed Feb 4 11:12:12 2026] GET /v2/schemas/image => generated 6083 bytes in 23 msecs (HTTP/1.1 200) 4 headers in 158 bytes (1 switches on core 0)
Feb 04 11:12:12 devstack devstack@g-api.service[76326]: DEBUG glance.api.middleware.version_negotiation [None req-2db62328-d9cf-49b9-bd45-58f4a22ae37c tempest-TaggedBootDevicesTest_v242-1285419318 tempest-TaggedBootDevicesTest_v242-1285419318-project-member] Determining version of request: GET /v2/images/2c0200ed-dd1d-40c9-803c-4c2ad582ac27 Accept: */* {{(pid=76326) process_request /opt/stack/glance/glance/api/middleware/version_negotiation.py:44}}
Feb 04 11:12:12 devstack devstack@g-api.service[76326]: DEBUG glance.api.middleware.version_negotiation [None req-2db62328-d9cf-49b9-bd45-58f4a22ae37c tempest-TaggedBootDevicesTest_v242-1285419318 tempest-TaggedBootDevicesTest_v242-1285419318-project-member] Using url versioning {{(pid=76326) process_request /opt/stack/glance/glance/api/middleware/version_negotiation.py:57}}
Feb 04 11:12:12 devstack devstack@g-api.service[76326]: DEBUG glance.api.middleware.version_negotiation [None req-2db62328-d9cf-49b9-bd45-58f4a22ae37c tempest-TaggedBootDevicesTest_v242-1285419318 tempest-TaggedBootDevicesTest_v242-1285419318-project-member] Matched version: v2 {{(pid=76326) process_request /opt/stack/glance/glance/api/middleware/version_negotiation.py:69}}
Feb 04 11:12:12 devstack devstack@g-api.service[76326]: DEBUG glance.api.middleware.version_negotiation [None req-2db62328-d9cf-49b9-bd45-58f4a22ae37c tempest-TaggedBootDevicesTest_v242-1285419318 tempest-TaggedBootDevicesTest_v242-1285419318-project-member] new path /v2/images/2c0200ed-dd1d-40c9-803c-4c2ad582ac27 {{(pid=76326) process_request /opt/stack/glance/glance/api/middleware/version_negotiation.py:70}}
Feb 04 11:12:12 devstack devstack@g-api.service[76326]: [pid: 76326|app: 0|req: 9/19] 127.0.0.1 () {42 vars in 1055 bytes} [Wed Feb 4 11:12:12 2026] GET /v2/images/2c0200ed-dd1d-40c9-803c-4c2ad582ac27 => generated 976 bytes in 17 msecs (HTTP/1.1 200) 4 headers in 157 bytes (1 switches on core 0)
Feb 04 11:12:12 devstack devstack@g-api.service[76327]: DEBUG glance.api.middleware.version_negotiation [None req-2db62328-d9cf-49b9-bd45-58f4a22ae37c tempest-TaggedBootDevicesTest_v242-1285419318 tempest-TaggedBootDevicesTest_v242-1285419318-project-member] Determining version of request: GET /v2/schemas/image Accept: */* {{(pid=76327) process_request /opt/stack/glance/glance/api/middleware/version_negotiation.py:44}}
Feb 04 11:12:12 devstack devstack@g-api.service[76327]: DEBUG glance.api.middleware.version_negotiation [None req-2db62328-d9cf-49b9-bd45-58f4a22ae37c tempest-TaggedBootDevicesTest_v242-1285419318 tempest-TaggedBootDevicesTest_v242-1285419318-project-member] Using url versioning {{(pid=76327) process_request /opt/stack/glance/glance/api/middleware/version_negotiation.py:57}}
Feb 04 11:12:12 devstack devstack@g-api.service[76327]: DEBUG glance.api.middleware.version_negotiation [None req-2db62328-d9cf-49b9-bd45-58f4a22ae37c tempest-TaggedBootDevicesTest_v242-1285419318 tempest-TaggedBootDevicesTest_v242-1285419318-project-member] Matched version: v2 {{(pid=76327) process_request /opt/stack/glance/glance/api/middleware/version_negotiation.py:69}}
Feb 04 11:12:12 devstack devstack@g-api.service[76327]: DEBUG glance.api.middleware.version_negotiation [None req-2db62328-d9cf-49b9-bd45-58f4a22ae37c tempest-TaggedBootDevicesTest_v242-1285419318 tempest-TaggedBootDevicesTest_v242-1285419318-project-member] new path /v2/schemas/image {{(pid=76327) process_request /opt/stack/glance/glance/api/middleware/version_negotiation.py:70}}
Feb 04 11:12:12 devstack devstack@g-api.service[76327]: [pid: 76327|app: 0|req: 11/20] 127.0.0.1 () {42 vars in 995 bytes} [Wed Feb 4 11:12:12 2026] GET /v2/schemas/image => generated 6083 bytes in 4 msecs (HTTP/1.1 200) 4 headers in 158 bytes (1 switches on core 0)
Feb 04 11:12:12 devstack devstack@g-api.service[76326]: DEBUG glance.api.middleware.version_negotiation [None req-2db62328-d9cf-49b9-bd45-58f4a22ae37c tempest-TaggedBootDevicesTest_v242-1285419318 tempest-TaggedBootDevicesTest_v242-1285419318-project-member] Determining version of request: GET /v2/schemas/image Accept: */* {{(pid=76326) process_request /opt/stack/glance/glance/api/middleware/version_negotiation.py:44}}
Feb 04 11:12:12 devstack devstack@g-api.service[76326]: DEBUG glance.api.middleware.version_negotiation [None req-2db62328-d9cf-49b9-bd45-58f4a22ae37c tempest-TaggedBootDevicesTest_v242-1285419318 tempest-TaggedBootDevicesTest_v242-1285419318-project-member] Using url versioning {{(pid=76326) process_request /opt/stack/glance/glance/api/middleware/version_negotiation.py:57}}
Feb 04 11:12:12 devstack devstack@g-api.service[76326]: DEBUG glance.api.middleware.version_negotiation [None req-2db62328-d9cf-49b9-bd45-58f4a22ae37c tempest-TaggedBootDevicesTest_v242-1285419318 tempest-TaggedBootDevicesTest_v242-1285419318-project-member] Matched version: v2 {{(pid=76326) process_request /opt/stack/glance/glance/api/middleware/version_negotiation.py:69}}
Feb 04 11:12:12 devstack devstack@g-api.service[76326]: DEBUG glance.api.middleware.version_negotiation [None req-2db62328-d9cf-49b9-bd45-58f4a22ae37c tempest-TaggedBootDevicesTest_v242-1285419318 tempest-TaggedBootDevicesTest_v242-1285419318-project-member] new path /v2/schemas/image {{(pid=76326) process_request /opt/stack/glance/glance/api/middleware/version_negotiation.py:70}}
Feb 04 11:12:12 devstack devstack@g-api.service[76326]: [pid: 76326|app: 0|req: 10/21] 127.0.0.1 () {42 vars in 995 bytes} [Wed Feb 4 11:12:12 2026] GET /v2/schemas/image => generated 6083 bytes in 5 msecs (HTTP/1.1 200) 4 headers in 158 bytes (1 switches on core 0)
Feb 04 11:12:13 devstack devstack@g-api.service[76327]: DEBUG glance.api.middleware.version_negotiation [None req-2db62328-d9cf-49b9-bd45-58f4a22ae37c tempest-TaggedBootDevicesTest_v242-1285419318 tempest-TaggedBootDevicesTest_v242-1285419318-project-member] Determining version of request: GET /v2/images/2c0200ed-dd1d-40c9-803c-4c2ad582ac27 Accept: application/json {{(pid=76327) process_request /opt/stack/glance/glance/api/middleware/version_negotiation.py:44}}
Feb 04 11:12:13 devstack devstack@g-api.service[76327]: DEBUG glance.api.middleware.version_negotiation [None req-2db62328-d9cf-49b9-bd45-58f4a22ae37c tempest-TaggedBootDevicesTest_v242-1285419318 tempest-TaggedBootDevicesTest_v242-1285419318-project-member] Using url versioning {{(pid=76327) process_request /opt/stack/glance/glance/api/middleware/version_negotiation.py:57}}
Feb 04 11:12:13 devstack devstack@g-api.service[76327]: DEBUG glance.api.middleware.version_negotiation [None req-2db62328-d9cf-49b9-bd45-58f4a22ae37c tempest-TaggedBootDevicesTest_v242-1285419318 tempest-TaggedBootDevicesTest_v242-1285419318-project-member] Matched version: v2 {{(pid=76327) process_request /opt/stack/glance/glance/api/middleware/version_negotiation.py:69}}
Feb 04 11:12:13 devstack devstack@g-api.service[76327]: DEBUG glance.api.middleware.version_negotiation [None req-2db62328-d9cf-49b9-bd45-58f4a22ae37c tempest-TaggedBootDevicesTest_v242-1285419318 tempest-TaggedBootDevicesTest_v242-1285419318-project-member] new path /v2/images/2c0200ed-dd1d-40c9-803c-4c2ad582ac27 {{(pid=76327) process_request /opt/stack/glance/glance/api/middleware/version_negotiation.py:70}}
Feb 04 11:12:13 devstack devstack@g-api.service[76327]: [pid: 76327|app: 0|req: 12/22] 127.0.0.1 () {38 vars in 780 bytes} [Wed Feb 4 11:12:13 2026] GET /v2/images/2c0200ed-dd1d-40c9-803c-4c2ad582ac27 => generated 976 bytes in 226 msecs (HTTP/1.1 200) 4 headers in 157 bytes (1 switches on core 0)
Feb 04 11:12:13 devstack devstack@g-api.service[76326]: DEBUG glance.api.middleware.version_negotiation [None req-2db62328-d9cf-49b9-bd45-58f4a22ae37c tempest-TaggedBootDevicesTest_v242-1285419318 tempest-TaggedBootDevicesTest_v242-1285419318-project-member] Determining version of request: GET /v2/images/2c0200ed-dd1d-40c9-803c-4c2ad582ac27/file Accept: application/json {{(pid=76326) process_request /opt/stack/glance/glance/api/middleware/version_negotiation.py:44}}
Feb 04 11:12:13 devstack devstack@g-api.service[76326]: DEBUG glance.api.middleware.version_negotiation [None req-2db62328-d9cf-49b9-bd45-58f4a22ae37c tempest-TaggedBootDevicesTest_v242-1285419318 tempest-TaggedBootDevicesTest_v242-1285419318-project-member] Using url versioning {{(pid=76326) process_request /opt/stack/glance/glance/api/middleware/version_negotiation.py:57}}
Feb 04 11:12:13 devstack devstack@g-api.service[76326]: DEBUG glance.api.middleware.version_negotiation [None req-2db62328-d9cf-49b9-bd45-58f4a22ae37c tempest-TaggedBootDevicesTest_v242-1285419318 tempest-TaggedBootDevicesTest_v242-1285419318-project-member] Matched version: v2 {{(pid=76326) process_request /opt/stack/glance/glance/api/middleware/version_negotiation.py:69}}
Feb 04 11:12:13 devstack devstack@g-api.service[76326]: DEBUG glance.api.middleware.version_negotiation [None req-2db62328-d9cf-49b9-bd45-58f4a22ae37c tempest-TaggedBootDevicesTest_v242-1285419318 tempest-TaggedBootDevicesTest_v242-1285419318-project-member] new path /v2/images/2c0200ed-dd1d-40c9-803c-4c2ad582ac27/file {{(pid=76326) process_request /opt/stack/glance/glance/api/middleware/version_negotiation.py:70}}
Feb 04 11:12:13 devstack devstack@g-api.service[76326]: DEBUG glance_store._drivers.filesystem [None req-23b8f0d6-8476-4d5e-a063-1a1a042a2bdf tempest-AttachSCSIVolumeTestJSON-1298589524 tempest-AttachSCSIVolumeTestJSON-1298589524-project-admin] Found image at /opt/stack/data/glance/images/2c0200ed-dd1d-40c9-803c-4c2ad582ac27. Returning in ChunkedFile. {{(pid=76326) get /opt/stack/data/venv/lib/python3.10/site-packages/glance_store/_drivers/filesystem.py:618}}
Feb 04 11:12:13 devstack devstack@g-api.service[76326]: DEBUG glance.image_cache [None req-23b8f0d6-8476-4d5e-a063-1a1a042a2bdf tempest-AttachSCSIVolumeTestJSON-1298589524 tempest-AttachSCSIVolumeTestJSON-1298589524-project-admin] Tee'ing image '2c0200ed-dd1d-40c9-803c-4c2ad582ac27' into cache {{(pid=76326) get_caching_iter /opt/stack/glance/glance/image_cache/__init__.py:350}}
Feb 04 11:12:13 devstack devstack@g-api.service[76327]: DEBUG glance.api.middleware.version_negotiation [None req-0048be31-0dfd-474f-8184-1b2d0abd13c4 tempest-AttachSCSIVolumeTestJSON-1946362004 tempest-AttachSCSIVolumeTestJSON-1946362004-project-reader] Determining version of request: POST /v2/images Accept: application/json {{(pid=76327) process_request /opt/stack/glance/glance/api/middleware/version_negotiation.py:44}}
