Jun 23 13:56:05 devstack cinder-volume[93796]: INFO cinder.volume.flows.manager.create_volume [None req-ad6e01c4-d130-422c-8b29-d97657397ed0 tempest-TaggedAttachmentsTest-966813338 None] Volume volume-908e9a7c-2075-47b5-96a1-91017b60ed3a (908e9a7c-2075-47b5-96a1-91017b60ed3a): created successfully
Jun 23 13:56:05 devstack cinder-volume[93796]: DEBUG cinder.volume.manager [None req-ad6e01c4-d130-422c-8b29-d97657397ed0 tempest-TaggedAttachmentsTest-966813338 None] Task 'cinder.volume.flows.manager.create_volume.CreateVolumeOnFinishTask;volume:create, create.end' (cd288164-a492-47a2-b5ea-1de971a96e2e) transitioned into state 'SUCCESS' from state 'RUNNING' with result 'None' {{(pid=93796) _task_receiver /opt/stack/data/venv/lib/python3.12/site-packages/taskflow/listeners/logging.py:218}}
Jun 23 13:56:05 devstack cinder-volume[93796]: DEBUG cinder.volume.manager [None req-ad6e01c4-d130-422c-8b29-d97657397ed0 tempest-TaggedAttachmentsTest-966813338 None] Flow 'volume_create_manager' (ea21b351-acad-46a6-941c-cb4f1ad330e1) transitioned into state 'SUCCESS' from state 'RUNNING' {{(pid=93796) _flow_receiver /opt/stack/data/venv/lib/python3.12/site-packages/taskflow/listeners/logging.py:160}}
Jun 23 13:56:05 devstack cinder-volume[93796]: DEBUG oslo_concurrency.processutils [None req-2bb95936-0f1e-4c6c-a2a8-78e7be1aad2b tempest-SnapshotsActionsTest-438287738 None] Running cmd (subprocess): /opt/stack/data/venv/bin/python3.12 -m oslo_concurrency.prlimit --as=1073741824 --cpu=60 -- sudo cinder-rootwrap /etc/cinder/rootwrap.conf env LC_ALL=C qemu-img info -f qcow2 --output=json --force-share /opt/stack/data/cinder/mnt/b5152d30d8a83afce70a00029a07bd09/volume-f9da00a6-1a66-4a19-9d53-7ac175244310.139e3580-19d1-4d9c-9462-2e77b0055685 {{(pid=93796) execute /opt/stack/data/venv/lib/python3.12/site-packages/oslo_concurrency/processutils.py:440}}
Jun 23 13:56:05 devstack cinder-volume[93796]: INFO cinder.volume.manager [None req-ad6e01c4-d130-422c-8b29-d97657397ed0 tempest-TaggedAttachmentsTest-966813338 None] Created volume successfully.
Jun 23 13:56:05 devstack sudo[97573]: quobyte : PWD=/ ; USER=root ; COMMAND=/opt/stack/data/venv/bin/cinder-rootwrap /etc/cinder/rootwrap.conf env LC_ALL=C qemu-img info -f qcow2 --output=json --force-share /opt/stack/data/cinder/mnt/b5152d30d8a83afce70a00029a07bd09/volume-f9da00a6-1a66-4a19-9d53-7ac175244310.139e3580-19d1-4d9c-9462-2e77b0055685
Jun 23 13:56:05 devstack sudo[97573]: pam_unix(sudo:session): session opened for user root(uid=0) by (uid=1000)
Jun 23 13:56:06 devstack sudo[97573]: pam_unix(sudo:session): session closed for user root
Jun 23 13:56:06 devstack cinder-volume[93796]: DEBUG oslo_concurrency.processutils [None req-2bb95936-0f1e-4c6c-a2a8-78e7be1aad2b tempest-SnapshotsActionsTest-438287738 None] CMD "/opt/stack/data/venv/bin/python3.12 -m oslo_concurrency.prlimit --as=1073741824 --cpu=60 -- sudo cinder-rootwrap /etc/cinder/rootwrap.conf env LC_ALL=C qemu-img info -f qcow2 --output=json --force-share /opt/stack/data/cinder/mnt/b5152d30d8a83afce70a00029a07bd09/volume-f9da00a6-1a66-4a19-9d53-7ac175244310.139e3580-19d1-4d9c-9462-2e77b0055685" returned: 0 in 1.522s {{(pid=93796) execute /opt/stack/data/venv/lib/python3.12/site-packages/oslo_concurrency/processutils.py:468}}
Jun 23 13:56:06 devstack cinder-volume[93796]: DEBUG cinder.volume.drivers.remotefs [None req-2bb95936-0f1e-4c6c-a2a8-78e7be1aad2b tempest-SnapshotsActionsTest-438287738 None] Fetching qemu-img info with special backing_file_template: (/opt/stack/data/cinder/mnt/[0-9a-f]+/)?(volume-f9da00a6-1a66-4a19-9d53-7ac175244310(.(tmp-snap-)?[0-9a-f-]+)?|volume_from_snapshot_cache/(tmp-snap-)?[0-9a-f-]+(.(child-|parent-)[0-9a-f-]+)?)$ {{(pid=93796) _qemu_img_info_base /opt/stack/cinder/cinder/volume/drivers/remotefs.py:896}}
Jun 23 13:56:06 devstack cinder-volume[93796]: DEBUG oslo_concurrency.processutils [None req-2bb95936-0f1e-4c6c-a2a8-78e7be1aad2b tempest-SnapshotsActionsTest-438287738 None] Running cmd (subprocess): sudo cinder-rootwrap /etc/cinder/rootwrap.conf qemu-img create -f qcow2 -o backing_file=/opt/stack/data/cinder/mnt/b5152d30d8a83afce70a00029a07bd09/volume-f9da00a6-1a66-4a19-9d53-7ac175244310.139e3580-19d1-4d9c-9462-2e77b0055685,backing_fmt=qcow2 /opt/stack/data/cinder/mnt/b5152d30d8a83afce70a00029a07bd09/volume-f9da00a6-1a66-4a19-9d53-7ac175244310.bbb72ad0-481d-435d-8bff-a62d64336924 1G {{(pid=93796) execute /opt/stack/data/venv/lib/python3.12/site-packages/oslo_concurrency/processutils.py:440}}
Jun 23 13:56:06 devstack sudo[97591]: quobyte : PWD=/ ; USER=root ; COMMAND=/opt/stack/data/venv/bin/cinder-rootwrap /etc/cinder/rootwrap.conf qemu-img create -f qcow2 -o backing_file=/opt/stack/data/cinder/mnt/b5152d30d8a83afce70a00029a07bd09/volume-f9da00a6-1a66-4a19-9d53-7ac175244310.139e3580-19d1-4d9c-9462-2e77b0055685,backing_fmt=qcow2 /opt/stack/data/cinder/mnt/b5152d30d8a83afce70a00029a07bd09/volume-f9da00a6-1a66-4a19-9d53-7ac175244310.bbb72ad0-481d-435d-8bff-a62d64336924 1G
Jun 23 13:56:06 devstack sudo[97591]: pam_unix(sudo:session): session opened for user root(uid=0) by (uid=1000)
Jun 23 13:56:07 devstack sudo[97591]: pam_unix(sudo:session): session closed for user root
Jun 23 13:56:07 devstack cinder-volume[93796]: DEBUG oslo_concurrency.processutils [None req-2bb95936-0f1e-4c6c-a2a8-78e7be1aad2b tempest-SnapshotsActionsTest-438287738 None] CMD "sudo cinder-rootwrap /etc/cinder/rootwrap.conf qemu-img create -f qcow2 -o backing_file=/opt/stack/data/cinder/mnt/b5152d30d8a83afce70a00029a07bd09/volume-f9da00a6-1a66-4a19-9d53-7ac175244310.139e3580-19d1-4d9c-9462-2e77b0055685,backing_fmt=qcow2 /opt/stack/data/cinder/mnt/b5152d30d8a83afce70a00029a07bd09/volume-f9da00a6-1a66-4a19-9d53-7ac175244310.bbb72ad0-481d-435d-8bff-a62d64336924 1G" returned: 0 in 1.242s {{(pid=93796) execute /opt/stack/data/venv/lib/python3.12/site-packages/oslo_concurrency/processutils.py:468}}
Jun 23 13:56:07 devstack cinder-volume[93796]: DEBUG oslo_concurrency.processutils [None req-2bb95936-0f1e-4c6c-a2a8-78e7be1aad2b tempest-SnapshotsActionsTest-438287738 None] Running cmd (subprocess): sudo cinder-rootwrap /etc/cinder/rootwrap.conf qemu-img rebase -u -b volume-f9da00a6-1a66-4a19-9d53-7ac175244310.139e3580-19d1-4d9c-9462-2e77b0055685 -F qcow2 /opt/stack/data/cinder/mnt/b5152d30d8a83afce70a00029a07bd09/volume-f9da00a6-1a66-4a19-9d53-7ac175244310.bbb72ad0-481d-435d-8bff-a62d64336924 {{(pid=93796) execute /opt/stack/data/venv/lib/python3.12/site-packages/oslo_concurrency/processutils.py:440}}
Jun 23 13:56:07 devstack sudo[97618]: quobyte : PWD=/ ; USER=root ; COMMAND=/opt/stack/data/venv/bin/cinder-rootwrap /etc/cinder/rootwrap.conf qemu-img rebase -u -b volume-f9da00a6-1a66-4a19-9d53-7ac175244310.139e3580-19d1-4d9c-9462-2e77b0055685 -F qcow2 /opt/stack/data/cinder/mnt/b5152d30d8a83afce70a00029a07bd09/volume-f9da00a6-1a66-4a19-9d53-7ac175244310.bbb72ad0-481d-435d-8bff-a62d64336924
Jun 23 13:56:07 devstack sudo[97618]: pam_unix(sudo:session): session opened for user root(uid=0) by (uid=1000)
Jun 23 13:56:08 devstack sudo[97618]: pam_unix(sudo:session): session closed for user root
Jun 23 13:56:08 devstack cinder-volume[93796]: DEBUG oslo_concurrency.processutils [None req-2bb95936-0f1e-4c6c-a2a8-78e7be1aad2b tempest-SnapshotsActionsTest-438287738 None] CMD "sudo cinder-rootwrap /etc/cinder/rootwrap.conf qemu-img rebase -u -b volume-f9da00a6-1a66-4a19-9d53-7ac175244310.139e3580-19d1-4d9c-9462-2e77b0055685 -F qcow2 /opt/stack/data/cinder/mnt/b5152d30d8a83afce70a00029a07bd09/volume-f9da00a6-1a66-4a19-9d53-7ac175244310.bbb72ad0-481d-435d-8bff-a62d64336924" returned: 0 in 0.794s {{(pid=93796) execute /opt/stack/data/venv/lib/python3.12/site-packages/oslo_concurrency/processutils.py:468}}
Jun 23 13:56:08 devstack cinder-volume[93796]: WARNING cinder.volume.drivers.remotefs [None req-2bb95936-0f1e-4c6c-a2a8-78e7be1aad2b tempest-SnapshotsActionsTest-438287738 None] /opt/stack/data/cinder/mnt/b5152d30d8a83afce70a00029a07bd09/volume-f9da00a6-1a66-4a19-9d53-7ac175244310.bbb72ad0-481d-435d-8bff-a62d64336924 is being set with open permissions: ugo+rw
Jun 23 13:56:08 devstack cinder-volume[93796]: DEBUG oslo_concurrency.processutils [None req-2bb95936-0f1e-4c6c-a2a8-78e7be1aad2b tempest-SnapshotsActionsTest-438287738 None] Running cmd (subprocess): sudo cinder-rootwrap /etc/cinder/rootwrap.conf chmod ugo+rw /opt/stack/data/cinder/mnt/b5152d30d8a83afce70a00029a07bd09/volume-f9da00a6-1a66-4a19-9d53-7ac175244310.bbb72ad0-481d-435d-8bff-a62d64336924 {{(pid=93796) execute /opt/stack/data/venv/lib/python3.12/site-packages/oslo_concurrency/processutils.py:440}}
Jun 23 13:56:08 devstack sudo[97628]: quobyte : PWD=/ ; USER=root ; COMMAND=/opt/stack/data/venv/bin/cinder-rootwrap /etc/cinder/rootwrap.conf chmod ugo+rw /opt/stack/data/cinder/mnt/b5152d30d8a83afce70a00029a07bd09/volume-f9da00a6-1a66-4a19-9d53-7ac175244310.bbb72ad0-481d-435d-8bff-a62d64336924
Jun 23 13:56:08 devstack sudo[97628]: pam_unix(sudo:session): session opened for user root(uid=0) by (uid=1000)
Jun 23 13:56:09 devstack sudo[97628]: pam_unix(sudo:session): session closed for user root
Jun 23 13:56:09 devstack cinder-volume[93796]: DEBUG oslo_concurrency.processutils [None req-2bb95936-0f1e-4c6c-a2a8-78e7be1aad2b tempest-SnapshotsActionsTest-438287738 None] CMD "sudo cinder-rootwrap /etc/cinder/rootwrap.conf chmod ugo+rw /opt/stack/data/cinder/mnt/b5152d30d8a83afce70a00029a07bd09/volume-f9da00a6-1a66-4a19-9d53-7ac175244310.bbb72ad0-481d-435d-8bff-a62d64336924" returned: 0 in 0.718s {{(pid=93796) execute /opt/stack/data/venv/lib/python3.12/site-packages/oslo_concurrency/processutils.py:468}}
Jun 23 13:56:09 devstack cinder-volume[93796]: DEBUG oslo_concurrency.lockutils [None req-2bb95936-0f1e-4c6c-a2a8-78e7be1aad2b tempest-SnapshotsActionsTest-438287738 None] Lock "quobyte" "released" by "cinder.volume.drivers.quobyte.QuobyteDriver.create_snapshot" :: held 4.476s {{(pid=93796) inner /opt/stack/data/venv/lib/python3.12/site-packages/oslo_concurrency/lockutils.py:543}}
Jun 23 13:56:09 devstack cinder-volume[93796]: DEBUG oslo_concurrency.lockutils [None req-1975d1d8-9e97-4104-a3b3-6bad98b6e4d6 tempest-ServerActionsTestOtherA-1499216867 None] Lock "quobyte" acquired by "cinder.volume.drivers.quobyte.QuobyteDriver.create_volume" :: waited 5.633s {{(pid=93796) inner /opt/stack/data/venv/lib/python3.12/site-packages/oslo_concurrency/lockutils.py:524}}
Jun 23 13:56:09 devstack cinder-volume[93796]: DEBUG cinder.volume.drivers.quobyte [None req-1975d1d8-9e97-4104-a3b3-6bad98b6e4d6 tempest-ServerActionsTestOtherA-1499216867 None] ==> create_volume: call "{'self': , 'volume': Volume(_name_id=None,admin_metadata=,attach_status='detached',availability_zone='nova',bootable=False,cluster=,cluster_name=None,consistencygroup=,consistencygroup_id=None,created_at=2026-06-23T11:56:03Z,deleted=False,deleted_at=None,display_description=None,display_name='tempest-ServerActionsTestOtherA-volume-281899901',ec2_id=None,encryption_key_id=None,glance_metadata=,group=,group_id=None,host='devstack@QuobyteHD#QuobyteHD',id=1ef06882-5572-4136-b03c-bbceaec01aae,launched_at=None,metadata={},migration_status=None,multiattach=False,previous_status=None,project_id='8a68742d37ca4065a4d87f08e6b606da',provider_auth=None,provider_geometry=None,provider_id=None,provider_location=None,replication_driver_data=None,replication_extended_status=None,replication_status=None,scheduled_at=2026-06-23T11:56:03Z,service_uuid=None,shared_targets=True,size=1,snapshot_id=None,snapshots=,source_volid=None,status='creating',terminated_at=None,updated_at=2026-06-23T11:56:03Z,use_quota=True,user_id='a508a2041532475e9c502abf66decf71',volume_attachment=VolumeAttachmentList,volume_type=VolumeType(75024e89-6403-4528-bfee-e09e6cc12e5b),volume_type_id=75024e89-6403-4528-bfee-e09e6cc12e5b)}" {{(pid=93796) trace_logging_wrapper /opt/stack/cinder/cinder/volume/volume_utils.py:1497}}
Jun 23 13:56:09 devstack cinder-volume[93796]: DEBUG cinder.volume.drivers.remotefs [None req-1975d1d8-9e97-4104-a3b3-6bad98b6e4d6 tempest-ServerActionsTestOtherA-1499216867 None] Creating volume 1ef06882-5572-4136-b03c-bbceaec01aae {{(pid=93796) create_volume /opt/stack/cinder/cinder/volume/drivers/remotefs.py:292}}
Jun 23 13:56:09 devstack cinder-volume[93796]: DEBUG oslo_concurrency.lockutils [None req-1975d1d8-9e97-4104-a3b3-6bad98b6e4d6 tempest-ServerActionsTestOtherA-1499216867 None] Acquiring lock "quobyte_ensure" by "cinder.volume.drivers.quobyte.QuobyteDriver._ensure_shares_mounted" {{(pid=93796) inner /opt/stack/data/venv/lib/python3.12/site-packages/oslo_concurrency/lockutils.py:511}}
Jun 23 13:56:09 devstack cinder-volume[93796]: DEBUG oslo_concurrency.lockutils [None req-1975d1d8-9e97-4104-a3b3-6bad98b6e4d6 tempest-ServerActionsTestOtherA-1499216867 None] Lock "quobyte_ensure" acquired by "cinder.volume.drivers.quobyte.QuobyteDriver._ensure_shares_mounted" :: waited 0.000s {{(pid=93796) inner /opt/stack/data/venv/lib/python3.12/site-packages/oslo_concurrency/lockutils.py:524}}
Jun 23 13:56:09 devstack cinder-volume[93796]: DEBUG cinder.volume.drivers.quobyte [None req-1975d1d8-9e97-4104-a3b3-6bad98b6e4d6 tempest-ServerActionsTestOtherA-1499216867 None] Quobyte Volume URL set to: {'osci02.corp.quobyte.com/cinder-vol-b69aeb13-7033-4ab0-9814-4314208f9c23': None} {{(pid=93796) _load_shares_config /opt/stack/cinder/cinder/volume/drivers/quobyte.py:617}}
Jun 23 13:56:09 devstack cinder-volume[93796]: DEBUG cinder.volume.drivers.quobyte [None req-1975d1d8-9e97-4104-a3b3-6bad98b6e4d6 tempest-ServerActionsTestOtherA-1499216867 None] Available shares ['osci02.corp.quobyte.com/cinder-vol-b69aeb13-7033-4ab0-9814-4314208f9c23'] {{(pid=93796) _ensure_shares_mounted /opt/stack/cinder/cinder/volume/drivers/quobyte.py:647}}
Jun 23 13:56:09 devstack cinder-volume[93796]: DEBUG oslo_concurrency.lockutils [None req-1975d1d8-9e97-4104-a3b3-6bad98b6e4d6 tempest-ServerActionsTestOtherA-1499216867 None] Lock "quobyte_ensure" "released" by "cinder.volume.drivers.quobyte.QuobyteDriver._ensure_shares_mounted" :: held 0.005s {{(pid=93796) inner /opt/stack/data/venv/lib/python3.12/site-packages/oslo_concurrency/lockutils.py:543}}
Jun 23 13:56:09 devstack cinder-volume[93796]: DEBUG cinder.volume.drivers.quobyte [None req-1975d1d8-9e97-4104-a3b3-6bad98b6e4d6 tempest-ServerActionsTestOtherA-1499216867 None] Selected osci02.corp.quobyte.com/cinder-vol-b69aeb13-7033-4ab0-9814-4314208f9c23 as target Quobyte volume. {{(pid=93796) _find_share /opt/stack/cinder/cinder/volume/drivers/quobyte.py:668}}
Jun 23 13:56:09 devstack cinder-volume[93796]: INFO cinder.volume.drivers.remotefs [None req-1975d1d8-9e97-4104-a3b3-6bad98b6e4d6 tempest-ServerActionsTestOtherA-1499216867 None] casted to osci02.corp.quobyte.com/cinder-vol-b69aeb13-7033-4ab0-9814-4314208f9c23
Jun 23 13:56:09 devstack cinder-volume[93796]: DEBUG oslo_concurrency.processutils [None req-1975d1d8-9e97-4104-a3b3-6bad98b6e4d6 tempest-ServerActionsTestOtherA-1499216867 None] Running cmd (subprocess): sudo cinder-rootwrap /etc/cinder/rootwrap.conf qemu-img create -f qcow2 -o preallocation=metadata /opt/stack/data/cinder/mnt/b5152d30d8a83afce70a00029a07bd09/volume-1ef06882-5572-4136-b03c-bbceaec01aae 1073741824 {{(pid=93796) execute /opt/stack/data/venv/lib/python3.12/site-packages/oslo_concurrency/processutils.py:440}}
Jun 23 13:56:09 devstack sudo[97633]: quobyte : PWD=/ ; USER=root ; COMMAND=/opt/stack/data/venv/bin/cinder-rootwrap /etc/cinder/rootwrap.conf qemu-img create -f qcow2 -o preallocation=metadata /opt/stack/data/cinder/mnt/b5152d30d8a83afce70a00029a07bd09/volume-1ef06882-5572-4136-b03c-bbceaec01aae 1073741824
Jun 23 13:56:09 devstack sudo[97633]: pam_unix(sudo:session): session opened for user root(uid=0) by (uid=1000)
Jun 23 13:56:09 devstack cinder-volume[93796]: INFO cinder.volume.manager [None req-2bb95936-0f1e-4c6c-a2a8-78e7be1aad2b tempest-SnapshotsActionsTest-438287738 None] Create snapshot completed successfully
Jun 23 13:56:10 devstack cinder-volume[93796]: DEBUG cinder.coordination [None req-4f95cab3-4e3a-4bbb-8435-e4ef8077ee5f tempest-SnapshotsActionsTest-1144558423 None] Acquiring lock "cinder-bbb72ad0-481d-435d-8bff-a62d64336924-delete_snapshot" by "delete_snapshot" {{(pid=93796) __acquire /opt/stack/cinder/cinder/coordination.py:138}}
Jun 23 13:56:10 devstack cinder-volume[93796]: DEBUG cinder.coordination [None req-4f95cab3-4e3a-4bbb-8435-e4ef8077ee5f tempest-SnapshotsActionsTest-1144558423 None] Lock "cinder-bbb72ad0-481d-435d-8bff-a62d64336924-delete_snapshot" acquired by "delete_snapshot" :: waited 0.021s {{(pid=93796) __acquire /opt/stack/cinder/cinder/coordination.py:141}}
Jun 23 13:56:10 devstack cinder-volume[93796]: DEBUG cinder.coordination [None req-4f95cab3-4e3a-4bbb-8435-e4ef8077ee5f tempest-SnapshotsActionsTest-1144558423 None] Acquiring lock "cinder-quobyte-f9da00a6-1a66-4a19-9d53-7ac175244310" by "delete_snapshot" {{(pid=93796) __acquire /opt/stack/cinder/cinder/coordination.py:138}}
Jun 23 13:56:10 devstack cinder-volume[93796]: DEBUG cinder.coordination [None req-4f95cab3-4e3a-4bbb-8435-e4ef8077ee5f tempest-SnapshotsActionsTest-1144558423 None] Lock "cinder-quobyte-f9da00a6-1a66-4a19-9d53-7ac175244310" acquired by "delete_snapshot" :: waited 0.032s {{(pid=93796) __acquire /opt/stack/cinder/cinder/coordination.py:141}}
Jun 23 13:56:10 devstack cinder-volume[93796]: DEBUG cinder.coordination [None req-4f95cab3-4e3a-4bbb-8435-e4ef8077ee5f tempest-SnapshotsActionsTest-1144558423 None] Acquiring lock "cinder-quobyte-bbb72ad0-481d-435d-8bff-a62d64336924" by "_delete_snapshot" {{(pid=93796) __acquire /opt/stack/cinder/cinder/coordination.py:138}}
Jun 23 13:56:10 devstack cinder-volume[93796]: DEBUG cinder.coordination [None req-4f95cab3-4e3a-4bbb-8435-e4ef8077ee5f tempest-SnapshotsActionsTest-1144558423 None] Lock "cinder-quobyte-bbb72ad0-481d-435d-8bff-a62d64336924" acquired by "_delete_snapshot" :: waited 0.019s {{(pid=93796) __acquire /opt/stack/cinder/cinder/coordination.py:141}}
Jun 23 13:56:10 devstack cinder-volume[93796]: DEBUG cinder.volume.drivers.remotefs [None req-4f95cab3-4e3a-4bbb-8435-e4ef8077ee5f tempest-SnapshotsActionsTest-1144558423 None] Deleting offline snapshot bbb72ad0-481d-435d-8bff-a62d64336924 of volume f9da00a6-1a66-4a19-9d53-7ac175244310 {{(pid=93796) _delete_snapshot /opt/stack/cinder/cinder/volume/drivers/remotefs.py:1288}}
Jun 23 13:56:10 devstack cinder-volume[93796]: DEBUG cinder.volume.drivers.remotefs [None req-4f95cab3-4e3a-4bbb-8435-e4ef8077ee5f tempest-SnapshotsActionsTest-1144558423 None] snapshot_file for this snap is: volume-f9da00a6-1a66-4a19-9d53-7ac175244310.bbb72ad0-481d-435d-8bff-a62d64336924 {{(pid=93796) _delete_snapshot /opt/stack/cinder/cinder/volume/drivers/remotefs.py:1317}}
Jun 23 13:56:10 devstack cinder-volume[93796]: DEBUG oslo.privsep.daemon [-] privsep: reply[eeb0ce2f-3b9f-4436-bc0d-3e418afb664b]: (4, 'qcow2') {{(pid=94598) _call_back /opt/stack/data/venv/lib/python3.12/site-packages/oslo_privsep/daemon.py:580}}
Jun 23 13:56:10 devstack cinder-volume[93796]: DEBUG oslo_concurrency.processutils [None req-4f95cab3-4e3a-4bbb-8435-e4ef8077ee5f tempest-SnapshotsActionsTest-1144558423 None] Running cmd (subprocess): /opt/stack/data/venv/bin/python3.12 -m oslo_concurrency.prlimit --as=1073741824 --cpu=60 -- sudo cinder-rootwrap /etc/cinder/rootwrap.conf env LC_ALL=C qemu-img info -f qcow2 --output=json --force-share /opt/stack/data/cinder/mnt/b5152d30d8a83afce70a00029a07bd09/volume-f9da00a6-1a66-4a19-9d53-7ac175244310.bbb72ad0-481d-435d-8bff-a62d64336924 {{(pid=93796) execute /opt/stack/data/venv/lib/python3.12/site-packages/oslo_concurrency/processutils.py:440}}
Jun 23 13:56:10 devstack sudo[97635]: quobyte : PWD=/ ; USER=root ; COMMAND=/opt/stack/data/venv/bin/cinder-rootwrap /etc/cinder/rootwrap.conf env LC_ALL=C qemu-img info -f qcow2 --output=json --force-share /opt/stack/data/cinder/mnt/b5152d30d8a83afce70a00029a07bd09/volume-f9da00a6-1a66-4a19-9d53-7ac175244310.bbb72ad0-481d-435d-8bff-a62d64336924
Jun 23 13:56:10 devstack sudo[97635]: pam_unix(sudo:session): session opened for user root(uid=0) by (uid=1000)
Jun 23 13:56:10 devstack sudo[97633]: pam_unix(sudo:session): session closed for user root
Jun 23 13:56:10 devstack cinder-volume[93796]: DEBUG oslo_concurrency.processutils [None req-1975d1d8-9e97-4104-a3b3-6bad98b6e4d6 tempest-ServerActionsTestOtherA-1499216867 None] CMD "sudo cinder-rootwrap /etc/cinder/rootwrap.conf qemu-img create -f qcow2 -o preallocation=metadata /opt/stack/data/cinder/mnt/b5152d30d8a83afce70a00029a07bd09/volume-1ef06882-5572-4136-b03c-bbceaec01aae 1073741824" returned: 0 in 1.063s {{(pid=93796) execute /opt/stack/data/venv/lib/python3.12/site-packages/oslo_concurrency/processutils.py:468}}
Jun 23 13:56:10 devstack cinder-volume[93796]: DEBUG oslo_concurrency.processutils [None req-1975d1d8-9e97-4104-a3b3-6bad98b6e4d6 tempest-ServerActionsTestOtherA-1499216867 None] Running cmd (subprocess): sudo cinder-rootwrap /etc/cinder/rootwrap.conf chmod ugo+rw /opt/stack/data/cinder/mnt/b5152d30d8a83afce70a00029a07bd09/volume-1ef06882-5572-4136-b03c-bbceaec01aae {{(pid=93796) execute /opt/stack/data/venv/lib/python3.12/site-packages/oslo_concurrency/processutils.py:440}}
Jun 23 13:56:10 devstack sudo[97642]: quobyte : PWD=/ ; USER=root ; COMMAND=/opt/stack/data/venv/bin/cinder-rootwrap /etc/cinder/rootwrap.conf chmod ugo+rw /opt/stack/data/cinder/mnt/b5152d30d8a83afce70a00029a07bd09/volume-1ef06882-5572-4136-b03c-bbceaec01aae
Jun 23 13:56:10 devstack sudo[97642]: pam_unix(sudo:session): session opened for user root(uid=0) by (uid=1000)
Jun 23 13:56:11 devstack sudo[97635]: pam_unix(sudo:session): session closed for user root
Jun 23 13:56:11 devstack cinder-volume[93796]: DEBUG oslo_concurrency.processutils [None req-4f95cab3-4e3a-4bbb-8435-e4ef8077ee5f tempest-SnapshotsActionsTest-1144558423 None] CMD "/opt/stack/data/venv/bin/python3.12 -m oslo_concurrency.prlimit --as=1073741824 --cpu=60 -- sudo cinder-rootwrap /etc/cinder/rootwrap.conf env LC_ALL=C qemu-img info -f qcow2 --output=json --force-share /opt/stack/data/cinder/mnt/b5152d30d8a83afce70a00029a07bd09/volume-f9da00a6-1a66-4a19-9d53-7ac175244310.bbb72ad0-481d-435d-8bff-a62d64336924" returned: 0 in 0.944s {{(pid=93796) execute /opt/stack/data/venv/lib/python3.12/site-packages/oslo_concurrency/processutils.py:468}}
Jun 23 13:56:11 devstack cinder-volume[93796]: DEBUG cinder.volume.drivers.remotefs [None req-4f95cab3-4e3a-4bbb-8435-e4ef8077ee5f tempest-SnapshotsActionsTest-1144558423 None] Fetching qemu-img info with special backing_file_template: (/opt/stack/data/cinder/mnt/[0-9a-f]+/)?(volume-f9da00a6-1a66-4a19-9d53-7ac175244310(.(tmp-snap-)?[0-9a-f-]+)?|volume_from_snapshot_cache/(tmp-snap-)?[0-9a-f-]+(.(child-|parent-)[0-9a-f-]+)?)$ {{(pid=93796) _qemu_img_info_base /opt/stack/cinder/cinder/volume/drivers/remotefs.py:896}}
Jun 23 13:56:11 devstack cinder-volume[93796]: DEBUG oslo.privsep.daemon [-] privsep: reply[43cc8496-c082-4538-a271-4da77af41805]: (4, 'qcow2') {{(pid=94598) _call_back /opt/stack/data/venv/lib/python3.12/site-packages/oslo_privsep/daemon.py:580}}
Jun 23 13:56:11 devstack cinder-volume[93796]: DEBUG oslo_concurrency.processutils [None req-4f95cab3-4e3a-4bbb-8435-e4ef8077ee5f tempest-SnapshotsActionsTest-1144558423 None] Running cmd (subprocess): /opt/stack/data/venv/bin/python3.12 -m oslo_concurrency.prlimit --as=1073741824 --cpu=60 -- sudo cinder-rootwrap /etc/cinder/rootwrap.conf env LC_ALL=C qemu-img info -f qcow2 --output=json --force-share /opt/stack/data/cinder/mnt/b5152d30d8a83afce70a00029a07bd09/volume-f9da00a6-1a66-4a19-9d53-7ac175244310.139e3580-19d1-4d9c-9462-2e77b0055685 {{(pid=93796) execute /opt/stack/data/venv/lib/python3.12/site-packages/oslo_concurrency/processutils.py:440}}
Jun 23 13:56:11 devstack sudo[97642]: pam_unix(sudo:session): session closed for user root
Jun 23 13:56:11 devstack cinder-volume[93796]: DEBUG oslo_concurrency.processutils [None req-1975d1d8-9e97-4104-a3b3-6bad98b6e4d6 tempest-ServerActionsTestOtherA-1499216867 None] CMD "sudo cinder-rootwrap /etc/cinder/rootwrap.conf chmod ugo+rw /opt/stack/data/cinder/mnt/b5152d30d8a83afce70a00029a07bd09/volume-1ef06882-5572-4136-b03c-bbceaec01aae" returned: 0 in 0.733s {{(pid=93796) execute /opt/stack/data/venv/lib/python3.12/site-packages/oslo_concurrency/processutils.py:468}}
Jun 23 13:56:11 devstack cinder-volume[93796]: DEBUG cinder.volume.drivers.quobyte [None req-1975d1d8-9e97-4104-a3b3-6bad98b6e4d6 tempest-ServerActionsTestOtherA-1499216867 None] <== create_volume: return (1836ms) {'provider_location': 'osci02.corp.quobyte.com/cinder-vol-b69aeb13-7033-4ab0-9814-4314208f9c23'} {{(pid=93796) trace_logging_wrapper /opt/stack/cinder/cinder/volume/volume_utils.py:1522}}
Jun 23 13:56:11 devstack cinder-volume[93796]: DEBUG oslo_concurrency.lockutils [None req-1975d1d8-9e97-4104-a3b3-6bad98b6e4d6 tempest-ServerActionsTestOtherA-1499216867 None] Lock "quobyte" "released" by "cinder.volume.drivers.quobyte.QuobyteDriver.create_volume" :: held 1.839s {{(pid=93796) inner /opt/stack/data/venv/lib/python3.12/site-packages/oslo_concurrency/lockutils.py:543}}
Jun 23 13:56:11 devstack cinder-volume[93796]: DEBUG cinder.volume.manager [None req-1975d1d8-9e97-4104-a3b3-6bad98b6e4d6 tempest-ServerActionsTestOtherA-1499216867 None] Task 'cinder.volume.flows.manager.create_volume.CreateVolumeFromSpecTask;volume:create' (7805b8fe-04ac-4d12-acfa-04e611751ff4) transitioned into state 'SUCCESS' from state 'RUNNING' with result '{'status': 'creating', 'volume_name': 'volume-1ef06882-5572-4136-b03c-bbceaec01aae', 'volume_size': 1}' {{(pid=93796) _task_receiver /opt/stack/data/venv/lib/python3.12/site-packages/taskflow/listeners/logging.py:218}}
Jun 23 13:56:11 devstack sudo[97653]: quobyte : PWD=/ ; USER=root ; COMMAND=/opt/stack/data/venv/bin/cinder-rootwrap /etc/cinder/rootwrap.conf env LC_ALL=C qemu-img info -f qcow2 --output=json --force-share /opt/stack/data/cinder/mnt/b5152d30d8a83afce70a00029a07bd09/volume-f9da00a6-1a66-4a19-9d53-7ac175244310.139e3580-19d1-4d9c-9462-2e77b0055685
Jun 23 13:56:11 devstack sudo[97653]: pam_unix(sudo:session): session opened for user root(uid=0) by (uid=1000)
Jun 23 13:56:11 devstack cinder-volume[93796]: DEBUG cinder.volume.manager [None req-1975d1d8-9e97-4104-a3b3-6bad98b6e4d6 tempest-ServerActionsTestOtherA-1499216867 None] Task 'cinder.volume.flows.manager.create_volume.CreateVolumeOnFinishTask;volume:create, create.end' (e2636397-5bf1-4e24-a3e0-775b4f9690ea) transitioned into state 'RUNNING' from state 'PENDING' {{(pid=93796) _task_receiver /opt/stack/data/venv/lib/python3.12/site-packages/taskflow/listeners/logging.py:242}}
Jun 23 13:56:11 devstack cinder-volume[93796]: INFO cinder.volume.flows.manager.create_volume [None req-1975d1d8-9e97-4104-a3b3-6bad98b6e4d6 tempest-ServerActionsTestOtherA-1499216867 None] Volume volume-1ef06882-5572-4136-b03c-bbceaec01aae (1ef06882-5572-4136-b03c-bbceaec01aae): created successfully
Jun 23 13:56:11 devstack cinder-volume[93796]: DEBUG cinder.volume.manager [None req-1975d1d8-9e97-4104-a3b3-6bad98b6e4d6 tempest-ServerActionsTestOtherA-1499216867 None] Task 'cinder.volume.flows.manager.create_volume.CreateVolumeOnFinishTask;volume:create, create.end' (e2636397-5bf1-4e24-a3e0-775b4f9690ea) transitioned into state 'SUCCESS' from state 'RUNNING' with result 'None' {{(pid=93796) _task_receiver /opt/stack/data/venv/lib/python3.12/site-packages/taskflow/listeners/logging.py:218}}
Jun 23 13:56:11 devstack cinder-volume[93796]: DEBUG cinder.volume.manager [None req-1975d1d8-9e97-4104-a3b3-6bad98b6e4d6 tempest-ServerActionsTestOtherA-1499216867 None] Flow 'volume_create_manager' (4873f207-c950-4fd8-869f-cf1e9802b0c4) transitioned into state 'SUCCESS' from state 'RUNNING' {{(pid=93796) _flow_receiver /opt/stack/data/venv/lib/python3.12/site-packages/taskflow/listeners/logging.py:160}}
Jun 23 13:56:11 devstack cinder-volume[93796]: INFO cinder.volume.manager [None req-1975d1d8-9e97-4104-a3b3-6bad98b6e4d6 tempest-ServerActionsTestOtherA-1499216867 None] Created volume successfully.
Jun 23 13:56:11 devstack sudo[97653]: pam_unix(sudo:session): session closed for user root
Jun 23 13:56:11 devstack cinder-volume[93796]: DEBUG oslo_concurrency.processutils [None req-4f95cab3-4e3a-4bbb-8435-e4ef8077ee5f tempest-SnapshotsActionsTest-1144558423 None] CMD "/opt/stack/data/venv/bin/python3.12 -m oslo_concurrency.prlimit --as=1073741824 --cpu=60 -- sudo cinder-rootwrap /etc/cinder/rootwrap.conf env LC_ALL=C qemu-img info -f qcow2 --output=json --force-share /opt/stack/data/cinder/mnt/b5152d30d8a83afce70a00029a07bd09/volume-f9da00a6-1a66-4a19-9d53-7ac175244310.139e3580-19d1-4d9c-9462-2e77b0055685" returned: 0 in 0.820s {{(pid=93796) execute /opt/stack/data/venv/lib/python3.12/site-packages/oslo_concurrency/processutils.py:468}}
Jun 23 13:56:11 devstack cinder-volume[93796]: DEBUG cinder.volume.drivers.remotefs [None req-4f95cab3-4e3a-4bbb-8435-e4ef8077ee5f tempest-SnapshotsActionsTest-1144558423 None] Fetching qemu-img info with special backing_file_template: (/opt/stack/data/cinder/mnt/[0-9a-f]+/)?(volume-f9da00a6-1a66-4a19-9d53-7ac175244310(.(tmp-snap-)?[0-9a-f-]+)?|volume_from_snapshot_cache/(tmp-snap-)?[0-9a-f-]+(.(child-|parent-)[0-9a-f-]+)?)$ {{(pid=93796) _qemu_img_info_base /opt/stack/cinder/cinder/volume/drivers/remotefs.py:896}}
Jun 23 13:56:11 devstack cinder-volume[93796]: DEBUG oslo_concurrency.processutils [None req-4f95cab3-4e3a-4bbb-8435-e4ef8077ee5f tempest-SnapshotsActionsTest-1144558423 None] Running cmd (subprocess): sudo cinder-rootwrap /etc/cinder/rootwrap.conf qemu-img commit -d /opt/stack/data/cinder/mnt/b5152d30d8a83afce70a00029a07bd09/volume-f9da00a6-1a66-4a19-9d53-7ac175244310.bbb72ad0-481d-435d-8bff-a62d64336924 {{(pid=93796) execute /opt/stack/data/venv/lib/python3.12/site-packages/oslo_concurrency/processutils.py:440}}
Jun 23 13:56:12 devstack sudo[97664]: quobyte : PWD=/ ; USER=root ; COMMAND=/opt/stack/data/venv/bin/cinder-rootwrap /etc/cinder/rootwrap.conf qemu-img commit -d /opt/stack/data/cinder/mnt/b5152d30d8a83afce70a00029a07bd09/volume-f9da00a6-1a66-4a19-9d53-7ac175244310.bbb72ad0-481d-435d-8bff-a62d64336924
Jun 23 13:56:12 devstack sudo[97664]: pam_unix(sudo:session): session opened for user root(uid=0) by (uid=1000)
Jun 23 13:56:12 devstack sudo[97664]: pam_unix(sudo:session): session closed for user root
Jun 23 13:56:12 devstack cinder-volume[93796]: DEBUG oslo_concurrency.processutils [None req-4f95cab3-4e3a-4bbb-8435-e4ef8077ee5f tempest-SnapshotsActionsTest-1144558423 None] CMD "sudo cinder-rootwrap /etc/cinder/rootwrap.conf qemu-img commit -d /opt/stack/data/cinder/mnt/b5152d30d8a83afce70a00029a07bd09/volume-f9da00a6-1a66-4a19-9d53-7ac175244310.bbb72ad0-481d-435d-8bff-a62d64336924" returned: 0 in 0.751s {{(pid=93796) execute /opt/stack/data/venv/lib/python3.12/site-packages/oslo_concurrency/processutils.py:468}}
Jun 23 13:56:12 devstack cinder-volume[93796]: DEBUG oslo_concurrency.processutils [None req-4f95cab3-4e3a-4bbb-8435-e4ef8077ee5f tempest-SnapshotsActionsTest-1144558423 None] Running cmd (subprocess): sudo cinder-rootwrap /etc/cinder/rootwrap.conf rm -f /opt/stack/data/cinder/mnt/b5152d30d8a83afce70a00029a07bd09/volume-f9da00a6-1a66-4a19-9d53-7ac175244310.bbb72ad0-481d-435d-8bff-a62d64336924 {{(pid=93796) execute /opt/stack/data/venv/lib/python3.12/site-packages/oslo_concurrency/processutils.py:440}}
Jun 23 13:56:12 devstack sudo[97670]: quobyte : PWD=/ ; USER=root ; COMMAND=/opt/stack/data/venv/bin/cinder-rootwrap /etc/cinder/rootwrap.conf rm -f /opt/stack/data/cinder/mnt/b5152d30d8a83afce70a00029a07bd09/volume-f9da00a6-1a66-4a19-9d53-7ac175244310.bbb72ad0-481d-435d-8bff-a62d64336924
Jun 23 13:56:12 devstack sudo[97670]: pam_unix(sudo:session): session opened for user root(uid=0) by (uid=1000)
Jun 23 13:56:13 devstack sudo[97670]: pam_unix(sudo:session): session closed for user root
Jun 23 13:56:13 devstack cinder-volume[93796]: DEBUG oslo_concurrency.processutils [None req-4f95cab3-4e3a-4bbb-8435-e4ef8077ee5f tempest-SnapshotsActionsTest-1144558423 None] CMD "sudo cinder-rootwrap /etc/cinder/rootwrap.conf rm -f /opt/stack/data/cinder/mnt/b5152d30d8a83afce70a00029a07bd09/volume-f9da00a6-1a66-4a19-9d53-7ac175244310.bbb72ad0-481d-435d-8bff-a62d64336924" returned: 0 in 0.697s {{(pid=93796) execute /opt/stack/data/venv/lib/python3.12/site-packages/oslo_concurrency/processutils.py:468}}
Jun 23 13:56:13 devstack cinder-volume[93796]: DEBUG cinder.coordination [None req-4f95cab3-4e3a-4bbb-8435-e4ef8077ee5f tempest-SnapshotsActionsTest-1144558423 None] Lock "cinder-quobyte-bbb72ad0-481d-435d-8bff-a62d64336924" released by "_delete_snapshot" :: held 3.370s {{(pid=93796) __release /opt/stack/cinder/cinder/coordination.py:152}}
Jun 23 13:56:13 devstack cinder-volume[93796]: DEBUG cinder.coordination [None req-4f95cab3-4e3a-4bbb-8435-e4ef8077ee5f tempest-SnapshotsActionsTest-1144558423 None] Lock "cinder-quobyte-f9da00a6-1a66-4a19-9d53-7ac175244310" released by "delete_snapshot" :: held 3.406s {{(pid=93796) __release /opt/stack/cinder/cinder/coordination.py:152}}
Jun 23 13:56:13 devstack cinder-volume[93796]: DEBUG cinder.quota [None req-4f95cab3-4e3a-4bbb-8435-e4ef8077ee5f tempest-SnapshotsActionsTest-1144558423 None] Created reservations ['44659561-da29-4c41-99f0-516b83449f55', 'c0446a6e-51b8-4373-8c91-73c3f55c9a8d', '81f923c7-0f0f-4162-8039-d40a9e4a7833', '1d237c60-365b-467e-a51c-d2e1c5486277'] {{(pid=93796) reserve /opt/stack/cinder/cinder/quota.py:752}}
Jun 23 13:56:13 devstack cinder-volume[93796]: INFO cinder.volume.manager [None req-4f95cab3-4e3a-4bbb-8435-e4ef8077ee5f tempest-SnapshotsActionsTest-1144558423 None] Delete snapshot completed successfully.
Jun 23 13:56:13 devstack cinder-volume[93796]: DEBUG cinder.coordination [None req-4f95cab3-4e3a-4bbb-8435-e4ef8077ee5f tempest-SnapshotsActionsTest-1144558423 None] Lock "cinder-bbb72ad0-481d-435d-8bff-a62d64336924-delete_snapshot" released by "delete_snapshot" :: held 3.788s {{(pid=93796) __release /opt/stack/cinder/cinder/coordination.py:152}}
Jun 23 13:56:15 devstack cinder-volume[93796]: DEBUG oslo_concurrency.lockutils [None req-e176de2b-43bb-4d59-a3ba-aaadf9f4ad6d tempest-SnapshotsActionsTest-438287738 None] Acquiring lock "quobyte" by "cinder.volume.drivers.quobyte.QuobyteDriver.create_snapshot" {{(pid=93796) inner /opt/stack/data/venv/lib/python3.12/site-packages/oslo_concurrency/lockutils.py:511}}
Jun 23 13:56:15 devstack cinder-volume[93796]: DEBUG oslo_concurrency.lockutils [None req-e176de2b-43bb-4d59-a3ba-aaadf9f4ad6d tempest-SnapshotsActionsTest-438287738 None] Lock "quobyte" acquired by "cinder.volume.drivers.quobyte.QuobyteDriver.create_snapshot" :: waited 0.001s {{(pid=93796) inner /opt/stack/data/venv/lib/python3.12/site-packages/oslo_concurrency/lockutils.py:524}}
Jun 23 13:56:15 devstack cinder-volume[93796]: DEBUG cinder.volume.drivers.remotefs [None req-e176de2b-43bb-4d59-a3ba-aaadf9f4ad6d tempest-SnapshotsActionsTest-438287738 None] Creating offline snapshot 63b7f692-df22-4f3b-8c26-2481fc7307a5 of volume f9da00a6-1a66-4a19-9d53-7ac175244310 {{(pid=93796) _create_snapshot /opt/stack/cinder/cinder/volume/drivers/remotefs.py:1816}}
Jun 23 13:56:15 devstack cinder-volume[93796]: DEBUG oslo.privsep.daemon [-] privsep: reply[e82f3902-a692-4dc1-a460-59b398445766]: (4, 'qcow2') {{(pid=94598) _call_back /opt/stack/data/venv/lib/python3.12/site-packages/oslo_privsep/daemon.py:580}}
Jun 23 13:56:15 devstack cinder-volume[93796]: DEBUG oslo_concurrency.processutils [None req-e176de2b-43bb-4d59-a3ba-aaadf9f4ad6d tempest-SnapshotsActionsTest-438287738 None] Running cmd (subprocess): /opt/stack/data/venv/bin/python3.12 -m oslo_concurrency.prlimit --as=1073741824 --cpu=60 -- sudo cinder-rootwrap /etc/cinder/rootwrap.conf env LC_ALL=C qemu-img info -f qcow2 --output=json --force-share /opt/stack/data/cinder/mnt/b5152d30d8a83afce70a00029a07bd09/volume-f9da00a6-1a66-4a19-9d53-7ac175244310.139e3580-19d1-4d9c-9462-2e77b0055685 {{(pid=93796) execute /opt/stack/data/venv/lib/python3.12/site-packages/oslo_concurrency/processutils.py:440}}
Jun 23 13:56:15 devstack sudo[97727]: quobyte : PWD=/ ; USER=root ; COMMAND=/opt/stack/data/venv/bin/cinder-rootwrap /etc/cinder/rootwrap.conf env LC_ALL=C qemu-img info -f qcow2 --output=json --force-share /opt/stack/data/cinder/mnt/b5152d30d8a83afce70a00029a07bd09/volume-f9da00a6-1a66-4a19-9d53-7ac175244310.139e3580-19d1-4d9c-9462-2e77b0055685
Jun 23 13:56:15 devstack sudo[97727]: pam_unix(sudo:session): session opened for user root(uid=0) by (uid=1000)
Jun 23 13:56:16 devstack sudo[97727]: pam_unix(sudo:session): session closed for user root
Jun 23 13:56:16 devstack cinder-volume[93796]: DEBUG oslo_concurrency.processutils [None req-e176de2b-43bb-4d59-a3ba-aaadf9f4ad6d tempest-SnapshotsActionsTest-438287738 None] CMD "/opt/stack/data/venv/bin/python3.12 -m oslo_concurrency.prlimit --as=1073741824 --cpu=60 -- sudo cinder-rootwrap /etc/cinder/rootwrap.conf env LC_ALL=C qemu-img info -f qcow2 --output=json --force-share /opt/stack/data/cinder/mnt/b5152d30d8a83afce70a00029a07bd09/volume-f9da00a6-1a66-4a19-9d53-7ac175244310.139e3580-19d1-4d9c-9462-2e77b0055685" returned: 0 in 1.613s {{(pid=93796) execute /opt/stack/data/venv/lib/python3.12/site-packages/oslo_concurrency/processutils.py:468}}
Jun 23 13:56:16 devstack cinder-volume[93796]: DEBUG cinder.volume.drivers.remotefs [None req-e176de2b-43bb-4d59-a3ba-aaadf9f4ad6d tempest-SnapshotsActionsTest-438287738 None] Fetching qemu-img info with special backing_file_template: (/opt/stack/data/cinder/mnt/[0-9a-f]+/)?(volume-f9da00a6-1a66-4a19-9d53-7ac175244310(.(tmp-snap-)?[0-9a-f-]+)?|volume_from_snapshot_cache/(tmp-snap-)?[0-9a-f-]+(.(child-|parent-)[0-9a-f-]+)?)$ {{(pid=93796) _qemu_img_info_base /opt/stack/cinder/cinder/volume/drivers/remotefs.py:896}}
Jun 23 13:56:16 devstack cinder-volume[93796]: DEBUG oslo_concurrency.processutils [None req-e176de2b-43bb-4d59-a3ba-aaadf9f4ad6d tempest-SnapshotsActionsTest-438287738 None] Running cmd (subprocess): sudo cinder-rootwrap /etc/cinder/rootwrap.conf qemu-img create -f qcow2 -o backing_file=/opt/stack/data/cinder/mnt/b5152d30d8a83afce70a00029a07bd09/volume-f9da00a6-1a66-4a19-9d53-7ac175244310.139e3580-19d1-4d9c-9462-2e77b0055685,backing_fmt=qcow2 /opt/stack/data/cinder/mnt/b5152d30d8a83afce70a00029a07bd09/volume-f9da00a6-1a66-4a19-9d53-7ac175244310.63b7f692-df22-4f3b-8c26-2481fc7307a5 1G {{(pid=93796) execute /opt/stack/data/venv/lib/python3.12/site-packages/oslo_concurrency/processutils.py:440}}
Jun 23 13:56:16 devstack sudo[97751]: quobyte : PWD=/ ; USER=root ; COMMAND=/opt/stack/data/venv/bin/cinder-rootwrap /etc/cinder/rootwrap.conf qemu-img create -f qcow2 -o backing_file=/opt/stack/data/cinder/mnt/b5152d30d8a83afce70a00029a07bd09/volume-f9da00a6-1a66-4a19-9d53-7ac175244310.139e3580-19d1-4d9c-9462-2e77b0055685,backing_fmt=qcow2 /opt/stack/data/cinder/mnt/b5152d30d8a83afce70a00029a07bd09/volume-f9da00a6-1a66-4a19-9d53-7ac175244310.63b7f692-df22-4f3b-8c26-2481fc7307a5 1G
Jun 23 13:56:16 devstack sudo[97751]: pam_unix(sudo:session): session opened for user root(uid=0) by (uid=1000)
Jun 23 13:56:18 devstack sudo[97751]: pam_unix(sudo:session): session closed for user root
Jun 23 13:56:18 devstack cinder-volume[93796]: DEBUG oslo_concurrency.processutils [None req-e176de2b-43bb-4d59-a3ba-aaadf9f4ad6d tempest-SnapshotsActionsTest-438287738 None] CMD "sudo cinder-rootwrap /etc/cinder/rootwrap.conf qemu-img create -f qcow2 -o backing_file=/opt/stack/data/cinder/mnt/b5152d30d8a83afce70a00029a07bd09/volume-f9da00a6-1a66-4a19-9d53-7ac175244310.139e3580-19d1-4d9c-9462-2e77b0055685,backing_fmt=qcow2 /opt/stack/data/cinder/mnt/b5152d30d8a83afce70a00029a07bd09/volume-f9da00a6-1a66-4a19-9d53-7ac175244310.63b7f692-df22-4f3b-8c26-2481fc7307a5 1G" returned: 0 in 1.829s {{(pid=93796) execute /opt/stack/data/venv/lib/python3.12/site-packages/oslo_concurrency/processutils.py:468}}
Jun 23 13:56:18 devstack cinder-volume[93796]: DEBUG oslo_concurrency.processutils [None req-e176de2b-43bb-4d59-a3ba-aaadf9f4ad6d tempest-SnapshotsActionsTest-438287738 None] Running cmd (subprocess): sudo cinder-rootwrap /etc/cinder/rootwrap.conf qemu-img rebase -u -b volume-f9da00a6-1a66-4a19-9d53-7ac175244310.139e3580-19d1-4d9c-9462-2e77b0055685 -F qcow2 /opt/stack/data/cinder/mnt/b5152d30d8a83afce70a00029a07bd09/volume-f9da00a6-1a66-4a19-9d53-7ac175244310.63b7f692-df22-4f3b-8c26-2481fc7307a5 {{(pid=93796) execute /opt/stack/data/venv/lib/python3.12/site-packages/oslo_concurrency/processutils.py:440}}
Jun 23 13:56:18 devstack sudo[97770]: quobyte : PWD=/ ; USER=root ; COMMAND=/opt/stack/data/venv/bin/cinder-rootwrap /etc/cinder/rootwrap.conf qemu-img rebase -u -b volume-f9da00a6-1a66-4a19-9d53-7ac175244310.139e3580-19d1-4d9c-9462-2e77b0055685 -F qcow2 /opt/stack/data/cinder/mnt/b5152d30d8a83afce70a00029a07bd09/volume-f9da00a6-1a66-4a19-9d53-7ac175244310.63b7f692-df22-4f3b-8c26-2481fc7307a5
Jun 23 13:56:18 devstack sudo[97770]: pam_unix(sudo:session): session opened for user root(uid=0) by (uid=1000)
Jun 23 13:56:19 devstack sudo[97770]: pam_unix(sudo:session): session closed for user root
Jun 23 13:56:19 devstack cinder-volume[93796]: DEBUG oslo_concurrency.processutils [None req-e176de2b-43bb-4d59-a3ba-aaadf9f4ad6d tempest-SnapshotsActionsTest-438287738 None] CMD "sudo cinder-rootwrap /etc/cinder/rootwrap.conf qemu-img rebase -u -b volume-f9da00a6-1a66-4a19-9d53-7ac175244310.139e3580-19d1-4d9c-9462-2e77b0055685 -F qcow2 /opt/stack/data/cinder/mnt/b5152d30d8a83afce70a00029a07bd09/volume-f9da00a6-1a66-4a19-9d53-7ac175244310.63b7f692-df22-4f3b-8c26-2481fc7307a5" returned: 0 in 1.055s {{(pid=93796) execute /opt/stack/data/venv/lib/python3.12/site-packages/oslo_concurrency/processutils.py:468}}
Jun 23 13:56:19 devstack cinder-volume[93796]: WARNING cinder.volume.drivers.remotefs [None req-e176de2b-43bb-4d59-a3ba-aaadf9f4ad6d tempest-SnapshotsActionsTest-438287738 None] /opt/stack/data/cinder/mnt/b5152d30d8a83afce70a00029a07bd09/volume-f9da00a6-1a66-4a19-9d53-7ac175244310.63b7f692-df22-4f3b-8c26-2481fc7307a5 is being set with open permissions: ugo+rw
Jun 23 13:56:19 devstack cinder-volume[93796]: DEBUG oslo_concurrency.processutils [None req-e176de2b-43bb-4d59-a3ba-aaadf9f4ad6d tempest-SnapshotsActionsTest-438287738 None] Running cmd (subprocess): sudo cinder-rootwrap /etc/cinder/rootwrap.conf chmod ugo+rw /opt/stack/data/cinder/mnt/b5152d30d8a83afce70a00029a07bd09/volume-f9da00a6-1a66-4a19-9d53-7ac175244310.63b7f692-df22-4f3b-8c26-2481fc7307a5 {{(pid=93796) execute /opt/stack/data/venv/lib/python3.12/site-packages/oslo_concurrency/processutils.py:440}}
Jun 23 13:56:19 devstack sudo[97780]: quobyte : PWD=/ ; USER=root ; COMMAND=/opt/stack/data/venv/bin/cinder-rootwrap /etc/cinder/rootwrap.conf chmod ugo+rw /opt/stack/data/cinder/mnt/b5152d30d8a83afce70a00029a07bd09/volume-f9da00a6-1a66-4a19-9d53-7ac175244310.63b7f692-df22-4f3b-8c26-2481fc7307a5
Jun 23 13:56:19 devstack sudo[97780]: pam_unix(sudo:session): session opened for user root(uid=0) by (uid=1000)
Jun 23 13:56:20 devstack sudo[97780]: pam_unix(sudo:session): session closed for user root
Jun 23 13:56:20 devstack cinder-volume[93796]: DEBUG oslo_concurrency.processutils [None req-e176de2b-43bb-4d59-a3ba-aaadf9f4ad6d tempest-SnapshotsActionsTest-438287738 None] CMD "sudo cinder-rootwrap /etc/cinder/rootwrap.conf chmod ugo+rw /opt/stack/data/cinder/mnt/b5152d30d8a83afce70a00029a07bd09/volume-f9da00a6-1a66-4a19-9d53-7ac175244310.63b7f692-df22-4f3b-8c26-2481fc7307a5" returned: 0 in 0.904s {{(pid=93796) execute /opt/stack/data/venv/lib/python3.12/site-packages/oslo_concurrency/processutils.py:468}}
Jun 23 13:56:20 devstack cinder-volume[93796]: DEBUG dbcounter [-] [93796] Writing DB stats cinder:SELECT=54,cinder:INSERT=13,cinder:UPDATE=46,cinder:DELETE=4 {{(pid=93796) stat_writer /opt/stack/data/venv/lib/python3.12/site-packages/dbcounter.py:115}}
Jun 23 13:56:20 devstack cinder-volume[93796]: DEBUG dbcounter [-] [93796] Writing DB stats cinder:UPDATE=50,cinder:SELECT=39,cinder:INSERT=11,cinder:DELETE=2 {{(pid=93796) stat_writer /opt/stack/data/venv/lib/python3.12/site-packages/dbcounter.py:115}}
Jun 23 13:56:20 devstack cinder-volume[93796]: DEBUG oslo_concurrency.lockutils [None req-e176de2b-43bb-4d59-a3ba-aaadf9f4ad6d tempest-SnapshotsActionsTest-438287738 None] Lock "quobyte" "released" by "cinder.volume.drivers.quobyte.QuobyteDriver.create_snapshot" :: held 5.648s {{(pid=93796) inner /opt/stack/data/venv/lib/python3.12/site-packages/oslo_concurrency/lockutils.py:543}}
Jun 23 13:56:20 devstack cinder-volume[93796]: INFO cinder.volume.manager [None req-e176de2b-43bb-4d59-a3ba-aaadf9f4ad6d tempest-SnapshotsActionsTest-438287738 None] Create snapshot completed successfully
Jun 23 13:56:21 devstack cinder-volume[93796]: DEBUG cinder.coordination [None req-e55c1def-c099-49f8-86a5-0283188ab40c tempest-SnapshotsActionsTest-1144558423 None] Acquiring lock "cinder-63b7f692-df22-4f3b-8c26-2481fc7307a5-delete_snapshot" by "delete_snapshot" {{(pid=93796) __acquire /opt/stack/cinder/cinder/coordination.py:138}}
Jun 23 13:56:21 devstack cinder-volume[93796]: DEBUG cinder.coordination [None req-e55c1def-c099-49f8-86a5-0283188ab40c tempest-SnapshotsActionsTest-1144558423 None] Lock "cinder-63b7f692-df22-4f3b-8c26-2481fc7307a5-delete_snapshot" acquired by "delete_snapshot" :: waited 0.024s {{(pid=93796) __acquire /opt/stack/cinder/cinder/coordination.py:141}}
Jun 23 13:56:21 devstack cinder-volume[93796]: DEBUG cinder.coordination [None req-e55c1def-c099-49f8-86a5-0283188ab40c tempest-SnapshotsActionsTest-1144558423 None] Acquiring lock "cinder-quobyte-f9da00a6-1a66-4a19-9d53-7ac175244310" by "delete_snapshot" {{(pid=93796) __acquire /opt/stack/cinder/cinder/coordination.py:138}}
Jun 23 13:56:21 devstack cinder-volume[93796]: DEBUG cinder.coordination [None req-e55c1def-c099-49f8-86a5-0283188ab40c tempest-SnapshotsActionsTest-1144558423 None] Lock "cinder-quobyte-f9da00a6-1a66-4a19-9d53-7ac175244310" acquired by "delete_snapshot" :: waited 0.037s {{(pid=93796) __acquire /opt/stack/cinder/cinder/coordination.py:141}}
Jun 23 13:56:21 devstack cinder-volume[93796]: DEBUG cinder.coordination [None req-e55c1def-c099-49f8-86a5-0283188ab40c tempest-SnapshotsActionsTest-1144558423 None] Acquiring lock "cinder-quobyte-63b7f692-df22-4f3b-8c26-2481fc7307a5" by "_delete_snapshot" {{(pid=93796) __acquire /opt/stack/cinder/cinder/coordination.py:138}}
Jun 23 13:56:21 devstack cinder-volume[93796]: DEBUG cinder.coordination [None req-e55c1def-c099-49f8-86a5-0283188ab40c tempest-SnapshotsActionsTest-1144558423 None] Lock "cinder-quobyte-63b7f692-df22-4f3b-8c26-2481fc7307a5" acquired by "_delete_snapshot" :: waited 0.024s {{(pid=93796) __acquire /opt/stack/cinder/cinder/coordination.py:141}}
Jun 23 13:56:21 devstack cinder-volume[93796]: DEBUG cinder.volume.drivers.remotefs [None req-e55c1def-c099-49f8-86a5-0283188ab40c tempest-SnapshotsActionsTest-1144558423 None] Deleting offline snapshot 63b7f692-df22-4f3b-8c26-2481fc7307a5 of volume f9da00a6-1a66-4a19-9d53-7ac175244310 {{(pid=93796) _delete_snapshot /opt/stack/cinder/cinder/volume/drivers/remotefs.py:1288}}
Jun 23 13:56:21 devstack cinder-volume[93796]: DEBUG cinder.volume.drivers.remotefs [None req-e55c1def-c099-49f8-86a5-0283188ab40c tempest-SnapshotsActionsTest-1144558423 None] snapshot_file for this snap is: volume-f9da00a6-1a66-4a19-9d53-7ac175244310.63b7f692-df22-4f3b-8c26-2481fc7307a5 {{(pid=93796) _delete_snapshot /opt/stack/cinder/cinder/volume/drivers/remotefs.py:1317}}
Jun 23 13:56:21 devstack cinder-volume[93796]: DEBUG oslo.privsep.daemon [-] privsep: reply[77f505db-2b35-45a2-ad9a-a4fd26eb4dfd]: (4, 'qcow2') {{(pid=94598) _call_back /opt/stack/data/venv/lib/python3.12/site-packages/oslo_privsep/daemon.py:580}}
Jun 23 13:56:21 devstack cinder-volume[93796]: DEBUG oslo_concurrency.processutils [None req-e55c1def-c099-49f8-86a5-0283188ab40c tempest-SnapshotsActionsTest-1144558423 None] Running cmd (subprocess): /opt/stack/data/venv/bin/python3.12 -m oslo_concurrency.prlimit --as=1073741824 --cpu=60 -- sudo cinder-rootwrap /etc/cinder/rootwrap.conf env LC_ALL=C qemu-img info -f qcow2 --output=json --force-share /opt/stack/data/cinder/mnt/b5152d30d8a83afce70a00029a07bd09/volume-f9da00a6-1a66-4a19-9d53-7ac175244310.63b7f692-df22-4f3b-8c26-2481fc7307a5 {{(pid=93796) execute /opt/stack/data/venv/lib/python3.12/site-packages/oslo_concurrency/processutils.py:440}}
Jun 23 13:56:22 devstack sudo[97832]: quobyte : PWD=/ ; USER=root ; COMMAND=/opt/stack/data/venv/bin/cinder-rootwrap /etc/cinder/rootwrap.conf env LC_ALL=C qemu-img info -f qcow2 --output=json --force-share /opt/stack/data/cinder/mnt/b5152d30d8a83afce70a00029a07bd09/volume-f9da00a6-1a66-4a19-9d53-7ac175244310.63b7f692-df22-4f3b-8c26-2481fc7307a5
Jun 23 13:56:22 devstack sudo[97832]: pam_unix(sudo:session): session opened for user root(uid=0) by (uid=1000)
Jun 23 13:56:22 devstack sudo[97832]: pam_unix(sudo:session): session closed for user root
Jun 23 13:56:22 devstack cinder-volume[93796]: DEBUG oslo_concurrency.processutils [None req-e55c1def-c099-49f8-86a5-0283188ab40c tempest-SnapshotsActionsTest-1144558423 None] CMD "/opt/stack/data/venv/bin/python3.12 -m oslo_concurrency.prlimit --as=1073741824 --cpu=60 -- sudo cinder-rootwrap /etc/cinder/rootwrap.conf env LC_ALL=C qemu-img info -f qcow2 --output=json --force-share /opt/stack/data/cinder/mnt/b5152d30d8a83afce70a00029a07bd09/volume-f9da00a6-1a66-4a19-9d53-7ac175244310.63b7f692-df22-4f3b-8c26-2481fc7307a5" returned: 0 in 0.886s {{(pid=93796) execute /opt/stack/data/venv/lib/python3.12/site-packages/oslo_concurrency/processutils.py:468}}
