Jun 15 15:55:44 devstack cinder-volume[91895]: DEBUG oslo_concurrency.lockutils [None req-3740fd82-6bc9-4a46-aaea-d168945ddf94 tempest-VolumesDeleteCascade-977257629 None] Acquiring lock "quobyte_ensure" by "cinder.volume.drivers.quobyte.QuobyteDriver._ensure_shares_mounted" {{(pid=91895) inner /opt/stack/data/venv/lib/python3.12/site-packages/oslo_concurrency/lockutils.py:506}}
Jun 15 15:55:44 devstack cinder-volume[91895]: DEBUG oslo_concurrency.lockutils [None req-3740fd82-6bc9-4a46-aaea-d168945ddf94 tempest-VolumesDeleteCascade-977257629 None] Lock "quobyte_ensure" acquired by "cinder.volume.drivers.quobyte.QuobyteDriver._ensure_shares_mounted" :: waited 0.000s {{(pid=91895) inner /opt/stack/data/venv/lib/python3.12/site-packages/oslo_concurrency/lockutils.py:519}}
Jun 15 15:55:44 devstack cinder-volume[91895]: DEBUG cinder.volume.drivers.quobyte [None req-3740fd82-6bc9-4a46-aaea-d168945ddf94 tempest-VolumesDeleteCascade-977257629 None] Quobyte Volume URL set to: {'osci02.corp.quobyte.com/cinder-vol-e9fff7fc-31ce-4883-93ee-f9463ad7c75b': None} {{(pid=91895) _load_shares_config /opt/stack/cinder/cinder/volume/drivers/quobyte.py:617}}
Jun 15 15:55:44 devstack cinder-volume[91895]: DEBUG cinder.volume.drivers.quobyte [None req-3740fd82-6bc9-4a46-aaea-d168945ddf94 tempest-VolumesDeleteCascade-977257629 None] Available shares ['osci02.corp.quobyte.com/cinder-vol-e9fff7fc-31ce-4883-93ee-f9463ad7c75b'] {{(pid=91895) _ensure_shares_mounted /opt/stack/cinder/cinder/volume/drivers/quobyte.py:647}}
Jun 15 15:55:44 devstack cinder-volume[91895]: DEBUG oslo_concurrency.lockutils [None req-3740fd82-6bc9-4a46-aaea-d168945ddf94 tempest-VolumesDeleteCascade-977257629 None] Lock "quobyte_ensure" "released" by "cinder.volume.drivers.quobyte.QuobyteDriver._ensure_shares_mounted" :: held 0.005s {{(pid=91895) inner /opt/stack/data/venv/lib/python3.12/site-packages/oslo_concurrency/lockutils.py:538}}
Jun 15 15:55:44 devstack cinder-volume[91895]: DEBUG cinder.volume.drivers.quobyte [None req-3740fd82-6bc9-4a46-aaea-d168945ddf94 tempest-VolumesDeleteCascade-977257629 None] Selected osci02.corp.quobyte.com/cinder-vol-e9fff7fc-31ce-4883-93ee-f9463ad7c75b as target Quobyte volume. {{(pid=91895) _find_share /opt/stack/cinder/cinder/volume/drivers/quobyte.py:668}}
Jun 15 15:55:44 devstack cinder-volume[91895]: INFO cinder.volume.drivers.remotefs [None req-3740fd82-6bc9-4a46-aaea-d168945ddf94 tempest-VolumesDeleteCascade-977257629 None] casted to osci02.corp.quobyte.com/cinder-vol-e9fff7fc-31ce-4883-93ee-f9463ad7c75b
Jun 15 15:55:44 devstack cinder-volume[91895]: DEBUG oslo_concurrency.processutils [None req-3740fd82-6bc9-4a46-aaea-d168945ddf94 tempest-VolumesDeleteCascade-977257629 None] Running cmd (subprocess): sudo cinder-rootwrap /etc/cinder/rootwrap.conf qemu-img create -f qcow2 -o preallocation=metadata /opt/stack/data/cinder/mnt/e58ed7cf57eab991eeb212b17d82257f/volume-1212bdb6-c7d5-42c2-92f3-085587d36ce1 1073741824 {{(pid=91895) execute /opt/stack/data/venv/lib/python3.12/site-packages/oslo_concurrency/processutils.py:440}}
Jun 15 15:55:44 devstack sudo[100442]: quobyte : PWD=/ ; USER=root ; COMMAND=/opt/stack/data/venv/bin/cinder-rootwrap /etc/cinder/rootwrap.conf qemu-img create -f qcow2 -o preallocation=metadata /opt/stack/data/cinder/mnt/e58ed7cf57eab991eeb212b17d82257f/volume-1212bdb6-c7d5-42c2-92f3-085587d36ce1 1073741824
Jun 15 15:55:44 devstack sudo[100442]: pam_unix(sudo:session): session opened for user root(uid=0) by (uid=1000)
Jun 15 15:55:45 devstack cinder-volume[91895]: INFO cinder.volume.manager [None req-8e58878f-d112-4319-8e5c-ef382a54d47c tempest-GroupSnapshotsTest-408038336 None] GroupSnapshot 27346b52-993d-48ca-aa2d-f756aec6809d: creating.
Jun 15 15:55:45 devstack cinder-volume[91895]: DEBUG dbcounter [-] [91895] Writing DB stats cinder:UPDATE=111,cinder:SELECT=112,cinder:INSERT=25,cinder:DELETE=4 {{(pid=91895) stat_writer /opt/stack/data/venv/lib/python3.12/site-packages/dbcounter.py:115}}
Jun 15 15:55:45 devstack cinder-volume[91895]: DEBUG cinder.volume.manager [None req-8e58878f-d112-4319-8e5c-ef382a54d47c tempest-GroupSnapshotsTest-408038336 None] Group snapshot 27346b52-993d-48ca-aa2d-f756aec6809d: creating. {{(pid=91895) create_group_snapshot /opt/stack/cinder/cinder/volume/manager.py:4175}}
Jun 15 15:55:45 devstack cinder-volume[91895]: DEBUG oslo_concurrency.lockutils [None req-8e58878f-d112-4319-8e5c-ef382a54d47c tempest-GroupSnapshotsTest-408038336 None] Acquiring lock "quobyte" by "cinder.volume.drivers.quobyte.QuobyteDriver.create_snapshot" {{(pid=91895) inner /opt/stack/data/venv/lib/python3.12/site-packages/oslo_concurrency/lockutils.py:506}}
Jun 15 15:55:45 devstack sudo[100442]: pam_unix(sudo:session): session closed for user root
Jun 15 15:55:45 devstack cinder-volume[91895]: DEBUG oslo_concurrency.processutils [None req-3740fd82-6bc9-4a46-aaea-d168945ddf94 tempest-VolumesDeleteCascade-977257629 None] CMD "sudo cinder-rootwrap /etc/cinder/rootwrap.conf qemu-img create -f qcow2 -o preallocation=metadata /opt/stack/data/cinder/mnt/e58ed7cf57eab991eeb212b17d82257f/volume-1212bdb6-c7d5-42c2-92f3-085587d36ce1 1073741824" returned: 0 in 1.024s {{(pid=91895) execute /opt/stack/data/venv/lib/python3.12/site-packages/oslo_concurrency/processutils.py:468}}
Jun 15 15:55:45 devstack cinder-volume[91895]: DEBUG oslo_concurrency.processutils [None req-3740fd82-6bc9-4a46-aaea-d168945ddf94 tempest-VolumesDeleteCascade-977257629 None] Running cmd (subprocess): sudo cinder-rootwrap /etc/cinder/rootwrap.conf chmod ugo+rw /opt/stack/data/cinder/mnt/e58ed7cf57eab991eeb212b17d82257f/volume-1212bdb6-c7d5-42c2-92f3-085587d36ce1 {{(pid=91895) execute /opt/stack/data/venv/lib/python3.12/site-packages/oslo_concurrency/processutils.py:440}}
Jun 15 15:55:45 devstack sudo[100451]: quobyte : PWD=/ ; USER=root ; COMMAND=/opt/stack/data/venv/bin/cinder-rootwrap /etc/cinder/rootwrap.conf chmod ugo+rw /opt/stack/data/cinder/mnt/e58ed7cf57eab991eeb212b17d82257f/volume-1212bdb6-c7d5-42c2-92f3-085587d36ce1
Jun 15 15:55:45 devstack sudo[100451]: pam_unix(sudo:session): session opened for user root(uid=0) by (uid=1000)
Jun 15 15:55:46 devstack sudo[100451]: pam_unix(sudo:session): session closed for user root
Jun 15 15:55:46 devstack cinder-volume[91895]: DEBUG oslo_concurrency.processutils [None req-3740fd82-6bc9-4a46-aaea-d168945ddf94 tempest-VolumesDeleteCascade-977257629 None] CMD "sudo cinder-rootwrap /etc/cinder/rootwrap.conf chmod ugo+rw /opt/stack/data/cinder/mnt/e58ed7cf57eab991eeb212b17d82257f/volume-1212bdb6-c7d5-42c2-92f3-085587d36ce1" returned: 0 in 0.617s {{(pid=91895) execute /opt/stack/data/venv/lib/python3.12/site-packages/oslo_concurrency/processutils.py:468}}
Jun 15 15:55:46 devstack cinder-volume[91895]: DEBUG cinder.volume.drivers.quobyte [None req-3740fd82-6bc9-4a46-aaea-d168945ddf94 tempest-VolumesDeleteCascade-977257629 None] <== create_volume: return (1675ms) {'provider_location': 'osci02.corp.quobyte.com/cinder-vol-e9fff7fc-31ce-4883-93ee-f9463ad7c75b'} {{(pid=91895) trace_logging_wrapper /opt/stack/cinder/cinder/volume/volume_utils.py:1522}}
Jun 15 15:55:46 devstack cinder-volume[91895]: DEBUG oslo_concurrency.lockutils [None req-3740fd82-6bc9-4a46-aaea-d168945ddf94 tempest-VolumesDeleteCascade-977257629 None] Lock "quobyte" "released" by "cinder.volume.drivers.quobyte.QuobyteDriver.create_volume" :: held 1.677s {{(pid=91895) inner /opt/stack/data/venv/lib/python3.12/site-packages/oslo_concurrency/lockutils.py:538}}
Jun 15 15:55:46 devstack cinder-volume[91895]: DEBUG oslo_concurrency.lockutils [None req-8e58878f-d112-4319-8e5c-ef382a54d47c tempest-GroupSnapshotsTest-408038336 None] Lock "quobyte" acquired by "cinder.volume.drivers.quobyte.QuobyteDriver.create_snapshot" :: waited 0.983s {{(pid=91895) inner /opt/stack/data/venv/lib/python3.12/site-packages/oslo_concurrency/lockutils.py:519}}
Jun 15 15:55:46 devstack cinder-volume[91895]: DEBUG cinder.volume.drivers.remotefs [None req-8e58878f-d112-4319-8e5c-ef382a54d47c tempest-GroupSnapshotsTest-408038336 None] Creating offline snapshot 57e41fda-9987-443d-b963-66216a990645 of volume 9002d2eb-eb70-4acf-aaf7-d37799e58d1d {{(pid=91895) _create_snapshot /opt/stack/cinder/cinder/volume/drivers/remotefs.py:1816}}
Jun 15 15:55:46 devstack cinder-volume[91895]: DEBUG cinder.volume.manager [None req-3740fd82-6bc9-4a46-aaea-d168945ddf94 tempest-VolumesDeleteCascade-977257629 None] Task 'cinder.volume.flows.manager.create_volume.CreateVolumeFromSpecTask;volume:create' (5790c140-5b77-4e11-8f23-71edead3d432) transitioned into state 'SUCCESS' from state 'RUNNING' with result '{'status': 'creating', 'volume_name': 'volume-1212bdb6-c7d5-42c2-92f3-085587d36ce1', 'volume_size': 1}' {{(pid=91895) _task_receiver /opt/stack/data/venv/lib/python3.12/site-packages/taskflow/listeners/logging.py:182}}
Jun 15 15:55:46 devstack cinder-volume[91895]: DEBUG cinder.volume.manager [None req-3740fd82-6bc9-4a46-aaea-d168945ddf94 tempest-VolumesDeleteCascade-977257629 None] Task 'cinder.volume.flows.manager.create_volume.CreateVolumeOnFinishTask;volume:create, create.end' (3f5d0d39-a500-4e6a-9364-479900137f53) transitioned into state 'RUNNING' from state 'PENDING' {{(pid=91895) _task_receiver /opt/stack/data/venv/lib/python3.12/site-packages/taskflow/listeners/logging.py:194}}
Jun 15 15:55:46 devstack cinder-volume[91895]: DEBUG oslo.privsep.daemon [-] privsep: reply[2f811979-a8df-45aa-8193-72cab63515e7]: (4, 'qcow2') {{(pid=93193) _call_back /opt/stack/data/venv/lib/python3.12/site-packages/oslo_privsep/daemon.py:573}}
Jun 15 15:55:46 devstack cinder-volume[91895]: DEBUG oslo_concurrency.processutils [None req-8e58878f-d112-4319-8e5c-ef382a54d47c tempest-GroupSnapshotsTest-408038336 None] Running cmd (subprocess): /opt/stack/data/venv/bin/python3.12 -m oslo_concurrency.prlimit --as=1073741824 --cpu=60 -- sudo cinder-rootwrap /etc/cinder/rootwrap.conf env LC_ALL=C qemu-img info -f qcow2 --output=json --force-share /opt/stack/data/cinder/mnt/e58ed7cf57eab991eeb212b17d82257f/volume-9002d2eb-eb70-4acf-aaf7-d37799e58d1d {{(pid=91895) execute /opt/stack/data/venv/lib/python3.12/site-packages/oslo_concurrency/processutils.py:440}}
Jun 15 15:55:46 devstack cinder-volume[91895]: INFO cinder.volume.flows.manager.create_volume [None req-3740fd82-6bc9-4a46-aaea-d168945ddf94 tempest-VolumesDeleteCascade-977257629 None] Volume volume-1212bdb6-c7d5-42c2-92f3-085587d36ce1 (1212bdb6-c7d5-42c2-92f3-085587d36ce1): created successfully
Jun 15 15:55:46 devstack cinder-volume[91895]: DEBUG cinder.volume.manager [None req-3740fd82-6bc9-4a46-aaea-d168945ddf94 tempest-VolumesDeleteCascade-977257629 None] Task 'cinder.volume.flows.manager.create_volume.CreateVolumeOnFinishTask;volume:create, create.end' (3f5d0d39-a500-4e6a-9364-479900137f53) transitioned into state 'SUCCESS' from state 'RUNNING' with result 'None' {{(pid=91895) _task_receiver /opt/stack/data/venv/lib/python3.12/site-packages/taskflow/listeners/logging.py:182}}
Jun 15 15:55:46 devstack cinder-volume[91895]: DEBUG cinder.volume.manager [None req-3740fd82-6bc9-4a46-aaea-d168945ddf94 tempest-VolumesDeleteCascade-977257629 None] Flow 'volume_create_manager' (e4f59bf1-38b3-4905-9d2c-b3805d85ec6d) transitioned into state 'SUCCESS' from state 'RUNNING' {{(pid=91895) _flow_receiver /opt/stack/data/venv/lib/python3.12/site-packages/taskflow/listeners/logging.py:145}}
Jun 15 15:55:46 devstack cinder-volume[91895]: INFO cinder.volume.manager [None req-3740fd82-6bc9-4a46-aaea-d168945ddf94 tempest-VolumesDeleteCascade-977257629 None] Created volume successfully.
Jun 15 15:55:46 devstack sudo[100454]: quobyte : PWD=/ ; USER=root ; COMMAND=/opt/stack/data/venv/bin/cinder-rootwrap /etc/cinder/rootwrap.conf env LC_ALL=C qemu-img info -f qcow2 --output=json --force-share /opt/stack/data/cinder/mnt/e58ed7cf57eab991eeb212b17d82257f/volume-9002d2eb-eb70-4acf-aaf7-d37799e58d1d
Jun 15 15:55:46 devstack sudo[100454]: pam_unix(sudo:session): session opened for user root(uid=0) by (uid=1000)
Jun 15 15:55:47 devstack cinder-volume[91895]: DEBUG oslo_concurrency.lockutils [None req-ab9a2fc9-21c5-45c6-97aa-33bebc30d8b3 tempest-VolumesDeleteCascade-977257629 None] Acquiring lock "quobyte" by "cinder.volume.drivers.quobyte.QuobyteDriver.create_snapshot" {{(pid=91895) inner /opt/stack/data/venv/lib/python3.12/site-packages/oslo_concurrency/lockutils.py:506}}
Jun 15 15:55:47 devstack sudo[100454]: pam_unix(sudo:session): session closed for user root
Jun 15 15:55:47 devstack cinder-volume[91895]: DEBUG oslo_concurrency.processutils [None req-8e58878f-d112-4319-8e5c-ef382a54d47c tempest-GroupSnapshotsTest-408038336 None] CMD "/opt/stack/data/venv/bin/python3.12 -m oslo_concurrency.prlimit --as=1073741824 --cpu=60 -- sudo cinder-rootwrap /etc/cinder/rootwrap.conf env LC_ALL=C qemu-img info -f qcow2 --output=json --force-share /opt/stack/data/cinder/mnt/e58ed7cf57eab991eeb212b17d82257f/volume-9002d2eb-eb70-4acf-aaf7-d37799e58d1d" returned: 0 in 0.762s {{(pid=91895) execute /opt/stack/data/venv/lib/python3.12/site-packages/oslo_concurrency/processutils.py:468}}
Jun 15 15:55:47 devstack cinder-volume[91895]: DEBUG oslo_concurrency.processutils [None req-8e58878f-d112-4319-8e5c-ef382a54d47c tempest-GroupSnapshotsTest-408038336 None] Running cmd (subprocess): sudo cinder-rootwrap /etc/cinder/rootwrap.conf qemu-img create -f qcow2 -o backing_file=/opt/stack/data/cinder/mnt/e58ed7cf57eab991eeb212b17d82257f/volume-9002d2eb-eb70-4acf-aaf7-d37799e58d1d,backing_fmt=qcow2 /opt/stack/data/cinder/mnt/e58ed7cf57eab991eeb212b17d82257f/volume-9002d2eb-eb70-4acf-aaf7-d37799e58d1d.57e41fda-9987-443d-b963-66216a990645 1G {{(pid=91895) execute /opt/stack/data/venv/lib/python3.12/site-packages/oslo_concurrency/processutils.py:440}}
Jun 15 15:55:47 devstack sudo[100459]: quobyte : PWD=/ ; USER=root ; COMMAND=/opt/stack/data/venv/bin/cinder-rootwrap /etc/cinder/rootwrap.conf qemu-img create -f qcow2 -o backing_file=/opt/stack/data/cinder/mnt/e58ed7cf57eab991eeb212b17d82257f/volume-9002d2eb-eb70-4acf-aaf7-d37799e58d1d,backing_fmt=qcow2 /opt/stack/data/cinder/mnt/e58ed7cf57eab991eeb212b17d82257f/volume-9002d2eb-eb70-4acf-aaf7-d37799e58d1d.57e41fda-9987-443d-b963-66216a990645 1G
Jun 15 15:55:47 devstack sudo[100459]: pam_unix(sudo:session): session opened for user root(uid=0) by (uid=1000)
Jun 15 15:55:47 devstack cinder-volume[91895]: DEBUG cinder.volume.flows.manager.create_volume [None req-bf7005e7-80e8-4871-aaf1-58e223247718 tempest-VolumesActionsTest-921530185 None] Volume reschedule parameters: True retry: {'num_attempts': 1, 'backends': ['devstack@QuobyteHD#QuobyteHD'], 'hosts': ['devstack@QuobyteHD#QuobyteHD']} {{(pid=91895) get_flow /opt/stack/cinder/cinder/volume/flows/manager/create_volume.py:1397}}
Jun 15 15:55:48 devstack cinder-volume[91895]: DEBUG cinder.volume.manager [None req-bf7005e7-80e8-4871-aaf1-58e223247718 tempest-VolumesActionsTest-921530185 None] Flow 'volume_create_manager' (34bc70a5-85b6-469e-b16e-4d36deabd4d5) transitioned into state 'RUNNING' from state 'PENDING' {{(pid=91895) _flow_receiver /opt/stack/data/venv/lib/python3.12/site-packages/taskflow/listeners/logging.py:145}}
Jun 15 15:55:48 devstack cinder-volume[91895]: DEBUG cinder.volume.manager [None req-bf7005e7-80e8-4871-aaf1-58e223247718 tempest-VolumesActionsTest-921530185 None] Task 'cinder.volume.flows.manager.create_volume.ExtractVolumeRefTask;volume:create' (ee348e0f-242f-40ff-adb4-e012afb2a865) transitioned into state 'RUNNING' from state 'PENDING' {{(pid=91895) _task_receiver /opt/stack/data/venv/lib/python3.12/site-packages/taskflow/listeners/logging.py:194}}
Jun 15 15:55:48 devstack cinder-volume[91895]: DEBUG cinder.volume.manager [None req-bf7005e7-80e8-4871-aaf1-58e223247718 tempest-VolumesActionsTest-921530185 None] Task 'cinder.volume.flows.manager.create_volume.ExtractVolumeRefTask;volume:create' (ee348e0f-242f-40ff-adb4-e012afb2a865) transitioned into state 'SUCCESS' from state 'RUNNING' with result 'Volume(_name_id=None,admin_metadata=,attach_status='detached',availability_zone='nova',bootable=False,cluster=,cluster_name=None,consistencygroup=,consistencygroup_id=None,created_at=2026-06-15T13:55:48Z,deleted=False,deleted_at=None,display_description=None,display_name='tempest-VolumesActionsTest-Volume-481012110',ec2_id=None,encryption_key_id=None,glance_metadata=,group=,group_id=None,host='devstack@QuobyteHD#QuobyteHD',id=d76849f2-7ada-4be3-ad52-9ea324b1ccf3,launched_at=None,metadata={},migration_status=None,multiattach=False,previous_status=None,project_id='f144f82a36d24491928bfd76ccbccec7',provider_auth=None,provider_geometry=None,provider_id=None,provider_location=None,replication_driver_data=None,replication_extended_status=None,replication_status=None,scheduled_at=2026-06-15T13:55:48Z,service_uuid=None,shared_targets=True,size=1,snapshot_id=None,snapshots=,source_volid=None,status='creating',terminated_at=None,updated_at=2026-06-15T13:55:48Z,use_quota=True,user_id='0e7afd3304a146e088e7828170a09df2',volume_attachment=VolumeAttachmentList,volume_type=VolumeType(3afff458-3c46-4871-adb8-0cd39d02acd4),volume_type_id=3afff458-3c46-4871-adb8-0cd39d02acd4)' {{(pid=91895) _task_receiver /opt/stack/data/venv/lib/python3.12/site-packages/taskflow/listeners/logging.py:182}}
Jun 15 15:55:48 devstack cinder-volume[91895]: DEBUG cinder.volume.manager [None req-bf7005e7-80e8-4871-aaf1-58e223247718 tempest-VolumesActionsTest-921530185 None] Task 'cinder.volume.flows.manager.create_volume.OnFailureRescheduleTask;volume:create' (4e421f89-2245-4445-9689-dac1dbe5c913) transitioned into state 'RUNNING' from state 'PENDING' {{(pid=91895) _task_receiver /opt/stack/data/venv/lib/python3.12/site-packages/taskflow/listeners/logging.py:194}}
Jun 15 15:55:48 devstack cinder-volume[91895]: DEBUG cinder.volume.manager [None req-bf7005e7-80e8-4871-aaf1-58e223247718 tempest-VolumesActionsTest-921530185 None] Task 'cinder.volume.flows.manager.create_volume.OnFailureRescheduleTask;volume:create' (4e421f89-2245-4445-9689-dac1dbe5c913) transitioned into state 'SUCCESS' from state 'RUNNING' with result 'None' {{(pid=91895) _task_receiver /opt/stack/data/venv/lib/python3.12/site-packages/taskflow/listeners/logging.py:182}}
Jun 15 15:55:48 devstack cinder-volume[91895]: DEBUG cinder.volume.manager [None req-bf7005e7-80e8-4871-aaf1-58e223247718 tempest-VolumesActionsTest-921530185 None] Task 'cinder.volume.flows.manager.create_volume.ExtractVolumeSpecTask;volume:create' (52c11c3a-8c7d-4fde-8422-134fc8546801) transitioned into state 'RUNNING' from state 'PENDING' {{(pid=91895) _task_receiver /opt/stack/data/venv/lib/python3.12/site-packages/taskflow/listeners/logging.py:194}}
Jun 15 15:55:48 devstack cinder-volume[91895]: DEBUG cinder.volume.manager [None req-bf7005e7-80e8-4871-aaf1-58e223247718 tempest-VolumesActionsTest-921530185 None] Task 'cinder.volume.flows.manager.create_volume.ExtractVolumeSpecTask;volume:create' (52c11c3a-8c7d-4fde-8422-134fc8546801) transitioned into state 'SUCCESS' from state 'RUNNING' with result '{'status': 'creating', 'type': 'raw', 'volume_id': 'd76849f2-7ada-4be3-ad52-9ea324b1ccf3', 'volume_name': 'volume-d76849f2-7ada-4be3-ad52-9ea324b1ccf3', 'volume_size': 1}' {{(pid=91895) _task_receiver /opt/stack/data/venv/lib/python3.12/site-packages/taskflow/listeners/logging.py:182}}
Jun 15 15:55:48 devstack cinder-volume[91895]: DEBUG cinder.volume.manager [None req-bf7005e7-80e8-4871-aaf1-58e223247718 tempest-VolumesActionsTest-921530185 None] Task 'cinder.volume.flows.manager.create_volume.NotifyVolumeActionTask;volume:create, create.start' (19550f3a-2f10-4ce7-99c3-3a25de78a60a) transitioned into state 'RUNNING' from state 'PENDING' {{(pid=91895) _task_receiver /opt/stack/data/venv/lib/python3.12/site-packages/taskflow/listeners/logging.py:194}}
Jun 15 15:55:48 devstack cinder-volume[91895]: DEBUG cinder.volume.manager [None req-bf7005e7-80e8-4871-aaf1-58e223247718 tempest-VolumesActionsTest-921530185 None] Task 'cinder.volume.flows.manager.create_volume.NotifyVolumeActionTask;volume:create, create.start' (19550f3a-2f10-4ce7-99c3-3a25de78a60a) transitioned into state 'SUCCESS' from state 'RUNNING' with result 'None' {{(pid=91895) _task_receiver /opt/stack/data/venv/lib/python3.12/site-packages/taskflow/listeners/logging.py:182}}
Jun 15 15:55:48 devstack sudo[100459]: pam_unix(sudo:session): session closed for user root
Jun 15 15:55:48 devstack cinder-volume[91895]: DEBUG cinder.volume.manager [None req-bf7005e7-80e8-4871-aaf1-58e223247718 tempest-VolumesActionsTest-921530185 None] Task 'cinder.volume.flows.manager.create_volume.CreateVolumeFromSpecTask;volume:create' (3543e0ef-713c-4019-9440-4b789c88dd08) transitioned into state 'RUNNING' from state 'PENDING' {{(pid=91895) _task_receiver /opt/stack/data/venv/lib/python3.12/site-packages/taskflow/listeners/logging.py:194}}
Jun 15 15:55:48 devstack cinder-volume[91895]: INFO cinder.volume.flows.manager.create_volume [None req-bf7005e7-80e8-4871-aaf1-58e223247718 tempest-VolumesActionsTest-921530185 None] Volume d76849f2-7ada-4be3-ad52-9ea324b1ccf3: being created as raw with specification: {'status': 'creating', 'volume_name': 'volume-d76849f2-7ada-4be3-ad52-9ea324b1ccf3', 'volume_size': 1}
Jun 15 15:55:48 devstack cinder-volume[91895]: DEBUG oslo_concurrency.lockutils [None req-bf7005e7-80e8-4871-aaf1-58e223247718 tempest-VolumesActionsTest-921530185 None] Acquiring lock "quobyte" by "cinder.volume.drivers.quobyte.QuobyteDriver.create_volume" {{(pid=91895) inner /opt/stack/data/venv/lib/python3.12/site-packages/oslo_concurrency/lockutils.py:506}}
Jun 15 15:55:48 devstack cinder-volume[91895]: DEBUG oslo_concurrency.processutils [None req-8e58878f-d112-4319-8e5c-ef382a54d47c tempest-GroupSnapshotsTest-408038336 None] CMD "sudo cinder-rootwrap /etc/cinder/rootwrap.conf qemu-img create -f qcow2 -o backing_file=/opt/stack/data/cinder/mnt/e58ed7cf57eab991eeb212b17d82257f/volume-9002d2eb-eb70-4acf-aaf7-d37799e58d1d,backing_fmt=qcow2 /opt/stack/data/cinder/mnt/e58ed7cf57eab991eeb212b17d82257f/volume-9002d2eb-eb70-4acf-aaf7-d37799e58d1d.57e41fda-9987-443d-b963-66216a990645 1G" returned: 0 in 0.820s {{(pid=91895) execute /opt/stack/data/venv/lib/python3.12/site-packages/oslo_concurrency/processutils.py:468}}
Jun 15 15:55:48 devstack cinder-volume[91895]: DEBUG oslo_concurrency.processutils [None req-8e58878f-d112-4319-8e5c-ef382a54d47c tempest-GroupSnapshotsTest-408038336 None] Running cmd (subprocess): sudo cinder-rootwrap /etc/cinder/rootwrap.conf qemu-img rebase -u -b volume-9002d2eb-eb70-4acf-aaf7-d37799e58d1d -F qcow2 /opt/stack/data/cinder/mnt/e58ed7cf57eab991eeb212b17d82257f/volume-9002d2eb-eb70-4acf-aaf7-d37799e58d1d.57e41fda-9987-443d-b963-66216a990645 {{(pid=91895) execute /opt/stack/data/venv/lib/python3.12/site-packages/oslo_concurrency/processutils.py:440}}
Jun 15 15:55:48 devstack sudo[100465]: quobyte : PWD=/ ; USER=root ; COMMAND=/opt/stack/data/venv/bin/cinder-rootwrap /etc/cinder/rootwrap.conf qemu-img rebase -u -b volume-9002d2eb-eb70-4acf-aaf7-d37799e58d1d -F qcow2 /opt/stack/data/cinder/mnt/e58ed7cf57eab991eeb212b17d82257f/volume-9002d2eb-eb70-4acf-aaf7-d37799e58d1d.57e41fda-9987-443d-b963-66216a990645
Jun 15 15:55:48 devstack sudo[100465]: pam_unix(sudo:session): session opened for user root(uid=0) by (uid=1000)
Jun 15 15:55:48 devstack sudo[100465]: pam_unix(sudo:session): session closed for user root
Jun 15 15:55:48 devstack cinder-volume[91895]: DEBUG oslo_concurrency.processutils [None req-8e58878f-d112-4319-8e5c-ef382a54d47c tempest-GroupSnapshotsTest-408038336 None] CMD "sudo cinder-rootwrap /etc/cinder/rootwrap.conf qemu-img rebase -u -b volume-9002d2eb-eb70-4acf-aaf7-d37799e58d1d -F qcow2 /opt/stack/data/cinder/mnt/e58ed7cf57eab991eeb212b17d82257f/volume-9002d2eb-eb70-4acf-aaf7-d37799e58d1d.57e41fda-9987-443d-b963-66216a990645" returned: 0 in 0.629s {{(pid=91895) execute /opt/stack/data/venv/lib/python3.12/site-packages/oslo_concurrency/processutils.py:468}}
Jun 15 15:55:48 devstack cinder-volume[91895]: WARNING cinder.volume.drivers.remotefs [None req-8e58878f-d112-4319-8e5c-ef382a54d47c tempest-GroupSnapshotsTest-408038336 None] /opt/stack/data/cinder/mnt/e58ed7cf57eab991eeb212b17d82257f/volume-9002d2eb-eb70-4acf-aaf7-d37799e58d1d.57e41fda-9987-443d-b963-66216a990645 is being set with open permissions: ugo+rw: NotImplementedError
Jun 15 15:55:48 devstack cinder-volume[91895]: DEBUG oslo_concurrency.processutils [None req-8e58878f-d112-4319-8e5c-ef382a54d47c tempest-GroupSnapshotsTest-408038336 None] Running cmd (subprocess): sudo cinder-rootwrap /etc/cinder/rootwrap.conf chmod ugo+rw /opt/stack/data/cinder/mnt/e58ed7cf57eab991eeb212b17d82257f/volume-9002d2eb-eb70-4acf-aaf7-d37799e58d1d.57e41fda-9987-443d-b963-66216a990645 {{(pid=91895) execute /opt/stack/data/venv/lib/python3.12/site-packages/oslo_concurrency/processutils.py:440}}
Jun 15 15:55:48 devstack sudo[100470]: quobyte : PWD=/ ; USER=root ; COMMAND=/opt/stack/data/venv/bin/cinder-rootwrap /etc/cinder/rootwrap.conf chmod ugo+rw /opt/stack/data/cinder/mnt/e58ed7cf57eab991eeb212b17d82257f/volume-9002d2eb-eb70-4acf-aaf7-d37799e58d1d.57e41fda-9987-443d-b963-66216a990645
Jun 15 15:55:48 devstack sudo[100470]: pam_unix(sudo:session): session opened for user root(uid=0) by (uid=1000)
Jun 15 15:55:49 devstack sudo[100470]: pam_unix(sudo:session): session closed for user root
Jun 15 15:55:49 devstack cinder-volume[91895]: DEBUG oslo_concurrency.processutils [None req-8e58878f-d112-4319-8e5c-ef382a54d47c tempest-GroupSnapshotsTest-408038336 None] CMD "sudo cinder-rootwrap /etc/cinder/rootwrap.conf chmod ugo+rw /opt/stack/data/cinder/mnt/e58ed7cf57eab991eeb212b17d82257f/volume-9002d2eb-eb70-4acf-aaf7-d37799e58d1d.57e41fda-9987-443d-b963-66216a990645" returned: 0 in 0.589s {{(pid=91895) execute /opt/stack/data/venv/lib/python3.12/site-packages/oslo_concurrency/processutils.py:468}}
Jun 15 15:55:49 devstack cinder-volume[91895]: DEBUG oslo_concurrency.processutils [None req-8e58878f-d112-4319-8e5c-ef382a54d47c tempest-GroupSnapshotsTest-408038336 None] Running cmd (subprocess): sudo cinder-rootwrap /etc/cinder/rootwrap.conf truncate -s0 /opt/stack/data/cinder/mnt/e58ed7cf57eab991eeb212b17d82257f/volume-9002d2eb-eb70-4acf-aaf7-d37799e58d1d.info {{(pid=91895) execute /opt/stack/data/venv/lib/python3.12/site-packages/oslo_concurrency/processutils.py:440}}
Jun 15 15:55:49 devstack sudo[100473]: quobyte : PWD=/ ; USER=root ; COMMAND=/opt/stack/data/venv/bin/cinder-rootwrap /etc/cinder/rootwrap.conf truncate -s0 /opt/stack/data/cinder/mnt/e58ed7cf57eab991eeb212b17d82257f/volume-9002d2eb-eb70-4acf-aaf7-d37799e58d1d.info
Jun 15 15:55:49 devstack sudo[100473]: pam_unix(sudo:session): session opened for user root(uid=0) by (uid=1000)
Jun 15 15:55:49 devstack sudo[100473]: pam_unix(sudo:session): session closed for user root
Jun 15 15:55:49 devstack cinder-volume[91895]: DEBUG oslo_concurrency.processutils [None req-8e58878f-d112-4319-8e5c-ef382a54d47c tempest-GroupSnapshotsTest-408038336 None] CMD "sudo cinder-rootwrap /etc/cinder/rootwrap.conf truncate -s0 /opt/stack/data/cinder/mnt/e58ed7cf57eab991eeb212b17d82257f/volume-9002d2eb-eb70-4acf-aaf7-d37799e58d1d.info" returned: 0 in 0.593s {{(pid=91895) execute /opt/stack/data/venv/lib/python3.12/site-packages/oslo_concurrency/processutils.py:468}}
Jun 15 15:55:49 devstack cinder-volume[91895]: WARNING cinder.volume.drivers.remotefs [None req-8e58878f-d112-4319-8e5c-ef382a54d47c tempest-GroupSnapshotsTest-408038336 None] /opt/stack/data/cinder/mnt/e58ed7cf57eab991eeb212b17d82257f/volume-9002d2eb-eb70-4acf-aaf7-d37799e58d1d.info is being set with open permissions: ugo+rw: NotImplementedError
Jun 15 15:55:49 devstack cinder-volume[91895]: DEBUG oslo_concurrency.processutils [None req-8e58878f-d112-4319-8e5c-ef382a54d47c tempest-GroupSnapshotsTest-408038336 None] Running cmd (subprocess): sudo cinder-rootwrap /etc/cinder/rootwrap.conf chmod ugo+rw /opt/stack/data/cinder/mnt/e58ed7cf57eab991eeb212b17d82257f/volume-9002d2eb-eb70-4acf-aaf7-d37799e58d1d.info {{(pid=91895) execute /opt/stack/data/venv/lib/python3.12/site-packages/oslo_concurrency/processutils.py:440}}
Jun 15 15:55:49 devstack sudo[100476]: quobyte : PWD=/ ; USER=root ; COMMAND=/opt/stack/data/venv/bin/cinder-rootwrap /etc/cinder/rootwrap.conf chmod ugo+rw /opt/stack/data/cinder/mnt/e58ed7cf57eab991eeb212b17d82257f/volume-9002d2eb-eb70-4acf-aaf7-d37799e58d1d.info
Jun 15 15:55:49 devstack sudo[100476]: pam_unix(sudo:session): session opened for user root(uid=0) by (uid=1000)
Jun 15 15:55:50 devstack sudo[100476]: pam_unix(sudo:session): session closed for user root
Jun 15 15:55:50 devstack cinder-volume[91895]: DEBUG oslo_concurrency.processutils [None req-8e58878f-d112-4319-8e5c-ef382a54d47c tempest-GroupSnapshotsTest-408038336 None] CMD "sudo cinder-rootwrap /etc/cinder/rootwrap.conf chmod ugo+rw /opt/stack/data/cinder/mnt/e58ed7cf57eab991eeb212b17d82257f/volume-9002d2eb-eb70-4acf-aaf7-d37799e58d1d.info" returned: 0 in 0.632s {{(pid=91895) execute /opt/stack/data/venv/lib/python3.12/site-packages/oslo_concurrency/processutils.py:468}}
Jun 15 15:55:50 devstack cinder-volume[91895]: DEBUG oslo_concurrency.lockutils [None req-8e58878f-d112-4319-8e5c-ef382a54d47c tempest-GroupSnapshotsTest-408038336 None] Lock "quobyte" "released" by "cinder.volume.drivers.quobyte.QuobyteDriver.create_snapshot" :: held 4.125s {{(pid=91895) inner /opt/stack/data/venv/lib/python3.12/site-packages/oslo_concurrency/lockutils.py:538}}
Jun 15 15:55:50 devstack cinder-volume[91895]: DEBUG oslo_concurrency.lockutils [None req-8e58878f-d112-4319-8e5c-ef382a54d47c tempest-GroupSnapshotsTest-408038336 None] Acquiring lock "quobyte" by "cinder.volume.drivers.quobyte.QuobyteDriver.create_snapshot" {{(pid=91895) inner /opt/stack/data/venv/lib/python3.12/site-packages/oslo_concurrency/lockutils.py:506}}
Jun 15 15:55:50 devstack cinder-volume[91895]: DEBUG oslo_concurrency.lockutils [None req-8e58878f-d112-4319-8e5c-ef382a54d47c tempest-GroupSnapshotsTest-408038336 None] Lock "quobyte" acquired by "cinder.volume.drivers.quobyte.QuobyteDriver.create_snapshot" :: waited 0.000s {{(pid=91895) inner /opt/stack/data/venv/lib/python3.12/site-packages/oslo_concurrency/lockutils.py:519}}
Jun 15 15:55:50 devstack cinder-volume[91895]: DEBUG cinder.volume.drivers.remotefs [None req-8e58878f-d112-4319-8e5c-ef382a54d47c tempest-GroupSnapshotsTest-408038336 None] Creating offline snapshot ee535d5b-0bab-4a20-ae57-6a2d5c44d5ee of volume e06f14e9-790c-4836-9496-18759e0099c0 {{(pid=91895) _create_snapshot /opt/stack/cinder/cinder/volume/drivers/remotefs.py:1816}}
Jun 15 15:55:50 devstack cinder-volume[91895]: DEBUG oslo.privsep.daemon [-] privsep: reply[87cdd124-3040-4863-9ea7-0bf5201b81d7]: (4, 'qcow2') {{(pid=93193) _call_back /opt/stack/data/venv/lib/python3.12/site-packages/oslo_privsep/daemon.py:573}}
Jun 15 15:55:50 devstack cinder-volume[91895]: DEBUG oslo_concurrency.processutils [None req-8e58878f-d112-4319-8e5c-ef382a54d47c tempest-GroupSnapshotsTest-408038336 None] Running cmd (subprocess): /opt/stack/data/venv/bin/python3.12 -m oslo_concurrency.prlimit --as=1073741824 --cpu=60 -- sudo cinder-rootwrap /etc/cinder/rootwrap.conf env LC_ALL=C qemu-img info -f qcow2 --output=json --force-share /opt/stack/data/cinder/mnt/e58ed7cf57eab991eeb212b17d82257f/volume-e06f14e9-790c-4836-9496-18759e0099c0 {{(pid=91895) execute /opt/stack/data/venv/lib/python3.12/site-packages/oslo_concurrency/processutils.py:440}}
Jun 15 15:55:50 devstack sudo[100479]: quobyte : PWD=/ ; USER=root ; COMMAND=/opt/stack/data/venv/bin/cinder-rootwrap /etc/cinder/rootwrap.conf env LC_ALL=C qemu-img info -f qcow2 --output=json --force-share /opt/stack/data/cinder/mnt/e58ed7cf57eab991eeb212b17d82257f/volume-e06f14e9-790c-4836-9496-18759e0099c0
Jun 15 15:55:50 devstack sudo[100479]: pam_unix(sudo:session): session opened for user root(uid=0) by (uid=1000)
Jun 15 15:55:51 devstack sudo[100479]: pam_unix(sudo:session): session closed for user root
Jun 15 15:55:51 devstack cinder-volume[91895]: DEBUG oslo_concurrency.processutils [None req-8e58878f-d112-4319-8e5c-ef382a54d47c tempest-GroupSnapshotsTest-408038336 None] CMD "/opt/stack/data/venv/bin/python3.12 -m oslo_concurrency.prlimit --as=1073741824 --cpu=60 -- sudo cinder-rootwrap /etc/cinder/rootwrap.conf env LC_ALL=C qemu-img info -f qcow2 --output=json --force-share /opt/stack/data/cinder/mnt/e58ed7cf57eab991eeb212b17d82257f/volume-e06f14e9-790c-4836-9496-18759e0099c0" returned: 0 in 0.764s {{(pid=91895) execute /opt/stack/data/venv/lib/python3.12/site-packages/oslo_concurrency/processutils.py:468}}
Jun 15 15:55:51 devstack cinder-volume[91895]: DEBUG oslo_concurrency.processutils [None req-8e58878f-d112-4319-8e5c-ef382a54d47c tempest-GroupSnapshotsTest-408038336 None] Running cmd (subprocess): sudo cinder-rootwrap /etc/cinder/rootwrap.conf qemu-img create -f qcow2 -o backing_file=/opt/stack/data/cinder/mnt/e58ed7cf57eab991eeb212b17d82257f/volume-e06f14e9-790c-4836-9496-18759e0099c0,backing_fmt=qcow2 /opt/stack/data/cinder/mnt/e58ed7cf57eab991eeb212b17d82257f/volume-e06f14e9-790c-4836-9496-18759e0099c0.ee535d5b-0bab-4a20-ae57-6a2d5c44d5ee 1G {{(pid=91895) execute /opt/stack/data/venv/lib/python3.12/site-packages/oslo_concurrency/processutils.py:440}}
Jun 15 15:55:51 devstack sudo[100485]: quobyte : PWD=/ ; USER=root ; COMMAND=/opt/stack/data/venv/bin/cinder-rootwrap /etc/cinder/rootwrap.conf qemu-img create -f qcow2 -o backing_file=/opt/stack/data/cinder/mnt/e58ed7cf57eab991eeb212b17d82257f/volume-e06f14e9-790c-4836-9496-18759e0099c0,backing_fmt=qcow2 /opt/stack/data/cinder/mnt/e58ed7cf57eab991eeb212b17d82257f/volume-e06f14e9-790c-4836-9496-18759e0099c0.ee535d5b-0bab-4a20-ae57-6a2d5c44d5ee 1G
Jun 15 15:55:51 devstack sudo[100485]: pam_unix(sudo:session): session opened for user root(uid=0) by (uid=1000)
Jun 15 15:55:52 devstack sudo[100485]: pam_unix(sudo:session): session closed for user root
Jun 15 15:55:52 devstack cinder-volume[91895]: DEBUG oslo_concurrency.processutils [None req-8e58878f-d112-4319-8e5c-ef382a54d47c tempest-GroupSnapshotsTest-408038336 None] CMD "sudo cinder-rootwrap /etc/cinder/rootwrap.conf qemu-img create -f qcow2 -o backing_file=/opt/stack/data/cinder/mnt/e58ed7cf57eab991eeb212b17d82257f/volume-e06f14e9-790c-4836-9496-18759e0099c0,backing_fmt=qcow2 /opt/stack/data/cinder/mnt/e58ed7cf57eab991eeb212b17d82257f/volume-e06f14e9-790c-4836-9496-18759e0099c0.ee535d5b-0bab-4a20-ae57-6a2d5c44d5ee 1G" returned: 0 in 0.741s {{(pid=91895) execute /opt/stack/data/venv/lib/python3.12/site-packages/oslo_concurrency/processutils.py:468}}
Jun 15 15:55:52 devstack cinder-volume[91895]: DEBUG oslo_concurrency.processutils [None req-8e58878f-d112-4319-8e5c-ef382a54d47c tempest-GroupSnapshotsTest-408038336 None] Running cmd (subprocess): sudo cinder-rootwrap /etc/cinder/rootwrap.conf qemu-img rebase -u -b volume-e06f14e9-790c-4836-9496-18759e0099c0 -F qcow2 /opt/stack/data/cinder/mnt/e58ed7cf57eab991eeb212b17d82257f/volume-e06f14e9-790c-4836-9496-18759e0099c0.ee535d5b-0bab-4a20-ae57-6a2d5c44d5ee {{(pid=91895) execute /opt/stack/data/venv/lib/python3.12/site-packages/oslo_concurrency/processutils.py:440}}
Jun 15 15:55:52 devstack sudo[100508]: quobyte : PWD=/ ; USER=root ; COMMAND=/opt/stack/data/venv/bin/cinder-rootwrap /etc/cinder/rootwrap.conf qemu-img rebase -u -b volume-e06f14e9-790c-4836-9496-18759e0099c0 -F qcow2 /opt/stack/data/cinder/mnt/e58ed7cf57eab991eeb212b17d82257f/volume-e06f14e9-790c-4836-9496-18759e0099c0.ee535d5b-0bab-4a20-ae57-6a2d5c44d5ee
Jun 15 15:55:52 devstack sudo[100508]: pam_unix(sudo:session): session opened for user root(uid=0) by (uid=1000)
Jun 15 15:55:52 devstack sudo[100508]: pam_unix(sudo:session): session closed for user root
Jun 15 15:55:52 devstack cinder-volume[91895]: DEBUG oslo_concurrency.processutils [None req-8e58878f-d112-4319-8e5c-ef382a54d47c tempest-GroupSnapshotsTest-408038336 None] CMD "sudo cinder-rootwrap /etc/cinder/rootwrap.conf qemu-img rebase -u -b volume-e06f14e9-790c-4836-9496-18759e0099c0 -F qcow2 /opt/stack/data/cinder/mnt/e58ed7cf57eab991eeb212b17d82257f/volume-e06f14e9-790c-4836-9496-18759e0099c0.ee535d5b-0bab-4a20-ae57-6a2d5c44d5ee" returned: 0 in 0.616s {{(pid=91895) execute /opt/stack/data/venv/lib/python3.12/site-packages/oslo_concurrency/processutils.py:468}}
Jun 15 15:55:52 devstack cinder-volume[91895]: WARNING cinder.volume.drivers.remotefs [None req-8e58878f-d112-4319-8e5c-ef382a54d47c tempest-GroupSnapshotsTest-408038336 None] /opt/stack/data/cinder/mnt/e58ed7cf57eab991eeb212b17d82257f/volume-e06f14e9-790c-4836-9496-18759e0099c0.ee535d5b-0bab-4a20-ae57-6a2d5c44d5ee is being set with open permissions: ugo+rw: NotImplementedError
Jun 15 15:55:52 devstack cinder-volume[91895]: DEBUG oslo_concurrency.processutils [None req-8e58878f-d112-4319-8e5c-ef382a54d47c tempest-GroupSnapshotsTest-408038336 None] Running cmd (subprocess): sudo cinder-rootwrap /etc/cinder/rootwrap.conf chmod ugo+rw /opt/stack/data/cinder/mnt/e58ed7cf57eab991eeb212b17d82257f/volume-e06f14e9-790c-4836-9496-18759e0099c0.ee535d5b-0bab-4a20-ae57-6a2d5c44d5ee {{(pid=91895) execute /opt/stack/data/venv/lib/python3.12/site-packages/oslo_concurrency/processutils.py:440}}
Jun 15 15:55:52 devstack sudo[100514]: quobyte : PWD=/ ; USER=root ; COMMAND=/opt/stack/data/venv/bin/cinder-rootwrap /etc/cinder/rootwrap.conf chmod ugo+rw /opt/stack/data/cinder/mnt/e58ed7cf57eab991eeb212b17d82257f/volume-e06f14e9-790c-4836-9496-18759e0099c0.ee535d5b-0bab-4a20-ae57-6a2d5c44d5ee
Jun 15 15:55:52 devstack sudo[100514]: pam_unix(sudo:session): session opened for user root(uid=0) by (uid=1000)
Jun 15 15:55:53 devstack sudo[100514]: pam_unix(sudo:session): session closed for user root
Jun 15 15:55:53 devstack cinder-volume[91895]: DEBUG oslo_concurrency.processutils [None req-8e58878f-d112-4319-8e5c-ef382a54d47c tempest-GroupSnapshotsTest-408038336 None] CMD "sudo cinder-rootwrap /etc/cinder/rootwrap.conf chmod ugo+rw /opt/stack/data/cinder/mnt/e58ed7cf57eab991eeb212b17d82257f/volume-e06f14e9-790c-4836-9496-18759e0099c0.ee535d5b-0bab-4a20-ae57-6a2d5c44d5ee" returned: 0 in 0.610s {{(pid=91895) execute /opt/stack/data/venv/lib/python3.12/site-packages/oslo_concurrency/processutils.py:468}}
Jun 15 15:55:53 devstack cinder-volume[91895]: DEBUG oslo_concurrency.processutils [None req-8e58878f-d112-4319-8e5c-ef382a54d47c tempest-GroupSnapshotsTest-408038336 None] Running cmd (subprocess): sudo cinder-rootwrap /etc/cinder/rootwrap.conf truncate -s0 /opt/stack/data/cinder/mnt/e58ed7cf57eab991eeb212b17d82257f/volume-e06f14e9-790c-4836-9496-18759e0099c0.info {{(pid=91895) execute /opt/stack/data/venv/lib/python3.12/site-packages/oslo_concurrency/processutils.py:440}}
Jun 15 15:55:53 devstack sudo[100523]: quobyte : PWD=/ ; USER=root ; COMMAND=/opt/stack/data/venv/bin/cinder-rootwrap /etc/cinder/rootwrap.conf truncate -s0 /opt/stack/data/cinder/mnt/e58ed7cf57eab991eeb212b17d82257f/volume-e06f14e9-790c-4836-9496-18759e0099c0.info
Jun 15 15:55:53 devstack sudo[100523]: pam_unix(sudo:session): session opened for user root(uid=0) by (uid=1000)
Jun 15 15:55:53 devstack sudo[100523]: pam_unix(sudo:session): session closed for user root
Jun 15 15:55:53 devstack cinder-volume[91895]: DEBUG oslo_concurrency.processutils [None req-8e58878f-d112-4319-8e5c-ef382a54d47c tempest-GroupSnapshotsTest-408038336 None] CMD "sudo cinder-rootwrap /etc/cinder/rootwrap.conf truncate -s0 /opt/stack/data/cinder/mnt/e58ed7cf57eab991eeb212b17d82257f/volume-e06f14e9-790c-4836-9496-18759e0099c0.info" returned: 0 in 0.610s {{(pid=91895) execute /opt/stack/data/venv/lib/python3.12/site-packages/oslo_concurrency/processutils.py:468}}
Jun 15 15:55:53 devstack cinder-volume[91895]: WARNING cinder.volume.drivers.remotefs [None req-8e58878f-d112-4319-8e5c-ef382a54d47c tempest-GroupSnapshotsTest-408038336 None] /opt/stack/data/cinder/mnt/e58ed7cf57eab991eeb212b17d82257f/volume-e06f14e9-790c-4836-9496-18759e0099c0.info is being set with open permissions: ugo+rw: NotImplementedError
Jun 15 15:55:53 devstack cinder-volume[91895]: DEBUG oslo_concurrency.processutils [None req-8e58878f-d112-4319-8e5c-ef382a54d47c tempest-GroupSnapshotsTest-408038336 None] Running cmd (subprocess): sudo cinder-rootwrap /etc/cinder/rootwrap.conf chmod ugo+rw /opt/stack/data/cinder/mnt/e58ed7cf57eab991eeb212b17d82257f/volume-e06f14e9-790c-4836-9496-18759e0099c0.info {{(pid=91895) execute /opt/stack/data/venv/lib/python3.12/site-packages/oslo_concurrency/processutils.py:440}}
Jun 15 15:55:53 devstack sudo[100526]: quobyte : PWD=/ ; USER=root ; COMMAND=/opt/stack/data/venv/bin/cinder-rootwrap /etc/cinder/rootwrap.conf chmod ugo+rw /opt/stack/data/cinder/mnt/e58ed7cf57eab991eeb212b17d82257f/volume-e06f14e9-790c-4836-9496-18759e0099c0.info
Jun 15 15:55:53 devstack sudo[100526]: pam_unix(sudo:session): session opened for user root(uid=0) by (uid=1000)
Jun 15 15:55:54 devstack sudo[100526]: pam_unix(sudo:session): session closed for user root
Jun 15 15:55:54 devstack cinder-volume[91895]: DEBUG oslo_concurrency.processutils [None req-8e58878f-d112-4319-8e5c-ef382a54d47c tempest-GroupSnapshotsTest-408038336 None] CMD "sudo cinder-rootwrap /etc/cinder/rootwrap.conf chmod ugo+rw /opt/stack/data/cinder/mnt/e58ed7cf57eab991eeb212b17d82257f/volume-e06f14e9-790c-4836-9496-18759e0099c0.info" returned: 0 in 0.651s {{(pid=91895) execute /opt/stack/data/venv/lib/python3.12/site-packages/oslo_concurrency/processutils.py:468}}
Jun 15 15:55:54 devstack cinder-volume[91895]: DEBUG oslo_concurrency.lockutils [None req-8e58878f-d112-4319-8e5c-ef382a54d47c tempest-GroupSnapshotsTest-408038336 None] Lock "quobyte" "released" by "cinder.volume.drivers.quobyte.QuobyteDriver.create_snapshot" :: held 4.085s {{(pid=91895) inner /opt/stack/data/venv/lib/python3.12/site-packages/oslo_concurrency/lockutils.py:538}}
Jun 15 15:55:54 devstack cinder-volume[91895]: DEBUG oslo_concurrency.lockutils [None req-bf7005e7-80e8-4871-aaf1-58e223247718 tempest-VolumesActionsTest-921530185 None] Lock "quobyte" acquired by "cinder.volume.drivers.quobyte.QuobyteDriver.create_volume" :: waited 6.587s {{(pid=91895) inner /opt/stack/data/venv/lib/python3.12/site-packages/oslo_concurrency/lockutils.py:519}}
Jun 15 15:55:54 devstack cinder-volume[91895]: DEBUG cinder.volume.drivers.quobyte [None req-bf7005e7-80e8-4871-aaf1-58e223247718 tempest-VolumesActionsTest-921530185 None] ==> create_volume: call "{'self': , 'volume': Volume(_name_id=None,admin_metadata=,attach_status='detached',availability_zone='nova',bootable=False,cluster=,cluster_name=None,consistencygroup=,consistencygroup_id=None,created_at=2026-06-15T13:55:48Z,deleted=False,deleted_at=None,display_description=None,display_name='tempest-VolumesActionsTest-Volume-481012110',ec2_id=None,encryption_key_id=None,glance_metadata=,group=,group_id=None,host='devstack@QuobyteHD#QuobyteHD',id=d76849f2-7ada-4be3-ad52-9ea324b1ccf3,launched_at=None,metadata={},migration_status=None,multiattach=False,previous_status=None,project_id='f144f82a36d24491928bfd76ccbccec7',provider_auth=None,provider_geometry=None,provider_id=None,provider_location=None,replication_driver_data=None,replication_extended_status=None,replication_status=None,scheduled_at=2026-06-15T13:55:48Z,service_uuid=None,shared_targets=True,size=1,snapshot_id=None,snapshots=,source_volid=None,status='creating',terminated_at=None,updated_at=2026-06-15T13:55:48Z,use_quota=True,user_id='0e7afd3304a146e088e7828170a09df2',volume_attachment=VolumeAttachmentList,volume_type=VolumeType(3afff458-3c46-4871-adb8-0cd39d02acd4),volume_type_id=3afff458-3c46-4871-adb8-0cd39d02acd4)}" {{(pid=91895) trace_logging_wrapper /opt/stack/cinder/cinder/volume/volume_utils.py:1497}}
Jun 15 15:55:54 devstack cinder-volume[91895]: DEBUG cinder.volume.drivers.remotefs [None req-bf7005e7-80e8-4871-aaf1-58e223247718 tempest-VolumesActionsTest-921530185 None] Creating volume d76849f2-7ada-4be3-ad52-9ea324b1ccf3 {{(pid=91895) create_volume /opt/stack/cinder/cinder/volume/drivers/remotefs.py:292}}
Jun 15 15:55:54 devstack cinder-volume[91895]: DEBUG oslo_concurrency.lockutils [None req-bf7005e7-80e8-4871-aaf1-58e223247718 tempest-VolumesActionsTest-921530185 None] Acquiring lock "quobyte_ensure" by "cinder.volume.drivers.quobyte.QuobyteDriver._ensure_shares_mounted" {{(pid=91895) inner /opt/stack/data/venv/lib/python3.12/site-packages/oslo_concurrency/lockutils.py:506}}
Jun 15 15:55:54 devstack cinder-volume[91895]: DEBUG oslo_concurrency.lockutils [None req-bf7005e7-80e8-4871-aaf1-58e223247718 tempest-VolumesActionsTest-921530185 None] Lock "quobyte_ensure" acquired by "cinder.volume.drivers.quobyte.QuobyteDriver._ensure_shares_mounted" :: waited 0.000s {{(pid=91895) inner /opt/stack/data/venv/lib/python3.12/site-packages/oslo_concurrency/lockutils.py:519}}
Jun 15 15:55:54 devstack cinder-volume[91895]: DEBUG cinder.volume.drivers.quobyte [None req-bf7005e7-80e8-4871-aaf1-58e223247718 tempest-VolumesActionsTest-921530185 None] Quobyte Volume URL set to: {'osci02.corp.quobyte.com/cinder-vol-e9fff7fc-31ce-4883-93ee-f9463ad7c75b': None} {{(pid=91895) _load_shares_config /opt/stack/cinder/cinder/volume/drivers/quobyte.py:617}}
Jun 15 15:55:54 devstack cinder-volume[91895]: DEBUG cinder.volume.drivers.quobyte [None req-bf7005e7-80e8-4871-aaf1-58e223247718 tempest-VolumesActionsTest-921530185 None] Available shares ['osci02.corp.quobyte.com/cinder-vol-e9fff7fc-31ce-4883-93ee-f9463ad7c75b'] {{(pid=91895) _ensure_shares_mounted /opt/stack/cinder/cinder/volume/drivers/quobyte.py:647}}
Jun 15 15:55:54 devstack cinder-volume[91895]: DEBUG oslo_concurrency.lockutils [None req-bf7005e7-80e8-4871-aaf1-58e223247718 tempest-VolumesActionsTest-921530185 None] Lock "quobyte_ensure" "released" by "cinder.volume.drivers.quobyte.QuobyteDriver._ensure_shares_mounted" :: held 0.006s {{(pid=91895) inner /opt/stack/data/venv/lib/python3.12/site-packages/oslo_concurrency/lockutils.py:538}}
Jun 15 15:55:54 devstack cinder-volume[91895]: DEBUG cinder.volume.drivers.quobyte [None req-bf7005e7-80e8-4871-aaf1-58e223247718 tempest-VolumesActionsTest-921530185 None] Selected osci02.corp.quobyte.com/cinder-vol-e9fff7fc-31ce-4883-93ee-f9463ad7c75b as target Quobyte volume. {{(pid=91895) _find_share /opt/stack/cinder/cinder/volume/drivers/quobyte.py:668}}
Jun 15 15:55:54 devstack cinder-volume[91895]: INFO cinder.volume.drivers.remotefs [None req-bf7005e7-80e8-4871-aaf1-58e223247718 tempest-VolumesActionsTest-921530185 None] casted to osci02.corp.quobyte.com/cinder-vol-e9fff7fc-31ce-4883-93ee-f9463ad7c75b
Jun 15 15:55:54 devstack cinder-volume[91895]: DEBUG oslo_concurrency.processutils [None req-bf7005e7-80e8-4871-aaf1-58e223247718 tempest-VolumesActionsTest-921530185 None] Running cmd (subprocess): sudo cinder-rootwrap /etc/cinder/rootwrap.conf qemu-img create -f qcow2 -o preallocation=metadata /opt/stack/data/cinder/mnt/e58ed7cf57eab991eeb212b17d82257f/volume-d76849f2-7ada-4be3-ad52-9ea324b1ccf3 1073741824 {{(pid=91895) execute /opt/stack/data/venv/lib/python3.12/site-packages/oslo_concurrency/processutils.py:440}}
Jun 15 15:55:54 devstack sudo[100533]: quobyte : PWD=/ ; USER=root ; COMMAND=/opt/stack/data/venv/bin/cinder-rootwrap /etc/cinder/rootwrap.conf qemu-img create -f qcow2 -o preallocation=metadata /opt/stack/data/cinder/mnt/e58ed7cf57eab991eeb212b17d82257f/volume-d76849f2-7ada-4be3-ad52-9ea324b1ccf3 1073741824
Jun 15 15:55:54 devstack sudo[100533]: pam_unix(sudo:session): session opened for user root(uid=0) by (uid=1000)
Jun 15 15:55:54 devstack cinder-volume[91895]: INFO cinder.volume.manager [None req-8e58878f-d112-4319-8e5c-ef382a54d47c tempest-GroupSnapshotsTest-408038336 None] group_snapshot 27346b52-993d-48ca-aa2d-f756aec6809d: created successfully
Jun 15 15:55:54 devstack cinder-volume[91895]: INFO cinder.volume.manager [None req-a1240a48-df75-4e19-93bc-843279621ccd tempest-GroupSnapshotsTest-408038336 None] group_snapshot 27346b52-993d-48ca-aa2d-f756aec6809d: deleting
Jun 15 15:55:54 devstack cinder-volume[91895]: DEBUG cinder.volume.manager [None req-a1240a48-df75-4e19-93bc-843279621ccd tempest-GroupSnapshotsTest-408038336 None] group_snapshot 27346b52-993d-48ca-aa2d-f756aec6809d: deleting {{(pid=91895) delete_group_snapshot /opt/stack/cinder/cinder/volume/manager.py:4350}}
Jun 15 15:55:54 devstack cinder-volume[91895]: DEBUG cinder.coordination [None req-a1240a48-df75-4e19-93bc-843279621ccd tempest-GroupSnapshotsTest-408038336 None] Acquiring lock "cinder-quobyte-9002d2eb-eb70-4acf-aaf7-d37799e58d1d" by "delete_snapshot" {{(pid=91895) __acquire /opt/stack/cinder/cinder/coordination.py:138}}
Jun 15 15:55:55 devstack cinder-volume[91895]: DEBUG cinder.coordination [None req-a1240a48-df75-4e19-93bc-843279621ccd tempest-GroupSnapshotsTest-408038336 None] Lock "cinder-quobyte-9002d2eb-eb70-4acf-aaf7-d37799e58d1d" acquired by "delete_snapshot" :: waited 0.015s {{(pid=91895) __acquire /opt/stack/cinder/cinder/coordination.py:141}}
Jun 15 15:55:55 devstack cinder-volume[91895]: DEBUG cinder.coordination [None req-a1240a48-df75-4e19-93bc-843279621ccd tempest-GroupSnapshotsTest-408038336 None] Acquiring lock "cinder-quobyte-57e41fda-9987-443d-b963-66216a990645" by "_delete_snapshot" {{(pid=91895) __acquire /opt/stack/cinder/cinder/coordination.py:138}}
Jun 15 15:55:55 devstack cinder-volume[91895]: DEBUG cinder.coordination [None req-a1240a48-df75-4e19-93bc-843279621ccd tempest-GroupSnapshotsTest-408038336 None] Lock "cinder-quobyte-57e41fda-9987-443d-b963-66216a990645" acquired by "_delete_snapshot" :: waited 0.015s {{(pid=91895) __acquire /opt/stack/cinder/cinder/coordination.py:141}}
Jun 15 15:55:55 devstack cinder-volume[91895]: DEBUG cinder.volume.drivers.remotefs [None req-a1240a48-df75-4e19-93bc-843279621ccd tempest-GroupSnapshotsTest-408038336 None] Deleting offline snapshot 57e41fda-9987-443d-b963-66216a990645 of volume 9002d2eb-eb70-4acf-aaf7-d37799e58d1d {{(pid=91895) _delete_snapshot /opt/stack/cinder/cinder/volume/drivers/remotefs.py:1288}}
