Jan 27 20:15:46 devstack cinder-volume[82691]: DEBUG cinder.volume.manager [None req-663b0fa7-687d-4dc4-b281-f96bb6a369bb tempest-SnapshotMetadataTestJSON-60176638 None] Task 'cinder.volume.flows.manager.create_volume.NotifyVolumeActionTask;volume:create, create.start' (c1ace38c-fa13-43a0-96fc-cc1bf3735b66) transitioned into state 'RUNNING' from state 'PENDING' {{(pid=82691) _task_receiver /opt/stack/data/venv/lib/python3.10/site-packages/taskflow/listeners/logging.py:194}}
Jan 27 20:15:46 devstack cinder-volume[82691]: DEBUG cinder.volume.manager [None req-663b0fa7-687d-4dc4-b281-f96bb6a369bb tempest-SnapshotMetadataTestJSON-60176638 None] Task 'cinder.volume.flows.manager.create_volume.NotifyVolumeActionTask;volume:create, create.start' (c1ace38c-fa13-43a0-96fc-cc1bf3735b66) transitioned into state 'SUCCESS' from state 'RUNNING' with result 'None' {{(pid=82691) _task_receiver /opt/stack/data/venv/lib/python3.10/site-packages/taskflow/listeners/logging.py:182}}
Jan 27 20:15:46 devstack cinder-volume[82691]: DEBUG cinder.volume.manager [None req-663b0fa7-687d-4dc4-b281-f96bb6a369bb tempest-SnapshotMetadataTestJSON-60176638 None] Task 'cinder.volume.flows.manager.create_volume.CreateVolumeFromSpecTask;volume:create' (262edcab-e03d-458b-b525-17842d434d02) transitioned into state 'RUNNING' from state 'PENDING' {{(pid=82691) _task_receiver /opt/stack/data/venv/lib/python3.10/site-packages/taskflow/listeners/logging.py:194}}
Jan 27 20:15:46 devstack cinder-volume[82691]: INFO cinder.volume.flows.manager.create_volume [None req-663b0fa7-687d-4dc4-b281-f96bb6a369bb tempest-SnapshotMetadataTestJSON-60176638 None] Volume ea6fec70-3c50-4a7a-bb64-09a4d9f91c05: being created as raw with specification: {'status': 'creating', 'volume_name': 'volume-ea6fec70-3c50-4a7a-bb64-09a4d9f91c05', 'volume_size': 1}
Jan 27 20:15:46 devstack cinder-volume[82691]: DEBUG oslo_concurrency.lockutils [None req-663b0fa7-687d-4dc4-b281-f96bb6a369bb tempest-SnapshotMetadataTestJSON-60176638 None] Acquiring lock "quobyte" by "cinder.volume.drivers.quobyte.QuobyteDriver.create_volume" {{(pid=82691) inner /opt/stack/data/venv/lib/python3.10/site-packages/oslo_concurrency/lockutils.py:405}}
Jan 27 20:15:46 devstack cinder-volume[82691]: DEBUG oslo_concurrency.lockutils [None req-663b0fa7-687d-4dc4-b281-f96bb6a369bb tempest-SnapshotMetadataTestJSON-60176638 None] Lock "quobyte" acquired by "cinder.volume.drivers.quobyte.QuobyteDriver.create_volume" :: waited 0.008s {{(pid=82691) inner /opt/stack/data/venv/lib/python3.10/site-packages/oslo_concurrency/lockutils.py:410}}
Jan 27 20:15:46 devstack cinder-volume[82691]: DEBUG cinder.volume.drivers.quobyte [None req-663b0fa7-687d-4dc4-b281-f96bb6a369bb tempest-SnapshotMetadataTestJSON-60176638 None] ==> create_volume: call "{'self': , 'volume': Volume(_name_id=None,admin_metadata=,attach_status='detached',availability_zone='nova',bootable=False,cluster=,cluster_name=None,consistencygroup=,consistencygroup_id=None,created_at=2026-01-27T19:15:46Z,deleted=False,deleted_at=None,display_description=None,display_name='tempest-SnapshotMetadataTestJSON-Volume-1407613721',ec2_id=None,encryption_key_id=None,glance_metadata=,group=,group_id=None,host='devstack@QuobyteHD#QuobyteHD',id=ea6fec70-3c50-4a7a-bb64-09a4d9f91c05,launched_at=None,metadata={},migration_status=None,multiattach=False,previous_status=None,project_id='3c6ef851b92646428c1bcd390b274754',provider_auth=None,provider_geometry=None,provider_id=None,provider_location=None,replication_driver_data=None,replication_extended_status=None,replication_status=None,scheduled_at=2026-01-27T19:15:46Z,service_uuid=None,shared_targets=True,size=1,snapshot_id=None,snapshots=,source_volid=None,status='creating',terminated_at=None,updated_at=2026-01-27T19:15:46Z,use_quota=True,user_id='28f3aa7a61b54b0baa5b4bd7c58ba7f7',volume_attachment=VolumeAttachmentList,volume_type=VolumeType(02ad494c-30e9-47b1-a6ce-a7533f17e7ec),volume_type_id=02ad494c-30e9-47b1-a6ce-a7533f17e7ec)}" {{(pid=82691) trace_logging_wrapper /opt/stack/cinder/cinder/volume/volume_utils.py:1498}}
Jan 27 20:15:46 devstack cinder-volume[82691]: DEBUG cinder.volume.drivers.remotefs [None req-663b0fa7-687d-4dc4-b281-f96bb6a369bb tempest-SnapshotMetadataTestJSON-60176638 None] Creating volume ea6fec70-3c50-4a7a-bb64-09a4d9f91c05 {{(pid=82691) create_volume /opt/stack/cinder/cinder/volume/drivers/remotefs.py:292}}
Jan 27 20:15:46 devstack cinder-volume[82691]: DEBUG oslo_concurrency.lockutils [None req-663b0fa7-687d-4dc4-b281-f96bb6a369bb tempest-SnapshotMetadataTestJSON-60176638 None] Acquiring lock "quobyte_ensure" by "cinder.volume.drivers.quobyte.QuobyteDriver._ensure_shares_mounted" {{(pid=82691) inner /opt/stack/data/venv/lib/python3.10/site-packages/oslo_concurrency/lockutils.py:405}}
Jan 27 20:15:46 devstack cinder-volume[82691]: DEBUG oslo_concurrency.lockutils [None req-663b0fa7-687d-4dc4-b281-f96bb6a369bb tempest-SnapshotMetadataTestJSON-60176638 None] Lock "quobyte_ensure" acquired by "cinder.volume.drivers.quobyte.QuobyteDriver._ensure_shares_mounted" :: waited 0.000s {{(pid=82691) inner /opt/stack/data/venv/lib/python3.10/site-packages/oslo_concurrency/lockutils.py:410}}
Jan 27 20:15:46 devstack cinder-volume[82691]: DEBUG cinder.volume.drivers.quobyte [None req-663b0fa7-687d-4dc4-b281-f96bb6a369bb tempest-SnapshotMetadataTestJSON-60176638 None] Quobyte Volume URL set to: {'osci02.corp.quobyte.com/cinder-vol-39c4a610-115f-4cc9-80b5-55dd8f82dc27': None} {{(pid=82691) _load_shares_config /opt/stack/cinder/cinder/volume/drivers/quobyte.py:611}}
Jan 27 20:15:46 devstack cinder-volume[82691]: DEBUG cinder.volume.drivers.quobyte [None req-663b0fa7-687d-4dc4-b281-f96bb6a369bb tempest-SnapshotMetadataTestJSON-60176638 None] Available shares ['osci02.corp.quobyte.com/cinder-vol-39c4a610-115f-4cc9-80b5-55dd8f82dc27'] {{(pid=82691) _ensure_shares_mounted /opt/stack/cinder/cinder/volume/drivers/quobyte.py:641}}
Jan 27 20:15:46 devstack cinder-volume[82691]: DEBUG oslo_concurrency.lockutils [None req-663b0fa7-687d-4dc4-b281-f96bb6a369bb tempest-SnapshotMetadataTestJSON-60176638 None] Lock "quobyte_ensure" "released" by "cinder.volume.drivers.quobyte.QuobyteDriver._ensure_shares_mounted" :: held 0.006s {{(pid=82691) inner /opt/stack/data/venv/lib/python3.10/site-packages/oslo_concurrency/lockutils.py:424}}
Jan 27 20:15:46 devstack cinder-volume[82691]: DEBUG cinder.volume.drivers.quobyte [None req-663b0fa7-687d-4dc4-b281-f96bb6a369bb tempest-SnapshotMetadataTestJSON-60176638 None] Selected osci02.corp.quobyte.com/cinder-vol-39c4a610-115f-4cc9-80b5-55dd8f82dc27 as target Quobyte volume. {{(pid=82691) _find_share /opt/stack/cinder/cinder/volume/drivers/quobyte.py:662}}
Jan 27 20:15:46 devstack cinder-volume[82691]: INFO cinder.volume.drivers.remotefs [None req-663b0fa7-687d-4dc4-b281-f96bb6a369bb tempest-SnapshotMetadataTestJSON-60176638 None] casted to osci02.corp.quobyte.com/cinder-vol-39c4a610-115f-4cc9-80b5-55dd8f82dc27
Jan 27 20:15:46 devstack cinder-volume[82691]: DEBUG oslo_concurrency.processutils [None req-663b0fa7-687d-4dc4-b281-f96bb6a369bb tempest-SnapshotMetadataTestJSON-60176638 None] Running cmd (subprocess): sudo cinder-rootwrap /etc/cinder/rootwrap.conf qemu-img create -f qcow2 -o preallocation=metadata /opt/stack/data/cinder/mnt/7c321aa8899b297395c47beed3b26114/volume-ea6fec70-3c50-4a7a-bb64-09a4d9f91c05 1073741824 {{(pid=82691) execute /opt/stack/data/venv/lib/python3.10/site-packages/oslo_concurrency/processutils.py:349}}
Jan 27 20:15:46 devstack sudo[89191]: quobyte : PWD=/ ; USER=root ; COMMAND=/opt/stack/data/venv/bin/cinder-rootwrap /etc/cinder/rootwrap.conf qemu-img create -f qcow2 -o preallocation=metadata /opt/stack/data/cinder/mnt/7c321aa8899b297395c47beed3b26114/volume-ea6fec70-3c50-4a7a-bb64-09a4d9f91c05 1073741824
Jan 27 20:15:46 devstack sudo[89191]: pam_unix(sudo:session): session opened for user root(uid=0) by (uid=1000)
Jan 27 20:15:47 devstack sudo[89191]: pam_unix(sudo:session): session closed for user root
Jan 27 20:15:47 devstack cinder-volume[82691]: DEBUG oslo_concurrency.processutils [None req-663b0fa7-687d-4dc4-b281-f96bb6a369bb tempest-SnapshotMetadataTestJSON-60176638 None] CMD "sudo cinder-rootwrap /etc/cinder/rootwrap.conf qemu-img create -f qcow2 -o preallocation=metadata /opt/stack/data/cinder/mnt/7c321aa8899b297395c47beed3b26114/volume-ea6fec70-3c50-4a7a-bb64-09a4d9f91c05 1073741824" returned: 0 in 0.654s {{(pid=82691) execute /opt/stack/data/venv/lib/python3.10/site-packages/oslo_concurrency/processutils.py:372}}
Jan 27 20:15:47 devstack cinder-volume[82691]: DEBUG oslo_concurrency.processutils [None req-663b0fa7-687d-4dc4-b281-f96bb6a369bb tempest-SnapshotMetadataTestJSON-60176638 None] Running cmd (subprocess): sudo cinder-rootwrap /etc/cinder/rootwrap.conf chmod ugo+rw /opt/stack/data/cinder/mnt/7c321aa8899b297395c47beed3b26114/volume-ea6fec70-3c50-4a7a-bb64-09a4d9f91c05 {{(pid=82691) execute /opt/stack/data/venv/lib/python3.10/site-packages/oslo_concurrency/processutils.py:349}}
Jan 27 20:15:47 devstack sudo[89196]: quobyte : PWD=/ ; USER=root ; COMMAND=/opt/stack/data/venv/bin/cinder-rootwrap /etc/cinder/rootwrap.conf chmod ugo+rw /opt/stack/data/cinder/mnt/7c321aa8899b297395c47beed3b26114/volume-ea6fec70-3c50-4a7a-bb64-09a4d9f91c05
Jan 27 20:15:47 devstack sudo[89196]: pam_unix(sudo:session): session opened for user root(uid=0) by (uid=1000)
Jan 27 20:15:47 devstack sudo[89196]: pam_unix(sudo:session): session closed for user root
Jan 27 20:15:47 devstack cinder-volume[82691]: DEBUG oslo_concurrency.processutils [None req-663b0fa7-687d-4dc4-b281-f96bb6a369bb tempest-SnapshotMetadataTestJSON-60176638 None] CMD "sudo cinder-rootwrap /etc/cinder/rootwrap.conf chmod ugo+rw /opt/stack/data/cinder/mnt/7c321aa8899b297395c47beed3b26114/volume-ea6fec70-3c50-4a7a-bb64-09a4d9f91c05" returned: 0 in 0.460s {{(pid=82691) execute /opt/stack/data/venv/lib/python3.10/site-packages/oslo_concurrency/processutils.py:372}}
Jan 27 20:15:47 devstack cinder-volume[82691]: DEBUG cinder.volume.drivers.quobyte [None req-663b0fa7-687d-4dc4-b281-f96bb6a369bb tempest-SnapshotMetadataTestJSON-60176638 None] <== create_volume: return (1163ms) {'provider_location': 'osci02.corp.quobyte.com/cinder-vol-39c4a610-115f-4cc9-80b5-55dd8f82dc27'} {{(pid=82691) trace_logging_wrapper /opt/stack/cinder/cinder/volume/volume_utils.py:1523}}
Jan 27 20:15:47 devstack cinder-volume[82691]: DEBUG oslo_concurrency.lockutils [None req-663b0fa7-687d-4dc4-b281-f96bb6a369bb tempest-SnapshotMetadataTestJSON-60176638 None] Lock "quobyte" "released" by "cinder.volume.drivers.quobyte.QuobyteDriver.create_volume" :: held 1.167s {{(pid=82691) inner /opt/stack/data/venv/lib/python3.10/site-packages/oslo_concurrency/lockutils.py:424}}
Jan 27 20:15:47 devstack cinder-volume[82691]: DEBUG cinder.volume.manager [None req-663b0fa7-687d-4dc4-b281-f96bb6a369bb tempest-SnapshotMetadataTestJSON-60176638 None] Task 'cinder.volume.flows.manager.create_volume.CreateVolumeFromSpecTask;volume:create' (262edcab-e03d-458b-b525-17842d434d02) transitioned into state 'SUCCESS' from state 'RUNNING' with result '{'status': 'creating', 'volume_name': 'volume-ea6fec70-3c50-4a7a-bb64-09a4d9f91c05', 'volume_size': 1}' {{(pid=82691) _task_receiver /opt/stack/data/venv/lib/python3.10/site-packages/taskflow/listeners/logging.py:182}}
Jan 27 20:15:47 devstack cinder-volume[82691]: DEBUG cinder.volume.manager [None req-663b0fa7-687d-4dc4-b281-f96bb6a369bb tempest-SnapshotMetadataTestJSON-60176638 None] Task 'cinder.volume.flows.manager.create_volume.CreateVolumeOnFinishTask;volume:create, create.end' (6bfcccfc-72c9-479e-9c14-f1037a3dc69a) transitioned into state 'RUNNING' from state 'PENDING' {{(pid=82691) _task_receiver /opt/stack/data/venv/lib/python3.10/site-packages/taskflow/listeners/logging.py:194}}
Jan 27 20:15:47 devstack cinder-volume[82691]: INFO cinder.volume.flows.manager.create_volume [None req-663b0fa7-687d-4dc4-b281-f96bb6a369bb tempest-SnapshotMetadataTestJSON-60176638 None] Volume volume-ea6fec70-3c50-4a7a-bb64-09a4d9f91c05 (ea6fec70-3c50-4a7a-bb64-09a4d9f91c05): created successfully
Jan 27 20:15:47 devstack cinder-volume[82691]: DEBUG cinder.volume.manager [None req-663b0fa7-687d-4dc4-b281-f96bb6a369bb tempest-SnapshotMetadataTestJSON-60176638 None] Task 'cinder.volume.flows.manager.create_volume.CreateVolumeOnFinishTask;volume:create, create.end' (6bfcccfc-72c9-479e-9c14-f1037a3dc69a) transitioned into state 'SUCCESS' from state 'RUNNING' with result 'None' {{(pid=82691) _task_receiver /opt/stack/data/venv/lib/python3.10/site-packages/taskflow/listeners/logging.py:182}}
Jan 27 20:15:47 devstack cinder-volume[82691]: DEBUG cinder.volume.manager [None req-663b0fa7-687d-4dc4-b281-f96bb6a369bb tempest-SnapshotMetadataTestJSON-60176638 None] Flow 'volume_create_manager' (18ca5653-7ebe-4767-83a1-4d3cf7f50836) transitioned into state 'SUCCESS' from state 'RUNNING' {{(pid=82691) _flow_receiver /opt/stack/data/venv/lib/python3.10/site-packages/taskflow/listeners/logging.py:145}}
Jan 27 20:15:47 devstack cinder-volume[82691]: INFO cinder.volume.manager [None req-663b0fa7-687d-4dc4-b281-f96bb6a369bb tempest-SnapshotMetadataTestJSON-60176638 None] Created volume successfully.
Jan 27 20:15:48 devstack cinder-volume[82691]: WARNING cinder.volume.volume_utils [None req-738cc819-67ec-420c-a033-0988a75a4b3c tempest-SnapshotMetadataTestJSON-60176638 None] Volume driver (QuobyteDriver 1.1.13) is currently unsupported and may be removed in the next release of OpenStack. Use at your own risk.
Jan 27 20:15:48 devstack cinder-volume[82691]: DEBUG oslo_concurrency.lockutils [None req-738cc819-67ec-420c-a033-0988a75a4b3c tempest-SnapshotMetadataTestJSON-60176638 None] Acquiring lock "quobyte" by "cinder.volume.drivers.quobyte.QuobyteDriver.create_snapshot" {{(pid=82691) inner /opt/stack/data/venv/lib/python3.10/site-packages/oslo_concurrency/lockutils.py:405}}
Jan 27 20:15:48 devstack cinder-volume[82691]: DEBUG oslo_concurrency.lockutils [None req-738cc819-67ec-420c-a033-0988a75a4b3c tempest-SnapshotMetadataTestJSON-60176638 None] Lock "quobyte" acquired by "cinder.volume.drivers.quobyte.QuobyteDriver.create_snapshot" :: waited 0.001s {{(pid=82691) inner /opt/stack/data/venv/lib/python3.10/site-packages/oslo_concurrency/lockutils.py:410}}
Jan 27 20:15:48 devstack cinder-volume[82691]: DEBUG cinder.volume.drivers.remotefs [None req-738cc819-67ec-420c-a033-0988a75a4b3c tempest-SnapshotMetadataTestJSON-60176638 None] Creating offline snapshot 56697c66-0502-4390-9dfe-da5cb51dbfb6 of volume ea6fec70-3c50-4a7a-bb64-09a4d9f91c05 {{(pid=82691) _create_snapshot /opt/stack/cinder/cinder/volume/drivers/remotefs.py:1817}}
Jan 27 20:15:48 devstack cinder-volume[82691]: DEBUG oslo.privsep.daemon [-] privsep: reply[65ad69c8-2141-4bc5-b937-9925fc3f4539]: (4, 'qcow2') {{(pid=83636) _call_back /opt/stack/data/venv/lib/python3.10/site-packages/oslo_privsep/daemon.py:515}}
Jan 27 20:15:48 devstack cinder-volume[82691]: DEBUG oslo_concurrency.processutils [None req-738cc819-67ec-420c-a033-0988a75a4b3c tempest-SnapshotMetadataTestJSON-60176638 None] Running cmd (subprocess): /opt/stack/data/venv/bin/python3.10 -m oslo_concurrency.prlimit --as=1073741824 --cpu=60 -- sudo cinder-rootwrap /etc/cinder/rootwrap.conf env LC_ALL=C qemu-img info -f qcow2 --output=json --force-share /opt/stack/data/cinder/mnt/7c321aa8899b297395c47beed3b26114/volume-ea6fec70-3c50-4a7a-bb64-09a4d9f91c05 {{(pid=82691) execute /opt/stack/data/venv/lib/python3.10/site-packages/oslo_concurrency/processutils.py:349}}
Jan 27 20:15:49 devstack sudo[89233]: quobyte : PWD=/ ; USER=root ; COMMAND=/opt/stack/data/venv/bin/cinder-rootwrap /etc/cinder/rootwrap.conf env LC_ALL=C qemu-img info -f qcow2 --output=json --force-share /opt/stack/data/cinder/mnt/7c321aa8899b297395c47beed3b26114/volume-ea6fec70-3c50-4a7a-bb64-09a4d9f91c05
Jan 27 20:15:49 devstack sudo[89233]: pam_unix(sudo:session): session opened for user root(uid=0) by (uid=1000)
Jan 27 20:15:49 devstack sudo[89233]: pam_unix(sudo:session): session closed for user root
Jan 27 20:15:49 devstack cinder-volume[82691]: DEBUG oslo_concurrency.processutils [None req-738cc819-67ec-420c-a033-0988a75a4b3c tempest-SnapshotMetadataTestJSON-60176638 None] CMD "/opt/stack/data/venv/bin/python3.10 -m oslo_concurrency.prlimit --as=1073741824 --cpu=60 -- sudo cinder-rootwrap /etc/cinder/rootwrap.conf env LC_ALL=C qemu-img info -f qcow2 --output=json --force-share /opt/stack/data/cinder/mnt/7c321aa8899b297395c47beed3b26114/volume-ea6fec70-3c50-4a7a-bb64-09a4d9f91c05" returned: 0 in 0.620s {{(pid=82691) execute /opt/stack/data/venv/lib/python3.10/site-packages/oslo_concurrency/processutils.py:372}}
Jan 27 20:15:49 devstack cinder-volume[82691]: DEBUG oslo_concurrency.processutils [None req-738cc819-67ec-420c-a033-0988a75a4b3c tempest-SnapshotMetadataTestJSON-60176638 None] Running cmd (subprocess): sudo cinder-rootwrap /etc/cinder/rootwrap.conf qemu-img create -f qcow2 -o backing_file=/opt/stack/data/cinder/mnt/7c321aa8899b297395c47beed3b26114/volume-ea6fec70-3c50-4a7a-bb64-09a4d9f91c05,backing_fmt=qcow2 /opt/stack/data/cinder/mnt/7c321aa8899b297395c47beed3b26114/volume-ea6fec70-3c50-4a7a-bb64-09a4d9f91c05.56697c66-0502-4390-9dfe-da5cb51dbfb6 1G {{(pid=82691) execute /opt/stack/data/venv/lib/python3.10/site-packages/oslo_concurrency/processutils.py:349}}
Jan 27 20:15:49 devstack sudo[89238]: quobyte : PWD=/ ; USER=root ; COMMAND=/opt/stack/data/venv/bin/cinder-rootwrap /etc/cinder/rootwrap.conf qemu-img create -f qcow2 -o backing_file=/opt/stack/data/cinder/mnt/7c321aa8899b297395c47beed3b26114/volume-ea6fec70-3c50-4a7a-bb64-09a4d9f91c05,backing_fmt=qcow2 /opt/stack/data/cinder/mnt/7c321aa8899b297395c47beed3b26114/volume-ea6fec70-3c50-4a7a-bb64-09a4d9f91c05.56697c66-0502-4390-9dfe-da5cb51dbfb6 1G
Jan 27 20:15:49 devstack sudo[89238]: pam_unix(sudo:session): session opened for user root(uid=0) by (uid=1000)
Jan 27 20:15:50 devstack sudo[89238]: pam_unix(sudo:session): session closed for user root
Jan 27 20:15:50 devstack cinder-volume[82691]: DEBUG oslo_concurrency.processutils [None req-738cc819-67ec-420c-a033-0988a75a4b3c tempest-SnapshotMetadataTestJSON-60176638 None] CMD "sudo cinder-rootwrap /etc/cinder/rootwrap.conf qemu-img create -f qcow2 -o backing_file=/opt/stack/data/cinder/mnt/7c321aa8899b297395c47beed3b26114/volume-ea6fec70-3c50-4a7a-bb64-09a4d9f91c05,backing_fmt=qcow2 /opt/stack/data/cinder/mnt/7c321aa8899b297395c47beed3b26114/volume-ea6fec70-3c50-4a7a-bb64-09a4d9f91c05.56697c66-0502-4390-9dfe-da5cb51dbfb6 1G" returned: 0 in 0.517s {{(pid=82691) execute /opt/stack/data/venv/lib/python3.10/site-packages/oslo_concurrency/processutils.py:372}}
Jan 27 20:15:50 devstack cinder-volume[82691]: DEBUG oslo_concurrency.processutils [None req-738cc819-67ec-420c-a033-0988a75a4b3c tempest-SnapshotMetadataTestJSON-60176638 None] Running cmd (subprocess): sudo cinder-rootwrap /etc/cinder/rootwrap.conf qemu-img rebase -u -b volume-ea6fec70-3c50-4a7a-bb64-09a4d9f91c05 -F qcow2 /opt/stack/data/cinder/mnt/7c321aa8899b297395c47beed3b26114/volume-ea6fec70-3c50-4a7a-bb64-09a4d9f91c05.56697c66-0502-4390-9dfe-da5cb51dbfb6 {{(pid=82691) execute /opt/stack/data/venv/lib/python3.10/site-packages/oslo_concurrency/processutils.py:349}}
Jan 27 20:15:50 devstack sudo[89243]: quobyte : PWD=/ ; USER=root ; COMMAND=/opt/stack/data/venv/bin/cinder-rootwrap /etc/cinder/rootwrap.conf qemu-img rebase -u -b volume-ea6fec70-3c50-4a7a-bb64-09a4d9f91c05 -F qcow2 /opt/stack/data/cinder/mnt/7c321aa8899b297395c47beed3b26114/volume-ea6fec70-3c50-4a7a-bb64-09a4d9f91c05.56697c66-0502-4390-9dfe-da5cb51dbfb6
Jan 27 20:15:50 devstack sudo[89243]: pam_unix(sudo:session): session opened for user root(uid=0) by (uid=1000)
Jan 27 20:15:50 devstack sudo[89243]: pam_unix(sudo:session): session closed for user root
Jan 27 20:15:50 devstack cinder-volume[82691]: DEBUG oslo_concurrency.processutils [None req-738cc819-67ec-420c-a033-0988a75a4b3c tempest-SnapshotMetadataTestJSON-60176638 None] CMD "sudo cinder-rootwrap /etc/cinder/rootwrap.conf qemu-img rebase -u -b volume-ea6fec70-3c50-4a7a-bb64-09a4d9f91c05 -F qcow2 /opt/stack/data/cinder/mnt/7c321aa8899b297395c47beed3b26114/volume-ea6fec70-3c50-4a7a-bb64-09a4d9f91c05.56697c66-0502-4390-9dfe-da5cb51dbfb6" returned: 0 in 0.486s {{(pid=82691) execute /opt/stack/data/venv/lib/python3.10/site-packages/oslo_concurrency/processutils.py:372}}
Jan 27 20:15:50 devstack cinder-volume[82691]: WARNING cinder.volume.drivers.remotefs [None req-738cc819-67ec-420c-a033-0988a75a4b3c tempest-SnapshotMetadataTestJSON-60176638 None] /opt/stack/data/cinder/mnt/7c321aa8899b297395c47beed3b26114/volume-ea6fec70-3c50-4a7a-bb64-09a4d9f91c05.56697c66-0502-4390-9dfe-da5cb51dbfb6 is being set with open permissions: ugo+rw
Jan 27 20:15:50 devstack cinder-volume[82691]: DEBUG oslo_concurrency.processutils [None req-738cc819-67ec-420c-a033-0988a75a4b3c tempest-SnapshotMetadataTestJSON-60176638 None] Running cmd (subprocess): sudo cinder-rootwrap /etc/cinder/rootwrap.conf chmod ugo+rw /opt/stack/data/cinder/mnt/7c321aa8899b297395c47beed3b26114/volume-ea6fec70-3c50-4a7a-bb64-09a4d9f91c05.56697c66-0502-4390-9dfe-da5cb51dbfb6 {{(pid=82691) execute /opt/stack/data/venv/lib/python3.10/site-packages/oslo_concurrency/processutils.py:349}}
Jan 27 20:15:50 devstack sudo[89248]: quobyte : PWD=/ ; USER=root ; COMMAND=/opt/stack/data/venv/bin/cinder-rootwrap /etc/cinder/rootwrap.conf chmod ugo+rw /opt/stack/data/cinder/mnt/7c321aa8899b297395c47beed3b26114/volume-ea6fec70-3c50-4a7a-bb64-09a4d9f91c05.56697c66-0502-4390-9dfe-da5cb51dbfb6
Jan 27 20:15:50 devstack sudo[89248]: pam_unix(sudo:session): session opened for user root(uid=0) by (uid=1000)
Jan 27 20:15:51 devstack sudo[89248]: pam_unix(sudo:session): session closed for user root
Jan 27 20:15:51 devstack cinder-volume[82691]: DEBUG oslo_concurrency.processutils [None req-738cc819-67ec-420c-a033-0988a75a4b3c tempest-SnapshotMetadataTestJSON-60176638 None] CMD "sudo cinder-rootwrap /etc/cinder/rootwrap.conf chmod ugo+rw /opt/stack/data/cinder/mnt/7c321aa8899b297395c47beed3b26114/volume-ea6fec70-3c50-4a7a-bb64-09a4d9f91c05.56697c66-0502-4390-9dfe-da5cb51dbfb6" returned: 0 in 0.530s {{(pid=82691) execute /opt/stack/data/venv/lib/python3.10/site-packages/oslo_concurrency/processutils.py:372}}
Jan 27 20:15:51 devstack cinder-volume[82691]: DEBUG oslo_concurrency.processutils [None req-738cc819-67ec-420c-a033-0988a75a4b3c tempest-SnapshotMetadataTestJSON-60176638 None] Running cmd (subprocess): sudo cinder-rootwrap /etc/cinder/rootwrap.conf truncate -s0 /opt/stack/data/cinder/mnt/7c321aa8899b297395c47beed3b26114/volume-ea6fec70-3c50-4a7a-bb64-09a4d9f91c05.info {{(pid=82691) execute /opt/stack/data/venv/lib/python3.10/site-packages/oslo_concurrency/processutils.py:349}}
Jan 27 20:15:51 devstack sudo[89254]: quobyte : PWD=/ ; USER=root ; COMMAND=/opt/stack/data/venv/bin/cinder-rootwrap /etc/cinder/rootwrap.conf truncate -s0 /opt/stack/data/cinder/mnt/7c321aa8899b297395c47beed3b26114/volume-ea6fec70-3c50-4a7a-bb64-09a4d9f91c05.info
Jan 27 20:15:51 devstack sudo[89254]: pam_unix(sudo:session): session opened for user root(uid=0) by (uid=1000)
Jan 27 20:15:51 devstack sudo[89254]: pam_unix(sudo:session): session closed for user root
Jan 27 20:15:51 devstack cinder-volume[82691]: DEBUG oslo_concurrency.processutils [None req-738cc819-67ec-420c-a033-0988a75a4b3c tempest-SnapshotMetadataTestJSON-60176638 None] CMD "sudo cinder-rootwrap /etc/cinder/rootwrap.conf truncate -s0 /opt/stack/data/cinder/mnt/7c321aa8899b297395c47beed3b26114/volume-ea6fec70-3c50-4a7a-bb64-09a4d9f91c05.info" returned: 0 in 0.596s {{(pid=82691) execute /opt/stack/data/venv/lib/python3.10/site-packages/oslo_concurrency/processutils.py:372}}
Jan 27 20:15:51 devstack cinder-volume[82691]: WARNING cinder.volume.drivers.remotefs [None req-738cc819-67ec-420c-a033-0988a75a4b3c tempest-SnapshotMetadataTestJSON-60176638 None] /opt/stack/data/cinder/mnt/7c321aa8899b297395c47beed3b26114/volume-ea6fec70-3c50-4a7a-bb64-09a4d9f91c05.info is being set with open permissions: ugo+rw
Jan 27 20:15:51 devstack cinder-volume[82691]: DEBUG oslo_concurrency.processutils [None req-738cc819-67ec-420c-a033-0988a75a4b3c tempest-SnapshotMetadataTestJSON-60176638 None] Running cmd (subprocess): sudo cinder-rootwrap /etc/cinder/rootwrap.conf chmod ugo+rw /opt/stack/data/cinder/mnt/7c321aa8899b297395c47beed3b26114/volume-ea6fec70-3c50-4a7a-bb64-09a4d9f91c05.info {{(pid=82691) execute /opt/stack/data/venv/lib/python3.10/site-packages/oslo_concurrency/processutils.py:349}}
Jan 27 20:15:51 devstack sudo[89257]: quobyte : PWD=/ ; USER=root ; COMMAND=/opt/stack/data/venv/bin/cinder-rootwrap /etc/cinder/rootwrap.conf chmod ugo+rw /opt/stack/data/cinder/mnt/7c321aa8899b297395c47beed3b26114/volume-ea6fec70-3c50-4a7a-bb64-09a4d9f91c05.info
Jan 27 20:15:51 devstack sudo[89257]: pam_unix(sudo:session): session opened for user root(uid=0) by (uid=1000)
Jan 27 20:15:52 devstack sudo[89257]: pam_unix(sudo:session): session closed for user root
Jan 27 20:15:52 devstack cinder-volume[82691]: DEBUG oslo_concurrency.processutils [None req-738cc819-67ec-420c-a033-0988a75a4b3c tempest-SnapshotMetadataTestJSON-60176638 None] CMD "sudo cinder-rootwrap /etc/cinder/rootwrap.conf chmod ugo+rw /opt/stack/data/cinder/mnt/7c321aa8899b297395c47beed3b26114/volume-ea6fec70-3c50-4a7a-bb64-09a4d9f91c05.info" returned: 0 in 0.552s {{(pid=82691) execute /opt/stack/data/venv/lib/python3.10/site-packages/oslo_concurrency/processutils.py:372}}
Jan 27 20:15:52 devstack cinder-volume[82691]: DEBUG oslo_concurrency.lockutils [None req-738cc819-67ec-420c-a033-0988a75a4b3c tempest-SnapshotMetadataTestJSON-60176638 None] Lock "quobyte" "released" by "cinder.volume.drivers.quobyte.QuobyteDriver.create_snapshot" :: held 3.394s {{(pid=82691) inner /opt/stack/data/venv/lib/python3.10/site-packages/oslo_concurrency/lockutils.py:424}}
Jan 27 20:15:52 devstack cinder-volume[82691]: INFO cinder.volume.manager [None req-738cc819-67ec-420c-a033-0988a75a4b3c tempest-SnapshotMetadataTestJSON-60176638 None] Create snapshot completed successfully
Jan 27 20:15:53 devstack cinder-volume[82691]: DEBUG oslo_concurrency.lockutils [req-dfcfd901-9a29-45ad-8582-45d0df603211 req-a28e0f0d-21c2-4d88-ad84-52a714d600e5 tempest-TaggedBootDevicesTest_v242-286389919 None] Acquiring lock "quobyte" by "cinder.volume.drivers.quobyte.QuobyteDriver.initialize_connection" {{(pid=82691) inner /opt/stack/data/venv/lib/python3.10/site-packages/oslo_concurrency/lockutils.py:405}}
Jan 27 20:15:53 devstack cinder-volume[82691]: DEBUG oslo_concurrency.lockutils [req-dfcfd901-9a29-45ad-8582-45d0df603211 req-a28e0f0d-21c2-4d88-ad84-52a714d600e5 tempest-TaggedBootDevicesTest_v242-286389919 None] Lock "quobyte" acquired by "cinder.volume.drivers.quobyte.QuobyteDriver.initialize_connection" :: waited 0.003s {{(pid=82691) inner /opt/stack/data/venv/lib/python3.10/site-packages/oslo_concurrency/lockutils.py:410}}
Jan 27 20:15:53 devstack cinder-volume[82691]: DEBUG oslo.privsep.daemon [-] privsep: reply[ffdf421d-fe30-4724-bd98-f6aa904218dc]: (4, 'raw') {{(pid=83636) _call_back /opt/stack/data/venv/lib/python3.10/site-packages/oslo_privsep/daemon.py:515}}
Jan 27 20:15:53 devstack cinder-volume[82691]: DEBUG oslo_concurrency.processutils [req-dfcfd901-9a29-45ad-8582-45d0df603211 req-a28e0f0d-21c2-4d88-ad84-52a714d600e5 tempest-TaggedBootDevicesTest_v242-286389919 None] Running cmd (subprocess): /opt/stack/data/venv/bin/python3.10 -m oslo_concurrency.prlimit --as=1073741824 --cpu=60 -- sudo cinder-rootwrap /etc/cinder/rootwrap.conf env LC_ALL=C qemu-img info -f raw --output=json --force-share /opt/stack/data/cinder/mnt/7c321aa8899b297395c47beed3b26114/volume-8d276c8f-a911-4fa5-afa8-ea1ee498f5d1 {{(pid=82691) execute /opt/stack/data/venv/lib/python3.10/site-packages/oslo_concurrency/processutils.py:349}}
Jan 27 20:15:53 devstack cinder-volume[82691]: DEBUG cinder.coordination [None req-d78ddd7b-bc7c-4fac-833c-6f650ab7970e tempest-SnapshotMetadataTestJSON-60176638 None] Acquiring lock "cinder-56697c66-0502-4390-9dfe-da5cb51dbfb6-delete_snapshot" by "delete_snapshot" {{(pid=82691) __acquire /opt/stack/cinder/cinder/coordination.py:143}}
Jan 27 20:15:53 devstack cinder-volume[82691]: DEBUG cinder.coordination [None req-d78ddd7b-bc7c-4fac-833c-6f650ab7970e tempest-SnapshotMetadataTestJSON-60176638 None] Lock "cinder-56697c66-0502-4390-9dfe-da5cb51dbfb6-delete_snapshot" acquired by "delete_snapshot" :: waited 0.012s {{(pid=82691) __acquire /opt/stack/cinder/cinder/coordination.py:146}}
Jan 27 20:15:53 devstack cinder-volume[82691]: WARNING cinder.volume.volume_utils [None req-d78ddd7b-bc7c-4fac-833c-6f650ab7970e tempest-SnapshotMetadataTestJSON-60176638 None] Volume driver (QuobyteDriver 1.1.13) is currently unsupported and may be removed in the next release of OpenStack. Use at your own risk.
Jan 27 20:15:53 devstack cinder-volume[82691]: DEBUG cinder.coordination [None req-d78ddd7b-bc7c-4fac-833c-6f650ab7970e tempest-SnapshotMetadataTestJSON-60176638 None] Acquiring lock "cinder-quobyte-ea6fec70-3c50-4a7a-bb64-09a4d9f91c05" by "delete_snapshot" {{(pid=82691) __acquire /opt/stack/cinder/cinder/coordination.py:143}}
Jan 27 20:15:53 devstack cinder-volume[82691]: DEBUG cinder.coordination [None req-d78ddd7b-bc7c-4fac-833c-6f650ab7970e tempest-SnapshotMetadataTestJSON-60176638 None] Lock "cinder-quobyte-ea6fec70-3c50-4a7a-bb64-09a4d9f91c05" acquired by "delete_snapshot" :: waited 0.016s {{(pid=82691) __acquire /opt/stack/cinder/cinder/coordination.py:146}}
Jan 27 20:15:53 devstack cinder-volume[82691]: DEBUG cinder.coordination [None req-d78ddd7b-bc7c-4fac-833c-6f650ab7970e tempest-SnapshotMetadataTestJSON-60176638 None] Acquiring lock "cinder-quobyte-56697c66-0502-4390-9dfe-da5cb51dbfb6" by "_delete_snapshot" {{(pid=82691) __acquire /opt/stack/cinder/cinder/coordination.py:143}}
Jan 27 20:15:53 devstack cinder-volume[82691]: DEBUG cinder.coordination [None req-d78ddd7b-bc7c-4fac-833c-6f650ab7970e tempest-SnapshotMetadataTestJSON-60176638 None] Lock "cinder-quobyte-56697c66-0502-4390-9dfe-da5cb51dbfb6" acquired by "_delete_snapshot" :: waited 0.013s {{(pid=82691) __acquire /opt/stack/cinder/cinder/coordination.py:146}}
Jan 27 20:15:53 devstack cinder-volume[82691]: DEBUG cinder.volume.drivers.remotefs [None req-d78ddd7b-bc7c-4fac-833c-6f650ab7970e tempest-SnapshotMetadataTestJSON-60176638 None] Deleting offline snapshot 56697c66-0502-4390-9dfe-da5cb51dbfb6 of volume ea6fec70-3c50-4a7a-bb64-09a4d9f91c05 {{(pid=82691) _delete_snapshot /opt/stack/cinder/cinder/volume/drivers/remotefs.py:1290}}
Jan 27 20:15:53 devstack sudo[89280]: quobyte : PWD=/ ; USER=root ; COMMAND=/opt/stack/data/venv/bin/cinder-rootwrap /etc/cinder/rootwrap.conf env LC_ALL=C qemu-img info -f raw --output=json --force-share /opt/stack/data/cinder/mnt/7c321aa8899b297395c47beed3b26114/volume-8d276c8f-a911-4fa5-afa8-ea1ee498f5d1
Jan 27 20:15:53 devstack sudo[89280]: pam_unix(sudo:session): session opened for user root(uid=0) by (uid=1000)
Jan 27 20:15:53 devstack cinder-volume[82691]: DEBUG cinder.volume.drivers.remotefs [None req-d78ddd7b-bc7c-4fac-833c-6f650ab7970e tempest-SnapshotMetadataTestJSON-60176638 None] snapshot_file for this snap is: volume-ea6fec70-3c50-4a7a-bb64-09a4d9f91c05.56697c66-0502-4390-9dfe-da5cb51dbfb6 {{(pid=82691) _delete_snapshot /opt/stack/cinder/cinder/volume/drivers/remotefs.py:1319}}
Jan 27 20:15:53 devstack cinder-volume[82691]: DEBUG oslo.privsep.daemon [-] privsep: reply[b9dfadae-5c86-465c-b654-7909f2aa8cc6]: (4, 'qcow2') {{(pid=83636) _call_back /opt/stack/data/venv/lib/python3.10/site-packages/oslo_privsep/daemon.py:515}}
Jan 27 20:15:53 devstack cinder-volume[82691]: DEBUG oslo_concurrency.processutils [None req-d78ddd7b-bc7c-4fac-833c-6f650ab7970e tempest-SnapshotMetadataTestJSON-60176638 None] Running cmd (subprocess): /opt/stack/data/venv/bin/python3.10 -m oslo_concurrency.prlimit --as=1073741824 --cpu=60 -- sudo cinder-rootwrap /etc/cinder/rootwrap.conf env LC_ALL=C qemu-img info -f qcow2 --output=json --force-share /opt/stack/data/cinder/mnt/7c321aa8899b297395c47beed3b26114/volume-ea6fec70-3c50-4a7a-bb64-09a4d9f91c05.56697c66-0502-4390-9dfe-da5cb51dbfb6 {{(pid=82691) execute /opt/stack/data/venv/lib/python3.10/site-packages/oslo_concurrency/processutils.py:349}}
Jan 27 20:15:53 devstack sudo[89283]: quobyte : PWD=/ ; USER=root ; COMMAND=/opt/stack/data/venv/bin/cinder-rootwrap /etc/cinder/rootwrap.conf env LC_ALL=C qemu-img info -f qcow2 --output=json --force-share /opt/stack/data/cinder/mnt/7c321aa8899b297395c47beed3b26114/volume-ea6fec70-3c50-4a7a-bb64-09a4d9f91c05.56697c66-0502-4390-9dfe-da5cb51dbfb6
Jan 27 20:15:53 devstack sudo[89283]: pam_unix(sudo:session): session opened for user root(uid=0) by (uid=1000)
Jan 27 20:15:54 devstack sudo[89280]: pam_unix(sudo:session): session closed for user root
Jan 27 20:15:54 devstack cinder-volume[82691]: DEBUG oslo_concurrency.processutils [req-dfcfd901-9a29-45ad-8582-45d0df603211 req-a28e0f0d-21c2-4d88-ad84-52a714d600e5 tempest-TaggedBootDevicesTest_v242-286389919 None] CMD "/opt/stack/data/venv/bin/python3.10 -m oslo_concurrency.prlimit --as=1073741824 --cpu=60 -- sudo cinder-rootwrap /etc/cinder/rootwrap.conf env LC_ALL=C qemu-img info -f raw --output=json --force-share /opt/stack/data/cinder/mnt/7c321aa8899b297395c47beed3b26114/volume-8d276c8f-a911-4fa5-afa8-ea1ee498f5d1" returned: 0 in 0.690s {{(pid=82691) execute /opt/stack/data/venv/lib/python3.10/site-packages/oslo_concurrency/processutils.py:372}}
Jan 27 20:15:54 devstack cinder-volume[82691]: DEBUG oslo_concurrency.processutils [req-dfcfd901-9a29-45ad-8582-45d0df603211 req-a28e0f0d-21c2-4d88-ad84-52a714d600e5 tempest-TaggedBootDevicesTest_v242-286389919 None] Running cmd (subprocess): /opt/stack/data/venv/bin/python3.10 -m oslo_concurrency.prlimit --as=1073741824 --cpu=60 -- sudo cinder-rootwrap /etc/cinder/rootwrap.conf env LC_ALL=C qemu-img info -f luks --output=json --force-share /opt/stack/data/cinder/mnt/7c321aa8899b297395c47beed3b26114/volume-8d276c8f-a911-4fa5-afa8-ea1ee498f5d1 {{(pid=82691) execute /opt/stack/data/venv/lib/python3.10/site-packages/oslo_concurrency/processutils.py:349}}
Jan 27 20:15:54 devstack sudo[89292]: quobyte : PWD=/ ; USER=root ; COMMAND=/opt/stack/data/venv/bin/cinder-rootwrap /etc/cinder/rootwrap.conf env LC_ALL=C qemu-img info -f luks --output=json --force-share /opt/stack/data/cinder/mnt/7c321aa8899b297395c47beed3b26114/volume-8d276c8f-a911-4fa5-afa8-ea1ee498f5d1
Jan 27 20:15:54 devstack sudo[89292]: pam_unix(sudo:session): session opened for user root(uid=0) by (uid=1000)
Jan 27 20:15:54 devstack sudo[89283]: pam_unix(sudo:session): session closed for user root
Jan 27 20:15:54 devstack cinder-volume[82691]: DEBUG oslo_concurrency.processutils [None req-d78ddd7b-bc7c-4fac-833c-6f650ab7970e tempest-SnapshotMetadataTestJSON-60176638 None] CMD "/opt/stack/data/venv/bin/python3.10 -m oslo_concurrency.prlimit --as=1073741824 --cpu=60 -- sudo cinder-rootwrap /etc/cinder/rootwrap.conf env LC_ALL=C qemu-img info -f qcow2 --output=json --force-share /opt/stack/data/cinder/mnt/7c321aa8899b297395c47beed3b26114/volume-ea6fec70-3c50-4a7a-bb64-09a4d9f91c05.56697c66-0502-4390-9dfe-da5cb51dbfb6" returned: 0 in 0.707s {{(pid=82691) execute /opt/stack/data/venv/lib/python3.10/site-packages/oslo_concurrency/processutils.py:372}}
Jan 27 20:15:54 devstack cinder-volume[82691]: DEBUG cinder.volume.drivers.remotefs [None req-d78ddd7b-bc7c-4fac-833c-6f650ab7970e tempest-SnapshotMetadataTestJSON-60176638 None] Fetching qemu-img info with special backing_file_template: (/opt/stack/data/cinder/mnt/[0-9a-f]+/)?(volume-ea6fec70-3c50-4a7a-bb64-09a4d9f91c05(.(tmp-snap-)?[0-9a-f-]+)?|volume_from_snapshot_cache/(tmp-snap-)?[0-9a-f-]+(.(child-|parent-)[0-9a-f-]+)?)$ {{(pid=82691) _qemu_img_info_base /opt/stack/cinder/cinder/volume/drivers/remotefs.py:898}}
Jan 27 20:15:54 devstack cinder-volume[82691]: DEBUG oslo.privsep.daemon [-] privsep: reply[04e6b644-fd26-4197-a7d5-d57c445d221e]: (4, 'qcow2') {{(pid=83636) _call_back /opt/stack/data/venv/lib/python3.10/site-packages/oslo_privsep/daemon.py:515}}
Jan 27 20:15:54 devstack cinder-volume[82691]: DEBUG oslo_concurrency.processutils [None req-d78ddd7b-bc7c-4fac-833c-6f650ab7970e tempest-SnapshotMetadataTestJSON-60176638 None] Running cmd (subprocess): /opt/stack/data/venv/bin/python3.10 -m oslo_concurrency.prlimit --as=1073741824 --cpu=60 -- sudo cinder-rootwrap /etc/cinder/rootwrap.conf env LC_ALL=C qemu-img info -f qcow2 --output=json --force-share /opt/stack/data/cinder/mnt/7c321aa8899b297395c47beed3b26114/volume-ea6fec70-3c50-4a7a-bb64-09a4d9f91c05 {{(pid=82691) execute /opt/stack/data/venv/lib/python3.10/site-packages/oslo_concurrency/processutils.py:349}}
Jan 27 20:15:54 devstack sudo[89297]: quobyte : PWD=/ ; USER=root ; COMMAND=/opt/stack/data/venv/bin/cinder-rootwrap /etc/cinder/rootwrap.conf env LC_ALL=C qemu-img info -f qcow2 --output=json --force-share /opt/stack/data/cinder/mnt/7c321aa8899b297395c47beed3b26114/volume-ea6fec70-3c50-4a7a-bb64-09a4d9f91c05
Jan 27 20:15:54 devstack sudo[89297]: pam_unix(sudo:session): session opened for user root(uid=0) by (uid=1000)
Jan 27 20:15:54 devstack sudo[89292]: pam_unix(sudo:session): session closed for user root
Jan 27 20:15:54 devstack cinder-volume[82691]: DEBUG oslo_concurrency.processutils [req-dfcfd901-9a29-45ad-8582-45d0df603211 req-a28e0f0d-21c2-4d88-ad84-52a714d600e5 tempest-TaggedBootDevicesTest_v242-286389919 None] CMD "/opt/stack/data/venv/bin/python3.10 -m oslo_concurrency.prlimit --as=1073741824 --cpu=60 -- sudo cinder-rootwrap /etc/cinder/rootwrap.conf env LC_ALL=C qemu-img info -f luks --output=json --force-share /opt/stack/data/cinder/mnt/7c321aa8899b297395c47beed3b26114/volume-8d276c8f-a911-4fa5-afa8-ea1ee498f5d1" returned: 1 in 0.669s {{(pid=82691) execute /opt/stack/data/venv/lib/python3.10/site-packages/oslo_concurrency/processutils.py:372}}
Jan 27 20:15:54 devstack cinder-volume[82691]: DEBUG oslo_concurrency.processutils [req-dfcfd901-9a29-45ad-8582-45d0df603211 req-a28e0f0d-21c2-4d88-ad84-52a714d600e5 tempest-TaggedBootDevicesTest_v242-286389919 None] '/opt/stack/data/venv/bin/python3.10 -m oslo_concurrency.prlimit --as=1073741824 --cpu=60 -- sudo cinder-rootwrap /etc/cinder/rootwrap.conf env LC_ALL=C qemu-img info -f luks --output=json --force-share /opt/stack/data/cinder/mnt/7c321aa8899b297395c47beed3b26114/volume-8d276c8f-a911-4fa5-afa8-ea1ee498f5d1' failed. Not Retrying. {{(pid=82691) execute /opt/stack/data/venv/lib/python3.10/site-packages/oslo_concurrency/processutils.py:423}}
Jan 27 20:15:54 devstack cinder-volume[82691]: DEBUG oslo_concurrency.lockutils [req-dfcfd901-9a29-45ad-8582-45d0df603211 req-a28e0f0d-21c2-4d88-ad84-52a714d600e5 tempest-TaggedBootDevicesTest_v242-286389919 None] Lock "quobyte" "released" by "cinder.volume.drivers.quobyte.QuobyteDriver.initialize_connection" :: held 1.390s {{(pid=82691) inner /opt/stack/data/venv/lib/python3.10/site-packages/oslo_concurrency/lockutils.py:424}}
Jan 27 20:15:54 devstack cinder-volume[82691]: DEBUG cinder.volume.manager [req-dfcfd901-9a29-45ad-8582-45d0df603211 req-a28e0f0d-21c2-4d88-ad84-52a714d600e5 tempest-TaggedBootDevicesTest_v242-286389919 None] Connection info returned from driver {'export': 'osci02.corp.quobyte.com/cinder-vol-39c4a610-115f-4cc9-80b5-55dd8f82dc27', 'name': 'volume-8d276c8f-a911-4fa5-afa8-ea1ee498f5d1', 'options': None, 'format': 'raw', 'qos_specs': None, 'access_mode': 'rw', 'encrypted': False, 'cacheable': False, 'driver_volume_type': 'quobyte', 'mount_point_base': '/opt/stack/data/cinder/mnt', 'attachment_id': '60808736-37ea-4c6f-842b-b14ad4cc6c63', 'enforce_multipath': True} {{(pid=82691) _connection_create /opt/stack/cinder/cinder/volume/manager.py:4893}}
Jan 27 20:15:54 devstack cinder-volume[82691]: WARNING cinder.volume.volume_utils [req-dfcfd901-9a29-45ad-8582-45d0df603211 req-a28e0f0d-21c2-4d88-ad84-52a714d600e5 tempest-TaggedBootDevicesTest_v242-286389919 None] Volume driver (QuobyteDriver 1.1.13) is currently unsupported and may be removed in the next release of OpenStack. Use at your own risk.
Jan 27 20:15:54 devstack cinder-volume[82691]: INFO cinder.volume.manager [req-dfcfd901-9a29-45ad-8582-45d0df603211 req-a28e0f0d-21c2-4d88-ad84-52a714d600e5 tempest-TaggedBootDevicesTest_v242-286389919 None] attachment_update completed successfully.
Jan 27 20:15:55 devstack sudo[89297]: pam_unix(sudo:session): session closed for user root
Jan 27 20:15:55 devstack cinder-volume[82691]: DEBUG oslo_concurrency.processutils [None req-d78ddd7b-bc7c-4fac-833c-6f650ab7970e tempest-SnapshotMetadataTestJSON-60176638 None] CMD "/opt/stack/data/venv/bin/python3.10 -m oslo_concurrency.prlimit --as=1073741824 --cpu=60 -- sudo cinder-rootwrap /etc/cinder/rootwrap.conf env LC_ALL=C qemu-img info -f qcow2 --output=json --force-share /opt/stack/data/cinder/mnt/7c321aa8899b297395c47beed3b26114/volume-ea6fec70-3c50-4a7a-bb64-09a4d9f91c05" returned: 0 in 0.641s {{(pid=82691) execute /opt/stack/data/venv/lib/python3.10/site-packages/oslo_concurrency/processutils.py:372}}
Jan 27 20:15:55 devstack cinder-volume[82691]: DEBUG oslo_concurrency.processutils [None req-d78ddd7b-bc7c-4fac-833c-6f650ab7970e tempest-SnapshotMetadataTestJSON-60176638 None] Running cmd (subprocess): sudo cinder-rootwrap /etc/cinder/rootwrap.conf qemu-img commit -d /opt/stack/data/cinder/mnt/7c321aa8899b297395c47beed3b26114/volume-ea6fec70-3c50-4a7a-bb64-09a4d9f91c05.56697c66-0502-4390-9dfe-da5cb51dbfb6 {{(pid=82691) execute /opt/stack/data/venv/lib/python3.10/site-packages/oslo_concurrency/processutils.py:349}}
Jan 27 20:15:55 devstack sudo[89314]: quobyte : PWD=/ ; USER=root ; COMMAND=/opt/stack/data/venv/bin/cinder-rootwrap /etc/cinder/rootwrap.conf qemu-img commit -d /opt/stack/data/cinder/mnt/7c321aa8899b297395c47beed3b26114/volume-ea6fec70-3c50-4a7a-bb64-09a4d9f91c05.56697c66-0502-4390-9dfe-da5cb51dbfb6
Jan 27 20:15:55 devstack sudo[89314]: pam_unix(sudo:session): session opened for user root(uid=0) by (uid=1000)
Jan 27 20:15:55 devstack sudo[89314]: pam_unix(sudo:session): session closed for user root
Jan 27 20:15:55 devstack cinder-volume[82691]: DEBUG oslo_concurrency.processutils [None req-d78ddd7b-bc7c-4fac-833c-6f650ab7970e tempest-SnapshotMetadataTestJSON-60176638 None] CMD "sudo cinder-rootwrap /etc/cinder/rootwrap.conf qemu-img commit -d /opt/stack/data/cinder/mnt/7c321aa8899b297395c47beed3b26114/volume-ea6fec70-3c50-4a7a-bb64-09a4d9f91c05.56697c66-0502-4390-9dfe-da5cb51dbfb6" returned: 0 in 0.577s {{(pid=82691) execute /opt/stack/data/venv/lib/python3.10/site-packages/oslo_concurrency/processutils.py:372}}
Jan 27 20:15:55 devstack cinder-volume[82691]: DEBUG oslo_concurrency.processutils [None req-d78ddd7b-bc7c-4fac-833c-6f650ab7970e tempest-SnapshotMetadataTestJSON-60176638 None] Running cmd (subprocess): sudo cinder-rootwrap /etc/cinder/rootwrap.conf rm -f /opt/stack/data/cinder/mnt/7c321aa8899b297395c47beed3b26114/volume-ea6fec70-3c50-4a7a-bb64-09a4d9f91c05.56697c66-0502-4390-9dfe-da5cb51dbfb6 {{(pid=82691) execute /opt/stack/data/venv/lib/python3.10/site-packages/oslo_concurrency/processutils.py:349}}
Jan 27 20:15:55 devstack sudo[89328]: quobyte : PWD=/ ; USER=root ; COMMAND=/opt/stack/data/venv/bin/cinder-rootwrap /etc/cinder/rootwrap.conf rm -f /opt/stack/data/cinder/mnt/7c321aa8899b297395c47beed3b26114/volume-ea6fec70-3c50-4a7a-bb64-09a4d9f91c05.56697c66-0502-4390-9dfe-da5cb51dbfb6
Jan 27 20:15:55 devstack sudo[89328]: pam_unix(sudo:session): session opened for user root(uid=0) by (uid=1000)
Jan 27 20:15:56 devstack cinder-volume[82691]: DEBUG oslo_concurrency.lockutils [req-dfcfd901-9a29-45ad-8582-45d0df603211 req-6334032a-d0b7-49f9-9f21-4c99fafda447 tempest-TaggedBootDevicesTest_v242-286389919 None] Acquiring lock "quobyte" by "cinder.volume.drivers.quobyte.QuobyteDriver.initialize_connection" {{(pid=82691) inner /opt/stack/data/venv/lib/python3.10/site-packages/oslo_concurrency/lockutils.py:405}}
Jan 27 20:15:56 devstack cinder-volume[82691]: DEBUG oslo_concurrency.lockutils [req-dfcfd901-9a29-45ad-8582-45d0df603211 req-6334032a-d0b7-49f9-9f21-4c99fafda447 tempest-TaggedBootDevicesTest_v242-286389919 None] Lock "quobyte" acquired by "cinder.volume.drivers.quobyte.QuobyteDriver.initialize_connection" :: waited 0.002s {{(pid=82691) inner /opt/stack/data/venv/lib/python3.10/site-packages/oslo_concurrency/lockutils.py:410}}
Jan 27 20:15:56 devstack cinder-volume[82691]: DEBUG oslo.privsep.daemon [-] privsep: reply[c04f3e60-e031-4a19-b45e-2de3860090ac]: (4, 'qcow2') {{(pid=83636) _call_back /opt/stack/data/venv/lib/python3.10/site-packages/oslo_privsep/daemon.py:515}}
Jan 27 20:15:56 devstack cinder-volume[82691]: DEBUG oslo_concurrency.processutils [req-dfcfd901-9a29-45ad-8582-45d0df603211 req-6334032a-d0b7-49f9-9f21-4c99fafda447 tempest-TaggedBootDevicesTest_v242-286389919 None] Running cmd (subprocess): /opt/stack/data/venv/bin/python3.10 -m oslo_concurrency.prlimit --as=1073741824 --cpu=60 -- sudo cinder-rootwrap /etc/cinder/rootwrap.conf env LC_ALL=C qemu-img info -f qcow2 --output=json --force-share /opt/stack/data/cinder/mnt/7c321aa8899b297395c47beed3b26114/volume-422beaab-dfc1-4a11-b083-aa96c659a769 {{(pid=82691) execute /opt/stack/data/venv/lib/python3.10/site-packages/oslo_concurrency/processutils.py:349}}
Jan 27 20:15:56 devstack sudo[89328]: pam_unix(sudo:session): session closed for user root
Jan 27 20:15:56 devstack cinder-volume[82691]: DEBUG oslo_concurrency.processutils [None req-d78ddd7b-bc7c-4fac-833c-6f650ab7970e tempest-SnapshotMetadataTestJSON-60176638 None] CMD "sudo cinder-rootwrap /etc/cinder/rootwrap.conf rm -f /opt/stack/data/cinder/mnt/7c321aa8899b297395c47beed3b26114/volume-ea6fec70-3c50-4a7a-bb64-09a4d9f91c05.56697c66-0502-4390-9dfe-da5cb51dbfb6" returned: 0 in 0.976s {{(pid=82691) execute /opt/stack/data/venv/lib/python3.10/site-packages/oslo_concurrency/processutils.py:372}}
Jan 27 20:15:56 devstack cinder-volume[82691]: DEBUG cinder.coordination [None req-d78ddd7b-bc7c-4fac-833c-6f650ab7970e tempest-SnapshotMetadataTestJSON-60176638 None] Lock "cinder-quobyte-56697c66-0502-4390-9dfe-da5cb51dbfb6" released by "_delete_snapshot" :: held 3.015s {{(pid=82691) __release /opt/stack/cinder/cinder/coordination.py:157}}
Jan 27 20:15:56 devstack cinder-volume[82691]: DEBUG cinder.coordination [None req-d78ddd7b-bc7c-4fac-833c-6f650ab7970e tempest-SnapshotMetadataTestJSON-60176638 None] Lock "cinder-quobyte-ea6fec70-3c50-4a7a-bb64-09a4d9f91c05" released by "delete_snapshot" :: held 3.036s {{(pid=82691) __release /opt/stack/cinder/cinder/coordination.py:157}}
Jan 27 20:15:56 devstack cinder-volume[82691]: DEBUG cinder.quota [None req-d78ddd7b-bc7c-4fac-833c-6f650ab7970e tempest-SnapshotMetadataTestJSON-60176638 None] Created reservations ['22a41271-74e3-48af-8ce4-e213d7f456e2', 'f2fed666-4107-4e4b-8649-d1113bbaa116', 'ab992d3b-5b2c-4304-91be-2860afcfda89', 'f043cada-fd67-4779-8b05-e1588b0aa954'] {{(pid=82691) reserve /opt/stack/cinder/cinder/quota.py:752}}
Jan 27 20:15:56 devstack cinder-volume[82691]: INFO cinder.volume.manager [None req-d78ddd7b-bc7c-4fac-833c-6f650ab7970e tempest-SnapshotMetadataTestJSON-60176638 None] Delete snapshot completed successfully.
Jan 27 20:15:56 devstack cinder-volume[82691]: DEBUG cinder.coordination [None req-d78ddd7b-bc7c-4fac-833c-6f650ab7970e tempest-SnapshotMetadataTestJSON-60176638 None] Lock "cinder-56697c66-0502-4390-9dfe-da5cb51dbfb6-delete_snapshot" released by "delete_snapshot" :: held 3.192s {{(pid=82691) __release /opt/stack/cinder/cinder/coordination.py:157}}
Jan 27 20:15:56 devstack sudo[89397]: quobyte : PWD=/ ; USER=root ; COMMAND=/opt/stack/data/venv/bin/cinder-rootwrap /etc/cinder/rootwrap.conf env LC_ALL=C qemu-img info -f qcow2 --output=json --force-share /opt/stack/data/cinder/mnt/7c321aa8899b297395c47beed3b26114/volume-422beaab-dfc1-4a11-b083-aa96c659a769
Jan 27 20:15:56 devstack sudo[89397]: pam_unix(sudo:session): session opened for user root(uid=0) by (uid=1000)
Jan 27 20:15:57 devstack sudo[89397]: pam_unix(sudo:session): session closed for user root
Jan 27 20:15:57 devstack cinder-volume[82691]: DEBUG oslo_concurrency.processutils [req-dfcfd901-9a29-45ad-8582-45d0df603211 req-6334032a-d0b7-49f9-9f21-4c99fafda447 tempest-TaggedBootDevicesTest_v242-286389919 None] CMD "/opt/stack/data/venv/bin/python3.10 -m oslo_concurrency.prlimit --as=1073741824 --cpu=60 -- sudo cinder-rootwrap /etc/cinder/rootwrap.conf env LC_ALL=C qemu-img info -f qcow2 --output=json --force-share /opt/stack/data/cinder/mnt/7c321aa8899b297395c47beed3b26114/volume-422beaab-dfc1-4a11-b083-aa96c659a769" returned: 0 in 0.800s {{(pid=82691) execute /opt/stack/data/venv/lib/python3.10/site-packages/oslo_concurrency/processutils.py:372}}
Jan 27 20:15:57 devstack cinder-volume[82691]: DEBUG oslo_concurrency.lockutils [req-dfcfd901-9a29-45ad-8582-45d0df603211 req-6334032a-d0b7-49f9-9f21-4c99fafda447 tempest-TaggedBootDevicesTest_v242-286389919 None] Lock "quobyte" "released" by "cinder.volume.drivers.quobyte.QuobyteDriver.initialize_connection" :: held 0.821s {{(pid=82691) inner /opt/stack/data/venv/lib/python3.10/site-packages/oslo_concurrency/lockutils.py:424}}
Jan 27 20:15:57 devstack cinder-volume[82691]: DEBUG cinder.volume.manager [req-dfcfd901-9a29-45ad-8582-45d0df603211 req-6334032a-d0b7-49f9-9f21-4c99fafda447 tempest-TaggedBootDevicesTest_v242-286389919 None] Connection info returned from driver {'export': 'osci02.corp.quobyte.com/cinder-vol-39c4a610-115f-4cc9-80b5-55dd8f82dc27', 'name': 'volume-422beaab-dfc1-4a11-b083-aa96c659a769', 'options': None, 'format': 'qcow2', 'qos_specs': None, 'access_mode': 'rw', 'encrypted': False, 'cacheable': False, 'driver_volume_type': 'quobyte', 'mount_point_base': '/opt/stack/data/cinder/mnt', 'attachment_id': '4940ed9f-c615-4225-975b-29cd1ce5f42b', 'enforce_multipath': True} {{(pid=82691) _connection_create /opt/stack/cinder/cinder/volume/manager.py:4893}}
