Apr 24 13:46:03 devstack cinder-volume[82046]: DEBUG oslo_concurrency.processutils [None req-31498293-3985-4ed0-8763-75b69749566f tempest-GroupSnapshotsTest-1762123974 None] Running cmd (subprocess): sudo cinder-rootwrap /etc/cinder/rootwrap.conf qemu-img create -f qcow2 -o backing_file=/opt/stack/data/cinder/mnt/4d9e49de0cc0d6e8317c4cfb688fe28b/volume-367a3087-350d-4419-9f01-4e1152cd4517,backing_fmt=qcow2 /opt/stack/data/cinder/mnt/4d9e49de0cc0d6e8317c4cfb688fe28b/volume-367a3087-350d-4419-9f01-4e1152cd4517.a364e218-c1bb-4029-abb2-275167d571d7 1G {{(pid=82046) execute /opt/stack/data/venv/lib/python3.10/site-packages/oslo_concurrency/processutils.py:440}}
Apr 24 13:46:03 devstack sudo[83922]: quobyte : PWD=/ ; USER=root ; COMMAND=/opt/stack/data/venv/bin/cinder-rootwrap /etc/cinder/rootwrap.conf qemu-img create -f qcow2 -o backing_file=/opt/stack/data/cinder/mnt/4d9e49de0cc0d6e8317c4cfb688fe28b/volume-367a3087-350d-4419-9f01-4e1152cd4517,backing_fmt=qcow2 /opt/stack/data/cinder/mnt/4d9e49de0cc0d6e8317c4cfb688fe28b/volume-367a3087-350d-4419-9f01-4e1152cd4517.a364e218-c1bb-4029-abb2-275167d571d7 1G
Apr 24 13:46:03 devstack sudo[83922]: pam_unix(sudo:session): session opened for user root(uid=0) by (uid=1000)
Apr 24 13:46:04 devstack sudo[83922]: pam_unix(sudo:session): session closed for user root
Apr 24 13:46:04 devstack cinder-volume[82046]: DEBUG oslo_concurrency.processutils [None req-31498293-3985-4ed0-8763-75b69749566f tempest-GroupSnapshotsTest-1762123974 None] CMD "sudo cinder-rootwrap /etc/cinder/rootwrap.conf qemu-img create -f qcow2 -o backing_file=/opt/stack/data/cinder/mnt/4d9e49de0cc0d6e8317c4cfb688fe28b/volume-367a3087-350d-4419-9f01-4e1152cd4517,backing_fmt=qcow2 /opt/stack/data/cinder/mnt/4d9e49de0cc0d6e8317c4cfb688fe28b/volume-367a3087-350d-4419-9f01-4e1152cd4517.a364e218-c1bb-4029-abb2-275167d571d7 1G" returned: 0 in 1.139s {{(pid=82046) execute /opt/stack/data/venv/lib/python3.10/site-packages/oslo_concurrency/processutils.py:468}}
Apr 24 13:46:04 devstack cinder-volume[82046]: DEBUG oslo_concurrency.processutils [None req-31498293-3985-4ed0-8763-75b69749566f tempest-GroupSnapshotsTest-1762123974 None] Running cmd (subprocess): sudo cinder-rootwrap /etc/cinder/rootwrap.conf qemu-img rebase -u -b volume-367a3087-350d-4419-9f01-4e1152cd4517 -F qcow2 /opt/stack/data/cinder/mnt/4d9e49de0cc0d6e8317c4cfb688fe28b/volume-367a3087-350d-4419-9f01-4e1152cd4517.a364e218-c1bb-4029-abb2-275167d571d7 {{(pid=82046) execute /opt/stack/data/venv/lib/python3.10/site-packages/oslo_concurrency/processutils.py:440}}
Apr 24 13:46:04 devstack sudo[83941]: quobyte : PWD=/ ; USER=root ; COMMAND=/opt/stack/data/venv/bin/cinder-rootwrap /etc/cinder/rootwrap.conf qemu-img rebase -u -b volume-367a3087-350d-4419-9f01-4e1152cd4517 -F qcow2 /opt/stack/data/cinder/mnt/4d9e49de0cc0d6e8317c4cfb688fe28b/volume-367a3087-350d-4419-9f01-4e1152cd4517.a364e218-c1bb-4029-abb2-275167d571d7
Apr 24 13:46:04 devstack sudo[83941]: pam_unix(sudo:session): session opened for user root(uid=0) by (uid=1000)
Apr 24 13:46:05 devstack sudo[83941]: pam_unix(sudo:session): session closed for user root
Apr 24 13:46:05 devstack cinder-volume[82046]: DEBUG oslo_concurrency.processutils [None req-31498293-3985-4ed0-8763-75b69749566f tempest-GroupSnapshotsTest-1762123974 None] CMD "sudo cinder-rootwrap /etc/cinder/rootwrap.conf qemu-img rebase -u -b volume-367a3087-350d-4419-9f01-4e1152cd4517 -F qcow2 /opt/stack/data/cinder/mnt/4d9e49de0cc0d6e8317c4cfb688fe28b/volume-367a3087-350d-4419-9f01-4e1152cd4517.a364e218-c1bb-4029-abb2-275167d571d7" returned: 0 in 0.714s {{(pid=82046) execute /opt/stack/data/venv/lib/python3.10/site-packages/oslo_concurrency/processutils.py:468}}
Apr 24 13:46:05 devstack cinder-volume[82046]: WARNING cinder.volume.drivers.remotefs [None req-31498293-3985-4ed0-8763-75b69749566f tempest-GroupSnapshotsTest-1762123974 None] /opt/stack/data/cinder/mnt/4d9e49de0cc0d6e8317c4cfb688fe28b/volume-367a3087-350d-4419-9f01-4e1152cd4517.a364e218-c1bb-4029-abb2-275167d571d7 is being set with open permissions: ugo+rw: NotImplementedError
Apr 24 13:46:05 devstack cinder-volume[82046]: DEBUG oslo_concurrency.processutils [None req-31498293-3985-4ed0-8763-75b69749566f tempest-GroupSnapshotsTest-1762123974 None] Running cmd (subprocess): sudo cinder-rootwrap /etc/cinder/rootwrap.conf chmod ugo+rw /opt/stack/data/cinder/mnt/4d9e49de0cc0d6e8317c4cfb688fe28b/volume-367a3087-350d-4419-9f01-4e1152cd4517.a364e218-c1bb-4029-abb2-275167d571d7 {{(pid=82046) execute /opt/stack/data/venv/lib/python3.10/site-packages/oslo_concurrency/processutils.py:440}}
Apr 24 13:46:05 devstack sudo[83946]: quobyte : PWD=/ ; USER=root ; COMMAND=/opt/stack/data/venv/bin/cinder-rootwrap /etc/cinder/rootwrap.conf chmod ugo+rw /opt/stack/data/cinder/mnt/4d9e49de0cc0d6e8317c4cfb688fe28b/volume-367a3087-350d-4419-9f01-4e1152cd4517.a364e218-c1bb-4029-abb2-275167d571d7
Apr 24 13:46:05 devstack sudo[83946]: pam_unix(sudo:session): session opened for user root(uid=0) by (uid=1000)
Apr 24 13:46:05 devstack sudo[83946]: pam_unix(sudo:session): session closed for user root
Apr 24 13:46:05 devstack cinder-volume[82046]: DEBUG oslo_concurrency.processutils [None req-31498293-3985-4ed0-8763-75b69749566f tempest-GroupSnapshotsTest-1762123974 None] CMD "sudo cinder-rootwrap /etc/cinder/rootwrap.conf chmod ugo+rw /opt/stack/data/cinder/mnt/4d9e49de0cc0d6e8317c4cfb688fe28b/volume-367a3087-350d-4419-9f01-4e1152cd4517.a364e218-c1bb-4029-abb2-275167d571d7" returned: 0 in 0.713s {{(pid=82046) execute /opt/stack/data/venv/lib/python3.10/site-packages/oslo_concurrency/processutils.py:468}}
Apr 24 13:46:05 devstack cinder-volume[82046]: DEBUG oslo_concurrency.processutils [None req-31498293-3985-4ed0-8763-75b69749566f tempest-GroupSnapshotsTest-1762123974 None] Running cmd (subprocess): sudo cinder-rootwrap /etc/cinder/rootwrap.conf truncate -s0 /opt/stack/data/cinder/mnt/4d9e49de0cc0d6e8317c4cfb688fe28b/volume-367a3087-350d-4419-9f01-4e1152cd4517.info {{(pid=82046) execute /opt/stack/data/venv/lib/python3.10/site-packages/oslo_concurrency/processutils.py:440}}
Apr 24 13:46:05 devstack sudo[83950]: quobyte : PWD=/ ; USER=root ; COMMAND=/opt/stack/data/venv/bin/cinder-rootwrap /etc/cinder/rootwrap.conf truncate -s0 /opt/stack/data/cinder/mnt/4d9e49de0cc0d6e8317c4cfb688fe28b/volume-367a3087-350d-4419-9f01-4e1152cd4517.info
Apr 24 13:46:05 devstack sudo[83950]: pam_unix(sudo:session): session opened for user root(uid=0) by (uid=1000)
Apr 24 13:46:06 devstack sudo[83950]: pam_unix(sudo:session): session closed for user root
Apr 24 13:46:06 devstack cinder-volume[82046]: DEBUG oslo_concurrency.processutils [None req-31498293-3985-4ed0-8763-75b69749566f tempest-GroupSnapshotsTest-1762123974 None] CMD "sudo cinder-rootwrap /etc/cinder/rootwrap.conf truncate -s0 /opt/stack/data/cinder/mnt/4d9e49de0cc0d6e8317c4cfb688fe28b/volume-367a3087-350d-4419-9f01-4e1152cd4517.info" returned: 0 in 0.698s {{(pid=82046) execute /opt/stack/data/venv/lib/python3.10/site-packages/oslo_concurrency/processutils.py:468}}
Apr 24 13:46:06 devstack cinder-volume[82046]: WARNING cinder.volume.drivers.remotefs [None req-31498293-3985-4ed0-8763-75b69749566f tempest-GroupSnapshotsTest-1762123974 None] /opt/stack/data/cinder/mnt/4d9e49de0cc0d6e8317c4cfb688fe28b/volume-367a3087-350d-4419-9f01-4e1152cd4517.info is being set with open permissions: ugo+rw: NotImplementedError
Apr 24 13:46:06 devstack cinder-volume[82046]: DEBUG oslo_concurrency.processutils [None req-31498293-3985-4ed0-8763-75b69749566f tempest-GroupSnapshotsTest-1762123974 None] Running cmd (subprocess): sudo cinder-rootwrap /etc/cinder/rootwrap.conf chmod ugo+rw /opt/stack/data/cinder/mnt/4d9e49de0cc0d6e8317c4cfb688fe28b/volume-367a3087-350d-4419-9f01-4e1152cd4517.info {{(pid=82046) execute /opt/stack/data/venv/lib/python3.10/site-packages/oslo_concurrency/processutils.py:440}}
Apr 24 13:46:06 devstack sudo[83983]: quobyte : PWD=/ ; USER=root ; COMMAND=/opt/stack/data/venv/bin/cinder-rootwrap /etc/cinder/rootwrap.conf chmod ugo+rw /opt/stack/data/cinder/mnt/4d9e49de0cc0d6e8317c4cfb688fe28b/volume-367a3087-350d-4419-9f01-4e1152cd4517.info
Apr 24 13:46:06 devstack sudo[83983]: pam_unix(sudo:session): session opened for user root(uid=0) by (uid=1000)
Apr 24 13:46:07 devstack sudo[83983]: pam_unix(sudo:session): session closed for user root
Apr 24 13:46:07 devstack cinder-volume[82046]: DEBUG oslo_concurrency.processutils [None req-31498293-3985-4ed0-8763-75b69749566f tempest-GroupSnapshotsTest-1762123974 None] CMD "sudo cinder-rootwrap /etc/cinder/rootwrap.conf chmod ugo+rw /opt/stack/data/cinder/mnt/4d9e49de0cc0d6e8317c4cfb688fe28b/volume-367a3087-350d-4419-9f01-4e1152cd4517.info" returned: 0 in 0.633s {{(pid=82046) execute /opt/stack/data/venv/lib/python3.10/site-packages/oslo_concurrency/processutils.py:468}}
Apr 24 13:46:07 devstack cinder-volume[82046]: DEBUG oslo_concurrency.lockutils [None req-31498293-3985-4ed0-8763-75b69749566f tempest-GroupSnapshotsTest-1762123974 None] Lock "quobyte" "released" by "cinder.volume.drivers.quobyte.QuobyteDriver.create_snapshot" :: held 5.107s {{(pid=82046) inner /opt/stack/data/venv/lib/python3.10/site-packages/oslo_concurrency/lockutils.py:538}}
Apr 24 13:46:07 devstack cinder-volume[82046]: DEBUG oslo_concurrency.lockutils [None req-31498293-3985-4ed0-8763-75b69749566f tempest-GroupSnapshotsTest-1762123974 None] Acquiring lock "quobyte" by "cinder.volume.drivers.quobyte.QuobyteDriver.create_snapshot" {{(pid=82046) inner /opt/stack/data/venv/lib/python3.10/site-packages/oslo_concurrency/lockutils.py:506}}
Apr 24 13:46:07 devstack cinder-volume[82046]: DEBUG oslo_concurrency.lockutils [None req-31498293-3985-4ed0-8763-75b69749566f tempest-GroupSnapshotsTest-1762123974 None] Lock "quobyte" acquired by "cinder.volume.drivers.quobyte.QuobyteDriver.create_snapshot" :: waited 0.001s {{(pid=82046) inner /opt/stack/data/venv/lib/python3.10/site-packages/oslo_concurrency/lockutils.py:519}}
Apr 24 13:46:07 devstack cinder-volume[82046]: DEBUG cinder.volume.drivers.remotefs [None req-31498293-3985-4ed0-8763-75b69749566f tempest-GroupSnapshotsTest-1762123974 None] Creating offline snapshot a9f8ef2f-6f60-44a5-a730-a6c9ba0dfb11 of volume 30d5dad2-1201-4854-a5f1-1f0d1f8ac811 {{(pid=82046) _create_snapshot /opt/stack/cinder/cinder/volume/drivers/remotefs.py:1816}}
Apr 24 13:46:07 devstack cinder-volume[82046]: DEBUG oslo.privsep.daemon [-] privsep: reply[e187c4d7-bb77-47cb-94ca-de2972be0614]: (4, 'qcow2') {{(pid=82735) _call_back /opt/stack/data/venv/lib/python3.10/site-packages/oslo_privsep/daemon.py:573}}
Apr 24 13:46:07 devstack cinder-volume[82046]: DEBUG oslo_concurrency.processutils [None req-31498293-3985-4ed0-8763-75b69749566f tempest-GroupSnapshotsTest-1762123974 None] Running cmd (subprocess): /opt/stack/data/venv/bin/python3.10 -m oslo_concurrency.prlimit --as=1073741824 --cpu=60 -- sudo cinder-rootwrap /etc/cinder/rootwrap.conf env LC_ALL=C qemu-img info -f qcow2 --output=json --force-share /opt/stack/data/cinder/mnt/4d9e49de0cc0d6e8317c4cfb688fe28b/volume-30d5dad2-1201-4854-a5f1-1f0d1f8ac811 {{(pid=82046) execute /opt/stack/data/venv/lib/python3.10/site-packages/oslo_concurrency/processutils.py:440}}
Apr 24 13:46:07 devstack sudo[83986]: quobyte : PWD=/ ; USER=root ; COMMAND=/opt/stack/data/venv/bin/cinder-rootwrap /etc/cinder/rootwrap.conf env LC_ALL=C qemu-img info -f qcow2 --output=json --force-share /opt/stack/data/cinder/mnt/4d9e49de0cc0d6e8317c4cfb688fe28b/volume-30d5dad2-1201-4854-a5f1-1f0d1f8ac811
Apr 24 13:46:07 devstack sudo[83986]: pam_unix(sudo:session): session opened for user root(uid=0) by (uid=1000)
Apr 24 13:46:08 devstack sudo[83986]: pam_unix(sudo:session): session closed for user root
Apr 24 13:46:08 devstack cinder-volume[82046]: DEBUG oslo_concurrency.processutils [None req-31498293-3985-4ed0-8763-75b69749566f tempest-GroupSnapshotsTest-1762123974 None] CMD "/opt/stack/data/venv/bin/python3.10 -m oslo_concurrency.prlimit --as=1073741824 --cpu=60 -- sudo cinder-rootwrap /etc/cinder/rootwrap.conf env LC_ALL=C qemu-img info -f qcow2 --output=json --force-share /opt/stack/data/cinder/mnt/4d9e49de0cc0d6e8317c4cfb688fe28b/volume-30d5dad2-1201-4854-a5f1-1f0d1f8ac811" returned: 0 in 0.958s {{(pid=82046) execute /opt/stack/data/venv/lib/python3.10/site-packages/oslo_concurrency/processutils.py:468}}
Apr 24 13:46:08 devstack cinder-volume[82046]: DEBUG oslo_concurrency.processutils [None req-31498293-3985-4ed0-8763-75b69749566f tempest-GroupSnapshotsTest-1762123974 None] Running cmd (subprocess): sudo cinder-rootwrap /etc/cinder/rootwrap.conf qemu-img create -f qcow2 -o backing_file=/opt/stack/data/cinder/mnt/4d9e49de0cc0d6e8317c4cfb688fe28b/volume-30d5dad2-1201-4854-a5f1-1f0d1f8ac811,backing_fmt=qcow2 /opt/stack/data/cinder/mnt/4d9e49de0cc0d6e8317c4cfb688fe28b/volume-30d5dad2-1201-4854-a5f1-1f0d1f8ac811.a9f8ef2f-6f60-44a5-a730-a6c9ba0dfb11 1G {{(pid=82046) execute /opt/stack/data/venv/lib/python3.10/site-packages/oslo_concurrency/processutils.py:440}}
Apr 24 13:46:08 devstack sudo[83992]: quobyte : PWD=/ ; USER=root ; COMMAND=/opt/stack/data/venv/bin/cinder-rootwrap /etc/cinder/rootwrap.conf qemu-img create -f qcow2 -o backing_file=/opt/stack/data/cinder/mnt/4d9e49de0cc0d6e8317c4cfb688fe28b/volume-30d5dad2-1201-4854-a5f1-1f0d1f8ac811,backing_fmt=qcow2 /opt/stack/data/cinder/mnt/4d9e49de0cc0d6e8317c4cfb688fe28b/volume-30d5dad2-1201-4854-a5f1-1f0d1f8ac811.a9f8ef2f-6f60-44a5-a730-a6c9ba0dfb11 1G
Apr 24 13:46:08 devstack sudo[83992]: pam_unix(sudo:session): session opened for user root(uid=0) by (uid=1000)
Apr 24 13:46:09 devstack sudo[83992]: pam_unix(sudo:session): session closed for user root
Apr 24 13:46:09 devstack cinder-volume[82046]: DEBUG oslo_concurrency.processutils [None req-31498293-3985-4ed0-8763-75b69749566f tempest-GroupSnapshotsTest-1762123974 None] CMD "sudo cinder-rootwrap /etc/cinder/rootwrap.conf qemu-img create -f qcow2 -o backing_file=/opt/stack/data/cinder/mnt/4d9e49de0cc0d6e8317c4cfb688fe28b/volume-30d5dad2-1201-4854-a5f1-1f0d1f8ac811,backing_fmt=qcow2 /opt/stack/data/cinder/mnt/4d9e49de0cc0d6e8317c4cfb688fe28b/volume-30d5dad2-1201-4854-a5f1-1f0d1f8ac811.a9f8ef2f-6f60-44a5-a730-a6c9ba0dfb11 1G" returned: 0 in 0.967s {{(pid=82046) execute /opt/stack/data/venv/lib/python3.10/site-packages/oslo_concurrency/processutils.py:468}}
Apr 24 13:46:09 devstack cinder-volume[82046]: DEBUG oslo_concurrency.processutils [None req-31498293-3985-4ed0-8763-75b69749566f tempest-GroupSnapshotsTest-1762123974 None] Running cmd (subprocess): sudo cinder-rootwrap /etc/cinder/rootwrap.conf qemu-img rebase -u -b volume-30d5dad2-1201-4854-a5f1-1f0d1f8ac811 -F qcow2 /opt/stack/data/cinder/mnt/4d9e49de0cc0d6e8317c4cfb688fe28b/volume-30d5dad2-1201-4854-a5f1-1f0d1f8ac811.a9f8ef2f-6f60-44a5-a730-a6c9ba0dfb11 {{(pid=82046) execute /opt/stack/data/venv/lib/python3.10/site-packages/oslo_concurrency/processutils.py:440}}
Apr 24 13:46:09 devstack sudo[84013]: quobyte : PWD=/ ; USER=root ; COMMAND=/opt/stack/data/venv/bin/cinder-rootwrap /etc/cinder/rootwrap.conf qemu-img rebase -u -b volume-30d5dad2-1201-4854-a5f1-1f0d1f8ac811 -F qcow2 /opt/stack/data/cinder/mnt/4d9e49de0cc0d6e8317c4cfb688fe28b/volume-30d5dad2-1201-4854-a5f1-1f0d1f8ac811.a9f8ef2f-6f60-44a5-a730-a6c9ba0dfb11
Apr 24 13:46:09 devstack sudo[84013]: pam_unix(sudo:session): session opened for user root(uid=0) by (uid=1000)
Apr 24 13:46:09 devstack sudo[84013]: pam_unix(sudo:session): session closed for user root
Apr 24 13:46:09 devstack cinder-volume[82046]: DEBUG oslo_concurrency.processutils [None req-31498293-3985-4ed0-8763-75b69749566f tempest-GroupSnapshotsTest-1762123974 None] CMD "sudo cinder-rootwrap /etc/cinder/rootwrap.conf qemu-img rebase -u -b volume-30d5dad2-1201-4854-a5f1-1f0d1f8ac811 -F qcow2 /opt/stack/data/cinder/mnt/4d9e49de0cc0d6e8317c4cfb688fe28b/volume-30d5dad2-1201-4854-a5f1-1f0d1f8ac811.a9f8ef2f-6f60-44a5-a730-a6c9ba0dfb11" returned: 0 in 0.674s {{(pid=82046) execute /opt/stack/data/venv/lib/python3.10/site-packages/oslo_concurrency/processutils.py:468}}
Apr 24 13:46:09 devstack cinder-volume[82046]: WARNING cinder.volume.drivers.remotefs [None req-31498293-3985-4ed0-8763-75b69749566f tempest-GroupSnapshotsTest-1762123974 None] /opt/stack/data/cinder/mnt/4d9e49de0cc0d6e8317c4cfb688fe28b/volume-30d5dad2-1201-4854-a5f1-1f0d1f8ac811.a9f8ef2f-6f60-44a5-a730-a6c9ba0dfb11 is being set with open permissions: ugo+rw: NotImplementedError
Apr 24 13:46:09 devstack cinder-volume[82046]: DEBUG oslo_concurrency.processutils [None req-31498293-3985-4ed0-8763-75b69749566f tempest-GroupSnapshotsTest-1762123974 None] Running cmd (subprocess): sudo cinder-rootwrap /etc/cinder/rootwrap.conf chmod ugo+rw /opt/stack/data/cinder/mnt/4d9e49de0cc0d6e8317c4cfb688fe28b/volume-30d5dad2-1201-4854-a5f1-1f0d1f8ac811.a9f8ef2f-6f60-44a5-a730-a6c9ba0dfb11 {{(pid=82046) execute /opt/stack/data/venv/lib/python3.10/site-packages/oslo_concurrency/processutils.py:440}}
Apr 24 13:46:09 devstack sudo[84022]: quobyte : PWD=/ ; USER=root ; COMMAND=/opt/stack/data/venv/bin/cinder-rootwrap /etc/cinder/rootwrap.conf chmod ugo+rw /opt/stack/data/cinder/mnt/4d9e49de0cc0d6e8317c4cfb688fe28b/volume-30d5dad2-1201-4854-a5f1-1f0d1f8ac811.a9f8ef2f-6f60-44a5-a730-a6c9ba0dfb11
Apr 24 13:46:09 devstack sudo[84022]: pam_unix(sudo:session): session opened for user root(uid=0) by (uid=1000)
Apr 24 13:46:10 devstack sudo[84022]: pam_unix(sudo:session): session closed for user root
Apr 24 13:46:10 devstack cinder-volume[82046]: DEBUG oslo_concurrency.processutils [None req-31498293-3985-4ed0-8763-75b69749566f tempest-GroupSnapshotsTest-1762123974 None] CMD "sudo cinder-rootwrap /etc/cinder/rootwrap.conf chmod ugo+rw /opt/stack/data/cinder/mnt/4d9e49de0cc0d6e8317c4cfb688fe28b/volume-30d5dad2-1201-4854-a5f1-1f0d1f8ac811.a9f8ef2f-6f60-44a5-a730-a6c9ba0dfb11" returned: 0 in 0.531s {{(pid=82046) execute /opt/stack/data/venv/lib/python3.10/site-packages/oslo_concurrency/processutils.py:468}}
Apr 24 13:46:10 devstack cinder-volume[82046]: DEBUG oslo_concurrency.processutils [None req-31498293-3985-4ed0-8763-75b69749566f tempest-GroupSnapshotsTest-1762123974 None] Running cmd (subprocess): sudo cinder-rootwrap /etc/cinder/rootwrap.conf truncate -s0 /opt/stack/data/cinder/mnt/4d9e49de0cc0d6e8317c4cfb688fe28b/volume-30d5dad2-1201-4854-a5f1-1f0d1f8ac811.info {{(pid=82046) execute /opt/stack/data/venv/lib/python3.10/site-packages/oslo_concurrency/processutils.py:440}}
Apr 24 13:46:10 devstack sudo[84027]: quobyte : PWD=/ ; USER=root ; COMMAND=/opt/stack/data/venv/bin/cinder-rootwrap /etc/cinder/rootwrap.conf truncate -s0 /opt/stack/data/cinder/mnt/4d9e49de0cc0d6e8317c4cfb688fe28b/volume-30d5dad2-1201-4854-a5f1-1f0d1f8ac811.info
Apr 24 13:46:10 devstack sudo[84027]: pam_unix(sudo:session): session opened for user root(uid=0) by (uid=1000)
Apr 24 13:46:11 devstack sudo[84027]: pam_unix(sudo:session): session closed for user root
Apr 24 13:46:11 devstack cinder-volume[82046]: DEBUG oslo_concurrency.processutils [None req-31498293-3985-4ed0-8763-75b69749566f tempest-GroupSnapshotsTest-1762123974 None] CMD "sudo cinder-rootwrap /etc/cinder/rootwrap.conf truncate -s0 /opt/stack/data/cinder/mnt/4d9e49de0cc0d6e8317c4cfb688fe28b/volume-30d5dad2-1201-4854-a5f1-1f0d1f8ac811.info" returned: 0 in 0.596s {{(pid=82046) execute /opt/stack/data/venv/lib/python3.10/site-packages/oslo_concurrency/processutils.py:468}}
Apr 24 13:46:11 devstack cinder-volume[82046]: WARNING cinder.volume.drivers.remotefs [None req-31498293-3985-4ed0-8763-75b69749566f tempest-GroupSnapshotsTest-1762123974 None] /opt/stack/data/cinder/mnt/4d9e49de0cc0d6e8317c4cfb688fe28b/volume-30d5dad2-1201-4854-a5f1-1f0d1f8ac811.info is being set with open permissions: ugo+rw: NotImplementedError
Apr 24 13:46:11 devstack cinder-volume[82046]: DEBUG oslo_concurrency.processutils [None req-31498293-3985-4ed0-8763-75b69749566f tempest-GroupSnapshotsTest-1762123974 None] Running cmd (subprocess): sudo cinder-rootwrap /etc/cinder/rootwrap.conf chmod ugo+rw /opt/stack/data/cinder/mnt/4d9e49de0cc0d6e8317c4cfb688fe28b/volume-30d5dad2-1201-4854-a5f1-1f0d1f8ac811.info {{(pid=82046) execute /opt/stack/data/venv/lib/python3.10/site-packages/oslo_concurrency/processutils.py:440}}
Apr 24 13:46:11 devstack sudo[84030]: quobyte : PWD=/ ; USER=root ; COMMAND=/opt/stack/data/venv/bin/cinder-rootwrap /etc/cinder/rootwrap.conf chmod ugo+rw /opt/stack/data/cinder/mnt/4d9e49de0cc0d6e8317c4cfb688fe28b/volume-30d5dad2-1201-4854-a5f1-1f0d1f8ac811.info
Apr 24 13:46:11 devstack sudo[84030]: pam_unix(sudo:session): session opened for user root(uid=0) by (uid=1000)
Apr 24 13:46:11 devstack sudo[84030]: pam_unix(sudo:session): session closed for user root
Apr 24 13:46:11 devstack cinder-volume[82046]: DEBUG oslo_concurrency.processutils [None req-31498293-3985-4ed0-8763-75b69749566f tempest-GroupSnapshotsTest-1762123974 None] CMD "sudo cinder-rootwrap /etc/cinder/rootwrap.conf chmod ugo+rw /opt/stack/data/cinder/mnt/4d9e49de0cc0d6e8317c4cfb688fe28b/volume-30d5dad2-1201-4854-a5f1-1f0d1f8ac811.info" returned: 0 in 0.560s {{(pid=82046) execute /opt/stack/data/venv/lib/python3.10/site-packages/oslo_concurrency/processutils.py:468}}
Apr 24 13:46:11 devstack cinder-volume[82046]: DEBUG oslo_concurrency.lockutils [None req-31498293-3985-4ed0-8763-75b69749566f tempest-GroupSnapshotsTest-1762123974 None] Lock "quobyte" "released" by "cinder.volume.drivers.quobyte.QuobyteDriver.create_snapshot" :: held 4.434s {{(pid=82046) inner /opt/stack/data/venv/lib/python3.10/site-packages/oslo_concurrency/lockutils.py:538}}
Apr 24 13:46:11 devstack cinder-volume[82046]: DEBUG oslo_concurrency.lockutils [None req-b1b658ff-d37d-4549-a39f-13bbfb52be34 tempest-GroupsV314Test-191084596 None] Lock "quobyte" acquired by "cinder.volume.drivers.quobyte.QuobyteDriver.create_volume" :: waited 8.724s {{(pid=82046) inner /opt/stack/data/venv/lib/python3.10/site-packages/oslo_concurrency/lockutils.py:519}}
Apr 24 13:46:11 devstack cinder-volume[82046]: DEBUG cinder.volume.drivers.quobyte [None req-b1b658ff-d37d-4549-a39f-13bbfb52be34 tempest-GroupsV314Test-191084596 None] ==> create_volume: call "{'self': , 'volume': Volume(_name_id=None,admin_metadata=,attach_status='detached',availability_zone='nova',bootable=False,cluster=,cluster_name=None,consistencygroup=,consistencygroup_id=35acf07c-d3a7-4aa9-9ef7-3c35b212549b,created_at=2026-04-24T11:46:02Z,deleted=False,deleted_at=None,display_description=None,display_name='tempest-volume-1749251274',ec2_id=None,encryption_key_id=None,glance_metadata=,group=,group_id=35acf07c-d3a7-4aa9-9ef7-3c35b212549b,host='devstack@QuobyteHD#QuobyteHD',id=860e4488-5acc-45e1-9a1d-2f553ce53dad,launched_at=None,metadata={},migration_status=None,multiattach=False,previous_status=None,project_id='ed39270e175f4d418812899707bfb417',provider_auth=None,provider_geometry=None,provider_id=None,provider_location=None,replication_driver_data=None,replication_extended_status=None,replication_status=None,scheduled_at=2026-04-24T11:46:03Z,service_uuid=None,shared_targets=True,size=1,snapshot_id=None,snapshots=,source_volid=None,status='creating',terminated_at=None,updated_at=2026-04-24T11:46:03Z,use_quota=True,user_id='a14f02e5f8f1417785246bd7e5d1ba4f',volume_attachment=VolumeAttachmentList,volume_type=VolumeType(d9dc0db5-18c7-4deb-941b-6b185d3e70e1),volume_type_id=d9dc0db5-18c7-4deb-941b-6b185d3e70e1)}" {{(pid=82046) trace_logging_wrapper /opt/stack/cinder/cinder/volume/volume_utils.py:1498}}
Apr 24 13:46:11 devstack cinder-volume[82046]: DEBUG cinder.volume.drivers.remotefs [None req-b1b658ff-d37d-4549-a39f-13bbfb52be34 tempest-GroupsV314Test-191084596 None] Creating volume 860e4488-5acc-45e1-9a1d-2f553ce53dad {{(pid=82046) create_volume /opt/stack/cinder/cinder/volume/drivers/remotefs.py:292}}
Apr 24 13:46:11 devstack cinder-volume[82046]: DEBUG oslo_concurrency.lockutils [None req-b1b658ff-d37d-4549-a39f-13bbfb52be34 tempest-GroupsV314Test-191084596 None] Acquiring lock "quobyte_ensure" by "cinder.volume.drivers.quobyte.QuobyteDriver._ensure_shares_mounted" {{(pid=82046) inner /opt/stack/data/venv/lib/python3.10/site-packages/oslo_concurrency/lockutils.py:506}}
Apr 24 13:46:11 devstack cinder-volume[82046]: DEBUG oslo_concurrency.lockutils [None req-b1b658ff-d37d-4549-a39f-13bbfb52be34 tempest-GroupsV314Test-191084596 None] Lock "quobyte_ensure" acquired by "cinder.volume.drivers.quobyte.QuobyteDriver._ensure_shares_mounted" :: waited 0.000s {{(pid=82046) inner /opt/stack/data/venv/lib/python3.10/site-packages/oslo_concurrency/lockutils.py:519}}
Apr 24 13:46:11 devstack cinder-volume[82046]: DEBUG cinder.volume.drivers.quobyte [None req-b1b658ff-d37d-4549-a39f-13bbfb52be34 tempest-GroupsV314Test-191084596 None] Quobyte Volume URL set to: {'osci02.corp.quobyte.com/cinder-vol-06e41a70-9de9-492d-913c-bac1285d5d23': None} {{(pid=82046) _load_shares_config /opt/stack/cinder/cinder/volume/drivers/quobyte.py:617}}
Apr 24 13:46:11 devstack cinder-volume[82046]: DEBUG cinder.volume.drivers.quobyte [None req-b1b658ff-d37d-4549-a39f-13bbfb52be34 tempest-GroupsV314Test-191084596 None] Available shares ['osci02.corp.quobyte.com/cinder-vol-06e41a70-9de9-492d-913c-bac1285d5d23'] {{(pid=82046) _ensure_shares_mounted /opt/stack/cinder/cinder/volume/drivers/quobyte.py:647}}
Apr 24 13:46:11 devstack cinder-volume[82046]: DEBUG oslo_concurrency.lockutils [None req-b1b658ff-d37d-4549-a39f-13bbfb52be34 tempest-GroupsV314Test-191084596 None] Lock "quobyte_ensure" "released" by "cinder.volume.drivers.quobyte.QuobyteDriver._ensure_shares_mounted" :: held 0.006s {{(pid=82046) inner /opt/stack/data/venv/lib/python3.10/site-packages/oslo_concurrency/lockutils.py:538}}
Apr 24 13:46:11 devstack cinder-volume[82046]: DEBUG cinder.volume.drivers.quobyte [None req-b1b658ff-d37d-4549-a39f-13bbfb52be34 tempest-GroupsV314Test-191084596 None] Selected osci02.corp.quobyte.com/cinder-vol-06e41a70-9de9-492d-913c-bac1285d5d23 as target Quobyte volume. {{(pid=82046) _find_share /opt/stack/cinder/cinder/volume/drivers/quobyte.py:668}}
Apr 24 13:46:11 devstack cinder-volume[82046]: INFO cinder.volume.drivers.remotefs [None req-b1b658ff-d37d-4549-a39f-13bbfb52be34 tempest-GroupsV314Test-191084596 None] casted to osci02.corp.quobyte.com/cinder-vol-06e41a70-9de9-492d-913c-bac1285d5d23
Apr 24 13:46:11 devstack cinder-volume[82046]: DEBUG oslo_concurrency.processutils [None req-b1b658ff-d37d-4549-a39f-13bbfb52be34 tempest-GroupsV314Test-191084596 None] Running cmd (subprocess): sudo cinder-rootwrap /etc/cinder/rootwrap.conf qemu-img create -f qcow2 -o preallocation=metadata /opt/stack/data/cinder/mnt/4d9e49de0cc0d6e8317c4cfb688fe28b/volume-860e4488-5acc-45e1-9a1d-2f553ce53dad 1073741824 {{(pid=82046) execute /opt/stack/data/venv/lib/python3.10/site-packages/oslo_concurrency/processutils.py:440}}
Apr 24 13:46:11 devstack sudo[84033]: quobyte : PWD=/ ; USER=root ; COMMAND=/opt/stack/data/venv/bin/cinder-rootwrap /etc/cinder/rootwrap.conf qemu-img create -f qcow2 -o preallocation=metadata /opt/stack/data/cinder/mnt/4d9e49de0cc0d6e8317c4cfb688fe28b/volume-860e4488-5acc-45e1-9a1d-2f553ce53dad 1073741824
Apr 24 13:46:11 devstack sudo[84033]: pam_unix(sudo:session): session opened for user root(uid=0) by (uid=1000)
Apr 24 13:46:11 devstack cinder-volume[82046]: INFO cinder.volume.manager [None req-31498293-3985-4ed0-8763-75b69749566f tempest-GroupSnapshotsTest-1762123974 None] group_snapshot 8a927a6c-baf2-4cac-945c-b89517604082: created successfully
Apr 24 13:46:12 devstack sudo[84033]: pam_unix(sudo:session): session closed for user root
Apr 24 13:46:12 devstack cinder-volume[82046]: DEBUG oslo_concurrency.processutils [None req-b1b658ff-d37d-4549-a39f-13bbfb52be34 tempest-GroupsV314Test-191084596 None] CMD "sudo cinder-rootwrap /etc/cinder/rootwrap.conf qemu-img create -f qcow2 -o preallocation=metadata /opt/stack/data/cinder/mnt/4d9e49de0cc0d6e8317c4cfb688fe28b/volume-860e4488-5acc-45e1-9a1d-2f553ce53dad 1073741824" returned: 0 in 0.840s {{(pid=82046) execute /opt/stack/data/venv/lib/python3.10/site-packages/oslo_concurrency/processutils.py:468}}
Apr 24 13:46:12 devstack cinder-volume[82046]: DEBUG oslo_concurrency.processutils [None req-b1b658ff-d37d-4549-a39f-13bbfb52be34 tempest-GroupsV314Test-191084596 None] Running cmd (subprocess): sudo cinder-rootwrap /etc/cinder/rootwrap.conf chmod ugo+rw /opt/stack/data/cinder/mnt/4d9e49de0cc0d6e8317c4cfb688fe28b/volume-860e4488-5acc-45e1-9a1d-2f553ce53dad {{(pid=82046) execute /opt/stack/data/venv/lib/python3.10/site-packages/oslo_concurrency/processutils.py:440}}
Apr 24 13:46:12 devstack sudo[84041]: quobyte : PWD=/ ; USER=root ; COMMAND=/opt/stack/data/venv/bin/cinder-rootwrap /etc/cinder/rootwrap.conf chmod ugo+rw /opt/stack/data/cinder/mnt/4d9e49de0cc0d6e8317c4cfb688fe28b/volume-860e4488-5acc-45e1-9a1d-2f553ce53dad
Apr 24 13:46:12 devstack sudo[84041]: pam_unix(sudo:session): session opened for user root(uid=0) by (uid=1000)
Apr 24 13:46:12 devstack cinder-volume[82046]: INFO cinder.volume.manager [None req-3497be00-e76d-4515-84d3-7f2865226bfb tempest-GroupSnapshotsTest-1762123974 None] group_snapshot 8a927a6c-baf2-4cac-945c-b89517604082: deleting
Apr 24 13:46:12 devstack cinder-volume[82046]: DEBUG cinder.volume.manager [None req-3497be00-e76d-4515-84d3-7f2865226bfb tempest-GroupSnapshotsTest-1762123974 None] group_snapshot 8a927a6c-baf2-4cac-945c-b89517604082: deleting {{(pid=82046) delete_group_snapshot /opt/stack/cinder/cinder/volume/manager.py:4350}}
Apr 24 13:46:12 devstack cinder-volume[82046]: DEBUG cinder.coordination [None req-3497be00-e76d-4515-84d3-7f2865226bfb tempest-GroupSnapshotsTest-1762123974 None] Acquiring lock "cinder-quobyte-367a3087-350d-4419-9f01-4e1152cd4517" by "delete_snapshot" {{(pid=82046) __acquire /opt/stack/cinder/cinder/coordination.py:138}}
Apr 24 13:46:13 devstack cinder-volume[82046]: DEBUG cinder.coordination [None req-3497be00-e76d-4515-84d3-7f2865226bfb tempest-GroupSnapshotsTest-1762123974 None] Lock "cinder-quobyte-367a3087-350d-4419-9f01-4e1152cd4517" acquired by "delete_snapshot" :: waited 0.059s {{(pid=82046) __acquire /opt/stack/cinder/cinder/coordination.py:141}}
Apr 24 13:46:13 devstack cinder-volume[82046]: DEBUG cinder.coordination [None req-3497be00-e76d-4515-84d3-7f2865226bfb tempest-GroupSnapshotsTest-1762123974 None] Acquiring lock "cinder-quobyte-a364e218-c1bb-4029-abb2-275167d571d7" by "_delete_snapshot" {{(pid=82046) __acquire /opt/stack/cinder/cinder/coordination.py:138}}
Apr 24 13:46:13 devstack cinder-volume[82046]: DEBUG cinder.coordination [None req-3497be00-e76d-4515-84d3-7f2865226bfb tempest-GroupSnapshotsTest-1762123974 None] Lock "cinder-quobyte-a364e218-c1bb-4029-abb2-275167d571d7" acquired by "_delete_snapshot" :: waited 0.066s {{(pid=82046) __acquire /opt/stack/cinder/cinder/coordination.py:141}}
Apr 24 13:46:13 devstack cinder-volume[82046]: DEBUG cinder.volume.drivers.remotefs [None req-3497be00-e76d-4515-84d3-7f2865226bfb tempest-GroupSnapshotsTest-1762123974 None] Deleting offline snapshot a364e218-c1bb-4029-abb2-275167d571d7 of volume 367a3087-350d-4419-9f01-4e1152cd4517 {{(pid=82046) _delete_snapshot /opt/stack/cinder/cinder/volume/drivers/remotefs.py:1288}}
Apr 24 13:46:13 devstack cinder-volume[82046]: DEBUG cinder.volume.drivers.remotefs [None req-3497be00-e76d-4515-84d3-7f2865226bfb tempest-GroupSnapshotsTest-1762123974 None] snapshot_file for this snap is: volume-367a3087-350d-4419-9f01-4e1152cd4517.a364e218-c1bb-4029-abb2-275167d571d7 {{(pid=82046) _delete_snapshot /opt/stack/cinder/cinder/volume/drivers/remotefs.py:1317}}
Apr 24 13:46:13 devstack cinder-volume[82046]: DEBUG oslo.privsep.daemon [-] privsep: reply[cc0eb313-82d1-4302-b804-840bba1ab612]: (4, 'qcow2') {{(pid=82735) _call_back /opt/stack/data/venv/lib/python3.10/site-packages/oslo_privsep/daemon.py:573}}
Apr 24 13:46:13 devstack cinder-volume[82046]: DEBUG oslo_concurrency.processutils [None req-3497be00-e76d-4515-84d3-7f2865226bfb tempest-GroupSnapshotsTest-1762123974 None] Running cmd (subprocess): /opt/stack/data/venv/bin/python3.10 -m oslo_concurrency.prlimit --as=1073741824 --cpu=60 -- sudo cinder-rootwrap /etc/cinder/rootwrap.conf env LC_ALL=C qemu-img info -f qcow2 --output=json --force-share /opt/stack/data/cinder/mnt/4d9e49de0cc0d6e8317c4cfb688fe28b/volume-367a3087-350d-4419-9f01-4e1152cd4517.a364e218-c1bb-4029-abb2-275167d571d7 {{(pid=82046) execute /opt/stack/data/venv/lib/python3.10/site-packages/oslo_concurrency/processutils.py:440}}
Apr 24 13:46:13 devstack sudo[84041]: pam_unix(sudo:session): session closed for user root
Apr 24 13:46:13 devstack cinder-volume[82046]: DEBUG oslo_concurrency.processutils [None req-b1b658ff-d37d-4549-a39f-13bbfb52be34 tempest-GroupsV314Test-191084596 None] CMD "sudo cinder-rootwrap /etc/cinder/rootwrap.conf chmod ugo+rw /opt/stack/data/cinder/mnt/4d9e49de0cc0d6e8317c4cfb688fe28b/volume-860e4488-5acc-45e1-9a1d-2f553ce53dad" returned: 0 in 0.723s {{(pid=82046) execute /opt/stack/data/venv/lib/python3.10/site-packages/oslo_concurrency/processutils.py:468}}
Apr 24 13:46:13 devstack cinder-volume[82046]: DEBUG cinder.volume.drivers.quobyte [None req-b1b658ff-d37d-4549-a39f-13bbfb52be34 tempest-GroupsV314Test-191084596 None] <== create_volume: return (1602ms) {'provider_location': 'osci02.corp.quobyte.com/cinder-vol-06e41a70-9de9-492d-913c-bac1285d5d23'} {{(pid=82046) trace_logging_wrapper /opt/stack/cinder/cinder/volume/volume_utils.py:1523}}
Apr 24 13:46:13 devstack cinder-volume[82046]: DEBUG oslo_concurrency.lockutils [None req-b1b658ff-d37d-4549-a39f-13bbfb52be34 tempest-GroupsV314Test-191084596 None] Lock "quobyte" "released" by "cinder.volume.drivers.quobyte.QuobyteDriver.create_volume" :: held 1.604s {{(pid=82046) inner /opt/stack/data/venv/lib/python3.10/site-packages/oslo_concurrency/lockutils.py:538}}
Apr 24 13:46:13 devstack cinder-volume[82046]: DEBUG cinder.volume.manager [None req-b1b658ff-d37d-4549-a39f-13bbfb52be34 tempest-GroupsV314Test-191084596 None] Task 'cinder.volume.flows.manager.create_volume.CreateVolumeFromSpecTask;volume:create' (8c136d1e-4f90-4b1c-852c-2b9a0f79112c) transitioned into state 'SUCCESS' from state 'RUNNING' with result '{'status': 'creating', 'volume_name': 'volume-860e4488-5acc-45e1-9a1d-2f553ce53dad', 'volume_size': 1}' {{(pid=82046) _task_receiver /opt/stack/data/venv/lib/python3.10/site-packages/taskflow/listeners/logging.py:182}}
Apr 24 13:46:13 devstack cinder-volume[82046]: DEBUG cinder.volume.manager [None req-b1b658ff-d37d-4549-a39f-13bbfb52be34 tempest-GroupsV314Test-191084596 None] Task 'cinder.volume.flows.manager.create_volume.CreateVolumeOnFinishTask;volume:create, create.end' (fa1afe75-b215-43a2-a47d-42982a7e6a48) transitioned into state 'RUNNING' from state 'PENDING' {{(pid=82046) _task_receiver /opt/stack/data/venv/lib/python3.10/site-packages/taskflow/listeners/logging.py:194}}
Apr 24 13:46:13 devstack sudo[84076]: quobyte : PWD=/ ; USER=root ; COMMAND=/opt/stack/data/venv/bin/cinder-rootwrap /etc/cinder/rootwrap.conf env LC_ALL=C qemu-img info -f qcow2 --output=json --force-share /opt/stack/data/cinder/mnt/4d9e49de0cc0d6e8317c4cfb688fe28b/volume-367a3087-350d-4419-9f01-4e1152cd4517.a364e218-c1bb-4029-abb2-275167d571d7
Apr 24 13:46:13 devstack sudo[84076]: pam_unix(sudo:session): session opened for user root(uid=0) by (uid=1000)
Apr 24 13:46:13 devstack cinder-volume[82046]: INFO cinder.volume.flows.manager.create_volume [None req-b1b658ff-d37d-4549-a39f-13bbfb52be34 tempest-GroupsV314Test-191084596 None] Volume volume-860e4488-5acc-45e1-9a1d-2f553ce53dad (860e4488-5acc-45e1-9a1d-2f553ce53dad): created successfully
Apr 24 13:46:13 devstack cinder-volume[82046]: DEBUG cinder.volume.manager [None req-b1b658ff-d37d-4549-a39f-13bbfb52be34 tempest-GroupsV314Test-191084596 None] Task 'cinder.volume.flows.manager.create_volume.CreateVolumeOnFinishTask;volume:create, create.end' (fa1afe75-b215-43a2-a47d-42982a7e6a48) transitioned into state 'SUCCESS' from state 'RUNNING' with result 'None' {{(pid=82046) _task_receiver /opt/stack/data/venv/lib/python3.10/site-packages/taskflow/listeners/logging.py:182}}
Apr 24 13:46:13 devstack cinder-volume[82046]: DEBUG cinder.volume.manager [None req-b1b658ff-d37d-4549-a39f-13bbfb52be34 tempest-GroupsV314Test-191084596 None] Flow 'volume_create_manager' (270ba894-2819-4688-903b-9a67b505725e) transitioned into state 'SUCCESS' from state 'RUNNING' {{(pid=82046) _flow_receiver /opt/stack/data/venv/lib/python3.10/site-packages/taskflow/listeners/logging.py:145}}
Apr 24 13:46:13 devstack cinder-volume[82046]: INFO cinder.volume.manager [None req-b1b658ff-d37d-4549-a39f-13bbfb52be34 tempest-GroupsV314Test-191084596 None] Created volume successfully.
Apr 24 13:46:13 devstack sudo[84076]: pam_unix(sudo:session): session closed for user root
Apr 24 13:46:13 devstack cinder-volume[82046]: DEBUG oslo_concurrency.processutils [None req-3497be00-e76d-4515-84d3-7f2865226bfb tempest-GroupSnapshotsTest-1762123974 None] CMD "/opt/stack/data/venv/bin/python3.10 -m oslo_concurrency.prlimit --as=1073741824 --cpu=60 -- sudo cinder-rootwrap /etc/cinder/rootwrap.conf env LC_ALL=C qemu-img info -f qcow2 --output=json --force-share /opt/stack/data/cinder/mnt/4d9e49de0cc0d6e8317c4cfb688fe28b/volume-367a3087-350d-4419-9f01-4e1152cd4517.a364e218-c1bb-4029-abb2-275167d571d7" returned: 0 in 0.657s {{(pid=82046) execute /opt/stack/data/venv/lib/python3.10/site-packages/oslo_concurrency/processutils.py:468}}
Apr 24 13:46:13 devstack cinder-volume[82046]: DEBUG cinder.volume.drivers.remotefs [None req-3497be00-e76d-4515-84d3-7f2865226bfb tempest-GroupSnapshotsTest-1762123974 None] Fetching qemu-img info with special backing_file_template: (/opt/stack/data/cinder/mnt/[0-9a-f]+/)?(volume-367a3087-350d-4419-9f01-4e1152cd4517(.(tmp-snap-)?[0-9a-f-]+)?|volume_from_snapshot_cache/(tmp-snap-)?[0-9a-f-]+(.(child-|parent-)[0-9a-f-]+)?)$ {{(pid=82046) _qemu_img_info_base /opt/stack/cinder/cinder/volume/drivers/remotefs.py:896}}
Apr 24 13:46:13 devstack cinder-volume[82046]: DEBUG oslo.privsep.daemon [-] privsep: reply[bb27c5b1-7565-4372-9cc2-9fbbada93e88]: (4, 'qcow2') {{(pid=82735) _call_back /opt/stack/data/venv/lib/python3.10/site-packages/oslo_privsep/daemon.py:573}}
Apr 24 13:46:13 devstack cinder-volume[82046]: DEBUG oslo_concurrency.processutils [None req-3497be00-e76d-4515-84d3-7f2865226bfb tempest-GroupSnapshotsTest-1762123974 None] Running cmd (subprocess): /opt/stack/data/venv/bin/python3.10 -m oslo_concurrency.prlimit --as=1073741824 --cpu=60 -- sudo cinder-rootwrap /etc/cinder/rootwrap.conf env LC_ALL=C qemu-img info -f qcow2 --output=json --force-share /opt/stack/data/cinder/mnt/4d9e49de0cc0d6e8317c4cfb688fe28b/volume-367a3087-350d-4419-9f01-4e1152cd4517 {{(pid=82046) execute /opt/stack/data/venv/lib/python3.10/site-packages/oslo_concurrency/processutils.py:440}}
Apr 24 13:46:13 devstack sudo[84083]: quobyte : PWD=/ ; USER=root ; COMMAND=/opt/stack/data/venv/bin/cinder-rootwrap /etc/cinder/rootwrap.conf env LC_ALL=C qemu-img info -f qcow2 --output=json --force-share /opt/stack/data/cinder/mnt/4d9e49de0cc0d6e8317c4cfb688fe28b/volume-367a3087-350d-4419-9f01-4e1152cd4517
Apr 24 13:46:13 devstack sudo[84083]: pam_unix(sudo:session): session opened for user root(uid=0) by (uid=1000)
Apr 24 13:46:14 devstack sudo[84083]: pam_unix(sudo:session): session closed for user root
Apr 24 13:46:14 devstack cinder-volume[82046]: DEBUG oslo_concurrency.processutils [None req-3497be00-e76d-4515-84d3-7f2865226bfb tempest-GroupSnapshotsTest-1762123974 None] CMD "/opt/stack/data/venv/bin/python3.10 -m oslo_concurrency.prlimit --as=1073741824 --cpu=60 -- sudo cinder-rootwrap /etc/cinder/rootwrap.conf env LC_ALL=C qemu-img info -f qcow2 --output=json --force-share /opt/stack/data/cinder/mnt/4d9e49de0cc0d6e8317c4cfb688fe28b/volume-367a3087-350d-4419-9f01-4e1152cd4517" returned: 0 in 0.826s {{(pid=82046) execute /opt/stack/data/venv/lib/python3.10/site-packages/oslo_concurrency/processutils.py:468}}
Apr 24 13:46:14 devstack cinder-volume[82046]: DEBUG oslo_concurrency.processutils [None req-3497be00-e76d-4515-84d3-7f2865226bfb tempest-GroupSnapshotsTest-1762123974 None] Running cmd (subprocess): sudo cinder-rootwrap /etc/cinder/rootwrap.conf qemu-img commit -d /opt/stack/data/cinder/mnt/4d9e49de0cc0d6e8317c4cfb688fe28b/volume-367a3087-350d-4419-9f01-4e1152cd4517.a364e218-c1bb-4029-abb2-275167d571d7 {{(pid=82046) execute /opt/stack/data/venv/lib/python3.10/site-packages/oslo_concurrency/processutils.py:440}}
Apr 24 13:46:14 devstack sudo[84095]: quobyte : PWD=/ ; USER=root ; COMMAND=/opt/stack/data/venv/bin/cinder-rootwrap /etc/cinder/rootwrap.conf qemu-img commit -d /opt/stack/data/cinder/mnt/4d9e49de0cc0d6e8317c4cfb688fe28b/volume-367a3087-350d-4419-9f01-4e1152cd4517.a364e218-c1bb-4029-abb2-275167d571d7
Apr 24 13:46:14 devstack sudo[84095]: pam_unix(sudo:session): session opened for user root(uid=0) by (uid=1000)
Apr 24 13:46:15 devstack cinder-volume[82046]: DEBUG oslo_concurrency.lockutils [None req-0c0faca1-a453-40de-8ece-f341ada696e9 tempest-GroupsV314Test-191084596 None] Acquiring lock "quobyte" by "cinder.volume.drivers.quobyte.QuobyteDriver.create_cloned_volume" {{(pid=82046) inner /opt/stack/data/venv/lib/python3.10/site-packages/oslo_concurrency/lockutils.py:506}}
Apr 24 13:46:15 devstack cinder-volume[82046]: DEBUG oslo_concurrency.lockutils [None req-0c0faca1-a453-40de-8ece-f341ada696e9 tempest-GroupsV314Test-191084596 None] Lock "quobyte" acquired by "cinder.volume.drivers.quobyte.QuobyteDriver.create_cloned_volume" :: waited 0.004s {{(pid=82046) inner /opt/stack/data/venv/lib/python3.10/site-packages/oslo_concurrency/lockutils.py:519}}
Apr 24 13:46:15 devstack cinder-volume[82046]: INFO cinder.volume.drivers.remotefs [None req-0c0faca1-a453-40de-8ece-f341ada696e9 tempest-GroupsV314Test-191084596 None] Cloning volume 860e4488-5acc-45e1-9a1d-2f553ce53dad to volume 010cb9ba-b6ce-4e36-a44c-77b5d4436357
Apr 24 13:46:15 devstack cinder-volume[82046]: DEBUG cinder.volume.drivers.remotefs [None req-0c0faca1-a453-40de-8ece-f341ada696e9 tempest-GroupsV314Test-191084596 None] Creating offline snapshot 94e247d6-3418-4ff6-a3cc-2a9b6c6cc820 of volume 860e4488-5acc-45e1-9a1d-2f553ce53dad {{(pid=82046) _create_snapshot /opt/stack/cinder/cinder/volume/drivers/remotefs.py:1816}}
Apr 24 13:46:15 devstack cinder-volume[82046]: DEBUG oslo.privsep.daemon [-] privsep: reply[46137d32-6b8b-4254-9590-452ac647585e]: (4, 'qcow2') {{(pid=82735) _call_back /opt/stack/data/venv/lib/python3.10/site-packages/oslo_privsep/daemon.py:573}}
Apr 24 13:46:15 devstack cinder-volume[82046]: DEBUG oslo_concurrency.processutils [None req-0c0faca1-a453-40de-8ece-f341ada696e9 tempest-GroupsV314Test-191084596 None] Running cmd (subprocess): /opt/stack/data/venv/bin/python3.10 -m oslo_concurrency.prlimit --as=1073741824 --cpu=60 -- sudo cinder-rootwrap /etc/cinder/rootwrap.conf env LC_ALL=C qemu-img info -f qcow2 --output=json --force-share /opt/stack/data/cinder/mnt/4d9e49de0cc0d6e8317c4cfb688fe28b/volume-860e4488-5acc-45e1-9a1d-2f553ce53dad {{(pid=82046) execute /opt/stack/data/venv/lib/python3.10/site-packages/oslo_concurrency/processutils.py:440}}
Apr 24 13:46:15 devstack sudo[84124]: quobyte : PWD=/ ; USER=root ; COMMAND=/opt/stack/data/venv/bin/cinder-rootwrap /etc/cinder/rootwrap.conf env LC_ALL=C qemu-img info -f qcow2 --output=json --force-share /opt/stack/data/cinder/mnt/4d9e49de0cc0d6e8317c4cfb688fe28b/volume-860e4488-5acc-45e1-9a1d-2f553ce53dad
Apr 24 13:46:15 devstack sudo[84124]: pam_unix(sudo:session): session opened for user root(uid=0) by (uid=1000)
Apr 24 13:46:16 devstack sudo[84095]: pam_unix(sudo:session): session closed for user root
Apr 24 13:46:16 devstack cinder-volume[82046]: DEBUG oslo_concurrency.processutils [None req-3497be00-e76d-4515-84d3-7f2865226bfb tempest-GroupSnapshotsTest-1762123974 None] CMD "sudo cinder-rootwrap /etc/cinder/rootwrap.conf qemu-img commit -d /opt/stack/data/cinder/mnt/4d9e49de0cc0d6e8317c4cfb688fe28b/volume-367a3087-350d-4419-9f01-4e1152cd4517.a364e218-c1bb-4029-abb2-275167d571d7" returned: 0 in 1.509s {{(pid=82046) execute /opt/stack/data/venv/lib/python3.10/site-packages/oslo_concurrency/processutils.py:468}}
Apr 24 13:46:16 devstack cinder-volume[82046]: DEBUG oslo_concurrency.processutils [None req-3497be00-e76d-4515-84d3-7f2865226bfb tempest-GroupSnapshotsTest-1762123974 None] Running cmd (subprocess): sudo cinder-rootwrap /etc/cinder/rootwrap.conf rm -f /opt/stack/data/cinder/mnt/4d9e49de0cc0d6e8317c4cfb688fe28b/volume-367a3087-350d-4419-9f01-4e1152cd4517.a364e218-c1bb-4029-abb2-275167d571d7 {{(pid=82046) execute /opt/stack/data/venv/lib/python3.10/site-packages/oslo_concurrency/processutils.py:440}}
Apr 24 13:46:16 devstack sudo[84140]: quobyte : PWD=/ ; USER=root ; COMMAND=/opt/stack/data/venv/bin/cinder-rootwrap /etc/cinder/rootwrap.conf rm -f /opt/stack/data/cinder/mnt/4d9e49de0cc0d6e8317c4cfb688fe28b/volume-367a3087-350d-4419-9f01-4e1152cd4517.a364e218-c1bb-4029-abb2-275167d571d7
Apr 24 13:46:16 devstack sudo[84140]: pam_unix(sudo:session): session opened for user root(uid=0) by (uid=1000)
Apr 24 13:46:16 devstack cinder-volume[82046]: DEBUG cinder.volume.flows.manager.create_volume [req-1d150829-834d-4a4b-804c-f79c4bcfd840 req-18acef1c-53ef-4ab4-b6e8-7a357adce841 tempest-ServerBootFromVolumeStableRescueTest-9833111 None] Volume reschedule parameters: True retry: {'num_attempts': 1, 'backends': ['devstack@QuobyteHD#QuobyteHD'], 'hosts': ['devstack@QuobyteHD#QuobyteHD']} {{(pid=82046) get_flow /opt/stack/cinder/cinder/volume/flows/manager/create_volume.py:1395}}
Apr 24 13:46:17 devstack cinder-volume[82046]: DEBUG cinder.volume.manager [req-1d150829-834d-4a4b-804c-f79c4bcfd840 req-18acef1c-53ef-4ab4-b6e8-7a357adce841 tempest-ServerBootFromVolumeStableRescueTest-9833111 None] Flow 'volume_create_manager' (ccde575c-626d-4952-aa5a-1de28367e900) transitioned into state 'RUNNING' from state 'PENDING' {{(pid=82046) _flow_receiver /opt/stack/data/venv/lib/python3.10/site-packages/taskflow/listeners/logging.py:145}}
Apr 24 13:46:17 devstack cinder-volume[82046]: DEBUG cinder.volume.manager [req-1d150829-834d-4a4b-804c-f79c4bcfd840 req-18acef1c-53ef-4ab4-b6e8-7a357adce841 tempest-ServerBootFromVolumeStableRescueTest-9833111 None] Task 'cinder.volume.flows.manager.create_volume.ExtractVolumeRefTask;volume:create' (3947c534-4cc7-400a-8587-75604b112acf) transitioned into state 'RUNNING' from state 'PENDING' {{(pid=82046) _task_receiver /opt/stack/data/venv/lib/python3.10/site-packages/taskflow/listeners/logging.py:194}}
Apr 24 13:46:17 devstack cinder-volume[82046]: DEBUG cinder.volume.manager [req-1d150829-834d-4a4b-804c-f79c4bcfd840 req-18acef1c-53ef-4ab4-b6e8-7a357adce841 tempest-ServerBootFromVolumeStableRescueTest-9833111 None] Task 'cinder.volume.flows.manager.create_volume.ExtractVolumeRefTask;volume:create' (3947c534-4cc7-400a-8587-75604b112acf) transitioned into state 'SUCCESS' from state 'RUNNING' with result 'Volume(_name_id=None,admin_metadata=,attach_status='detached',availability_zone='nova',bootable=False,cluster=,cluster_name=None,consistencygroup=,consistencygroup_id=None,created_at=2026-04-24T11:46:16Z,deleted=False,deleted_at=None,display_description='',display_name='9723cee9-030b-4569-90f9-15eb52c0d355-blank-vol',ec2_id=None,encryption_key_id=None,glance_metadata=,group=,group_id=None,host='devstack@QuobyteHD#QuobyteHD',id=a2ed9936-b1c0-4ddf-bd6a-fc6713c3cb60,launched_at=None,metadata={},migration_status=None,multiattach=False,previous_status=None,project_id='3fc671775a304cc789bb9beb3b8ba47b',provider_auth=None,provider_geometry=None,provider_id=None,provider_location=None,replication_driver_data=None,replication_extended_status=None,replication_status=None,scheduled_at=2026-04-24T11:46:17Z,service_uuid=None,shared_targets=True,size=1,snapshot_id=None,snapshots=,source_volid=None,status='creating',terminated_at=None,updated_at=2026-04-24T11:46:17Z,use_quota=True,user_id='52bc9aff0b104aa19ab83685ea6380f8',volume_attachment=VolumeAttachmentList,volume_type=VolumeType(58ecbcbb-78c4-4778-81e7-444bec248a56),volume_type_id=58ecbcbb-78c4-4778-81e7-444bec248a56)' {{(pid=82046) _task_receiver /opt/stack/data/venv/lib/python3.10/site-packages/taskflow/listeners/logging.py:182}}
Apr 24 13:46:17 devstack cinder-volume[82046]: DEBUG cinder.volume.manager [req-1d150829-834d-4a4b-804c-f79c4bcfd840 req-18acef1c-53ef-4ab4-b6e8-7a357adce841 tempest-ServerBootFromVolumeStableRescueTest-9833111 None] Task 'cinder.volume.flows.manager.create_volume.OnFailureRescheduleTask;volume:create' (d7589751-a0bf-46bc-863a-bf9874e8c027) transitioned into state 'RUNNING' from state 'PENDING' {{(pid=82046) _task_receiver /opt/stack/data/venv/lib/python3.10/site-packages/taskflow/listeners/logging.py:194}}
Apr 24 13:46:17 devstack cinder-volume[82046]: DEBUG cinder.volume.manager [req-1d150829-834d-4a4b-804c-f79c4bcfd840 req-18acef1c-53ef-4ab4-b6e8-7a357adce841 tempest-ServerBootFromVolumeStableRescueTest-9833111 None] Task 'cinder.volume.flows.manager.create_volume.OnFailureRescheduleTask;volume:create' (d7589751-a0bf-46bc-863a-bf9874e8c027) transitioned into state 'SUCCESS' from state 'RUNNING' with result 'None' {{(pid=82046) _task_receiver /opt/stack/data/venv/lib/python3.10/site-packages/taskflow/listeners/logging.py:182}}
Apr 24 13:46:17 devstack cinder-volume[82046]: DEBUG cinder.volume.manager [req-1d150829-834d-4a4b-804c-f79c4bcfd840 req-18acef1c-53ef-4ab4-b6e8-7a357adce841 tempest-ServerBootFromVolumeStableRescueTest-9833111 None] Task 'cinder.volume.flows.manager.create_volume.ExtractVolumeSpecTask;volume:create' (6447f513-b859-4a05-9826-17f33be71963) transitioned into state 'RUNNING' from state 'PENDING' {{(pid=82046) _task_receiver /opt/stack/data/venv/lib/python3.10/site-packages/taskflow/listeners/logging.py:194}}
