Jul 11 18:44:24 devstack cinder-volume[87167]: INFO cinder.volume.manager [None req-6940cc48-d080-4e17-a23e-cafccc92fedd tempest-GroupsV314Test-1014437361 None] Delete group completed successfully.
Jul 11 18:44:25 devstack sudo[91708]: pam_unix(sudo:session): session closed for user root
Jul 11 18:44:25 devstack cinder-volume[87167]: DEBUG oslo_concurrency.processutils [None req-855f106f-c3fd-453b-a533-bdf1f9a3e77f tempest-SnapshotsActionsTest-185074171 None] CMD "sudo cinder-rootwrap /etc/cinder/rootwrap.conf chmod ugo+rw /opt/stack/data/cinder/mnt/78a2d406d47f4a83f5302c0657672d8c/volume-d7e2335b-541c-4c2f-a7c4-726d46f6842a.23abd653-3190-441d-b778-a4af9903b694" returned: 0 in 1.036s {{(pid=87167) execute /opt/stack/data/venv/lib/python3.12/site-packages/oslo_concurrency/processutils.py:468}}
Jul 11 18:44:25 devstack cinder-volume[87167]: DEBUG oslo_concurrency.processutils [None req-855f106f-c3fd-453b-a533-bdf1f9a3e77f tempest-SnapshotsActionsTest-185074171 None] Running cmd (subprocess): sudo cinder-rootwrap /etc/cinder/rootwrap.conf truncate -s0 /opt/stack/data/cinder/mnt/78a2d406d47f4a83f5302c0657672d8c/volume-d7e2335b-541c-4c2f-a7c4-726d46f6842a.info {{(pid=87167) execute /opt/stack/data/venv/lib/python3.12/site-packages/oslo_concurrency/processutils.py:440}}
Jul 11 18:44:25 devstack sudo[91712]: quobyte : PWD=/ ; USER=root ; COMMAND=/opt/stack/data/venv/bin/cinder-rootwrap /etc/cinder/rootwrap.conf truncate -s0 /opt/stack/data/cinder/mnt/78a2d406d47f4a83f5302c0657672d8c/volume-d7e2335b-541c-4c2f-a7c4-726d46f6842a.info
Jul 11 18:44:25 devstack sudo[91712]: pam_unix(sudo:session): session opened for user root(uid=0) by (uid=1000)
Jul 11 18:44:25 devstack sudo[91712]: pam_unix(sudo:session): session closed for user root
Jul 11 18:44:25 devstack cinder-volume[87167]: DEBUG oslo_concurrency.processutils [None req-855f106f-c3fd-453b-a533-bdf1f9a3e77f tempest-SnapshotsActionsTest-185074171 None] CMD "sudo cinder-rootwrap /etc/cinder/rootwrap.conf truncate -s0 /opt/stack/data/cinder/mnt/78a2d406d47f4a83f5302c0657672d8c/volume-d7e2335b-541c-4c2f-a7c4-726d46f6842a.info" returned: 0 in 0.838s {{(pid=87167) execute /opt/stack/data/venv/lib/python3.12/site-packages/oslo_concurrency/processutils.py:468}}
Jul 11 18:44:25 devstack cinder-volume[87167]: WARNING cinder.volume.drivers.remotefs [None req-855f106f-c3fd-453b-a533-bdf1f9a3e77f tempest-SnapshotsActionsTest-185074171 None] /opt/stack/data/cinder/mnt/78a2d406d47f4a83f5302c0657672d8c/volume-d7e2335b-541c-4c2f-a7c4-726d46f6842a.info is being set with open permissions: ugo+rw
Jul 11 18:44:25 devstack cinder-volume[87167]: DEBUG oslo_concurrency.processutils [None req-855f106f-c3fd-453b-a533-bdf1f9a3e77f tempest-SnapshotsActionsTest-185074171 None] Running cmd (subprocess): sudo cinder-rootwrap /etc/cinder/rootwrap.conf chmod ugo+rw /opt/stack/data/cinder/mnt/78a2d406d47f4a83f5302c0657672d8c/volume-d7e2335b-541c-4c2f-a7c4-726d46f6842a.info {{(pid=87167) execute /opt/stack/data/venv/lib/python3.12/site-packages/oslo_concurrency/processutils.py:440}}
Jul 11 18:44:26 devstack sudo[91715]: quobyte : PWD=/ ; USER=root ; COMMAND=/opt/stack/data/venv/bin/cinder-rootwrap /etc/cinder/rootwrap.conf chmod ugo+rw /opt/stack/data/cinder/mnt/78a2d406d47f4a83f5302c0657672d8c/volume-d7e2335b-541c-4c2f-a7c4-726d46f6842a.info
Jul 11 18:44:26 devstack sudo[91715]: pam_unix(sudo:session): session opened for user root(uid=0) by (uid=1000)
Jul 11 18:44:26 devstack sudo[91715]: pam_unix(sudo:session): session closed for user root
Jul 11 18:44:26 devstack cinder-volume[87167]: DEBUG oslo_concurrency.processutils [None req-855f106f-c3fd-453b-a533-bdf1f9a3e77f tempest-SnapshotsActionsTest-185074171 None] CMD "sudo cinder-rootwrap /etc/cinder/rootwrap.conf chmod ugo+rw /opt/stack/data/cinder/mnt/78a2d406d47f4a83f5302c0657672d8c/volume-d7e2335b-541c-4c2f-a7c4-726d46f6842a.info" returned: 0 in 0.822s {{(pid=87167) execute /opt/stack/data/venv/lib/python3.12/site-packages/oslo_concurrency/processutils.py:468}}
Jul 11 18:44:26 devstack cinder-volume[87167]: DEBUG oslo_concurrency.lockutils [None req-855f106f-c3fd-453b-a533-bdf1f9a3e77f tempest-SnapshotsActionsTest-185074171 None] Lock "quobyte" "released" by "cinder.volume.drivers.quobyte.QuobyteDriver.create_snapshot" :: held 6.417s {{(pid=87167) inner /opt/stack/data/venv/lib/python3.12/site-packages/oslo_concurrency/lockutils.py:543}}
Jul 11 18:44:26 devstack cinder-volume[87167]: INFO cinder.volume.manager [None req-855f106f-c3fd-453b-a533-bdf1f9a3e77f tempest-SnapshotsActionsTest-185074171 None] Create snapshot completed successfully
Jul 11 18:44:28 devstack cinder-volume[87167]: DEBUG oslo_concurrency.lockutils [None req-73ae77d9-0d91-4d10-bc0c-9578e07b892f tempest-SnapshotsActionsTest-185074171 None] Acquiring lock "quobyte" by "cinder.volume.drivers.quobyte.QuobyteDriver.create_snapshot" {{(pid=87167) inner /opt/stack/data/venv/lib/python3.12/site-packages/oslo_concurrency/lockutils.py:511}}
Jul 11 18:44:28 devstack cinder-volume[87167]: DEBUG oslo_concurrency.lockutils [None req-73ae77d9-0d91-4d10-bc0c-9578e07b892f tempest-SnapshotsActionsTest-185074171 None] Lock "quobyte" acquired by "cinder.volume.drivers.quobyte.QuobyteDriver.create_snapshot" :: waited 0.001s {{(pid=87167) inner /opt/stack/data/venv/lib/python3.12/site-packages/oslo_concurrency/lockutils.py:524}}
Jul 11 18:44:28 devstack cinder-volume[87167]: DEBUG cinder.volume.drivers.remotefs [None req-73ae77d9-0d91-4d10-bc0c-9578e07b892f tempest-SnapshotsActionsTest-185074171 None] Creating offline snapshot d9be859f-97d5-4e75-bd49-1bed65932838 of volume d7e2335b-541c-4c2f-a7c4-726d46f6842a {{(pid=87167) _create_snapshot /opt/stack/cinder/cinder/volume/drivers/remotefs.py:1816}}
Jul 11 18:44:28 devstack cinder-volume[87167]: DEBUG oslo.privsep.daemon [-] privsep: reply[0e18e45c-8f7a-45b0-ac67-2aa204fd4bf6]: (4, 'qcow2') {{(pid=88535) _call_back /opt/stack/data/venv/lib/python3.12/site-packages/oslo_privsep/daemon.py:580}}
Jul 11 18:44:28 devstack cinder-volume[87167]: DEBUG oslo_concurrency.processutils [None req-73ae77d9-0d91-4d10-bc0c-9578e07b892f tempest-SnapshotsActionsTest-185074171 None] Running cmd (subprocess): /opt/stack/data/venv/bin/python3.12 -m oslo_concurrency.prlimit --as=1073741824 --cpu=60 -- sudo cinder-rootwrap /etc/cinder/rootwrap.conf env LC_ALL=C qemu-img info -f qcow2 --output=json --force-share /opt/stack/data/cinder/mnt/78a2d406d47f4a83f5302c0657672d8c/volume-d7e2335b-541c-4c2f-a7c4-726d46f6842a.23abd653-3190-441d-b778-a4af9903b694 {{(pid=87167) execute /opt/stack/data/venv/lib/python3.12/site-packages/oslo_concurrency/processutils.py:440}}
Jul 11 18:44:29 devstack sudo[91724]: quobyte : PWD=/ ; USER=root ; COMMAND=/opt/stack/data/venv/bin/cinder-rootwrap /etc/cinder/rootwrap.conf env LC_ALL=C qemu-img info -f qcow2 --output=json --force-share /opt/stack/data/cinder/mnt/78a2d406d47f4a83f5302c0657672d8c/volume-d7e2335b-541c-4c2f-a7c4-726d46f6842a.23abd653-3190-441d-b778-a4af9903b694
Jul 11 18:44:29 devstack sudo[91724]: pam_unix(sudo:session): session opened for user root(uid=0) by (uid=1000)
Jul 11 18:44:29 devstack cinder-volume[87167]: INFO cinder.volume.manager [req-1d0497b7-4de7-4212-a137-39fe47e3b63f req-9bbed204-c275-457a-ae58-14ab44f82a04 tempest-ServerActionsTestOtherA-1779163556 None] Terminate volume connection completed successfully.
Jul 11 18:44:29 devstack cinder-volume[87167]: DEBUG cinder.volume.manager [req-1d0497b7-4de7-4212-a137-39fe47e3b63f req-9bbed204-c275-457a-ae58-14ab44f82a04 tempest-ServerActionsTestOtherA-1779163556 None] Deleting attachment 629278cf-ee5f-4710-8100-d49aad609286. {{(pid=87167) attachment_delete /opt/stack/cinder/cinder/volume/manager.py:5055}}
Jul 11 18:44:29 devstack sudo[91724]: pam_unix(sudo:session): session closed for user root
Jul 11 18:44:29 devstack cinder-volume[87167]: DEBUG oslo_concurrency.processutils [None req-73ae77d9-0d91-4d10-bc0c-9578e07b892f tempest-SnapshotsActionsTest-185074171 None] CMD "/opt/stack/data/venv/bin/python3.12 -m oslo_concurrency.prlimit --as=1073741824 --cpu=60 -- sudo cinder-rootwrap /etc/cinder/rootwrap.conf env LC_ALL=C qemu-img info -f qcow2 --output=json --force-share /opt/stack/data/cinder/mnt/78a2d406d47f4a83f5302c0657672d8c/volume-d7e2335b-541c-4c2f-a7c4-726d46f6842a.23abd653-3190-441d-b778-a4af9903b694" returned: 0 in 0.994s {{(pid=87167) execute /opt/stack/data/venv/lib/python3.12/site-packages/oslo_concurrency/processutils.py:468}}
Jul 11 18:44:29 devstack cinder-volume[87167]: DEBUG cinder.volume.drivers.remotefs [None req-73ae77d9-0d91-4d10-bc0c-9578e07b892f tempest-SnapshotsActionsTest-185074171 None] Fetching qemu-img info with special backing_file_template: (/opt/stack/data/cinder/mnt/[0-9a-f]+/)?(volume-d7e2335b-541c-4c2f-a7c4-726d46f6842a(.(tmp-snap-)?[0-9a-f-]+)?|volume_from_snapshot_cache/(tmp-snap-)?[0-9a-f-]+(.(child-|parent-)[0-9a-f-]+)?)$ {{(pid=87167) _qemu_img_info_base /opt/stack/cinder/cinder/volume/drivers/remotefs.py:896}}
Jul 11 18:44:29 devstack cinder-volume[87167]: DEBUG oslo_concurrency.processutils [None req-73ae77d9-0d91-4d10-bc0c-9578e07b892f tempest-SnapshotsActionsTest-185074171 None] Running cmd (subprocess): sudo cinder-rootwrap /etc/cinder/rootwrap.conf qemu-img create -f qcow2 -o backing_file=/opt/stack/data/cinder/mnt/78a2d406d47f4a83f5302c0657672d8c/volume-d7e2335b-541c-4c2f-a7c4-726d46f6842a.23abd653-3190-441d-b778-a4af9903b694,backing_fmt=qcow2 /opt/stack/data/cinder/mnt/78a2d406d47f4a83f5302c0657672d8c/volume-d7e2335b-541c-4c2f-a7c4-726d46f6842a.d9be859f-97d5-4e75-bd49-1bed65932838 1G {{(pid=87167) execute /opt/stack/data/venv/lib/python3.12/site-packages/oslo_concurrency/processutils.py:440}}
Jul 11 18:44:29 devstack sudo[91762]: quobyte : PWD=/ ; USER=root ; COMMAND=/opt/stack/data/venv/bin/cinder-rootwrap /etc/cinder/rootwrap.conf qemu-img create -f qcow2 -o backing_file=/opt/stack/data/cinder/mnt/78a2d406d47f4a83f5302c0657672d8c/volume-d7e2335b-541c-4c2f-a7c4-726d46f6842a.23abd653-3190-441d-b778-a4af9903b694,backing_fmt=qcow2 /opt/stack/data/cinder/mnt/78a2d406d47f4a83f5302c0657672d8c/volume-d7e2335b-541c-4c2f-a7c4-726d46f6842a.d9be859f-97d5-4e75-bd49-1bed65932838 1G
Jul 11 18:44:29 devstack sudo[91762]: pam_unix(sudo:session): session opened for user root(uid=0) by (uid=1000)
Jul 11 18:44:30 devstack sudo[91762]: pam_unix(sudo:session): session closed for user root
Jul 11 18:44:30 devstack cinder-volume[87167]: DEBUG oslo_concurrency.processutils [None req-73ae77d9-0d91-4d10-bc0c-9578e07b892f tempest-SnapshotsActionsTest-185074171 None] CMD "sudo cinder-rootwrap /etc/cinder/rootwrap.conf qemu-img create -f qcow2 -o backing_file=/opt/stack/data/cinder/mnt/78a2d406d47f4a83f5302c0657672d8c/volume-d7e2335b-541c-4c2f-a7c4-726d46f6842a.23abd653-3190-441d-b778-a4af9903b694,backing_fmt=qcow2 /opt/stack/data/cinder/mnt/78a2d406d47f4a83f5302c0657672d8c/volume-d7e2335b-541c-4c2f-a7c4-726d46f6842a.d9be859f-97d5-4e75-bd49-1bed65932838 1G" returned: 0 in 1.030s {{(pid=87167) execute /opt/stack/data/venv/lib/python3.12/site-packages/oslo_concurrency/processutils.py:468}}
Jul 11 18:44:30 devstack cinder-volume[87167]: DEBUG oslo_concurrency.processutils [None req-73ae77d9-0d91-4d10-bc0c-9578e07b892f tempest-SnapshotsActionsTest-185074171 None] Running cmd (subprocess): sudo cinder-rootwrap /etc/cinder/rootwrap.conf qemu-img rebase -u -b volume-d7e2335b-541c-4c2f-a7c4-726d46f6842a.23abd653-3190-441d-b778-a4af9903b694 -F qcow2 /opt/stack/data/cinder/mnt/78a2d406d47f4a83f5302c0657672d8c/volume-d7e2335b-541c-4c2f-a7c4-726d46f6842a.d9be859f-97d5-4e75-bd49-1bed65932838 {{(pid=87167) execute /opt/stack/data/venv/lib/python3.12/site-packages/oslo_concurrency/processutils.py:440}}
Jul 11 18:44:30 devstack sudo[91794]: quobyte : PWD=/ ; USER=root ; COMMAND=/opt/stack/data/venv/bin/cinder-rootwrap /etc/cinder/rootwrap.conf qemu-img rebase -u -b volume-d7e2335b-541c-4c2f-a7c4-726d46f6842a.23abd653-3190-441d-b778-a4af9903b694 -F qcow2 /opt/stack/data/cinder/mnt/78a2d406d47f4a83f5302c0657672d8c/volume-d7e2335b-541c-4c2f-a7c4-726d46f6842a.d9be859f-97d5-4e75-bd49-1bed65932838
Jul 11 18:44:30 devstack sudo[91794]: pam_unix(sudo:session): session opened for user root(uid=0) by (uid=1000)
Jul 11 18:44:31 devstack sudo[91794]: pam_unix(sudo:session): session closed for user root
Jul 11 18:44:31 devstack cinder-volume[87167]: DEBUG oslo_concurrency.processutils [None req-73ae77d9-0d91-4d10-bc0c-9578e07b892f tempest-SnapshotsActionsTest-185074171 None] CMD "sudo cinder-rootwrap /etc/cinder/rootwrap.conf qemu-img rebase -u -b volume-d7e2335b-541c-4c2f-a7c4-726d46f6842a.23abd653-3190-441d-b778-a4af9903b694 -F qcow2 /opt/stack/data/cinder/mnt/78a2d406d47f4a83f5302c0657672d8c/volume-d7e2335b-541c-4c2f-a7c4-726d46f6842a.d9be859f-97d5-4e75-bd49-1bed65932838" returned: 0 in 1.068s {{(pid=87167) execute /opt/stack/data/venv/lib/python3.12/site-packages/oslo_concurrency/processutils.py:468}}
Jul 11 18:44:31 devstack cinder-volume[87167]: WARNING cinder.volume.drivers.remotefs [None req-73ae77d9-0d91-4d10-bc0c-9578e07b892f tempest-SnapshotsActionsTest-185074171 None] /opt/stack/data/cinder/mnt/78a2d406d47f4a83f5302c0657672d8c/volume-d7e2335b-541c-4c2f-a7c4-726d46f6842a.d9be859f-97d5-4e75-bd49-1bed65932838 is being set with open permissions: ugo+rw
Jul 11 18:44:31 devstack cinder-volume[87167]: DEBUG oslo_concurrency.processutils [None req-73ae77d9-0d91-4d10-bc0c-9578e07b892f tempest-SnapshotsActionsTest-185074171 None] Running cmd (subprocess): sudo cinder-rootwrap /etc/cinder/rootwrap.conf chmod ugo+rw /opt/stack/data/cinder/mnt/78a2d406d47f4a83f5302c0657672d8c/volume-d7e2335b-541c-4c2f-a7c4-726d46f6842a.d9be859f-97d5-4e75-bd49-1bed65932838 {{(pid=87167) execute /opt/stack/data/venv/lib/python3.12/site-packages/oslo_concurrency/processutils.py:440}}
Jul 11 18:44:32 devstack sudo[91809]: quobyte : PWD=/ ; USER=root ; COMMAND=/opt/stack/data/venv/bin/cinder-rootwrap /etc/cinder/rootwrap.conf chmod ugo+rw /opt/stack/data/cinder/mnt/78a2d406d47f4a83f5302c0657672d8c/volume-d7e2335b-541c-4c2f-a7c4-726d46f6842a.d9be859f-97d5-4e75-bd49-1bed65932838
Jul 11 18:44:32 devstack sudo[91809]: pam_unix(sudo:session): session opened for user root(uid=0) by (uid=1000)
Jul 11 18:44:32 devstack cinder-volume[87167]: DEBUG oslo_concurrency.lockutils [req-1d0497b7-4de7-4212-a137-39fe47e3b63f req-272d8f52-0d3c-4a27-ba7d-09bf44044d5e tempest-ServerActionsTestOtherA-1779163556 None] Acquiring lock "quobyte" by "cinder.volume.drivers.quobyte.QuobyteDriver.initialize_connection" {{(pid=87167) inner /opt/stack/data/venv/lib/python3.12/site-packages/oslo_concurrency/lockutils.py:511}}
Jul 11 18:44:32 devstack sudo[91809]: pam_unix(sudo:session): session closed for user root
Jul 11 18:44:32 devstack cinder-volume[87167]: DEBUG oslo_concurrency.processutils [None req-73ae77d9-0d91-4d10-bc0c-9578e07b892f tempest-SnapshotsActionsTest-185074171 None] CMD "sudo cinder-rootwrap /etc/cinder/rootwrap.conf chmod ugo+rw /opt/stack/data/cinder/mnt/78a2d406d47f4a83f5302c0657672d8c/volume-d7e2335b-541c-4c2f-a7c4-726d46f6842a.d9be859f-97d5-4e75-bd49-1bed65932838" returned: 0 in 0.810s {{(pid=87167) execute /opt/stack/data/venv/lib/python3.12/site-packages/oslo_concurrency/processutils.py:468}}
Jul 11 18:44:32 devstack cinder-volume[87167]: DEBUG oslo_concurrency.lockutils [None req-73ae77d9-0d91-4d10-bc0c-9578e07b892f tempest-SnapshotsActionsTest-185074171 None] Lock "quobyte" "released" by "cinder.volume.drivers.quobyte.QuobyteDriver.create_snapshot" :: held 4.041s {{(pid=87167) inner /opt/stack/data/venv/lib/python3.12/site-packages/oslo_concurrency/lockutils.py:543}}
Jul 11 18:44:32 devstack cinder-volume[87167]: DEBUG oslo_concurrency.lockutils [req-1d0497b7-4de7-4212-a137-39fe47e3b63f req-272d8f52-0d3c-4a27-ba7d-09bf44044d5e tempest-ServerActionsTestOtherA-1779163556 None] Lock "quobyte" acquired by "cinder.volume.drivers.quobyte.QuobyteDriver.initialize_connection" :: waited 0.575s {{(pid=87167) inner /opt/stack/data/venv/lib/python3.12/site-packages/oslo_concurrency/lockutils.py:524}}
Jul 11 18:44:32 devstack cinder-volume[87167]: INFO cinder.volume.manager [None req-73ae77d9-0d91-4d10-bc0c-9578e07b892f tempest-SnapshotsActionsTest-185074171 None] Create snapshot completed successfully
Jul 11 18:44:32 devstack cinder-volume[87167]: DEBUG oslo.privsep.daemon [-] privsep: reply[8aa4161b-a787-46be-a160-f261a7dd637c]: (4, 'qcow2') {{(pid=88535) _call_back /opt/stack/data/venv/lib/python3.12/site-packages/oslo_privsep/daemon.py:580}}
Jul 11 18:44:32 devstack cinder-volume[87167]: DEBUG oslo_concurrency.processutils [req-1d0497b7-4de7-4212-a137-39fe47e3b63f req-272d8f52-0d3c-4a27-ba7d-09bf44044d5e tempest-ServerActionsTestOtherA-1779163556 None] Running cmd (subprocess): /opt/stack/data/venv/bin/python3.12 -m oslo_concurrency.prlimit --as=1073741824 --cpu=60 -- sudo cinder-rootwrap /etc/cinder/rootwrap.conf env LC_ALL=C qemu-img info -f qcow2 --output=json --force-share /opt/stack/data/cinder/mnt/78a2d406d47f4a83f5302c0657672d8c/volume-64ee7ef7-9e53-4a99-8501-cf5c8508384f {{(pid=87167) execute /opt/stack/data/venv/lib/python3.12/site-packages/oslo_concurrency/processutils.py:440}}
Jul 11 18:44:32 devstack sudo[91836]: quobyte : PWD=/ ; USER=root ; COMMAND=/opt/stack/data/venv/bin/cinder-rootwrap /etc/cinder/rootwrap.conf env LC_ALL=C qemu-img info -f qcow2 --output=json --force-share /opt/stack/data/cinder/mnt/78a2d406d47f4a83f5302c0657672d8c/volume-64ee7ef7-9e53-4a99-8501-cf5c8508384f
Jul 11 18:44:32 devstack sudo[91836]: pam_unix(sudo:session): session opened for user root(uid=0) by (uid=1000)
Jul 11 18:44:33 devstack sudo[91836]: pam_unix(sudo:session): session closed for user root
Jul 11 18:44:33 devstack cinder-volume[87167]: DEBUG oslo_concurrency.processutils [req-1d0497b7-4de7-4212-a137-39fe47e3b63f req-272d8f52-0d3c-4a27-ba7d-09bf44044d5e tempest-ServerActionsTestOtherA-1779163556 None] CMD "/opt/stack/data/venv/bin/python3.12 -m oslo_concurrency.prlimit --as=1073741824 --cpu=60 -- sudo cinder-rootwrap /etc/cinder/rootwrap.conf env LC_ALL=C qemu-img info -f qcow2 --output=json --force-share /opt/stack/data/cinder/mnt/78a2d406d47f4a83f5302c0657672d8c/volume-64ee7ef7-9e53-4a99-8501-cf5c8508384f" returned: 0 in 0.757s {{(pid=87167) execute /opt/stack/data/venv/lib/python3.12/site-packages/oslo_concurrency/processutils.py:468}}
Jul 11 18:44:33 devstack cinder-volume[87167]: DEBUG oslo_concurrency.lockutils [req-1d0497b7-4de7-4212-a137-39fe47e3b63f req-272d8f52-0d3c-4a27-ba7d-09bf44044d5e tempest-ServerActionsTestOtherA-1779163556 None] Lock "quobyte" "released" by "cinder.volume.drivers.quobyte.QuobyteDriver.initialize_connection" :: held 0.787s {{(pid=87167) inner /opt/stack/data/venv/lib/python3.12/site-packages/oslo_concurrency/lockutils.py:543}}
Jul 11 18:44:33 devstack cinder-volume[87167]: DEBUG cinder.volume.manager [req-1d0497b7-4de7-4212-a137-39fe47e3b63f req-272d8f52-0d3c-4a27-ba7d-09bf44044d5e tempest-ServerActionsTestOtherA-1779163556 None] Connection info returned from driver {'export': 'osci02.corp.quobyte.com/cinder-vol-cbcb38ea-73f2-439c-b239-2e0db37a4e0a', 'name': 'volume-64ee7ef7-9e53-4a99-8501-cf5c8508384f', 'options': None, 'format': 'qcow2', 'qos_specs': None, 'access_mode': 'rw', 'encrypted': False, 'cacheable': False, 'driver_volume_type': 'quobyte', 'mount_point_base': '/opt/stack/data/cinder/mnt', 'attachment_id': '03aa5eba-6722-45c2-9fd0-81b678fa0da1', 'enforce_multipath': True} {{(pid=87167) _connection_create /opt/stack/cinder/cinder/volume/manager.py:4924}}
Jul 11 18:44:33 devstack cinder-volume[87167]: INFO cinder.volume.manager [req-1d0497b7-4de7-4212-a137-39fe47e3b63f req-272d8f52-0d3c-4a27-ba7d-09bf44044d5e tempest-ServerActionsTestOtherA-1779163556 None] attachment_update completed successfully.
Jul 11 18:44:33 devstack cinder-volume[87167]: DEBUG cinder.coordination [None req-ed2112fc-9764-4cdb-83b2-0c374df53f21 tempest-SnapshotsActionsTest-1601046017 None] Acquiring lock "cinder-d9be859f-97d5-4e75-bd49-1bed65932838-delete_snapshot" by "delete_snapshot" {{(pid=87167) __acquire /opt/stack/cinder/cinder/coordination.py:138}}
Jul 11 18:44:33 devstack cinder-volume[87167]: DEBUG cinder.coordination [None req-ed2112fc-9764-4cdb-83b2-0c374df53f21 tempest-SnapshotsActionsTest-1601046017 None] Lock "cinder-d9be859f-97d5-4e75-bd49-1bed65932838-delete_snapshot" acquired by "delete_snapshot" :: waited 0.021s {{(pid=87167) __acquire /opt/stack/cinder/cinder/coordination.py:141}}
Jul 11 18:44:33 devstack cinder-volume[87167]: DEBUG cinder.coordination [None req-ed2112fc-9764-4cdb-83b2-0c374df53f21 tempest-SnapshotsActionsTest-1601046017 None] Acquiring lock "cinder-quobyte-d7e2335b-541c-4c2f-a7c4-726d46f6842a" by "delete_snapshot" {{(pid=87167) __acquire /opt/stack/cinder/cinder/coordination.py:138}}
Jul 11 18:44:33 devstack cinder-volume[87167]: DEBUG cinder.coordination [None req-ed2112fc-9764-4cdb-83b2-0c374df53f21 tempest-SnapshotsActionsTest-1601046017 None] Lock "cinder-quobyte-d7e2335b-541c-4c2f-a7c4-726d46f6842a" acquired by "delete_snapshot" :: waited 0.018s {{(pid=87167) __acquire /opt/stack/cinder/cinder/coordination.py:141}}
Jul 11 18:44:33 devstack cinder-volume[87167]: DEBUG cinder.coordination [None req-ed2112fc-9764-4cdb-83b2-0c374df53f21 tempest-SnapshotsActionsTest-1601046017 None] Acquiring lock "cinder-quobyte-d9be859f-97d5-4e75-bd49-1bed65932838" by "_delete_snapshot" {{(pid=87167) __acquire /opt/stack/cinder/cinder/coordination.py:138}}
Jul 11 18:44:33 devstack cinder-volume[87167]: DEBUG cinder.coordination [None req-ed2112fc-9764-4cdb-83b2-0c374df53f21 tempest-SnapshotsActionsTest-1601046017 None] Lock "cinder-quobyte-d9be859f-97d5-4e75-bd49-1bed65932838" acquired by "_delete_snapshot" :: waited 0.021s {{(pid=87167) __acquire /opt/stack/cinder/cinder/coordination.py:141}}
Jul 11 18:44:33 devstack cinder-volume[87167]: DEBUG cinder.volume.drivers.remotefs [None req-ed2112fc-9764-4cdb-83b2-0c374df53f21 tempest-SnapshotsActionsTest-1601046017 None] Deleting offline snapshot d9be859f-97d5-4e75-bd49-1bed65932838 of volume d7e2335b-541c-4c2f-a7c4-726d46f6842a {{(pid=87167) _delete_snapshot /opt/stack/cinder/cinder/volume/drivers/remotefs.py:1288}}
Jul 11 18:44:33 devstack cinder-volume[87167]: DEBUG cinder.volume.drivers.remotefs [None req-ed2112fc-9764-4cdb-83b2-0c374df53f21 tempest-SnapshotsActionsTest-1601046017 None] snapshot_file for this snap is: volume-d7e2335b-541c-4c2f-a7c4-726d46f6842a.d9be859f-97d5-4e75-bd49-1bed65932838 {{(pid=87167) _delete_snapshot /opt/stack/cinder/cinder/volume/drivers/remotefs.py:1317}}
Jul 11 18:44:33 devstack cinder-volume[87167]: DEBUG oslo.privsep.daemon [-] privsep: reply[5c76374d-ecfa-408f-a463-d692a9285cd4]: (4, 'qcow2') {{(pid=88535) _call_back /opt/stack/data/venv/lib/python3.12/site-packages/oslo_privsep/daemon.py:580}}
Jul 11 18:44:33 devstack cinder-volume[87167]: DEBUG oslo_concurrency.processutils [None req-ed2112fc-9764-4cdb-83b2-0c374df53f21 tempest-SnapshotsActionsTest-1601046017 None] Running cmd (subprocess): /opt/stack/data/venv/bin/python3.12 -m oslo_concurrency.prlimit --as=1073741824 --cpu=60 -- sudo cinder-rootwrap /etc/cinder/rootwrap.conf env LC_ALL=C qemu-img info -f qcow2 --output=json --force-share /opt/stack/data/cinder/mnt/78a2d406d47f4a83f5302c0657672d8c/volume-d7e2335b-541c-4c2f-a7c4-726d46f6842a.d9be859f-97d5-4e75-bd49-1bed65932838 {{(pid=87167) execute /opt/stack/data/venv/lib/python3.12/site-packages/oslo_concurrency/processutils.py:440}}
Jul 11 18:44:34 devstack sudo[91843]: quobyte : PWD=/ ; USER=root ; COMMAND=/opt/stack/data/venv/bin/cinder-rootwrap /etc/cinder/rootwrap.conf env LC_ALL=C qemu-img info -f qcow2 --output=json --force-share /opt/stack/data/cinder/mnt/78a2d406d47f4a83f5302c0657672d8c/volume-d7e2335b-541c-4c2f-a7c4-726d46f6842a.d9be859f-97d5-4e75-bd49-1bed65932838
Jul 11 18:44:34 devstack sudo[91843]: pam_unix(sudo:session): session opened for user root(uid=0) by (uid=1000)
Jul 11 18:44:34 devstack sudo[91843]: pam_unix(sudo:session): session closed for user root
Jul 11 18:44:34 devstack cinder-volume[87167]: DEBUG oslo_concurrency.processutils [None req-ed2112fc-9764-4cdb-83b2-0c374df53f21 tempest-SnapshotsActionsTest-1601046017 None] CMD "/opt/stack/data/venv/bin/python3.12 -m oslo_concurrency.prlimit --as=1073741824 --cpu=60 -- sudo cinder-rootwrap /etc/cinder/rootwrap.conf env LC_ALL=C qemu-img info -f qcow2 --output=json --force-share /opt/stack/data/cinder/mnt/78a2d406d47f4a83f5302c0657672d8c/volume-d7e2335b-541c-4c2f-a7c4-726d46f6842a.d9be859f-97d5-4e75-bd49-1bed65932838" returned: 0 in 0.820s {{(pid=87167) execute /opt/stack/data/venv/lib/python3.12/site-packages/oslo_concurrency/processutils.py:468}}
Jul 11 18:44:34 devstack cinder-volume[87167]: DEBUG cinder.volume.drivers.remotefs [None req-ed2112fc-9764-4cdb-83b2-0c374df53f21 tempest-SnapshotsActionsTest-1601046017 None] Fetching qemu-img info with special backing_file_template: (/opt/stack/data/cinder/mnt/[0-9a-f]+/)?(volume-d7e2335b-541c-4c2f-a7c4-726d46f6842a(.(tmp-snap-)?[0-9a-f-]+)?|volume_from_snapshot_cache/(tmp-snap-)?[0-9a-f-]+(.(child-|parent-)[0-9a-f-]+)?)$ {{(pid=87167) _qemu_img_info_base /opt/stack/cinder/cinder/volume/drivers/remotefs.py:896}}
Jul 11 18:44:34 devstack cinder-volume[87167]: DEBUG oslo.privsep.daemon [-] privsep: reply[03b5f417-7dd9-49c4-87dd-2b8470bc8a55]: (4, 'qcow2') {{(pid=88535) _call_back /opt/stack/data/venv/lib/python3.12/site-packages/oslo_privsep/daemon.py:580}}
Jul 11 18:44:34 devstack cinder-volume[87167]: DEBUG oslo_concurrency.processutils [None req-ed2112fc-9764-4cdb-83b2-0c374df53f21 tempest-SnapshotsActionsTest-1601046017 None] Running cmd (subprocess): /opt/stack/data/venv/bin/python3.12 -m oslo_concurrency.prlimit --as=1073741824 --cpu=60 -- sudo cinder-rootwrap /etc/cinder/rootwrap.conf env LC_ALL=C qemu-img info -f qcow2 --output=json --force-share /opt/stack/data/cinder/mnt/78a2d406d47f4a83f5302c0657672d8c/volume-d7e2335b-541c-4c2f-a7c4-726d46f6842a.23abd653-3190-441d-b778-a4af9903b694 {{(pid=87167) execute /opt/stack/data/venv/lib/python3.12/site-packages/oslo_concurrency/processutils.py:440}}
Jul 11 18:44:34 devstack sudo[91848]: quobyte : PWD=/ ; USER=root ; COMMAND=/opt/stack/data/venv/bin/cinder-rootwrap /etc/cinder/rootwrap.conf env LC_ALL=C qemu-img info -f qcow2 --output=json --force-share /opt/stack/data/cinder/mnt/78a2d406d47f4a83f5302c0657672d8c/volume-d7e2335b-541c-4c2f-a7c4-726d46f6842a.23abd653-3190-441d-b778-a4af9903b694
Jul 11 18:44:34 devstack sudo[91848]: pam_unix(sudo:session): session opened for user root(uid=0) by (uid=1000)
Jul 11 18:44:35 devstack sudo[91848]: pam_unix(sudo:session): session closed for user root
Jul 11 18:44:35 devstack cinder-volume[87167]: DEBUG oslo_concurrency.processutils [None req-ed2112fc-9764-4cdb-83b2-0c374df53f21 tempest-SnapshotsActionsTest-1601046017 None] CMD "/opt/stack/data/venv/bin/python3.12 -m oslo_concurrency.prlimit --as=1073741824 --cpu=60 -- sudo cinder-rootwrap /etc/cinder/rootwrap.conf env LC_ALL=C qemu-img info -f qcow2 --output=json --force-share /opt/stack/data/cinder/mnt/78a2d406d47f4a83f5302c0657672d8c/volume-d7e2335b-541c-4c2f-a7c4-726d46f6842a.23abd653-3190-441d-b778-a4af9903b694" returned: 0 in 0.808s {{(pid=87167) execute /opt/stack/data/venv/lib/python3.12/site-packages/oslo_concurrency/processutils.py:468}}
Jul 11 18:44:35 devstack cinder-volume[87167]: DEBUG cinder.volume.drivers.remotefs [None req-ed2112fc-9764-4cdb-83b2-0c374df53f21 tempest-SnapshotsActionsTest-1601046017 None] Fetching qemu-img info with special backing_file_template: (/opt/stack/data/cinder/mnt/[0-9a-f]+/)?(volume-d7e2335b-541c-4c2f-a7c4-726d46f6842a(.(tmp-snap-)?[0-9a-f-]+)?|volume_from_snapshot_cache/(tmp-snap-)?[0-9a-f-]+(.(child-|parent-)[0-9a-f-]+)?)$ {{(pid=87167) _qemu_img_info_base /opt/stack/cinder/cinder/volume/drivers/remotefs.py:896}}
Jul 11 18:44:35 devstack cinder-volume[87167]: DEBUG oslo_concurrency.processutils [None req-ed2112fc-9764-4cdb-83b2-0c374df53f21 tempest-SnapshotsActionsTest-1601046017 None] Running cmd (subprocess): sudo cinder-rootwrap /etc/cinder/rootwrap.conf qemu-img commit -d /opt/stack/data/cinder/mnt/78a2d406d47f4a83f5302c0657672d8c/volume-d7e2335b-541c-4c2f-a7c4-726d46f6842a.d9be859f-97d5-4e75-bd49-1bed65932838 {{(pid=87167) execute /opt/stack/data/venv/lib/python3.12/site-packages/oslo_concurrency/processutils.py:440}}
Jul 11 18:44:35 devstack sudo[91857]: quobyte : PWD=/ ; USER=root ; COMMAND=/opt/stack/data/venv/bin/cinder-rootwrap /etc/cinder/rootwrap.conf qemu-img commit -d /opt/stack/data/cinder/mnt/78a2d406d47f4a83f5302c0657672d8c/volume-d7e2335b-541c-4c2f-a7c4-726d46f6842a.d9be859f-97d5-4e75-bd49-1bed65932838
Jul 11 18:44:35 devstack sudo[91857]: pam_unix(sudo:session): session opened for user root(uid=0) by (uid=1000)
Jul 11 18:44:36 devstack sudo[91857]: pam_unix(sudo:session): session closed for user root
Jul 11 18:44:36 devstack cinder-volume[87167]: DEBUG oslo_concurrency.processutils [None req-ed2112fc-9764-4cdb-83b2-0c374df53f21 tempest-SnapshotsActionsTest-1601046017 None] CMD "sudo cinder-rootwrap /etc/cinder/rootwrap.conf qemu-img commit -d /opt/stack/data/cinder/mnt/78a2d406d47f4a83f5302c0657672d8c/volume-d7e2335b-541c-4c2f-a7c4-726d46f6842a.d9be859f-97d5-4e75-bd49-1bed65932838" returned: 0 in 0.835s {{(pid=87167) execute /opt/stack/data/venv/lib/python3.12/site-packages/oslo_concurrency/processutils.py:468}}
Jul 11 18:44:36 devstack cinder-volume[87167]: DEBUG oslo_concurrency.processutils [None req-ed2112fc-9764-4cdb-83b2-0c374df53f21 tempest-SnapshotsActionsTest-1601046017 None] Running cmd (subprocess): sudo cinder-rootwrap /etc/cinder/rootwrap.conf rm -f /opt/stack/data/cinder/mnt/78a2d406d47f4a83f5302c0657672d8c/volume-d7e2335b-541c-4c2f-a7c4-726d46f6842a.d9be859f-97d5-4e75-bd49-1bed65932838 {{(pid=87167) execute /opt/stack/data/venv/lib/python3.12/site-packages/oslo_concurrency/processutils.py:440}}
Jul 11 18:44:36 devstack sudo[91874]: quobyte : PWD=/ ; USER=root ; COMMAND=/opt/stack/data/venv/bin/cinder-rootwrap /etc/cinder/rootwrap.conf rm -f /opt/stack/data/cinder/mnt/78a2d406d47f4a83f5302c0657672d8c/volume-d7e2335b-541c-4c2f-a7c4-726d46f6842a.d9be859f-97d5-4e75-bd49-1bed65932838
Jul 11 18:44:36 devstack sudo[91874]: pam_unix(sudo:session): session opened for user root(uid=0) by (uid=1000)
Jul 11 18:44:37 devstack sudo[91874]: pam_unix(sudo:session): session closed for user root
Jul 11 18:44:37 devstack cinder-volume[87167]: DEBUG oslo_concurrency.processutils [None req-ed2112fc-9764-4cdb-83b2-0c374df53f21 tempest-SnapshotsActionsTest-1601046017 None] CMD "sudo cinder-rootwrap /etc/cinder/rootwrap.conf rm -f /opt/stack/data/cinder/mnt/78a2d406d47f4a83f5302c0657672d8c/volume-d7e2335b-541c-4c2f-a7c4-726d46f6842a.d9be859f-97d5-4e75-bd49-1bed65932838" returned: 0 in 0.751s {{(pid=87167) execute /opt/stack/data/venv/lib/python3.12/site-packages/oslo_concurrency/processutils.py:468}}
Jul 11 18:44:37 devstack cinder-volume[87167]: DEBUG cinder.coordination [None req-ed2112fc-9764-4cdb-83b2-0c374df53f21 tempest-SnapshotsActionsTest-1601046017 None] Lock "cinder-quobyte-d9be859f-97d5-4e75-bd49-1bed65932838" released by "_delete_snapshot" :: held 3.310s {{(pid=87167) __release /opt/stack/cinder/cinder/coordination.py:152}}
Jul 11 18:44:37 devstack cinder-volume[87167]: DEBUG cinder.coordination [None req-ed2112fc-9764-4cdb-83b2-0c374df53f21 tempest-SnapshotsActionsTest-1601046017 None] Lock "cinder-quobyte-d7e2335b-541c-4c2f-a7c4-726d46f6842a" released by "delete_snapshot" :: held 3.339s {{(pid=87167) __release /opt/stack/cinder/cinder/coordination.py:152}}
Jul 11 18:44:37 devstack cinder-volume[87167]: DEBUG cinder.quota [None req-ed2112fc-9764-4cdb-83b2-0c374df53f21 tempest-SnapshotsActionsTest-1601046017 None] Created reservations ['c5475fcf-ee27-46d7-b937-3a733b2a33c3', '097711d9-d6bd-464d-92c5-1544757d315e', 'a215ccd2-bedc-4f72-b2d7-f905d5ba36d4', '602bdc3b-ecc6-47c2-a4d9-8bf0e29e54e4'] {{(pid=87167) reserve /opt/stack/cinder/cinder/quota.py:752}}
Jul 11 18:44:37 devstack cinder-volume[87167]: INFO cinder.volume.manager [None req-ed2112fc-9764-4cdb-83b2-0c374df53f21 tempest-SnapshotsActionsTest-1601046017 None] Delete snapshot completed successfully.
Jul 11 18:44:37 devstack cinder-volume[87167]: DEBUG cinder.coordination [None req-ed2112fc-9764-4cdb-83b2-0c374df53f21 tempest-SnapshotsActionsTest-1601046017 None] Lock "cinder-d9be859f-97d5-4e75-bd49-1bed65932838-delete_snapshot" released by "delete_snapshot" :: held 3.497s {{(pid=87167) __release /opt/stack/cinder/cinder/coordination.py:152}}
Jul 11 18:44:38 devstack cinder-volume[87167]: DEBUG oslo_concurrency.lockutils [None req-ca74d986-6313-4c5e-be07-6a115a2bf8fa tempest-SnapshotsActionsTest-185074171 None] Acquiring lock "quobyte" by "cinder.volume.drivers.quobyte.QuobyteDriver.create_snapshot" {{(pid=87167) inner /opt/stack/data/venv/lib/python3.12/site-packages/oslo_concurrency/lockutils.py:511}}
Jul 11 18:44:38 devstack cinder-volume[87167]: DEBUG oslo_concurrency.lockutils [None req-ca74d986-6313-4c5e-be07-6a115a2bf8fa tempest-SnapshotsActionsTest-185074171 None] Lock "quobyte" acquired by "cinder.volume.drivers.quobyte.QuobyteDriver.create_snapshot" :: waited 0.001s {{(pid=87167) inner /opt/stack/data/venv/lib/python3.12/site-packages/oslo_concurrency/lockutils.py:524}}
Jul 11 18:44:38 devstack cinder-volume[87167]: DEBUG cinder.volume.drivers.remotefs [None req-ca74d986-6313-4c5e-be07-6a115a2bf8fa tempest-SnapshotsActionsTest-185074171 None] Creating offline snapshot baabfec5-a5d8-4905-a9f3-28500c744962 of volume d7e2335b-541c-4c2f-a7c4-726d46f6842a {{(pid=87167) _create_snapshot /opt/stack/cinder/cinder/volume/drivers/remotefs.py:1816}}
Jul 11 18:44:38 devstack cinder-volume[87167]: DEBUG oslo.privsep.daemon [-] privsep: reply[d8317bf0-8638-43e2-91b6-2fe71cd6c25a]: (4, 'qcow2') {{(pid=88535) _call_back /opt/stack/data/venv/lib/python3.12/site-packages/oslo_privsep/daemon.py:580}}
Jul 11 18:44:38 devstack cinder-volume[87167]: DEBUG oslo_concurrency.processutils [None req-ca74d986-6313-4c5e-be07-6a115a2bf8fa tempest-SnapshotsActionsTest-185074171 None] Running cmd (subprocess): /opt/stack/data/venv/bin/python3.12 -m oslo_concurrency.prlimit --as=1073741824 --cpu=60 -- sudo cinder-rootwrap /etc/cinder/rootwrap.conf env LC_ALL=C qemu-img info -f qcow2 --output=json --force-share /opt/stack/data/cinder/mnt/78a2d406d47f4a83f5302c0657672d8c/volume-d7e2335b-541c-4c2f-a7c4-726d46f6842a.23abd653-3190-441d-b778-a4af9903b694 {{(pid=87167) execute /opt/stack/data/venv/lib/python3.12/site-packages/oslo_concurrency/processutils.py:440}}
Jul 11 18:44:38 devstack sudo[91965]: quobyte : PWD=/ ; USER=root ; COMMAND=/opt/stack/data/venv/bin/cinder-rootwrap /etc/cinder/rootwrap.conf env LC_ALL=C qemu-img info -f qcow2 --output=json --force-share /opt/stack/data/cinder/mnt/78a2d406d47f4a83f5302c0657672d8c/volume-d7e2335b-541c-4c2f-a7c4-726d46f6842a.23abd653-3190-441d-b778-a4af9903b694
Jul 11 18:44:38 devstack sudo[91965]: pam_unix(sudo:session): session opened for user root(uid=0) by (uid=1000)
Jul 11 18:44:39 devstack sudo[91965]: pam_unix(sudo:session): session closed for user root
Jul 11 18:44:39 devstack cinder-volume[87167]: DEBUG oslo_concurrency.processutils [None req-ca74d986-6313-4c5e-be07-6a115a2bf8fa tempest-SnapshotsActionsTest-185074171 None] CMD "/opt/stack/data/venv/bin/python3.12 -m oslo_concurrency.prlimit --as=1073741824 --cpu=60 -- sudo cinder-rootwrap /etc/cinder/rootwrap.conf env LC_ALL=C qemu-img info -f qcow2 --output=json --force-share /opt/stack/data/cinder/mnt/78a2d406d47f4a83f5302c0657672d8c/volume-d7e2335b-541c-4c2f-a7c4-726d46f6842a.23abd653-3190-441d-b778-a4af9903b694" returned: 0 in 1.121s {{(pid=87167) execute /opt/stack/data/venv/lib/python3.12/site-packages/oslo_concurrency/processutils.py:468}}
Jul 11 18:44:39 devstack cinder-volume[87167]: DEBUG cinder.volume.drivers.remotefs [None req-ca74d986-6313-4c5e-be07-6a115a2bf8fa tempest-SnapshotsActionsTest-185074171 None] Fetching qemu-img info with special backing_file_template: (/opt/stack/data/cinder/mnt/[0-9a-f]+/)?(volume-d7e2335b-541c-4c2f-a7c4-726d46f6842a(.(tmp-snap-)?[0-9a-f-]+)?|volume_from_snapshot_cache/(tmp-snap-)?[0-9a-f-]+(.(child-|parent-)[0-9a-f-]+)?)$ {{(pid=87167) _qemu_img_info_base /opt/stack/cinder/cinder/volume/drivers/remotefs.py:896}}
Jul 11 18:44:39 devstack cinder-volume[87167]: DEBUG oslo_concurrency.processutils [None req-ca74d986-6313-4c5e-be07-6a115a2bf8fa tempest-SnapshotsActionsTest-185074171 None] Running cmd (subprocess): sudo cinder-rootwrap /etc/cinder/rootwrap.conf qemu-img create -f qcow2 -o backing_file=/opt/stack/data/cinder/mnt/78a2d406d47f4a83f5302c0657672d8c/volume-d7e2335b-541c-4c2f-a7c4-726d46f6842a.23abd653-3190-441d-b778-a4af9903b694,backing_fmt=qcow2 /opt/stack/data/cinder/mnt/78a2d406d47f4a83f5302c0657672d8c/volume-d7e2335b-541c-4c2f-a7c4-726d46f6842a.baabfec5-a5d8-4905-a9f3-28500c744962 1G {{(pid=87167) execute /opt/stack/data/venv/lib/python3.12/site-packages/oslo_concurrency/processutils.py:440}}
Jul 11 18:44:39 devstack sudo[92306]: quobyte : PWD=/ ; USER=root ; COMMAND=/opt/stack/data/venv/bin/cinder-rootwrap /etc/cinder/rootwrap.conf qemu-img create -f qcow2 -o backing_file=/opt/stack/data/cinder/mnt/78a2d406d47f4a83f5302c0657672d8c/volume-d7e2335b-541c-4c2f-a7c4-726d46f6842a.23abd653-3190-441d-b778-a4af9903b694,backing_fmt=qcow2 /opt/stack/data/cinder/mnt/78a2d406d47f4a83f5302c0657672d8c/volume-d7e2335b-541c-4c2f-a7c4-726d46f6842a.baabfec5-a5d8-4905-a9f3-28500c744962 1G
Jul 11 18:44:39 devstack sudo[92306]: pam_unix(sudo:session): session opened for user root(uid=0) by (uid=1000)
Jul 11 18:44:40 devstack sudo[92306]: pam_unix(sudo:session): session closed for user root
Jul 11 18:44:40 devstack cinder-volume[87167]: DEBUG oslo_concurrency.processutils [None req-ca74d986-6313-4c5e-be07-6a115a2bf8fa tempest-SnapshotsActionsTest-185074171 None] CMD "sudo cinder-rootwrap /etc/cinder/rootwrap.conf qemu-img create -f qcow2 -o backing_file=/opt/stack/data/cinder/mnt/78a2d406d47f4a83f5302c0657672d8c/volume-d7e2335b-541c-4c2f-a7c4-726d46f6842a.23abd653-3190-441d-b778-a4af9903b694,backing_fmt=qcow2 /opt/stack/data/cinder/mnt/78a2d406d47f4a83f5302c0657672d8c/volume-d7e2335b-541c-4c2f-a7c4-726d46f6842a.baabfec5-a5d8-4905-a9f3-28500c744962 1G" returned: 0 in 0.990s {{(pid=87167) execute /opt/stack/data/venv/lib/python3.12/site-packages/oslo_concurrency/processutils.py:468}}
Jul 11 18:44:40 devstack cinder-volume[87167]: DEBUG oslo_concurrency.processutils [None req-ca74d986-6313-4c5e-be07-6a115a2bf8fa tempest-SnapshotsActionsTest-185074171 None] Running cmd (subprocess): sudo cinder-rootwrap /etc/cinder/rootwrap.conf qemu-img rebase -u -b volume-d7e2335b-541c-4c2f-a7c4-726d46f6842a.23abd653-3190-441d-b778-a4af9903b694 -F qcow2 /opt/stack/data/cinder/mnt/78a2d406d47f4a83f5302c0657672d8c/volume-d7e2335b-541c-4c2f-a7c4-726d46f6842a.baabfec5-a5d8-4905-a9f3-28500c744962 {{(pid=87167) execute /opt/stack/data/venv/lib/python3.12/site-packages/oslo_concurrency/processutils.py:440}}
Jul 11 18:44:40 devstack sudo[92315]: quobyte : PWD=/ ; USER=root ; COMMAND=/opt/stack/data/venv/bin/cinder-rootwrap /etc/cinder/rootwrap.conf qemu-img rebase -u -b volume-d7e2335b-541c-4c2f-a7c4-726d46f6842a.23abd653-3190-441d-b778-a4af9903b694 -F qcow2 /opt/stack/data/cinder/mnt/78a2d406d47f4a83f5302c0657672d8c/volume-d7e2335b-541c-4c2f-a7c4-726d46f6842a.baabfec5-a5d8-4905-a9f3-28500c744962
Jul 11 18:44:40 devstack sudo[92315]: pam_unix(sudo:session): session opened for user root(uid=0) by (uid=1000)
Jul 11 18:44:41 devstack cinder-volume[87167]: DEBUG cinder.volume.flows.manager.create_volume [None req-8f2907a3-015f-421b-b32a-4fef389ad793 tempest-VolumeQuotasAdminTestJSON-1623402277 None] Volume reschedule parameters: True retry: {'num_attempts': 1, 'backends': ['devstack@QuobyteHD#QuobyteHD'], 'hosts': ['devstack@QuobyteHD#QuobyteHD']} {{(pid=87167) get_flow /opt/stack/cinder/cinder/volume/flows/manager/create_volume.py:1397}}
Jul 11 18:44:41 devstack cinder-volume[87167]: DEBUG cinder.volume.manager [None req-8f2907a3-015f-421b-b32a-4fef389ad793 tempest-VolumeQuotasAdminTestJSON-1623402277 None] Flow 'volume_create_manager' (66b12dcd-00c9-4ed6-8027-6b402966a313) transitioned into state 'RUNNING' from state 'PENDING' {{(pid=87167) _flow_receiver /opt/stack/data/venv/lib/python3.12/site-packages/taskflow/listeners/logging.py:160}}
Jul 11 18:44:41 devstack cinder-volume[87167]: DEBUG cinder.volume.manager [None req-8f2907a3-015f-421b-b32a-4fef389ad793 tempest-VolumeQuotasAdminTestJSON-1623402277 None] Task 'cinder.volume.flows.manager.create_volume.ExtractVolumeRefTask;volume:create' (047f2b62-5b0c-4d3d-b3eb-a53ceda600b7) transitioned into state 'RUNNING' from state 'PENDING' {{(pid=87167) _task_receiver /opt/stack/data/venv/lib/python3.12/site-packages/taskflow/listeners/logging.py:242}}
Jul 11 18:44:41 devstack cinder-volume[87167]: DEBUG cinder.volume.manager [None req-8f2907a3-015f-421b-b32a-4fef389ad793 tempest-VolumeQuotasAdminTestJSON-1623402277 None] Task 'cinder.volume.flows.manager.create_volume.ExtractVolumeRefTask;volume:create' (047f2b62-5b0c-4d3d-b3eb-a53ceda600b7) transitioned into state 'SUCCESS' from state 'RUNNING' with result 'Volume(_name_id=None,admin_metadata=,attach_status='detached',availability_zone='nova',bootable=False,cluster=,cluster_name=None,consistencygroup=,consistencygroup_id=None,created_at=2026-07-11T16:44:41Z,deleted=False,deleted_at=None,display_description=None,display_name='tempest-VolumeQuotasAdminTestJSON-Volume-304389250',ec2_id=None,encryption_key_id=None,glance_metadata=,group=,group_id=None,host='devstack@QuobyteHD#QuobyteHD',id=55380056-21e4-41ca-992d-e545abed9260,launched_at=None,metadata={},migration_status=None,multiattach=False,previous_status=None,project_id='15e698a653e24233b491fe014ba4d6e5',provider_auth=None,provider_geometry=None,provider_id=None,provider_location=None,replication_driver_data=None,replication_extended_status=None,replication_status=None,scheduled_at=2026-07-11T16:44:41Z,service_uuid=None,shared_targets=True,size=1,snapshot_id=None,snapshots=,source_volid=None,status='creating',terminated_at=None,updated_at=2026-07-11T16:44:41Z,use_quota=True,user_id='39ecd2d513a1421999451a79971d631c',volume_attachment=VolumeAttachmentList,volume_type=VolumeType(4bddc4e0-7283-4b1f-b541-f0b283152269),volume_type_id=4bddc4e0-7283-4b1f-b541-f0b283152269)' {{(pid=87167) _task_receiver /opt/stack/data/venv/lib/python3.12/site-packages/taskflow/listeners/logging.py:218}}
Jul 11 18:44:41 devstack cinder-volume[87167]: DEBUG cinder.volume.manager [None req-8f2907a3-015f-421b-b32a-4fef389ad793 tempest-VolumeQuotasAdminTestJSON-1623402277 None] Task 'cinder.volume.flows.manager.create_volume.OnFailureRescheduleTask;volume:create' (e8d8e378-5cb1-4f43-8350-6d3e2fb06db6) transitioned into state 'RUNNING' from state 'PENDING' {{(pid=87167) _task_receiver /opt/stack/data/venv/lib/python3.12/site-packages/taskflow/listeners/logging.py:242}}
Jul 11 18:44:41 devstack cinder-volume[87167]: DEBUG cinder.volume.manager [None req-8f2907a3-015f-421b-b32a-4fef389ad793 tempest-VolumeQuotasAdminTestJSON-1623402277 None] Task 'cinder.volume.flows.manager.create_volume.OnFailureRescheduleTask;volume:create' (e8d8e378-5cb1-4f43-8350-6d3e2fb06db6) transitioned into state 'SUCCESS' from state 'RUNNING' with result 'None' {{(pid=87167) _task_receiver /opt/stack/data/venv/lib/python3.12/site-packages/taskflow/listeners/logging.py:218}}
Jul 11 18:44:41 devstack cinder-volume[87167]: DEBUG cinder.volume.manager [None req-8f2907a3-015f-421b-b32a-4fef389ad793 tempest-VolumeQuotasAdminTestJSON-1623402277 None] Task 'cinder.volume.flows.manager.create_volume.ExtractVolumeSpecTask;volume:create' (b0982749-9826-487f-b021-87d0a8b7ae73) transitioned into state 'RUNNING' from state 'PENDING' {{(pid=87167) _task_receiver /opt/stack/data/venv/lib/python3.12/site-packages/taskflow/listeners/logging.py:242}}
Jul 11 18:44:41 devstack cinder-volume[87167]: DEBUG cinder.volume.manager [None req-8f2907a3-015f-421b-b32a-4fef389ad793 tempest-VolumeQuotasAdminTestJSON-1623402277 None] Task 'cinder.volume.flows.manager.create_volume.ExtractVolumeSpecTask;volume:create' (b0982749-9826-487f-b021-87d0a8b7ae73) transitioned into state 'SUCCESS' from state 'RUNNING' with result '{'status': 'creating', 'type': 'raw', 'volume_id': '55380056-21e4-41ca-992d-e545abed9260', 'volume_name': 'volume-55380056-21e4-41ca-992d-e545abed9260', 'volume_size': 1}' {{(pid=87167) _task_receiver /opt/stack/data/venv/lib/python3.12/site-packages/taskflow/listeners/logging.py:218}}
Jul 11 18:44:41 devstack cinder-volume[87167]: DEBUG cinder.volume.manager [None req-8f2907a3-015f-421b-b32a-4fef389ad793 tempest-VolumeQuotasAdminTestJSON-1623402277 None] Task 'cinder.volume.flows.manager.create_volume.NotifyVolumeActionTask;volume:create, create.start' (741b4ff0-d751-4df2-b250-2d1fd979feab) transitioned into state 'RUNNING' from state 'PENDING' {{(pid=87167) _task_receiver /opt/stack/data/venv/lib/python3.12/site-packages/taskflow/listeners/logging.py:242}}
Jul 11 18:44:41 devstack cinder-volume[87167]: DEBUG cinder.volume.manager [None req-8f2907a3-015f-421b-b32a-4fef389ad793 tempest-VolumeQuotasAdminTestJSON-1623402277 None] Task 'cinder.volume.flows.manager.create_volume.NotifyVolumeActionTask;volume:create, create.start' (741b4ff0-d751-4df2-b250-2d1fd979feab) transitioned into state 'SUCCESS' from state 'RUNNING' with result 'None' {{(pid=87167) _task_receiver /opt/stack/data/venv/lib/python3.12/site-packages/taskflow/listeners/logging.py:218}}
Jul 11 18:44:41 devstack cinder-volume[87167]: DEBUG cinder.volume.manager [None req-8f2907a3-015f-421b-b32a-4fef389ad793 tempest-VolumeQuotasAdminTestJSON-1623402277 None] Task 'cinder.volume.flows.manager.create_volume.CreateVolumeFromSpecTask;volume:create' (40c28900-b25f-4e23-9f8a-61e3d1a7bc08) transitioned into state 'RUNNING' from state 'PENDING' {{(pid=87167) _task_receiver /opt/stack/data/venv/lib/python3.12/site-packages/taskflow/listeners/logging.py:242}}
Jul 11 18:44:41 devstack cinder-volume[87167]: INFO cinder.volume.flows.manager.create_volume [None req-8f2907a3-015f-421b-b32a-4fef389ad793 tempest-VolumeQuotasAdminTestJSON-1623402277 None] Volume 55380056-21e4-41ca-992d-e545abed9260: being created as raw with specification: {'status': 'creating', 'volume_name': 'volume-55380056-21e4-41ca-992d-e545abed9260', 'volume_size': 1}
Jul 11 18:44:41 devstack cinder-volume[87167]: DEBUG oslo_concurrency.lockutils [None req-8f2907a3-015f-421b-b32a-4fef389ad793 tempest-VolumeQuotasAdminTestJSON-1623402277 None] Acquiring lock "quobyte" by "cinder.volume.drivers.quobyte.QuobyteDriver.create_volume" {{(pid=87167) inner /opt/stack/data/venv/lib/python3.12/site-packages/oslo_concurrency/lockutils.py:511}}
Jul 11 18:44:41 devstack sudo[92315]: pam_unix(sudo:session): session closed for user root
Jul 11 18:44:41 devstack cinder-volume[87167]: DEBUG oslo_concurrency.processutils [None req-ca74d986-6313-4c5e-be07-6a115a2bf8fa tempest-SnapshotsActionsTest-185074171 None] CMD "sudo cinder-rootwrap /etc/cinder/rootwrap.conf qemu-img rebase -u -b volume-d7e2335b-541c-4c2f-a7c4-726d46f6842a.23abd653-3190-441d-b778-a4af9903b694 -F qcow2 /opt/stack/data/cinder/mnt/78a2d406d47f4a83f5302c0657672d8c/volume-d7e2335b-541c-4c2f-a7c4-726d46f6842a.baabfec5-a5d8-4905-a9f3-28500c744962" returned: 0 in 0.911s {{(pid=87167) execute /opt/stack/data/venv/lib/python3.12/site-packages/oslo_concurrency/processutils.py:468}}
Jul 11 18:44:41 devstack cinder-volume[87167]: WARNING cinder.volume.drivers.remotefs [None req-ca74d986-6313-4c5e-be07-6a115a2bf8fa tempest-SnapshotsActionsTest-185074171 None] /opt/stack/data/cinder/mnt/78a2d406d47f4a83f5302c0657672d8c/volume-d7e2335b-541c-4c2f-a7c4-726d46f6842a.baabfec5-a5d8-4905-a9f3-28500c744962 is being set with open permissions: ugo+rw
Jul 11 18:44:41 devstack cinder-volume[87167]: DEBUG oslo_concurrency.processutils [None req-ca74d986-6313-4c5e-be07-6a115a2bf8fa tempest-SnapshotsActionsTest-185074171 None] Running cmd (subprocess): sudo cinder-rootwrap /etc/cinder/rootwrap.conf chmod ugo+rw /opt/stack/data/cinder/mnt/78a2d406d47f4a83f5302c0657672d8c/volume-d7e2335b-541c-4c2f-a7c4-726d46f6842a.baabfec5-a5d8-4905-a9f3-28500c744962 {{(pid=87167) execute /opt/stack/data/venv/lib/python3.12/site-packages/oslo_concurrency/processutils.py:440}}
Jul 11 18:44:41 devstack sudo[92322]: quobyte : PWD=/ ; USER=root ; COMMAND=/opt/stack/data/venv/bin/cinder-rootwrap /etc/cinder/rootwrap.conf chmod ugo+rw /opt/stack/data/cinder/mnt/78a2d406d47f4a83f5302c0657672d8c/volume-d7e2335b-541c-4c2f-a7c4-726d46f6842a.baabfec5-a5d8-4905-a9f3-28500c744962
Jul 11 18:44:41 devstack sudo[92322]: pam_unix(sudo:session): session opened for user root(uid=0) by (uid=1000)
Jul 11 18:44:42 devstack sudo[92322]: pam_unix(sudo:session): session closed for user root
Jul 11 18:44:42 devstack cinder-volume[87167]: DEBUG oslo_concurrency.processutils [None req-ca74d986-6313-4c5e-be07-6a115a2bf8fa tempest-SnapshotsActionsTest-185074171 None] CMD "sudo cinder-rootwrap /etc/cinder/rootwrap.conf chmod ugo+rw /opt/stack/data/cinder/mnt/78a2d406d47f4a83f5302c0657672d8c/volume-d7e2335b-541c-4c2f-a7c4-726d46f6842a.baabfec5-a5d8-4905-a9f3-28500c744962" returned: 0 in 0.685s {{(pid=87167) execute /opt/stack/data/venv/lib/python3.12/site-packages/oslo_concurrency/processutils.py:468}}
Jul 11 18:44:42 devstack cinder-volume[87167]: DEBUG oslo_concurrency.lockutils [None req-ca74d986-6313-4c5e-be07-6a115a2bf8fa tempest-SnapshotsActionsTest-185074171 None] Lock "quobyte" "released" by "cinder.volume.drivers.quobyte.QuobyteDriver.create_snapshot" :: held 3.827s {{(pid=87167) inner /opt/stack/data/venv/lib/python3.12/site-packages/oslo_concurrency/lockutils.py:543}}
