Jun 30 17:17:23 devstack devstack@n-api.service[61026]: DEBUG oslo_concurrency.lockutils [None req-cebb8d9c-f143-455d-8756-719495a13db4 admin admin] Lock "00000000-0000-0000-0000-000000000000" acquired by "nova.context.set_target_cell..get_or_set_cached_cell_and_set_connections" :: waited 0.001s {{(pid=61026) inner /opt/stack/data/venv/lib/python3.12/site-packages/oslo_concurrency/lockutils.py:524}}
Jun 30 17:17:23 devstack devstack@n-api.service[61026]: DEBUG oslo_concurrency.lockutils [None req-cebb8d9c-f143-455d-8756-719495a13db4 admin admin] Lock "00000000-0000-0000-0000-000000000000" "released" by "nova.context.set_target_cell..get_or_set_cached_cell_and_set_connections" :: held 0.000s {{(pid=61026) inner /opt/stack/data/venv/lib/python3.12/site-packages/oslo_concurrency/lockutils.py:543}}
Jun 30 17:17:23 devstack devstack@n-api.service[61026]: DEBUG oslo_concurrency.lockutils [None req-cebb8d9c-f143-455d-8756-719495a13db4 admin admin] Acquiring lock "4fc3ef14-3447-48f6-babf-1a9dde6cd700" by "nova.context.set_target_cell..get_or_set_cached_cell_and_set_connections" {{(pid=61026) inner /opt/stack/data/venv/lib/python3.12/site-packages/oslo_concurrency/lockutils.py:511}}
Jun 30 17:17:23 devstack devstack@n-api.service[61026]: DEBUG oslo_concurrency.lockutils [None req-cebb8d9c-f143-455d-8756-719495a13db4 admin admin] Lock "4fc3ef14-3447-48f6-babf-1a9dde6cd700" acquired by "nova.context.set_target_cell..get_or_set_cached_cell_and_set_connections" :: waited 0.001s {{(pid=61026) inner /opt/stack/data/venv/lib/python3.12/site-packages/oslo_concurrency/lockutils.py:524}}
Jun 30 17:17:23 devstack devstack@n-api.service[61026]: DEBUG oslo_concurrency.lockutils [None req-cebb8d9c-f143-455d-8756-719495a13db4 admin admin] Lock "4fc3ef14-3447-48f6-babf-1a9dde6cd700" "released" by "nova.context.set_target_cell..get_or_set_cached_cell_and_set_connections" :: held 0.000s {{(pid=61026) inner /opt/stack/data/venv/lib/python3.12/site-packages/oslo_concurrency/lockutils.py:543}}
Jun 30 17:17:23 devstack devstack@n-api.service[61026]: INFO nova.api.openstack.requestlog [None req-cebb8d9c-f143-455d-8756-719495a13db4 admin admin] 192.168.122.84 "GET /compute/v2.1/os-services?binary=nova-compute&host=devstack" status: 200 len: 251 microversion: 2.69 time: 0.153646
Jun 30 17:17:23 devstack devstack@n-api.service[61026]: [pid: 61026|app: 0|req: 18/37] 192.168.122.84 () {60 vars in 1320 bytes} [Tue Jun 30 17:17:23 2026] GET /compute/v2.1/os-services?binary=nova-compute&host=devstack => generated 251 bytes in 155 msecs (HTTP/1.1 200) 9 headers in 359 bytes (1 switches on core 0)
Jun 30 17:17:25 devstack devstack@n-api.service[61025]: DEBUG dbcounter [-] [61025] Writing DB stats nova_api:SELECT=21,nova_api:SAVEPOINT=5,nova_api:INSERT=10,nova_api:RELEASE=5 {{(pid=61025) stat_writer /opt/stack/data/venv/lib/python3.12/site-packages/dbcounter.py:115}}
Jun 30 17:17:33 devstack devstack@n-api.service[61026]: DEBUG dbcounter [-] [61026] Writing DB stats nova_cell1:SELECT=1 {{(pid=61026) stat_writer /opt/stack/data/venv/lib/python3.12/site-packages/dbcounter.py:115}}
Jun 30 17:17:33 devstack devstack@n-api.service[61026]: DEBUG dbcounter [-] [61026] Writing DB stats nova_cell0:SELECT=1 {{(pid=61026) stat_writer /opt/stack/data/venv/lib/python3.12/site-packages/dbcounter.py:115}}
Jun 30 17:17:33 devstack devstack@n-api.service[61026]: DEBUG dbcounter [-] [61026] Writing DB stats nova_api:SELECT=23,nova_api:INSERT=10,nova_api:SAVEPOINT=5,nova_api:RELEASE=5 {{(pid=61026) stat_writer /opt/stack/data/venv/lib/python3.12/site-packages/dbcounter.py:115}}
Jun 30 17:18:00 devstack devstack@n-api.service[61025]: DEBUG nova.api.openstack.wsgi [None req-36e4aa10-ef03-4f71-8103-10fbc4e9139d admin admin] Calling method '>' {{(pid=61025) _process_stack /opt/stack/nova/nova/api/openstack/wsgi.py:551}}
Jun 30 17:18:00 devstack devstack@n-api.service[61025]: INFO nova.api.openstack.requestlog [None req-36e4aa10-ef03-4f71-8103-10fbc4e9139d admin admin] 192.168.122.84 "GET /compute/v2.1" status: 200 len: 392 microversion: 2.1 time: 0.006999
Jun 30 17:18:00 devstack devstack@n-api.service[61025]: [pid: 61025|app: 0|req: 20/38] 192.168.122.84 () {54 vars in 930 bytes} [Tue Jun 30 17:18:00 2026] GET /compute/v2.1 => generated 392 bytes in 8 msecs (HTTP/1.1 200) 9 headers in 357 bytes (1 switches on core 0)
Jun 30 17:18:01 devstack devstack@n-api.service[61026]: DEBUG nova.api.openstack.wsgi [None req-4b9b2292-d7bf-4da0-aac9-592a03c0c7fe admin admin] Calling method '>' {{(pid=61026) _process_stack /opt/stack/nova/nova/api/openstack/wsgi.py:551}}
Jun 30 17:18:01 devstack devstack@n-api.service[61026]: INFO nova.api.openstack.requestlog [None req-4b9b2292-d7bf-4da0-aac9-592a03c0c7fe admin admin] 192.168.122.84 "GET /compute/v2.1/flavors/detail?is_public=True" status: 200 len: 4262 microversion: 2.61 time: 0.086591
Jun 30 17:18:01 devstack devstack@n-api.service[61026]: [pid: 61026|app: 0|req: 19/39] 192.168.122.84 () {60 vars in 1291 bytes} [Tue Jun 30 17:18:00 2026] GET /compute/v2.1/flavors/detail?is_public=True => generated 4262 bytes in 88 msecs (HTTP/1.1 200) 9 headers in 360 bytes (1 switches on core 0)
Jun 30 17:18:07 devstack devstack@n-api.service[61025]: DEBUG nova.api.openstack.wsgi [None req-36e4aa10-ef03-4f71-8103-10fbc4e9139d admin admin] Calling method '>' {{(pid=61025) _process_stack /opt/stack/nova/nova/api/openstack/wsgi.py:551}}
Jun 30 17:18:07 devstack devstack@n-api.service[61025]: INFO nova.api.openstack.requestlog [None req-36e4aa10-ef03-4f71-8103-10fbc4e9139d admin admin] 192.168.122.84 "GET /compute/v2.1" status: 200 len: 392 microversion: 2.1 time: 0.006773
Jun 30 17:18:07 devstack devstack@n-api.service[61025]: [pid: 61025|app: 0|req: 21/40] 192.168.122.84 () {54 vars in 930 bytes} [Tue Jun 30 17:18:07 2026] GET /compute/v2.1 => generated 392 bytes in 8 msecs (HTTP/1.1 200) 9 headers in 357 bytes (1 switches on core 0)
Jun 30 17:18:08 devstack devstack@n-api.service[61026]: DEBUG nova.api.openstack.wsgi [None req-5fb863e2-023b-417e-86c4-be197f67f6cf admin admin] Action: 'create', calling method: >, body: {"flavor": {"vcpus": 1, "OS-FLV-EXT-DATA:ephemeral": 0, "id": "42", "swap": 0, "ram": 192, "os-flavor-access:is_public": true, "name": "m1.nano", "disk": 1}} {{(pid=61026) _process_stack /opt/stack/nova/nova/api/openstack/wsgi.py:549}}
Jun 30 17:18:08 devstack devstack@n-api.service[61026]: INFO nova.api.openstack.requestlog [None req-5fb863e2-023b-417e-86c4-be197f67f6cf admin admin] 192.168.122.84 "POST /compute/v2.1/flavors" status: 200 len: 411 microversion: 2.61 time: 0.103973
Jun 30 17:18:08 devstack devstack@n-api.service[61026]: [pid: 61026|app: 0|req: 20/41] 192.168.122.84 () {64 vars in 1282 bytes} [Tue Jun 30 17:18:07 2026] POST /compute/v2.1/flavors => generated 411 bytes in 106 msecs (HTTP/1.1 200) 9 headers in 359 bytes (1 switches on core 0)
Jun 30 17:18:08 devstack devstack@n-api.service[61025]: DEBUG nova.api.openstack.wsgi [None req-1c07d41b-7d4c-4539-ada5-8d0293362a85 admin admin] Action: 'create', calling method: >, body: {"extra_specs": {"hw_rng:allowed": "True"}} {{(pid=61025) _process_stack /opt/stack/nova/nova/api/openstack/wsgi.py:549}}
Jun 30 17:18:08 devstack devstack@n-api.service[61025]: INFO nova.api.openstack.requestlog [None req-1c07d41b-7d4c-4539-ada5-8d0293362a85 admin admin] 192.168.122.84 "POST /compute/v2.1/flavors/42/os-extra_specs" status: 200 len: 43 microversion: 2.61 time: 0.038348
Jun 30 17:18:08 devstack devstack@n-api.service[61025]: [pid: 61025|app: 0|req: 22/42] 192.168.122.84 () {64 vars in 1335 bytes} [Tue Jun 30 17:18:08 2026] POST /compute/v2.1/flavors/42/os-extra_specs => generated 43 bytes in 40 msecs (HTTP/1.1 200) 9 headers in 358 bytes (1 switches on core 0)
Jun 30 17:18:14 devstack devstack@n-api.service[61026]: DEBUG nova.api.openstack.wsgi [None req-5fb863e2-023b-417e-86c4-be197f67f6cf admin admin] Calling method '>' {{(pid=61026) _process_stack /opt/stack/nova/nova/api/openstack/wsgi.py:551}}
Jun 30 17:18:15 devstack devstack@n-api.service[61026]: INFO nova.api.openstack.requestlog [None req-5fb863e2-023b-417e-86c4-be197f67f6cf admin admin] 192.168.122.84 "GET /compute/v2.1" status: 200 len: 392 microversion: 2.1 time: 0.005742
Jun 30 17:18:15 devstack devstack@n-api.service[61026]: [pid: 61026|app: 0|req: 21/43] 192.168.122.84 () {54 vars in 930 bytes} [Tue Jun 30 17:18:14 2026] GET /compute/v2.1 => generated 392 bytes in 7 msecs (HTTP/1.1 200) 9 headers in 357 bytes (1 switches on core 0)
Jun 30 17:18:15 devstack devstack@n-api.service[61025]: DEBUG nova.api.openstack.wsgi [None req-e85d068a-659d-446d-8ee2-aa00f00205cc admin admin] Action: 'create', calling method: >, body: {"flavor": {"ram": 256, "disk": 1, "id": "84", "vcpus": 1, "name": "m1.micro", "os-flavor-access:is_public": true, "swap": 0, "OS-FLV-EXT-DATA:ephemeral": 0}} {{(pid=61025) _process_stack /opt/stack/nova/nova/api/openstack/wsgi.py:549}}
Jun 30 17:18:15 devstack devstack@n-api.service[61025]: INFO nova.api.openstack.requestlog [None req-e85d068a-659d-446d-8ee2-aa00f00205cc admin admin] 192.168.122.84 "POST /compute/v2.1/flavors" status: 200 len: 412 microversion: 2.61 time: 0.085619
Jun 30 17:18:15 devstack devstack@n-api.service[61025]: [pid: 61025|app: 0|req: 23/44] 192.168.122.84 () {64 vars in 1282 bytes} [Tue Jun 30 17:18:15 2026] POST /compute/v2.1/flavors => generated 412 bytes in 87 msecs (HTTP/1.1 200) 9 headers in 359 bytes (1 switches on core 0)
Jun 30 17:18:15 devstack devstack@n-api.service[61026]: DEBUG nova.api.openstack.wsgi [None req-14085590-dcff-4a4a-ab3d-d842e960f4a4 admin admin] Action: 'create', calling method: >, body: {"extra_specs": {"hw_rng:allowed": "True"}} {{(pid=61026) _process_stack /opt/stack/nova/nova/api/openstack/wsgi.py:549}}
Jun 30 17:18:15 devstack devstack@n-api.service[61026]: INFO nova.api.openstack.requestlog [None req-14085590-dcff-4a4a-ab3d-d842e960f4a4 admin admin] 192.168.122.84 "POST /compute/v2.1/flavors/84/os-extra_specs" status: 200 len: 43 microversion: 2.61 time: 0.037201
Jun 30 17:18:15 devstack devstack@n-api.service[61026]: [pid: 61026|app: 0|req: 22/45] 192.168.122.84 () {64 vars in 1335 bytes} [Tue Jun 30 17:18:15 2026] POST /compute/v2.1/flavors/84/os-extra_specs => generated 43 bytes in 39 msecs (HTTP/1.1 200) 9 headers in 358 bytes (1 switches on core 0)
Jun 30 17:18:25 devstack devstack@n-api.service[61025]: DEBUG dbcounter [-] [61025] Writing DB stats nova_api:SELECT=4,nova_api:SAVEPOINT=1,nova_api:INSERT=2,nova_api:RELEASE=1 {{(pid=61025) stat_writer /opt/stack/data/venv/lib/python3.12/site-packages/dbcounter.py:115}}
Jun 30 17:18:25 devstack devstack@n-api.service[61026]: DEBUG dbcounter [-] [61026] Writing DB stats nova_api:SELECT=5,nova_api:INSERT=2,nova_api:SAVEPOINT=1,nova_api:RELEASE=1 {{(pid=61026) stat_writer /opt/stack/data/venv/lib/python3.12/site-packages/dbcounter.py:115}}
Jun 30 17:22:39 devstack devstack@n-api.service[61025]: DEBUG nova.api.openstack.wsgi [None req-e2f77a80-973a-4c13-b614-f69b8d6d8480 tempest-DeleteServersTestJSON-139005111 tempest-DeleteServersTestJSON-139005111-project-member] Action: 'create', calling method: >, body: {"server": {"name": "tempest-DeleteServersTestJSON-server-1800411978", "imageRef": "bc4830a8-168c-46bb-88a9-41be897f0a62", "flavorRef": "42", "networks": [{"uuid": "79df7564-3749-4d5a-bef6-699c9d52a34a"}]}} {{(pid=61025) _process_stack /opt/stack/nova/nova/api/openstack/wsgi.py:549}}
Jun 30 17:22:40 devstack devstack@n-api.service[61025]: DEBUG oslo_concurrency.lockutils [None req-e2f77a80-973a-4c13-b614-f69b8d6d8480 tempest-DeleteServersTestJSON-139005111 tempest-DeleteServersTestJSON-139005111-project-member] Acquiring lock "00000000-0000-0000-0000-000000000000" by "nova.context.set_target_cell..get_or_set_cached_cell_and_set_connections" {{(pid=61025) inner /opt/stack/data/venv/lib/python3.12/site-packages/oslo_concurrency/lockutils.py:511}}
Jun 30 17:22:40 devstack devstack@n-api.service[61025]: DEBUG oslo_concurrency.lockutils [None req-e2f77a80-973a-4c13-b614-f69b8d6d8480 tempest-DeleteServersTestJSON-139005111 tempest-DeleteServersTestJSON-139005111-project-member] Lock "00000000-0000-0000-0000-000000000000" acquired by "nova.context.set_target_cell..get_or_set_cached_cell_and_set_connections" :: waited 0.001s {{(pid=61025) inner /opt/stack/data/venv/lib/python3.12/site-packages/oslo_concurrency/lockutils.py:524}}
Jun 30 17:22:40 devstack devstack@n-api.service[61025]: DEBUG oslo_concurrency.lockutils [None req-e2f77a80-973a-4c13-b614-f69b8d6d8480 tempest-DeleteServersTestJSON-139005111 tempest-DeleteServersTestJSON-139005111-project-member] Lock "00000000-0000-0000-0000-000000000000" "released" by "nova.context.set_target_cell..get_or_set_cached_cell_and_set_connections" :: held 0.001s {{(pid=61025) inner /opt/stack/data/venv/lib/python3.12/site-packages/oslo_concurrency/lockutils.py:543}}
Jun 30 17:22:40 devstack devstack@n-api.service[61025]: DEBUG oslo_concurrency.lockutils [None req-e2f77a80-973a-4c13-b614-f69b8d6d8480 tempest-DeleteServersTestJSON-139005111 tempest-DeleteServersTestJSON-139005111-project-member] Acquiring lock "4fc3ef14-3447-48f6-babf-1a9dde6cd700" by "nova.context.set_target_cell..get_or_set_cached_cell_and_set_connections" {{(pid=61025) inner /opt/stack/data/venv/lib/python3.12/site-packages/oslo_concurrency/lockutils.py:511}}
Jun 30 17:22:40 devstack devstack@n-api.service[61025]: DEBUG oslo_concurrency.lockutils [None req-e2f77a80-973a-4c13-b614-f69b8d6d8480 tempest-DeleteServersTestJSON-139005111 tempest-DeleteServersTestJSON-139005111-project-member] Lock "4fc3ef14-3447-48f6-babf-1a9dde6cd700" acquired by "nova.context.set_target_cell..get_or_set_cached_cell_and_set_connections" :: waited 0.006s {{(pid=61025) inner /opt/stack/data/venv/lib/python3.12/site-packages/oslo_concurrency/lockutils.py:524}}
Jun 30 17:22:40 devstack devstack@n-api.service[61025]: DEBUG oslo_concurrency.lockutils [None req-e2f77a80-973a-4c13-b614-f69b8d6d8480 tempest-DeleteServersTestJSON-139005111 tempest-DeleteServersTestJSON-139005111-project-member] Lock "4fc3ef14-3447-48f6-babf-1a9dde6cd700" "released" by "nova.context.set_target_cell..get_or_set_cached_cell_and_set_connections" :: held 0.002s {{(pid=61025) inner /opt/stack/data/venv/lib/python3.12/site-packages/oslo_concurrency/lockutils.py:543}}
Jun 30 17:22:40 devstack devstack@n-api.service[61025]: DEBUG nova.network.neutron [None req-e2f77a80-973a-4c13-b614-f69b8d6d8480 tempest-DeleteServersTestJSON-139005111 tempest-DeleteServersTestJSON-139005111-project-member] validate_networks() for [('79df7564-3749-4d5a-bef6-699c9d52a34a', None, None, None, None, None)] {{(pid=61025) validate_networks /opt/stack/nova/nova/network/neutron.py:2686}}
Jun 30 17:22:40 devstack devstack@n-api.service[61025]: WARNING neutronclient.v2_0.client [None req-e2f77a80-973a-4c13-b614-f69b8d6d8480 tempest-DeleteServersTestJSON-139005111 tempest-DeleteServersTestJSON-139005111-project-member] The python binding code in neutronclient is deprecated in favor of OpenstackSDK, please use that as this will be removed in a future release.
Jun 30 17:22:41 devstack devstack@n-api.service[61025]: WARNING neutronclient.v2_0.client [None req-e2f77a80-973a-4c13-b614-f69b8d6d8480 tempest-DeleteServersTestJSON-139005111 tempest-DeleteServersTestJSON-139005111-project-member] The python binding code in neutronclient is deprecated in favor of OpenstackSDK, please use that as this will be removed in a future release.
Jun 30 17:22:41 devstack devstack@n-api.service[61025]: DEBUG nova.virt.hardware [None req-e2f77a80-973a-4c13-b614-f69b8d6d8480 tempest-DeleteServersTestJSON-139005111 tempest-DeleteServersTestJSON-139005111-project-member] Flavor limits 0:0:0 {{(pid=61025) get_cpu_topology_constraints /opt/stack/nova/nova/virt/hardware.py:488}}
Jun 30 17:22:41 devstack devstack@n-api.service[61025]: DEBUG nova.virt.hardware [None req-e2f77a80-973a-4c13-b614-f69b8d6d8480 tempest-DeleteServersTestJSON-139005111 tempest-DeleteServersTestJSON-139005111-project-member] Image limits 0:0:0 {{(pid=61025) get_cpu_topology_constraints /opt/stack/nova/nova/virt/hardware.py:492}}
Jun 30 17:22:41 devstack devstack@n-api.service[61025]: DEBUG nova.virt.hardware [None req-e2f77a80-973a-4c13-b614-f69b8d6d8480 tempest-DeleteServersTestJSON-139005111 tempest-DeleteServersTestJSON-139005111-project-member] Flavor pref 0:0:0 {{(pid=61025) get_cpu_topology_constraints /opt/stack/nova/nova/virt/hardware.py:528}}
Jun 30 17:22:41 devstack devstack@n-api.service[61025]: DEBUG nova.virt.hardware [None req-e2f77a80-973a-4c13-b614-f69b8d6d8480 tempest-DeleteServersTestJSON-139005111 tempest-DeleteServersTestJSON-139005111-project-member] Image pref 0:0:0 {{(pid=61025) get_cpu_topology_constraints /opt/stack/nova/nova/virt/hardware.py:532}}
Jun 30 17:22:41 devstack devstack@n-api.service[61025]: DEBUG nova.virt.hardware [None req-e2f77a80-973a-4c13-b614-f69b8d6d8480 tempest-DeleteServersTestJSON-139005111 tempest-DeleteServersTestJSON-139005111-project-member] Chose sockets=0, cores=0, threads=0; limits were sockets=65536, cores=65536, threads=65536 {{(pid=61025) get_cpu_topology_constraints /opt/stack/nova/nova/virt/hardware.py:570}}
Jun 30 17:22:41 devstack devstack@n-api.service[61025]: DEBUG oslo_concurrency.lockutils [None req-e2f77a80-973a-4c13-b614-f69b8d6d8480 tempest-DeleteServersTestJSON-139005111 tempest-DeleteServersTestJSON-139005111-project-member] Acquiring lock "00000000-0000-0000-0000-000000000000" by "nova.context.set_target_cell..get_or_set_cached_cell_and_set_connections" {{(pid=61025) inner /opt/stack/data/venv/lib/python3.12/site-packages/oslo_concurrency/lockutils.py:511}}
Jun 30 17:22:41 devstack devstack@n-api.service[61025]: DEBUG oslo_concurrency.lockutils [None req-e2f77a80-973a-4c13-b614-f69b8d6d8480 tempest-DeleteServersTestJSON-139005111 tempest-DeleteServersTestJSON-139005111-project-member] Lock "00000000-0000-0000-0000-000000000000" acquired by "nova.context.set_target_cell..get_or_set_cached_cell_and_set_connections" :: waited 0.001s {{(pid=61025) inner /opt/stack/data/venv/lib/python3.12/site-packages/oslo_concurrency/lockutils.py:524}}
Jun 30 17:22:41 devstack devstack@n-api.service[61025]: DEBUG oslo_concurrency.lockutils [None req-e2f77a80-973a-4c13-b614-f69b8d6d8480 tempest-DeleteServersTestJSON-139005111 tempest-DeleteServersTestJSON-139005111-project-member] Lock "00000000-0000-0000-0000-000000000000" "released" by "nova.context.set_target_cell..get_or_set_cached_cell_and_set_connections" :: held 0.001s {{(pid=61025) inner /opt/stack/data/venv/lib/python3.12/site-packages/oslo_concurrency/lockutils.py:543}}
Jun 30 17:22:41 devstack devstack@n-api.service[61025]: DEBUG oslo_concurrency.lockutils [None req-e2f77a80-973a-4c13-b614-f69b8d6d8480 tempest-DeleteServersTestJSON-139005111 tempest-DeleteServersTestJSON-139005111-project-member] Acquiring lock "4fc3ef14-3447-48f6-babf-1a9dde6cd700" by "nova.context.set_target_cell..get_or_set_cached_cell_and_set_connections" {{(pid=61025) inner /opt/stack/data/venv/lib/python3.12/site-packages/oslo_concurrency/lockutils.py:511}}
Jun 30 17:22:41 devstack devstack@n-api.service[61025]: DEBUG oslo_concurrency.lockutils [None req-e2f77a80-973a-4c13-b614-f69b8d6d8480 tempest-DeleteServersTestJSON-139005111 tempest-DeleteServersTestJSON-139005111-project-member] Lock "4fc3ef14-3447-48f6-babf-1a9dde6cd700" acquired by "nova.context.set_target_cell..get_or_set_cached_cell_and_set_connections" :: waited 0.006s {{(pid=61025) inner /opt/stack/data/venv/lib/python3.12/site-packages/oslo_concurrency/lockutils.py:524}}
Jun 30 17:22:41 devstack devstack@n-api.service[61025]: DEBUG oslo_concurrency.lockutils [None req-e2f77a80-973a-4c13-b614-f69b8d6d8480 tempest-DeleteServersTestJSON-139005111 tempest-DeleteServersTestJSON-139005111-project-member] Lock "4fc3ef14-3447-48f6-babf-1a9dde6cd700" "released" by "nova.context.set_target_cell..get_or_set_cached_cell_and_set_connections" :: held 0.001s {{(pid=61025) inner /opt/stack/data/venv/lib/python3.12/site-packages/oslo_concurrency/lockutils.py:543}}
Jun 30 17:22:41 devstack devstack@n-api.service[61025]: DEBUG nova.quota [None req-e2f77a80-973a-4c13-b614-f69b8d6d8480 tempest-DeleteServersTestJSON-139005111 tempest-DeleteServersTestJSON-139005111-project-member] Getting quotas for project 97fb598aa91b407690a5dfcf5b5adf0f. Resources: {'instances', 'cores', 'ram'} {{(pid=61025) _get_quotas /opt/stack/nova/nova/quota.py:389}}
Jun 30 17:22:41 devstack devstack@n-api.service[61025]: DEBUG nova.quota [None req-e2f77a80-973a-4c13-b614-f69b8d6d8480 tempest-DeleteServersTestJSON-139005111 tempest-DeleteServersTestJSON-139005111-project-member] Getting quotas for user 0a81923792124c98953e7c5a490a0603 and project 97fb598aa91b407690a5dfcf5b5adf0f. Resources: {'instances', 'cores', 'ram'} {{(pid=61025) _get_quotas /opt/stack/nova/nova/quota.py:379}}
Jun 30 17:22:41 devstack devstack@n-api.service[61025]: DEBUG nova.compute.api [None req-e2f77a80-973a-4c13-b614-f69b8d6d8480 tempest-DeleteServersTestJSON-139005111 tempest-DeleteServersTestJSON-139005111-project-member] Going to run 1 instances... {{(pid=61025) _provision_instances /opt/stack/nova/nova/compute/api.py:1480}}
Jun 30 17:22:42 devstack devstack@n-api.service[61025]: DEBUG nova.compute.api [None req-e2f77a80-973a-4c13-b614-f69b8d6d8480 tempest-DeleteServersTestJSON-139005111 tempest-DeleteServersTestJSON-139005111-project-member] [instance: b6f6df7a-08fa-4784-bdfe-f1b888f631d7] block_device_mapping [BlockDeviceMapping(attachment_id=,boot_index=0,connection_info=None,created_at=,delete_on_termination=True,deleted=,deleted_at=,destination_type='local',device_name=None,device_type='disk',disk_bus=None,encrypted=False,encryption_format=None,encryption_options=None,encryption_secret_uuid=None,guest_format=None,id=,image_id='bc4830a8-168c-46bb-88a9-41be897f0a62',instance=,instance_uuid=,no_device=False,snapshot_id=None,source_type='image',tag=None,updated_at=,uuid=,volume_id=None,volume_size=None,volume_type=None)] {{(pid=61025) _bdm_validate_set_size_and_instance /opt/stack/nova/nova/compute/api.py:1942}}
Jun 30 17:22:42 devstack devstack@n-api.service[61025]: INFO nova.api.openstack.requestlog [None req-e2f77a80-973a-4c13-b614-f69b8d6d8480 tempest-DeleteServersTestJSON-139005111 tempest-DeleteServersTestJSON-139005111-project-member] 192.168.122.84 "POST /compute/v2.1/servers" status: 202 len: 386 microversion: 2.1 time: 3.574730
Jun 30 17:22:42 devstack devstack@n-api.service[61025]: [pid: 61025|app: 0|req: 24/46] 192.168.122.84 () {60 vars in 1144 bytes} [Tue Jun 30 17:22:38 2026] POST /compute/v2.1/servers => generated 386 bytes in 3580 msecs (HTTP/1.1 202) 10 headers in 454 bytes (1 switches on core 0)
Jun 30 17:22:42 devstack devstack@n-api.service[61025]: DEBUG nova.api.openstack.wsgi [None req-d4c81375-4c44-43a8-bcf3-7bd4d100f2f9 tempest-DeleteServersTestJSON-139005111 tempest-DeleteServersTestJSON-139005111-project-member] Calling method '>' {{(pid=61025) _process_stack /opt/stack/nova/nova/api/openstack/wsgi.py:551}}
Jun 30 17:22:42 devstack devstack@n-api.service[61025]: DEBUG nova.compute.api [None req-d4c81375-4c44-43a8-bcf3-7bd4d100f2f9 tempest-DeleteServersTestJSON-139005111 tempest-DeleteServersTestJSON-139005111-project-member] [instance: b6f6df7a-08fa-4784-bdfe-f1b888f631d7] Fetching instance by UUID {{(pid=61025) get /opt/stack/nova/nova/compute/api.py:3068}}
Jun 30 17:22:42 devstack devstack@n-api.service[61026]: DEBUG nova.api.openstack.wsgi [None req-954fe86f-e169-498a-b555-fc881fb681c0 tempest-ServerActionsTestOtherA-1698360456 tempest-ServerActionsTestOtherA-1698360456-project-member] Action: 'create', calling method: >, body: {"keypair": {"name": "tempest-keypair-835318804", "public_key": "ecdsa-sha2-nistp384 AAAAE2VjZHNhLXNoYTItbmlzdHAzODQAAAAIbmlzdHAzODQAAABhBEN+Xsc4fp9yWd2RQxCgrELW/GFlIMkRP+lPguBV+qK19RMoXSaPbScLB3qHTruQs9jLZNVDjeF3iFx0YrbKxAUHRjZggLvPil48jz8eOrm+7C2XpIVR+e56dg8/sHSMbA=="}} {{(pid=61026) _process_stack /opt/stack/nova/nova/api/openstack/wsgi.py:549}}
Jun 30 17:22:42 devstack devstack@n-api.service[61025]: WARNING neutronclient.v2_0.client [None req-d4c81375-4c44-43a8-bcf3-7bd4d100f2f9 tempest-DeleteServersTestJSON-139005111 tempest-DeleteServersTestJSON-139005111-project-member] The python binding code in neutronclient is deprecated in favor of OpenstackSDK, please use that as this will be removed in a future release.
Jun 30 17:22:42 devstack devstack@n-api.service[61026]: DEBUG nova.quota [None req-954fe86f-e169-498a-b555-fc881fb681c0 tempest-ServerActionsTestOtherA-1698360456 tempest-ServerActionsTestOtherA-1698360456-project-member] Getting quotas for project 39c61bdb99244d0ba487e899387364bd. Resources: {'key_pairs'} {{(pid=61026) _get_quotas /opt/stack/nova/nova/quota.py:389}}
Jun 30 17:22:42 devstack devstack@n-api.service[61026]: DEBUG nova.quota [None req-954fe86f-e169-498a-b555-fc881fb681c0 tempest-ServerActionsTestOtherA-1698360456 tempest-ServerActionsTestOtherA-1698360456-project-member] Getting quotas for user 221d0efc0e3e4ed59bd6f514af6b6f8e and project 39c61bdb99244d0ba487e899387364bd. Resources: {'key_pairs'} {{(pid=61026) _get_quotas /opt/stack/nova/nova/quota.py:379}}
Jun 30 17:22:42 devstack devstack@n-api.service[61025]: DEBUG nova.policy [None req-d4c81375-4c44-43a8-bcf3-7bd4d100f2f9 tempest-DeleteServersTestJSON-139005111 tempest-DeleteServersTestJSON-139005111-project-member] Policy check for os_compute_api:os-extended-server-attributes failed with credentials {'is_admin': False, 'user_id': '0a81923792124c98953e7c5a490a0603', 'user_domain_id': 'default', 'system_scope': None, 'domain_id': None, 'project_id': '97fb598aa91b407690a5dfcf5b5adf0f', 'project_domain_id': 'default', 'roles': ['reader', 'member'], 'is_admin_project': True, 'service_user_id': None, 'service_user_domain_id': None, 'service_project_id': None, 'service_project_domain_id': None, 'service_roles': []} {{(pid=61025) authorize /opt/stack/nova/nova/policy.py:192}}
Jun 30 17:22:42 devstack devstack@n-api.service[61025]: INFO nova.api.openstack.requestlog [None req-d4c81375-4c44-43a8-bcf3-7bd4d100f2f9 tempest-DeleteServersTestJSON-139005111 tempest-DeleteServersTestJSON-139005111-project-member] 192.168.122.84 "GET /compute/v2.1/servers/b6f6df7a-08fa-4784-bdfe-f1b888f631d7" status: 200 len: 1225 microversion: 2.1 time: 0.267509
Jun 30 17:22:42 devstack devstack@n-api.service[61025]: [pid: 61025|app: 0|req: 25/47] 192.168.122.84 () {58 vars in 1233 bytes} [Tue Jun 30 17:22:42 2026] GET /compute/v2.1/servers/b6f6df7a-08fa-4784-bdfe-f1b888f631d7 => generated 1225 bytes in 269 msecs (HTTP/1.1 200) 9 headers in 358 bytes (1 switches on core 0)
Jun 30 17:22:42 devstack devstack@n-api.service[61026]: INFO nova.api.openstack.requestlog [None req-954fe86f-e169-498a-b555-fc881fb681c0 tempest-ServerActionsTestOtherA-1698360456 tempest-ServerActionsTestOtherA-1698360456-project-member] 192.168.122.84 "POST /compute/v2.1/os-keypairs" status: 200 len: 385 microversion: 2.1 time: 0.567599
Jun 30 17:22:42 devstack devstack@n-api.service[61026]: [pid: 61026|app: 0|req: 23/48] 192.168.122.84 () {60 vars in 1156 bytes} [Tue Jun 30 17:22:41 2026] POST /compute/v2.1/os-keypairs => generated 385 bytes in 572 msecs (HTTP/1.1 200) 9 headers in 357 bytes (1 switches on core 0)
Jun 30 17:22:43 devstack devstack@n-api.service[61025]: DEBUG nova.api.openstack.wsgi [None req-7204758b-9a1c-44d2-8788-bfee23f982bf tempest-DeleteServersTestJSON-139005111 tempest-DeleteServersTestJSON-139005111-project-member] Calling method '>' {{(pid=61025) _process_stack /opt/stack/nova/nova/api/openstack/wsgi.py:551}}
Jun 30 17:22:43 devstack devstack@n-api.service[61025]: DEBUG nova.compute.api [None req-7204758b-9a1c-44d2-8788-bfee23f982bf tempest-DeleteServersTestJSON-139005111 tempest-DeleteServersTestJSON-139005111-project-member] [instance: b6f6df7a-08fa-4784-bdfe-f1b888f631d7] Fetching instance by UUID {{(pid=61025) get /opt/stack/nova/nova/compute/api.py:3068}}
Jun 30 17:22:43 devstack devstack@n-api.service[61025]: WARNING neutronclient.v2_0.client [None req-7204758b-9a1c-44d2-8788-bfee23f982bf tempest-DeleteServersTestJSON-139005111 tempest-DeleteServersTestJSON-139005111-project-member] The python binding code in neutronclient is deprecated in favor of OpenstackSDK, please use that as this will be removed in a future release.
Jun 30 17:22:43 devstack devstack@n-api.service[61025]: DEBUG nova.policy [None req-7204758b-9a1c-44d2-8788-bfee23f982bf tempest-DeleteServersTestJSON-139005111 tempest-DeleteServersTestJSON-139005111-project-member] Policy check for os_compute_api:os-extended-server-attributes failed with credentials {'is_admin': False, 'user_id': '0a81923792124c98953e7c5a490a0603', 'user_domain_id': 'default', 'system_scope': None, 'domain_id': None, 'project_id': '97fb598aa91b407690a5dfcf5b5adf0f', 'project_domain_id': 'default', 'roles': ['reader', 'member'], 'is_admin_project': True, 'service_user_id': None, 'service_user_domain_id': None, 'service_project_id': None, 'service_project_domain_id': None, 'service_roles': []} {{(pid=61025) authorize /opt/stack/nova/nova/policy.py:192}}
Jun 30 17:22:43 devstack devstack@n-api.service[61025]: INFO nova.api.openstack.requestlog [None req-7204758b-9a1c-44d2-8788-bfee23f982bf tempest-DeleteServersTestJSON-139005111 tempest-DeleteServersTestJSON-139005111-project-member] 192.168.122.84 "GET /compute/v2.1/servers/b6f6df7a-08fa-4784-bdfe-f1b888f631d7" status: 200 len: 1225 microversion: 2.1 time: 0.239424
Jun 30 17:22:43 devstack devstack@n-api.service[61025]: [pid: 61025|app: 0|req: 26/49] 192.168.122.84 () {58 vars in 1233 bytes} [Tue Jun 30 17:22:43 2026] GET /compute/v2.1/servers/b6f6df7a-08fa-4784-bdfe-f1b888f631d7 => generated 1225 bytes in 241 msecs (HTTP/1.1 200) 9 headers in 358 bytes (1 switches on core 0)
Jun 30 17:22:44 devstack devstack@n-api.service[61026]: DEBUG nova.api.openstack.wsgi [None req-ac6c1808-8bfb-4dbe-bd89-ed0940ef4dcd tempest-DeleteServersTestJSON-139005111 tempest-DeleteServersTestJSON-139005111-project-member] Calling method '>' {{(pid=61026) _process_stack /opt/stack/nova/nova/api/openstack/wsgi.py:551}}
Jun 30 17:22:44 devstack devstack@n-api.service[61026]: DEBUG nova.compute.api [None req-ac6c1808-8bfb-4dbe-bd89-ed0940ef4dcd tempest-DeleteServersTestJSON-139005111 tempest-DeleteServersTestJSON-139005111-project-member] [instance: b6f6df7a-08fa-4784-bdfe-f1b888f631d7] Fetching instance by UUID {{(pid=61026) get /opt/stack/nova/nova/compute/api.py:3068}}
Jun 30 17:22:44 devstack devstack@n-api.service[61026]: DEBUG oslo_concurrency.lockutils [None req-ac6c1808-8bfb-4dbe-bd89-ed0940ef4dcd tempest-DeleteServersTestJSON-139005111 tempest-DeleteServersTestJSON-139005111-project-member] Acquiring lock "4fc3ef14-3447-48f6-babf-1a9dde6cd700" by "nova.context.set_target_cell..get_or_set_cached_cell_and_set_connections" {{(pid=61026) inner /opt/stack/data/venv/lib/python3.12/site-packages/oslo_concurrency/lockutils.py:511}}
Jun 30 17:22:44 devstack devstack@n-api.service[61026]: DEBUG oslo_concurrency.lockutils [None req-ac6c1808-8bfb-4dbe-bd89-ed0940ef4dcd tempest-DeleteServersTestJSON-139005111 tempest-DeleteServersTestJSON-139005111-project-member] Lock "4fc3ef14-3447-48f6-babf-1a9dde6cd700" acquired by "nova.context.set_target_cell..get_or_set_cached_cell_and_set_connections" :: waited 0.001s {{(pid=61026) inner /opt/stack/data/venv/lib/python3.12/site-packages/oslo_concurrency/lockutils.py:524}}
Jun 30 17:22:44 devstack devstack@n-api.service[61026]: DEBUG oslo_concurrency.lockutils [None req-ac6c1808-8bfb-4dbe-bd89-ed0940ef4dcd tempest-DeleteServersTestJSON-139005111 tempest-DeleteServersTestJSON-139005111-project-member] Lock "4fc3ef14-3447-48f6-babf-1a9dde6cd700" "released" by "nova.context.set_target_cell..get_or_set_cached_cell_and_set_connections" :: held 0.001s {{(pid=61026) inner /opt/stack/data/venv/lib/python3.12/site-packages/oslo_concurrency/lockutils.py:543}}
Jun 30 17:22:44 devstack devstack@n-api.service[61026]: DEBUG oslo_concurrency.lockutils [None req-ac6c1808-8bfb-4dbe-bd89-ed0940ef4dcd tempest-DeleteServersTestJSON-139005111 tempest-DeleteServersTestJSON-139005111-project-member] Acquiring lock "4fc3ef14-3447-48f6-babf-1a9dde6cd700" by "nova.context.set_target_cell..get_or_set_cached_cell_and_set_connections" {{(pid=61026) inner /opt/stack/data/venv/lib/python3.12/site-packages/oslo_concurrency/lockutils.py:511}}
Jun 30 17:22:44 devstack devstack@n-api.service[61026]: DEBUG oslo_concurrency.lockutils [None req-ac6c1808-8bfb-4dbe-bd89-ed0940ef4dcd tempest-DeleteServersTestJSON-139005111 tempest-DeleteServersTestJSON-139005111-project-member] Lock "4fc3ef14-3447-48f6-babf-1a9dde6cd700" acquired by "nova.context.set_target_cell..get_or_set_cached_cell_and_set_connections" :: waited 0.001s {{(pid=61026) inner /opt/stack/data/venv/lib/python3.12/site-packages/oslo_concurrency/lockutils.py:524}}
Jun 30 17:22:44 devstack devstack@n-api.service[61026]: DEBUG oslo_concurrency.lockutils [None req-ac6c1808-8bfb-4dbe-bd89-ed0940ef4dcd tempest-DeleteServersTestJSON-139005111 tempest-DeleteServersTestJSON-139005111-project-member] Lock "4fc3ef14-3447-48f6-babf-1a9dde6cd700" "released" by "nova.context.set_target_cell..get_or_set_cached_cell_and_set_connections" :: held 0.003s {{(pid=61026) inner /opt/stack/data/venv/lib/python3.12/site-packages/oslo_concurrency/lockutils.py:543}}
Jun 30 17:22:44 devstack devstack@n-api.service[61026]: WARNING neutronclient.v2_0.client [None req-ac6c1808-8bfb-4dbe-bd89-ed0940ef4dcd tempest-DeleteServersTestJSON-139005111 tempest-DeleteServersTestJSON-139005111-project-member] The python binding code in neutronclient is deprecated in favor of OpenstackSDK, please use that as this will be removed in a future release.
Jun 30 17:22:45 devstack devstack@n-api.service[61025]: DEBUG nova.api.openstack.wsgi [None req-05fe0ccb-7efd-4ad0-b7b3-9baa60bc0692 tempest-ServerActionsTestOtherA-1698360456 tempest-ServerActionsTestOtherA-1698360456-project-member] Action: 'create', calling method: >, body: {"server": {"name": "tempest-ServerActionsTestOtherA-server-632911865", "imageRef": "bc4830a8-168c-46bb-88a9-41be897f0a62", "flavorRef": "42", "adminPass": "***", "networks": [{"uuid": "3eef7d15-0e0f-4038-b76b-de230340f9dc"}], "security_groups": [{"name": "tempest-securitygroup--2061575012"}], "key_name": "tempest-keypair-835318804", "user_data": "}} {{(pid=61025) _process_stack /opt/stack/nova/nova/api/openstack/wsgi.py:549}}
Jun 30 17:22:45 devstack devstack@n-api.service[61025]: DEBUG oslo_concurrency.lockutils [None req-05fe0ccb-7efd-4ad0-b7b3-9baa60bc0692 tempest-ServerActionsTestOtherA-1698360456 tempest-ServerActionsTestOtherA-1698360456-project-member] Acquiring lock "00000000-0000-0000-0000-000000000000" by "nova.context.set_target_cell..get_or_set_cached_cell_and_set_connections" {{(pid=61025) inner /opt/stack/data/venv/lib/python3.12/site-packages/oslo_concurrency/lockutils.py:511}}
Jun 30 17:22:45 devstack devstack@n-api.service[61025]: DEBUG oslo_concurrency.lockutils [None req-05fe0ccb-7efd-4ad0-b7b3-9baa60bc0692 tempest-ServerActionsTestOtherA-1698360456 tempest-ServerActionsTestOtherA-1698360456-project-member] Lock "00000000-0000-0000-0000-000000000000" acquired by "nova.context.set_target_cell..get_or_set_cached_cell_and_set_connections" :: waited 0.002s {{(pid=61025) inner /opt/stack/data/venv/lib/python3.12/site-packages/oslo_concurrency/lockutils.py:524}}
Jun 30 17:22:45 devstack devstack@n-api.service[61025]: DEBUG oslo_concurrency.lockutils [None req-05fe0ccb-7efd-4ad0-b7b3-9baa60bc0692 tempest-ServerActionsTestOtherA-1698360456 tempest-ServerActionsTestOtherA-1698360456-project-member] Lock "00000000-0000-0000-0000-000000000000" "released" by "nova.context.set_target_cell..get_or_set_cached_cell_and_set_connections" :: held 0.001s {{(pid=61025) inner /opt/stack/data/venv/lib/python3.12/site-packages/oslo_concurrency/lockutils.py:543}}
Jun 30 17:22:45 devstack devstack@n-api.service[61025]: DEBUG oslo_concurrency.lockutils [None req-05fe0ccb-7efd-4ad0-b7b3-9baa60bc0692 tempest-ServerActionsTestOtherA-1698360456 tempest-ServerActionsTestOtherA-1698360456-project-member] Acquiring lock "4fc3ef14-3447-48f6-babf-1a9dde6cd700" by "nova.context.set_target_cell..get_or_set_cached_cell_and_set_connections" {{(pid=61025) inner /opt/stack/data/venv/lib/python3.12/site-packages/oslo_concurrency/lockutils.py:511}}
Jun 30 17:22:45 devstack devstack@n-api.service[61025]: DEBUG oslo_concurrency.lockutils [None req-05fe0ccb-7efd-4ad0-b7b3-9baa60bc0692 tempest-ServerActionsTestOtherA-1698360456 tempest-ServerActionsTestOtherA-1698360456-project-member] Lock "4fc3ef14-3447-48f6-babf-1a9dde6cd700" acquired by "nova.context.set_target_cell..get_or_set_cached_cell_and_set_connections" :: waited 0.003s {{(pid=61025) inner /opt/stack/data/venv/lib/python3.12/site-packages/oslo_concurrency/lockutils.py:524}}
Jun 30 17:22:45 devstack devstack@n-api.service[61025]: DEBUG oslo_concurrency.lockutils [None req-05fe0ccb-7efd-4ad0-b7b3-9baa60bc0692 tempest-ServerActionsTestOtherA-1698360456 tempest-ServerActionsTestOtherA-1698360456-project-member] Lock "4fc3ef14-3447-48f6-babf-1a9dde6cd700" "released" by "nova.context.set_target_cell..get_or_set_cached_cell_and_set_connections" :: held 0.002s {{(pid=61025) inner /opt/stack/data/venv/lib/python3.12/site-packages/oslo_concurrency/lockutils.py:543}}
Jun 30 17:22:45 devstack devstack@n-api.service[61025]: WARNING neutronclient.v2_0.client [None req-05fe0ccb-7efd-4ad0-b7b3-9baa60bc0692 tempest-ServerActionsTestOtherA-1698360456 tempest-ServerActionsTestOtherA-1698360456-project-member] The python binding code in neutronclient is deprecated in favor of OpenstackSDK, please use that as this will be removed in a future release.
Jun 30 17:22:45 devstack devstack@n-api.service[61026]: DEBUG nova.policy [None req-ac6c1808-8bfb-4dbe-bd89-ed0940ef4dcd tempest-DeleteServersTestJSON-139005111 tempest-DeleteServersTestJSON-139005111-project-member] Policy check for os_compute_api:os-extended-server-attributes failed with credentials {'is_admin': False, 'user_id': '0a81923792124c98953e7c5a490a0603', 'user_domain_id': 'default', 'system_scope': None, 'domain_id': None, 'project_id': '97fb598aa91b407690a5dfcf5b5adf0f', 'project_domain_id': 'default', 'roles': ['reader', 'member'], 'is_admin_project': True, 'service_user_id': None, 'service_user_domain_id': None, 'service_project_id': None, 'service_project_domain_id': None, 'service_roles': []} {{(pid=61026) authorize /opt/stack/nova/nova/policy.py:192}}
Jun 30 17:22:45 devstack devstack@n-api.service[61026]: INFO nova.api.openstack.requestlog [None req-ac6c1808-8bfb-4dbe-bd89-ed0940ef4dcd tempest-DeleteServersTestJSON-139005111 tempest-DeleteServersTestJSON-139005111-project-member] 192.168.122.84 "GET /compute/v2.1/servers/b6f6df7a-08fa-4784-bdfe-f1b888f631d7" status: 200 len: 1229 microversion: 2.1 time: 0.828460
Jun 30 17:22:45 devstack devstack@n-api.service[61026]: [pid: 61026|app: 0|req: 24/50] 192.168.122.84 () {58 vars in 1233 bytes} [Tue Jun 30 17:22:44 2026] GET /compute/v2.1/servers/b6f6df7a-08fa-4784-bdfe-f1b888f631d7 => generated 1229 bytes in 830 msecs (HTTP/1.1 200) 9 headers in 358 bytes (1 switches on core 0)
Jun 30 17:22:45 devstack devstack@n-api.service[61025]: DEBUG nova.network.neutron [None req-05fe0ccb-7efd-4ad0-b7b3-9baa60bc0692 tempest-ServerActionsTestOtherA-1698360456 tempest-ServerActionsTestOtherA-1698360456-project-member] validate_networks() for [('3eef7d15-0e0f-4038-b76b-de230340f9dc', None, None, None, None, None)] {{(pid=61025) validate_networks /opt/stack/nova/nova/network/neutron.py:2686}}
Jun 30 17:22:45 devstack devstack@n-api.service[61025]: WARNING neutronclient.v2_0.client [None req-05fe0ccb-7efd-4ad0-b7b3-9baa60bc0692 tempest-ServerActionsTestOtherA-1698360456 tempest-ServerActionsTestOtherA-1698360456-project-member] The python binding code in neutronclient is deprecated in favor of OpenstackSDK, please use that as this will be removed in a future release.
Jun 30 17:22:46 devstack devstack@n-api.service[61025]: WARNING neutronclient.v2_0.client [None req-05fe0ccb-7efd-4ad0-b7b3-9baa60bc0692 tempest-ServerActionsTestOtherA-1698360456 tempest-ServerActionsTestOtherA-1698360456-project-member] The python binding code in neutronclient is deprecated in favor of OpenstackSDK, please use that as this will be removed in a future release.
Jun 30 17:22:46 devstack devstack@n-api.service[61025]: DEBUG nova.virt.hardware [None req-05fe0ccb-7efd-4ad0-b7b3-9baa60bc0692 tempest-ServerActionsTestOtherA-1698360456 tempest-ServerActionsTestOtherA-1698360456-project-member] Flavor limits 0:0:0 {{(pid=61025) get_cpu_topology_constraints /opt/stack/nova/nova/virt/hardware.py:488}}
Jun 30 17:22:46 devstack devstack@n-api.service[61025]: DEBUG nova.virt.hardware [None req-05fe0ccb-7efd-4ad0-b7b3-9baa60bc0692 tempest-ServerActionsTestOtherA-1698360456 tempest-ServerActionsTestOtherA-1698360456-project-member] Image limits 0:0:0 {{(pid=61025) get_cpu_topology_constraints /opt/stack/nova/nova/virt/hardware.py:492}}
Jun 30 17:22:46 devstack devstack@n-api.service[61025]: DEBUG nova.virt.hardware [None req-05fe0ccb-7efd-4ad0-b7b3-9baa60bc0692 tempest-ServerActionsTestOtherA-1698360456 tempest-ServerActionsTestOtherA-1698360456-project-member] Flavor pref 0:0:0 {{(pid=61025) get_cpu_topology_constraints /opt/stack/nova/nova/virt/hardware.py:528}}
Jun 30 17:22:46 devstack devstack@n-api.service[61025]: DEBUG nova.virt.hardware [None req-05fe0ccb-7efd-4ad0-b7b3-9baa60bc0692 tempest-ServerActionsTestOtherA-1698360456 tempest-ServerActionsTestOtherA-1698360456-project-member] Image pref 0:0:0 {{(pid=61025) get_cpu_topology_constraints /opt/stack/nova/nova/virt/hardware.py:532}}
Jun 30 17:22:46 devstack devstack@n-api.service[61025]: DEBUG nova.virt.hardware [None req-05fe0ccb-7efd-4ad0-b7b3-9baa60bc0692 tempest-ServerActionsTestOtherA-1698360456 tempest-ServerActionsTestOtherA-1698360456-project-member] Chose sockets=0, cores=0, threads=0; limits were sockets=65536, cores=65536, threads=65536 {{(pid=61025) get_cpu_topology_constraints /opt/stack/nova/nova/virt/hardware.py:570}}
Jun 30 17:22:46 devstack devstack@n-api.service[61025]: DEBUG oslo_concurrency.lockutils [None req-05fe0ccb-7efd-4ad0-b7b3-9baa60bc0692 tempest-ServerActionsTestOtherA-1698360456 tempest-ServerActionsTestOtherA-1698360456-project-member] Acquiring lock "00000000-0000-0000-0000-000000000000" by "nova.context.set_target_cell..get_or_set_cached_cell_and_set_connections" {{(pid=61025) inner /opt/stack/data/venv/lib/python3.12/site-packages/oslo_concurrency/lockutils.py:511}}
Jun 30 17:22:46 devstack devstack@n-api.service[61025]: DEBUG oslo_concurrency.lockutils [None req-05fe0ccb-7efd-4ad0-b7b3-9baa60bc0692 tempest-ServerActionsTestOtherA-1698360456 tempest-ServerActionsTestOtherA-1698360456-project-member] Lock "00000000-0000-0000-0000-000000000000" acquired by "nova.context.set_target_cell..get_or_set_cached_cell_and_set_connections" :: waited 0.001s {{(pid=61025) inner /opt/stack/data/venv/lib/python3.12/site-packages/oslo_concurrency/lockutils.py:524}}
Jun 30 17:22:46 devstack devstack@n-api.service[61025]: DEBUG oslo_concurrency.lockutils [None req-05fe0ccb-7efd-4ad0-b7b3-9baa60bc0692 tempest-ServerActionsTestOtherA-1698360456 tempest-ServerActionsTestOtherA-1698360456-project-member] Lock "00000000-0000-0000-0000-000000000000" "released" by "nova.context.set_target_cell..get_or_set_cached_cell_and_set_connections" :: held 0.000s {{(pid=61025) inner /opt/stack/data/venv/lib/python3.12/site-packages/oslo_concurrency/lockutils.py:543}}
Jun 30 17:22:46 devstack devstack@n-api.service[61025]: DEBUG oslo_concurrency.lockutils [None req-05fe0ccb-7efd-4ad0-b7b3-9baa60bc0692 tempest-ServerActionsTestOtherA-1698360456 tempest-ServerActionsTestOtherA-1698360456-project-member] Acquiring lock "4fc3ef14-3447-48f6-babf-1a9dde6cd700" by "nova.context.set_target_cell..get_or_set_cached_cell_and_set_connections" {{(pid=61025) inner /opt/stack/data/venv/lib/python3.12/site-packages/oslo_concurrency/lockutils.py:511}}
Jun 30 17:22:46 devstack devstack@n-api.service[61025]: DEBUG oslo_concurrency.lockutils [None req-05fe0ccb-7efd-4ad0-b7b3-9baa60bc0692 tempest-ServerActionsTestOtherA-1698360456 tempest-ServerActionsTestOtherA-1698360456-project-member] Lock "4fc3ef14-3447-48f6-babf-1a9dde6cd700" acquired by "nova.context.set_target_cell..get_or_set_cached_cell_and_set_connections" :: waited 0.001s {{(pid=61025) inner /opt/stack/data/venv/lib/python3.12/site-packages/oslo_concurrency/lockutils.py:524}}
Jun 30 17:22:46 devstack devstack@n-api.service[61025]: DEBUG oslo_concurrency.lockutils [None req-05fe0ccb-7efd-4ad0-b7b3-9baa60bc0692 tempest-ServerActionsTestOtherA-1698360456 tempest-ServerActionsTestOtherA-1698360456-project-member] Lock "4fc3ef14-3447-48f6-babf-1a9dde6cd700" "released" by "nova.context.set_target_cell..get_or_set_cached_cell_and_set_connections" :: held 0.000s {{(pid=61025) inner /opt/stack/data/venv/lib/python3.12/site-packages/oslo_concurrency/lockutils.py:543}}
Jun 30 17:22:46 devstack devstack@n-api.service[61025]: DEBUG nova.quota [None req-05fe0ccb-7efd-4ad0-b7b3-9baa60bc0692 tempest-ServerActionsTestOtherA-1698360456 tempest-ServerActionsTestOtherA-1698360456-project-member] Getting quotas for project 39c61bdb99244d0ba487e899387364bd. Resources: {'instances', 'cores', 'ram'} {{(pid=61025) _get_quotas /opt/stack/nova/nova/quota.py:389}}
Jun 30 17:22:46 devstack devstack@n-api.service[61025]: DEBUG nova.quota [None req-05fe0ccb-7efd-4ad0-b7b3-9baa60bc0692 tempest-ServerActionsTestOtherA-1698360456 tempest-ServerActionsTestOtherA-1698360456-project-member] Getting quotas for user 221d0efc0e3e4ed59bd6f514af6b6f8e and project 39c61bdb99244d0ba487e899387364bd. Resources: {'instances', 'cores', 'ram'} {{(pid=61025) _get_quotas /opt/stack/nova/nova/quota.py:379}}
Jun 30 17:22:46 devstack devstack@n-api.service[61025]: DEBUG nova.compute.api [None req-05fe0ccb-7efd-4ad0-b7b3-9baa60bc0692 tempest-ServerActionsTestOtherA-1698360456 tempest-ServerActionsTestOtherA-1698360456-project-member] Going to run 1 instances... {{(pid=61025) _provision_instances /opt/stack/nova/nova/compute/api.py:1480}}
Jun 30 17:22:46 devstack devstack@n-api.service[61025]: DEBUG nova.compute.api [None req-05fe0ccb-7efd-4ad0-b7b3-9baa60bc0692 tempest-ServerActionsTestOtherA-1698360456 tempest-ServerActionsTestOtherA-1698360456-project-member] [instance: 91e2c355-8a94-4459-8367-5eb8d120727e] block_device_mapping [BlockDeviceMapping(attachment_id=,boot_index=0,connection_info=None,created_at=,delete_on_termination=True,deleted=,deleted_at=,destination_type='local',device_name=None,device_type='disk',disk_bus=None,encrypted=False,encryption_format=None,encryption_options=None,encryption_secret_uuid=None,guest_format=None,id=,image_id='bc4830a8-168c-46bb-88a9-41be897f0a62',instance=,instance_uuid=,no_device=False,snapshot_id=None,source_type='image',tag=None,updated_at=,uuid=,volume_id=None,volume_size=None,volume_type=None)] {{(pid=61025) _bdm_validate_set_size_and_instance /opt/stack/nova/nova/compute/api.py:1942}}
Jun 30 17:22:46 devstack devstack@n-api.service[61026]: DEBUG nova.api.openstack.wsgi [None req-520a6c93-7af2-44d0-ac3c-820971bba97f tempest-DeleteServersTestJSON-139005111 tempest-DeleteServersTestJSON-139005111-project-member] Calling method '>' {{(pid=61026) _process_stack /opt/stack/nova/nova/api/openstack/wsgi.py:551}}
Jun 30 17:22:46 devstack devstack@n-api.service[61025]: INFO nova.api.openstack.requestlog [None req-05fe0ccb-7efd-4ad0-b7b3-9baa60bc0692 tempest-ServerActionsTestOtherA-1698360456 tempest-ServerActionsTestOtherA-1698360456-project-member] 192.168.122.84 "POST /compute/v2.1/servers" status: 202 len: 415 microversion: 2.1 time: 1.410032
Jun 30 17:22:46 devstack devstack@n-api.service[61025]: [pid: 61025|app: 0|req: 27/51] 192.168.122.84 () {60 vars in 1144 bytes} [Tue Jun 30 17:22:45 2026] POST /compute/v2.1/servers => generated 415 bytes in 1415 msecs (HTTP/1.1 202) 10 headers in 454 bytes (1 switches on core 0)
Jun 30 17:22:46 devstack devstack@n-api.service[61026]: DEBUG nova.compute.api [None req-520a6c93-7af2-44d0-ac3c-820971bba97f tempest-DeleteServersTestJSON-139005111 tempest-DeleteServersTestJSON-139005111-project-member] [instance: b6f6df7a-08fa-4784-bdfe-f1b888f631d7] Fetching instance by UUID {{(pid=61026) get /opt/stack/nova/nova/compute/api.py:3068}}
Jun 30 17:22:46 devstack devstack@n-api.service[61025]: DEBUG nova.api.openstack.wsgi [None req-12dada01-6852-488e-8388-320bf8f41460 tempest-ServerActionsTestOtherA-1698360456 tempest-ServerActionsTestOtherA-1698360456-project-member] Calling method '>' {{(pid=61025) _process_stack /opt/stack/nova/nova/api/openstack/wsgi.py:551}}
Jun 30 17:22:46 devstack devstack@n-api.service[61025]: DEBUG nova.compute.api [None req-12dada01-6852-488e-8388-320bf8f41460 tempest-ServerActionsTestOtherA-1698360456 tempest-ServerActionsTestOtherA-1698360456-project-member] [instance: 91e2c355-8a94-4459-8367-5eb8d120727e] Fetching instance by UUID {{(pid=61025) get /opt/stack/nova/nova/compute/api.py:3068}}
Jun 30 17:22:46 devstack devstack@n-api.service[61026]: DEBUG oslo_concurrency.lockutils [None req-520a6c93-7af2-44d0-ac3c-820971bba97f tempest-DeleteServersTestJSON-139005111 tempest-DeleteServersTestJSON-139005111-project-member] Acquiring lock "4fc3ef14-3447-48f6-babf-1a9dde6cd700" by "nova.context.set_target_cell..get_or_set_cached_cell_and_set_connections" {{(pid=61026) inner /opt/stack/data/venv/lib/python3.12/site-packages/oslo_concurrency/lockutils.py:511}}
