Jun 30 17:27:23 devstack cinder-volume[86492]: DEBUG oslo_concurrency.processutils [None req-ef35ded2-cf6c-4436-b372-be6d3ef99738 tempest-VolumesActionsTest-1759796978 None] CMD "/opt/stack/data/venv/bin/python3.12 -m oslo_concurrency.prlimit --as=1073741824 --cpu=60 -- sudo cinder-rootwrap /etc/cinder/rootwrap.conf env LC_ALL=C qemu-img info -f qcow2 --output=json --force-share /opt/stack/data/cinder/mnt/a827b833f91462b0f58e3eae65b783e6/volume-8b4d8d0c-f207-4f25-ad33-2801f65e78e0" returned: 0 in 2.310s {{(pid=86492) execute /opt/stack/data/venv/lib/python3.12/site-packages/oslo_concurrency/processutils.py:468}}
Jun 30 17:27:23 devstack cinder-volume[86492]: DEBUG oslo_concurrency.processutils [None req-ef35ded2-cf6c-4436-b372-be6d3ef99738 tempest-VolumesActionsTest-1759796978 None] Running cmd (subprocess): sudo cinder-rootwrap /etc/cinder/rootwrap.conf rm -f /opt/stack/data/cinder/mnt/a827b833f91462b0f58e3eae65b783e6/volume-8b4d8d0c-f207-4f25-ad33-2801f65e78e0 {{(pid=86492) execute /opt/stack/data/venv/lib/python3.12/site-packages/oslo_concurrency/processutils.py:440}}
Jun 30 17:27:23 devstack sudo[91612]: quobyte : PWD=/ ; USER=root ; COMMAND=/opt/stack/data/venv/bin/cinder-rootwrap /etc/cinder/rootwrap.conf rm -f /opt/stack/data/cinder/mnt/a827b833f91462b0f58e3eae65b783e6/volume-8b4d8d0c-f207-4f25-ad33-2801f65e78e0
Jun 30 17:27:23 devstack sudo[91612]: pam_unix(sudo:session): session opened for user root(uid=0) by (uid=1000)
Jun 30 17:27:25 devstack sudo[91612]: pam_unix(sudo:session): session closed for user root
Jun 30 17:27:25 devstack cinder-volume[86492]: DEBUG oslo_concurrency.processutils [None req-ef35ded2-cf6c-4436-b372-be6d3ef99738 tempest-VolumesActionsTest-1759796978 None] CMD "sudo cinder-rootwrap /etc/cinder/rootwrap.conf rm -f /opt/stack/data/cinder/mnt/a827b833f91462b0f58e3eae65b783e6/volume-8b4d8d0c-f207-4f25-ad33-2801f65e78e0" returned: 0 in 1.658s {{(pid=86492) execute /opt/stack/data/venv/lib/python3.12/site-packages/oslo_concurrency/processutils.py:468}}
Jun 30 17:27:25 devstack cinder-volume[86492]: DEBUG cinder.coordination [None req-ef35ded2-cf6c-4436-b372-be6d3ef99738 tempest-VolumesActionsTest-1759796978 None] Lock "cinder-quobyte-8b4d8d0c-f207-4f25-ad33-2801f65e78e0" released by "delete_volume" :: held 4.186s {{(pid=86492) __release /opt/stack/cinder/cinder/coordination.py:152}}
Jun 30 17:27:25 devstack cinder-volume[86492]: DEBUG cinder.quota [None req-ef35ded2-cf6c-4436-b372-be6d3ef99738 tempest-VolumesActionsTest-1759796978 None] Created reservations ['d95e6ae2-1114-4ac0-9382-3eca466bf0ef', 'e23b08c0-676f-4d01-b2b2-1f06a291f9b0', '5cff3207-f0b4-4daf-a571-c98f5b845d76', 'c5357215-6be9-4604-8550-f73bac05a25c'] {{(pid=86492) reserve /opt/stack/cinder/cinder/quota.py:752}}
Jun 30 17:27:25 devstack sudo[91609]: pam_unix(sudo:session): session closed for user root
Jun 30 17:27:25 devstack cinder-volume[86492]: DEBUG oslo_concurrency.processutils [None req-34edfe75-d11a-4f49-9171-ef79cb669a0d tempest-GroupSnapshotsTest-1738739269 None] CMD "sudo cinder-rootwrap /etc/cinder/rootwrap.conf qemu-img create -f qcow2 -o preallocation=metadata /opt/stack/data/cinder/mnt/a827b833f91462b0f58e3eae65b783e6/volume-767349ea-80a0-4166-986c-26e414f8b96a 1073741824" returned: 0 in 2.159s {{(pid=86492) execute /opt/stack/data/venv/lib/python3.12/site-packages/oslo_concurrency/processutils.py:468}}
Jun 30 17:27:25 devstack cinder-volume[86492]: DEBUG oslo_concurrency.processutils [None req-34edfe75-d11a-4f49-9171-ef79cb669a0d tempest-GroupSnapshotsTest-1738739269 None] Running cmd (subprocess): sudo cinder-rootwrap /etc/cinder/rootwrap.conf chmod ugo+rw /opt/stack/data/cinder/mnt/a827b833f91462b0f58e3eae65b783e6/volume-767349ea-80a0-4166-986c-26e414f8b96a {{(pid=86492) execute /opt/stack/data/venv/lib/python3.12/site-packages/oslo_concurrency/processutils.py:440}}
Jun 30 17:27:25 devstack sudo[91619]: quobyte : PWD=/ ; USER=root ; COMMAND=/opt/stack/data/venv/bin/cinder-rootwrap /etc/cinder/rootwrap.conf chmod ugo+rw /opt/stack/data/cinder/mnt/a827b833f91462b0f58e3eae65b783e6/volume-767349ea-80a0-4166-986c-26e414f8b96a
Jun 30 17:27:25 devstack sudo[91619]: pam_unix(sudo:session): session opened for user root(uid=0) by (uid=1000)
Jun 30 17:27:25 devstack cinder-volume[86492]: DEBUG oslo_concurrency.lockutils [None req-ef35ded2-cf6c-4436-b372-be6d3ef99738 tempest-VolumesActionsTest-1759796978 None] Acquiring lock "quobyte_ensure" by "cinder.volume.drivers.quobyte.QuobyteDriver._ensure_shares_mounted" {{(pid=86492) inner /opt/stack/data/venv/lib/python3.12/site-packages/oslo_concurrency/lockutils.py:511}}
Jun 30 17:27:25 devstack cinder-volume[86492]: DEBUG oslo_concurrency.lockutils [None req-ef35ded2-cf6c-4436-b372-be6d3ef99738 tempest-VolumesActionsTest-1759796978 None] Lock "quobyte_ensure" acquired by "cinder.volume.drivers.quobyte.QuobyteDriver._ensure_shares_mounted" :: waited 0.005s {{(pid=86492) inner /opt/stack/data/venv/lib/python3.12/site-packages/oslo_concurrency/lockutils.py:524}}
Jun 30 17:27:25 devstack cinder-volume[86492]: DEBUG cinder.volume.drivers.quobyte [None req-ef35ded2-cf6c-4436-b372-be6d3ef99738 tempest-VolumesActionsTest-1759796978 None] Quobyte Volume URL set to: {'osci02.corp.quobyte.com/cinder-vol-c383abda-8ddf-4f1c-ac0b-bfd3d76cdbbb': None} {{(pid=86492) _load_shares_config /opt/stack/cinder/cinder/volume/drivers/quobyte.py:617}}
Jun 30 17:27:25 devstack cinder-volume[86492]: DEBUG cinder.volume.drivers.quobyte [None req-ef35ded2-cf6c-4436-b372-be6d3ef99738 tempest-VolumesActionsTest-1759796978 None] Available shares ['osci02.corp.quobyte.com/cinder-vol-c383abda-8ddf-4f1c-ac0b-bfd3d76cdbbb'] {{(pid=86492) _ensure_shares_mounted /opt/stack/cinder/cinder/volume/drivers/quobyte.py:647}}
Jun 30 17:27:25 devstack cinder-volume[86492]: DEBUG oslo_concurrency.lockutils [None req-ef35ded2-cf6c-4436-b372-be6d3ef99738 tempest-VolumesActionsTest-1759796978 None] Lock "quobyte_ensure" "released" by "cinder.volume.drivers.quobyte.QuobyteDriver._ensure_shares_mounted" :: held 0.012s {{(pid=86492) inner /opt/stack/data/venv/lib/python3.12/site-packages/oslo_concurrency/lockutils.py:543}}
Jun 30 17:27:25 devstack cinder-volume[86492]: DEBUG oslo_concurrency.processutils [None req-ef35ded2-cf6c-4436-b372-be6d3ef99738 tempest-VolumesActionsTest-1759796978 None] Running cmd (subprocess): sudo cinder-rootwrap /etc/cinder/rootwrap.conf df --portability --block-size 1 /opt/stack/data/cinder/mnt/a827b833f91462b0f58e3eae65b783e6 {{(pid=86492) execute /opt/stack/data/venv/lib/python3.12/site-packages/oslo_concurrency/processutils.py:440}}
Jun 30 17:27:25 devstack sudo[91621]: quobyte : PWD=/ ; USER=root ; COMMAND=/opt/stack/data/venv/bin/cinder-rootwrap /etc/cinder/rootwrap.conf df --portability --block-size 1 /opt/stack/data/cinder/mnt/a827b833f91462b0f58e3eae65b783e6
Jun 30 17:27:25 devstack sudo[91621]: pam_unix(sudo:session): session opened for user root(uid=0) by (uid=1000)
Jun 30 17:27:27 devstack cinder-volume[86492]: DEBUG oslo_concurrency.processutils [None req-ef35ded2-cf6c-4436-b372-be6d3ef99738 tempest-VolumesActionsTest-1759796978 None] CMD "sudo cinder-rootwrap /etc/cinder/rootwrap.conf df --portability --block-size 1 /opt/stack/data/cinder/mnt/a827b833f91462b0f58e3eae65b783e6" returned: 0 in 1.710s {{(pid=86492) execute /opt/stack/data/venv/lib/python3.12/site-packages/oslo_concurrency/processutils.py:468}}
Jun 30 17:27:27 devstack cinder-volume[86492]: DEBUG cinder.manager [None req-ef35ded2-cf6c-4436-b372-be6d3ef99738 tempest-VolumesActionsTest-1759796978 None] Notifying Schedulers of capabilities ... {{(pid=86492) _publish_service_capabilities /opt/stack/cinder/cinder/manager.py:219}}
Jun 30 17:27:27 devstack sudo[91621]: pam_unix(sudo:session): session closed for user root
Jun 30 17:27:27 devstack cinder-volume[86492]: INFO cinder.volume.manager [None req-ef35ded2-cf6c-4436-b372-be6d3ef99738 tempest-VolumesActionsTest-1759796978 None] Deleted volume successfully.
Jun 30 17:27:27 devstack cinder-volume[86492]: DEBUG cinder.coordination [None req-ef35ded2-cf6c-4436-b372-be6d3ef99738 tempest-VolumesActionsTest-1759796978 None] Lock "cinder-8b4d8d0c-f207-4f25-ad33-2801f65e78e0-delete_volume" released by "delete_volume" :: held 6.592s {{(pid=86492) __release /opt/stack/cinder/cinder/coordination.py:152}}
Jun 30 17:27:27 devstack sudo[91619]: pam_unix(sudo:session): session closed for user root
Jun 30 17:27:27 devstack cinder-volume[86492]: DEBUG oslo_concurrency.processutils [None req-34edfe75-d11a-4f49-9171-ef79cb669a0d tempest-GroupSnapshotsTest-1738739269 None] CMD "sudo cinder-rootwrap /etc/cinder/rootwrap.conf chmod ugo+rw /opt/stack/data/cinder/mnt/a827b833f91462b0f58e3eae65b783e6/volume-767349ea-80a0-4166-986c-26e414f8b96a" returned: 0 in 2.230s {{(pid=86492) execute /opt/stack/data/venv/lib/python3.12/site-packages/oslo_concurrency/processutils.py:468}}
Jun 30 17:27:27 devstack cinder-volume[86492]: DEBUG cinder.volume.drivers.quobyte [None req-34edfe75-d11a-4f49-9171-ef79cb669a0d tempest-GroupSnapshotsTest-1738739269 None] <== create_volume: return (4474ms) {'provider_location': 'osci02.corp.quobyte.com/cinder-vol-c383abda-8ddf-4f1c-ac0b-bfd3d76cdbbb'} {{(pid=86492) trace_logging_wrapper /opt/stack/cinder/cinder/volume/volume_utils.py:1522}}
Jun 30 17:27:27 devstack cinder-volume[86492]: DEBUG oslo_concurrency.lockutils [None req-34edfe75-d11a-4f49-9171-ef79cb669a0d tempest-GroupSnapshotsTest-1738739269 None] Lock "quobyte" "released" by "cinder.volume.drivers.quobyte.QuobyteDriver.create_volume" :: held 4.477s {{(pid=86492) inner /opt/stack/data/venv/lib/python3.12/site-packages/oslo_concurrency/lockutils.py:543}}
Jun 30 17:27:27 devstack cinder-volume[86492]: DEBUG cinder.volume.manager [None req-34edfe75-d11a-4f49-9171-ef79cb669a0d tempest-GroupSnapshotsTest-1738739269 None] Task 'cinder.volume.flows.manager.create_volume.CreateVolumeFromSpecTask;volume:create' (f9e62230-e418-4122-b38e-0da7f63cf20b) transitioned into state 'SUCCESS' from state 'RUNNING' with result '{'status': 'creating', 'volume_name': 'volume-767349ea-80a0-4166-986c-26e414f8b96a', 'volume_size': 1}' {{(pid=86492) _task_receiver /opt/stack/data/venv/lib/python3.12/site-packages/taskflow/listeners/logging.py:218}}
Jun 30 17:27:27 devstack cinder-volume[86492]: DEBUG cinder.volume.manager [None req-34edfe75-d11a-4f49-9171-ef79cb669a0d tempest-GroupSnapshotsTest-1738739269 None] Task 'cinder.volume.flows.manager.create_volume.CreateVolumeOnFinishTask;volume:create, create.end' (7d0faae5-c47a-4d3f-94b4-859f410ebf67) transitioned into state 'RUNNING' from state 'PENDING' {{(pid=86492) _task_receiver /opt/stack/data/venv/lib/python3.12/site-packages/taskflow/listeners/logging.py:242}}
Jun 30 17:27:27 devstack cinder-volume[86492]: INFO cinder.volume.flows.manager.create_volume [None req-34edfe75-d11a-4f49-9171-ef79cb669a0d tempest-GroupSnapshotsTest-1738739269 None] Volume volume-767349ea-80a0-4166-986c-26e414f8b96a (767349ea-80a0-4166-986c-26e414f8b96a): created successfully
Jun 30 17:27:27 devstack cinder-volume[86492]: DEBUG cinder.volume.manager [None req-34edfe75-d11a-4f49-9171-ef79cb669a0d tempest-GroupSnapshotsTest-1738739269 None] Task 'cinder.volume.flows.manager.create_volume.CreateVolumeOnFinishTask;volume:create, create.end' (7d0faae5-c47a-4d3f-94b4-859f410ebf67) transitioned into state 'SUCCESS' from state 'RUNNING' with result 'None' {{(pid=86492) _task_receiver /opt/stack/data/venv/lib/python3.12/site-packages/taskflow/listeners/logging.py:218}}
Jun 30 17:27:28 devstack cinder-volume[86492]: DEBUG cinder.volume.manager [None req-34edfe75-d11a-4f49-9171-ef79cb669a0d tempest-GroupSnapshotsTest-1738739269 None] Flow 'volume_create_manager' (fe87da87-dd63-42f6-81a5-c79c343be577) transitioned into state 'SUCCESS' from state 'RUNNING' {{(pid=86492) _flow_receiver /opt/stack/data/venv/lib/python3.12/site-packages/taskflow/listeners/logging.py:160}}
Jun 30 17:27:28 devstack cinder-volume[86492]: INFO cinder.volume.manager [None req-34edfe75-d11a-4f49-9171-ef79cb669a0d tempest-GroupSnapshotsTest-1738739269 None] Created volume successfully.
Jun 30 17:27:29 devstack cinder-volume[86492]: INFO cinder.volume.manager [None req-e3351316-3484-40bb-8a84-5e37efa8c8dc tempest-GroupSnapshotsTest-1738739269 None] Update group completed successfully.
Jun 30 17:27:31 devstack cinder-volume[86492]: INFO cinder.volume.manager [None req-06b67fe4-54bd-465f-9305-efb0159b453c tempest-GroupSnapshotsTest-1738739269 None] Update group completed successfully.
Jun 30 17:27:32 devstack cinder-volume[86492]: INFO cinder.volume.manager [None req-252a1f1e-e50f-4e1b-80cc-fa6a9991315d tempest-GroupSnapshotsTest-1738739269 None] Update group completed successfully.
Jun 30 17:27:33 devstack cinder-volume[86492]: INFO cinder.volume.manager [None req-9c977319-6c44-4834-a215-af4740b87e66 tempest-GroupSnapshotsTest-1738739269 None] Update group completed successfully.
Jun 30 17:27:35 devstack cinder-volume[86492]: INFO cinder.volume.manager [None req-1c6d3cf4-3a4c-4e13-b77c-ca1e48a85f47 tempest-GroupSnapshotsTest-1738739269 None] GroupSnapshot d09ed346-8c1f-404c-8f42-3387a9749792: creating.
Jun 30 17:27:35 devstack cinder-volume[86492]: DEBUG cinder.volume.manager [None req-1c6d3cf4-3a4c-4e13-b77c-ca1e48a85f47 tempest-GroupSnapshotsTest-1738739269 None] Group snapshot d09ed346-8c1f-404c-8f42-3387a9749792: creating. {{(pid=86492) create_group_snapshot /opt/stack/cinder/cinder/volume/manager.py:4175}}
Jun 30 17:27:35 devstack cinder-volume[86492]: DEBUG oslo_concurrency.lockutils [None req-1c6d3cf4-3a4c-4e13-b77c-ca1e48a85f47 tempest-GroupSnapshotsTest-1738739269 None] Acquiring lock "quobyte" by "cinder.volume.drivers.quobyte.QuobyteDriver.create_snapshot" {{(pid=86492) inner /opt/stack/data/venv/lib/python3.12/site-packages/oslo_concurrency/lockutils.py:511}}
Jun 30 17:27:35 devstack cinder-volume[86492]: DEBUG oslo_concurrency.lockutils [None req-1c6d3cf4-3a4c-4e13-b77c-ca1e48a85f47 tempest-GroupSnapshotsTest-1738739269 None] Lock "quobyte" acquired by "cinder.volume.drivers.quobyte.QuobyteDriver.create_snapshot" :: waited 0.001s {{(pid=86492) inner /opt/stack/data/venv/lib/python3.12/site-packages/oslo_concurrency/lockutils.py:524}}
Jun 30 17:27:35 devstack cinder-volume[86492]: DEBUG cinder.volume.drivers.remotefs [None req-1c6d3cf4-3a4c-4e13-b77c-ca1e48a85f47 tempest-GroupSnapshotsTest-1738739269 None] Creating offline snapshot 46058d99-5ab5-4015-978f-5405a80f0864 of volume f7072aa2-66b7-464c-b642-06bac71571b5 {{(pid=86492) _create_snapshot /opt/stack/cinder/cinder/volume/drivers/remotefs.py:1816}}
Jun 30 17:27:35 devstack cinder-volume[86492]: DEBUG oslo.privsep.daemon [-] privsep: reply[be1352d7-c1bb-445c-baef-c22b3a9c886e]: (4, 'qcow2') {{(pid=87548) _call_back /opt/stack/data/venv/lib/python3.12/site-packages/oslo_privsep/daemon.py:580}}
Jun 30 17:27:35 devstack cinder-volume[86492]: DEBUG oslo_concurrency.processutils [None req-1c6d3cf4-3a4c-4e13-b77c-ca1e48a85f47 tempest-GroupSnapshotsTest-1738739269 None] Running cmd (subprocess): /opt/stack/data/venv/bin/python3.12 -m oslo_concurrency.prlimit --as=1073741824 --cpu=60 -- sudo cinder-rootwrap /etc/cinder/rootwrap.conf env LC_ALL=C qemu-img info -f qcow2 --output=json --force-share /opt/stack/data/cinder/mnt/a827b833f91462b0f58e3eae65b783e6/volume-f7072aa2-66b7-464c-b642-06bac71571b5 {{(pid=86492) execute /opt/stack/data/venv/lib/python3.12/site-packages/oslo_concurrency/processutils.py:440}}
Jun 30 17:27:35 devstack sudo[91680]: quobyte : PWD=/ ; USER=root ; COMMAND=/opt/stack/data/venv/bin/cinder-rootwrap /etc/cinder/rootwrap.conf env LC_ALL=C qemu-img info -f qcow2 --output=json --force-share /opt/stack/data/cinder/mnt/a827b833f91462b0f58e3eae65b783e6/volume-f7072aa2-66b7-464c-b642-06bac71571b5
Jun 30 17:27:35 devstack sudo[91680]: pam_unix(sudo:session): session opened for user root(uid=0) by (uid=1000)
Jun 30 17:27:36 devstack cinder-volume[86492]: DEBUG cinder.volume.flows.manager.create_volume [None req-02a597b2-eff7-45b6-80d9-2d0c7b6effe0 tempest-VolumesActionsTest-1759796978 None] Volume reschedule parameters: True retry: {'num_attempts': 1, 'backends': ['devstack@QuobyteHD#QuobyteHD'], 'hosts': ['devstack@QuobyteHD#QuobyteHD']} {{(pid=86492) get_flow /opt/stack/cinder/cinder/volume/flows/manager/create_volume.py:1397}}
Jun 30 17:27:36 devstack cinder-volume[86492]: DEBUG cinder.volume.manager [None req-02a597b2-eff7-45b6-80d9-2d0c7b6effe0 tempest-VolumesActionsTest-1759796978 None] Flow 'volume_create_manager' (8e7852c3-5d3a-4b2c-a5ab-27a28cca14a2) transitioned into state 'RUNNING' from state 'PENDING' {{(pid=86492) _flow_receiver /opt/stack/data/venv/lib/python3.12/site-packages/taskflow/listeners/logging.py:160}}
Jun 30 17:27:36 devstack cinder-volume[86492]: DEBUG cinder.volume.manager [None req-02a597b2-eff7-45b6-80d9-2d0c7b6effe0 tempest-VolumesActionsTest-1759796978 None] Task 'cinder.volume.flows.manager.create_volume.ExtractVolumeRefTask;volume:create' (2af14142-bb12-49e5-96e8-ba4a57634a24) transitioned into state 'RUNNING' from state 'PENDING' {{(pid=86492) _task_receiver /opt/stack/data/venv/lib/python3.12/site-packages/taskflow/listeners/logging.py:242}}
Jun 30 17:27:36 devstack cinder-volume[86492]: DEBUG cinder.volume.manager [None req-02a597b2-eff7-45b6-80d9-2d0c7b6effe0 tempest-VolumesActionsTest-1759796978 None] Task 'cinder.volume.flows.manager.create_volume.ExtractVolumeRefTask;volume:create' (2af14142-bb12-49e5-96e8-ba4a57634a24) transitioned into state 'SUCCESS' from state 'RUNNING' with result 'Volume(_name_id=None,admin_metadata=,attach_status='detached',availability_zone='nova',bootable=False,cluster=,cluster_name=None,consistencygroup=,consistencygroup_id=None,created_at=2026-06-30T15:27:35Z,deleted=False,deleted_at=None,display_description=None,display_name='tempest-VolumesActionsTest-Volume-1074755559',ec2_id=None,encryption_key_id=None,glance_metadata=,group=,group_id=None,host='devstack@QuobyteHD#QuobyteHD',id=6e0a7b33-b6d4-44a2-a14b-9f0d22f3c00c,launched_at=None,metadata={},migration_status=None,multiattach=False,previous_status=None,project_id='5137a8147de94ac1ae875ef65c4b2648',provider_auth=None,provider_geometry=None,provider_id=None,provider_location=None,replication_driver_data=None,replication_extended_status=None,replication_status=None,scheduled_at=2026-06-30T15:27:36Z,service_uuid=None,shared_targets=True,size=1,snapshot_id=None,snapshots=,source_volid=None,status='creating',terminated_at=None,updated_at=2026-06-30T15:27:36Z,use_quota=True,user_id='f5ef3536faaa4960a85269e311d442d2',volume_attachment=VolumeAttachmentList,volume_type=VolumeType(f75620f5-fc84-403d-9424-9602fefa4f33),volume_type_id=f75620f5-fc84-403d-9424-9602fefa4f33)' {{(pid=86492) _task_receiver /opt/stack/data/venv/lib/python3.12/site-packages/taskflow/listeners/logging.py:218}}
Jun 30 17:27:36 devstack cinder-volume[86492]: DEBUG cinder.volume.manager [None req-02a597b2-eff7-45b6-80d9-2d0c7b6effe0 tempest-VolumesActionsTest-1759796978 None] Task 'cinder.volume.flows.manager.create_volume.OnFailureRescheduleTask;volume:create' (dd507cfe-52ac-41c5-9284-955f73a99ac1) transitioned into state 'RUNNING' from state 'PENDING' {{(pid=86492) _task_receiver /opt/stack/data/venv/lib/python3.12/site-packages/taskflow/listeners/logging.py:242}}
Jun 30 17:27:36 devstack cinder-volume[86492]: DEBUG cinder.volume.manager [None req-02a597b2-eff7-45b6-80d9-2d0c7b6effe0 tempest-VolumesActionsTest-1759796978 None] Task 'cinder.volume.flows.manager.create_volume.OnFailureRescheduleTask;volume:create' (dd507cfe-52ac-41c5-9284-955f73a99ac1) transitioned into state 'SUCCESS' from state 'RUNNING' with result 'None' {{(pid=86492) _task_receiver /opt/stack/data/venv/lib/python3.12/site-packages/taskflow/listeners/logging.py:218}}
Jun 30 17:27:36 devstack cinder-volume[86492]: DEBUG cinder.volume.manager [None req-02a597b2-eff7-45b6-80d9-2d0c7b6effe0 tempest-VolumesActionsTest-1759796978 None] Task 'cinder.volume.flows.manager.create_volume.ExtractVolumeSpecTask;volume:create' (96b62f4a-a388-4a0e-a194-45f98d30937f) transitioned into state 'RUNNING' from state 'PENDING' {{(pid=86492) _task_receiver /opt/stack/data/venv/lib/python3.12/site-packages/taskflow/listeners/logging.py:242}}
Jun 30 17:27:36 devstack cinder-volume[86492]: DEBUG cinder.volume.manager [None req-02a597b2-eff7-45b6-80d9-2d0c7b6effe0 tempest-VolumesActionsTest-1759796978 None] Task 'cinder.volume.flows.manager.create_volume.ExtractVolumeSpecTask;volume:create' (96b62f4a-a388-4a0e-a194-45f98d30937f) transitioned into state 'SUCCESS' from state 'RUNNING' with result '{'status': 'creating', 'type': 'raw', 'volume_id': '6e0a7b33-b6d4-44a2-a14b-9f0d22f3c00c', 'volume_name': 'volume-6e0a7b33-b6d4-44a2-a14b-9f0d22f3c00c', 'volume_size': 1}' {{(pid=86492) _task_receiver /opt/stack/data/venv/lib/python3.12/site-packages/taskflow/listeners/logging.py:218}}
Jun 30 17:27:36 devstack cinder-volume[86492]: DEBUG cinder.volume.manager [None req-02a597b2-eff7-45b6-80d9-2d0c7b6effe0 tempest-VolumesActionsTest-1759796978 None] Task 'cinder.volume.flows.manager.create_volume.NotifyVolumeActionTask;volume:create, create.start' (4c8054cc-35f4-42c8-97de-2198a6da4d50) transitioned into state 'RUNNING' from state 'PENDING' {{(pid=86492) _task_receiver /opt/stack/data/venv/lib/python3.12/site-packages/taskflow/listeners/logging.py:242}}
Jun 30 17:27:36 devstack cinder-volume[86492]: DEBUG cinder.volume.manager [None req-02a597b2-eff7-45b6-80d9-2d0c7b6effe0 tempest-VolumesActionsTest-1759796978 None] Task 'cinder.volume.flows.manager.create_volume.NotifyVolumeActionTask;volume:create, create.start' (4c8054cc-35f4-42c8-97de-2198a6da4d50) transitioned into state 'SUCCESS' from state 'RUNNING' with result 'None' {{(pid=86492) _task_receiver /opt/stack/data/venv/lib/python3.12/site-packages/taskflow/listeners/logging.py:218}}
Jun 30 17:27:36 devstack cinder-volume[86492]: DEBUG cinder.volume.manager [None req-02a597b2-eff7-45b6-80d9-2d0c7b6effe0 tempest-VolumesActionsTest-1759796978 None] Task 'cinder.volume.flows.manager.create_volume.CreateVolumeFromSpecTask;volume:create' (5aeb3652-a72a-4fd0-8849-9564c8a3903f) transitioned into state 'RUNNING' from state 'PENDING' {{(pid=86492) _task_receiver /opt/stack/data/venv/lib/python3.12/site-packages/taskflow/listeners/logging.py:242}}
Jun 30 17:27:36 devstack cinder-volume[86492]: INFO cinder.volume.flows.manager.create_volume [None req-02a597b2-eff7-45b6-80d9-2d0c7b6effe0 tempest-VolumesActionsTest-1759796978 None] Volume 6e0a7b33-b6d4-44a2-a14b-9f0d22f3c00c: being created as raw with specification: {'status': 'creating', 'volume_name': 'volume-6e0a7b33-b6d4-44a2-a14b-9f0d22f3c00c', 'volume_size': 1}
Jun 30 17:27:36 devstack cinder-volume[86492]: DEBUG oslo_concurrency.lockutils [None req-02a597b2-eff7-45b6-80d9-2d0c7b6effe0 tempest-VolumesActionsTest-1759796978 None] Acquiring lock "quobyte" by "cinder.volume.drivers.quobyte.QuobyteDriver.create_volume" {{(pid=86492) inner /opt/stack/data/venv/lib/python3.12/site-packages/oslo_concurrency/lockutils.py:511}}
Jun 30 17:27:36 devstack sudo[91680]: pam_unix(sudo:session): session closed for user root
Jun 30 17:27:36 devstack cinder-volume[86492]: DEBUG oslo_concurrency.processutils [None req-1c6d3cf4-3a4c-4e13-b77c-ca1e48a85f47 tempest-GroupSnapshotsTest-1738739269 None] CMD "/opt/stack/data/venv/bin/python3.12 -m oslo_concurrency.prlimit --as=1073741824 --cpu=60 -- sudo cinder-rootwrap /etc/cinder/rootwrap.conf env LC_ALL=C qemu-img info -f qcow2 --output=json --force-share /opt/stack/data/cinder/mnt/a827b833f91462b0f58e3eae65b783e6/volume-f7072aa2-66b7-464c-b642-06bac71571b5" returned: 0 in 1.082s {{(pid=86492) execute /opt/stack/data/venv/lib/python3.12/site-packages/oslo_concurrency/processutils.py:468}}
Jun 30 17:27:36 devstack cinder-volume[86492]: DEBUG oslo_concurrency.processutils [None req-1c6d3cf4-3a4c-4e13-b77c-ca1e48a85f47 tempest-GroupSnapshotsTest-1738739269 None] Running cmd (subprocess): sudo cinder-rootwrap /etc/cinder/rootwrap.conf qemu-img create -f qcow2 -o backing_file=/opt/stack/data/cinder/mnt/a827b833f91462b0f58e3eae65b783e6/volume-f7072aa2-66b7-464c-b642-06bac71571b5,backing_fmt=qcow2 /opt/stack/data/cinder/mnt/a827b833f91462b0f58e3eae65b783e6/volume-f7072aa2-66b7-464c-b642-06bac71571b5.46058d99-5ab5-4015-978f-5405a80f0864 1G {{(pid=86492) execute /opt/stack/data/venv/lib/python3.12/site-packages/oslo_concurrency/processutils.py:440}}
Jun 30 17:27:36 devstack sudo[91707]: quobyte : PWD=/ ; USER=root ; COMMAND=/opt/stack/data/venv/bin/cinder-rootwrap /etc/cinder/rootwrap.conf qemu-img create -f qcow2 -o backing_file=/opt/stack/data/cinder/mnt/a827b833f91462b0f58e3eae65b783e6/volume-f7072aa2-66b7-464c-b642-06bac71571b5,backing_fmt=qcow2 /opt/stack/data/cinder/mnt/a827b833f91462b0f58e3eae65b783e6/volume-f7072aa2-66b7-464c-b642-06bac71571b5.46058d99-5ab5-4015-978f-5405a80f0864 1G
Jun 30 17:27:36 devstack sudo[91707]: pam_unix(sudo:session): session opened for user root(uid=0) by (uid=1000)
Jun 30 17:27:37 devstack sudo[91707]: pam_unix(sudo:session): session closed for user root
Jun 30 17:27:37 devstack cinder-volume[86492]: DEBUG oslo_concurrency.processutils [None req-1c6d3cf4-3a4c-4e13-b77c-ca1e48a85f47 tempest-GroupSnapshotsTest-1738739269 None] CMD "sudo cinder-rootwrap /etc/cinder/rootwrap.conf qemu-img create -f qcow2 -o backing_file=/opt/stack/data/cinder/mnt/a827b833f91462b0f58e3eae65b783e6/volume-f7072aa2-66b7-464c-b642-06bac71571b5,backing_fmt=qcow2 /opt/stack/data/cinder/mnt/a827b833f91462b0f58e3eae65b783e6/volume-f7072aa2-66b7-464c-b642-06bac71571b5.46058d99-5ab5-4015-978f-5405a80f0864 1G" returned: 0 in 1.219s {{(pid=86492) execute /opt/stack/data/venv/lib/python3.12/site-packages/oslo_concurrency/processutils.py:468}}
Jun 30 17:27:37 devstack cinder-volume[86492]: DEBUG oslo_concurrency.processutils [None req-1c6d3cf4-3a4c-4e13-b77c-ca1e48a85f47 tempest-GroupSnapshotsTest-1738739269 None] Running cmd (subprocess): sudo cinder-rootwrap /etc/cinder/rootwrap.conf qemu-img rebase -u -b volume-f7072aa2-66b7-464c-b642-06bac71571b5 -F qcow2 /opt/stack/data/cinder/mnt/a827b833f91462b0f58e3eae65b783e6/volume-f7072aa2-66b7-464c-b642-06bac71571b5.46058d99-5ab5-4015-978f-5405a80f0864 {{(pid=86492) execute /opt/stack/data/venv/lib/python3.12/site-packages/oslo_concurrency/processutils.py:440}}
Jun 30 17:27:37 devstack sudo[91738]: quobyte : PWD=/ ; USER=root ; COMMAND=/opt/stack/data/venv/bin/cinder-rootwrap /etc/cinder/rootwrap.conf qemu-img rebase -u -b volume-f7072aa2-66b7-464c-b642-06bac71571b5 -F qcow2 /opt/stack/data/cinder/mnt/a827b833f91462b0f58e3eae65b783e6/volume-f7072aa2-66b7-464c-b642-06bac71571b5.46058d99-5ab5-4015-978f-5405a80f0864
Jun 30 17:27:37 devstack sudo[91738]: pam_unix(sudo:session): session opened for user root(uid=0) by (uid=1000)
Jun 30 17:27:38 devstack sudo[91738]: pam_unix(sudo:session): session closed for user root
Jun 30 17:27:38 devstack cinder-volume[86492]: DEBUG oslo_concurrency.processutils [None req-1c6d3cf4-3a4c-4e13-b77c-ca1e48a85f47 tempest-GroupSnapshotsTest-1738739269 None] CMD "sudo cinder-rootwrap /etc/cinder/rootwrap.conf qemu-img rebase -u -b volume-f7072aa2-66b7-464c-b642-06bac71571b5 -F qcow2 /opt/stack/data/cinder/mnt/a827b833f91462b0f58e3eae65b783e6/volume-f7072aa2-66b7-464c-b642-06bac71571b5.46058d99-5ab5-4015-978f-5405a80f0864" returned: 0 in 0.932s {{(pid=86492) execute /opt/stack/data/venv/lib/python3.12/site-packages/oslo_concurrency/processutils.py:468}}
Jun 30 17:27:38 devstack cinder-volume[86492]: WARNING cinder.volume.drivers.remotefs [None req-1c6d3cf4-3a4c-4e13-b77c-ca1e48a85f47 tempest-GroupSnapshotsTest-1738739269 None] /opt/stack/data/cinder/mnt/a827b833f91462b0f58e3eae65b783e6/volume-f7072aa2-66b7-464c-b642-06bac71571b5.46058d99-5ab5-4015-978f-5405a80f0864 is being set with open permissions: ugo+rw: NotImplementedError
Jun 30 17:27:38 devstack cinder-volume[86492]: DEBUG oslo_concurrency.processutils [None req-1c6d3cf4-3a4c-4e13-b77c-ca1e48a85f47 tempest-GroupSnapshotsTest-1738739269 None] Running cmd (subprocess): sudo cinder-rootwrap /etc/cinder/rootwrap.conf chmod ugo+rw /opt/stack/data/cinder/mnt/a827b833f91462b0f58e3eae65b783e6/volume-f7072aa2-66b7-464c-b642-06bac71571b5.46058d99-5ab5-4015-978f-5405a80f0864 {{(pid=86492) execute /opt/stack/data/venv/lib/python3.12/site-packages/oslo_concurrency/processutils.py:440}}
Jun 30 17:27:38 devstack sudo[91747]: quobyte : PWD=/ ; USER=root ; COMMAND=/opt/stack/data/venv/bin/cinder-rootwrap /etc/cinder/rootwrap.conf chmod ugo+rw /opt/stack/data/cinder/mnt/a827b833f91462b0f58e3eae65b783e6/volume-f7072aa2-66b7-464c-b642-06bac71571b5.46058d99-5ab5-4015-978f-5405a80f0864
Jun 30 17:27:38 devstack sudo[91747]: pam_unix(sudo:session): session opened for user root(uid=0) by (uid=1000)
Jun 30 17:27:39 devstack sudo[91747]: pam_unix(sudo:session): session closed for user root
Jun 30 17:27:39 devstack cinder-volume[86492]: DEBUG oslo_concurrency.processutils [None req-1c6d3cf4-3a4c-4e13-b77c-ca1e48a85f47 tempest-GroupSnapshotsTest-1738739269 None] CMD "sudo cinder-rootwrap /etc/cinder/rootwrap.conf chmod ugo+rw /opt/stack/data/cinder/mnt/a827b833f91462b0f58e3eae65b783e6/volume-f7072aa2-66b7-464c-b642-06bac71571b5.46058d99-5ab5-4015-978f-5405a80f0864" returned: 0 in 0.775s {{(pid=86492) execute /opt/stack/data/venv/lib/python3.12/site-packages/oslo_concurrency/processutils.py:468}}
Jun 30 17:27:39 devstack cinder-volume[86492]: DEBUG oslo_concurrency.processutils [None req-1c6d3cf4-3a4c-4e13-b77c-ca1e48a85f47 tempest-GroupSnapshotsTest-1738739269 None] Running cmd (subprocess): sudo cinder-rootwrap /etc/cinder/rootwrap.conf truncate -s0 /opt/stack/data/cinder/mnt/a827b833f91462b0f58e3eae65b783e6/volume-f7072aa2-66b7-464c-b642-06bac71571b5.info {{(pid=86492) execute /opt/stack/data/venv/lib/python3.12/site-packages/oslo_concurrency/processutils.py:440}}
Jun 30 17:27:39 devstack sudo[91764]: quobyte : PWD=/ ; USER=root ; COMMAND=/opt/stack/data/venv/bin/cinder-rootwrap /etc/cinder/rootwrap.conf truncate -s0 /opt/stack/data/cinder/mnt/a827b833f91462b0f58e3eae65b783e6/volume-f7072aa2-66b7-464c-b642-06bac71571b5.info
Jun 30 17:27:39 devstack sudo[91764]: pam_unix(sudo:session): session opened for user root(uid=0) by (uid=1000)
Jun 30 17:27:40 devstack sudo[91764]: pam_unix(sudo:session): session closed for user root
Jun 30 17:27:40 devstack cinder-volume[86492]: DEBUG oslo_concurrency.processutils [None req-1c6d3cf4-3a4c-4e13-b77c-ca1e48a85f47 tempest-GroupSnapshotsTest-1738739269 None] CMD "sudo cinder-rootwrap /etc/cinder/rootwrap.conf truncate -s0 /opt/stack/data/cinder/mnt/a827b833f91462b0f58e3eae65b783e6/volume-f7072aa2-66b7-464c-b642-06bac71571b5.info" returned: 0 in 0.724s {{(pid=86492) execute /opt/stack/data/venv/lib/python3.12/site-packages/oslo_concurrency/processutils.py:468}}
Jun 30 17:27:40 devstack cinder-volume[86492]: WARNING cinder.volume.drivers.remotefs [None req-1c6d3cf4-3a4c-4e13-b77c-ca1e48a85f47 tempest-GroupSnapshotsTest-1738739269 None] /opt/stack/data/cinder/mnt/a827b833f91462b0f58e3eae65b783e6/volume-f7072aa2-66b7-464c-b642-06bac71571b5.info is being set with open permissions: ugo+rw: NotImplementedError
Jun 30 17:27:40 devstack cinder-volume[86492]: DEBUG oslo_concurrency.processutils [None req-1c6d3cf4-3a4c-4e13-b77c-ca1e48a85f47 tempest-GroupSnapshotsTest-1738739269 None] Running cmd (subprocess): sudo cinder-rootwrap /etc/cinder/rootwrap.conf chmod ugo+rw /opt/stack/data/cinder/mnt/a827b833f91462b0f58e3eae65b783e6/volume-f7072aa2-66b7-464c-b642-06bac71571b5.info {{(pid=86492) execute /opt/stack/data/venv/lib/python3.12/site-packages/oslo_concurrency/processutils.py:440}}
Jun 30 17:27:40 devstack sudo[91767]: quobyte : PWD=/ ; USER=root ; COMMAND=/opt/stack/data/venv/bin/cinder-rootwrap /etc/cinder/rootwrap.conf chmod ugo+rw /opt/stack/data/cinder/mnt/a827b833f91462b0f58e3eae65b783e6/volume-f7072aa2-66b7-464c-b642-06bac71571b5.info
Jun 30 17:27:40 devstack sudo[91767]: pam_unix(sudo:session): session opened for user root(uid=0) by (uid=1000)
Jun 30 17:27:40 devstack cinder-volume[86492]: DEBUG oslo_service.periodic_task [None req-9b98e5a4-6974-424c-8069-0b16a5135c6f None None] Running periodic task VolumeManager.publish_service_capabilities {{(pid=86492) run_periodic_tasks /opt/stack/data/venv/lib/python3.12/site-packages/oslo_service/periodic_task.py:225}}
Jun 30 17:27:40 devstack cinder-volume[86492]: DEBUG oslo_concurrency.lockutils [None req-9b98e5a4-6974-424c-8069-0b16a5135c6f None None] Acquiring lock "quobyte_ensure" by "cinder.volume.drivers.quobyte.QuobyteDriver._ensure_shares_mounted" {{(pid=86492) inner /opt/stack/data/venv/lib/python3.12/site-packages/oslo_concurrency/lockutils.py:511}}
Jun 30 17:27:40 devstack cinder-volume[86492]: DEBUG oslo_concurrency.lockutils [None req-9b98e5a4-6974-424c-8069-0b16a5135c6f None None] Lock "quobyte_ensure" acquired by "cinder.volume.drivers.quobyte.QuobyteDriver._ensure_shares_mounted" :: waited 0.001s {{(pid=86492) inner /opt/stack/data/venv/lib/python3.12/site-packages/oslo_concurrency/lockutils.py:524}}
Jun 30 17:27:40 devstack cinder-volume[86492]: DEBUG cinder.volume.drivers.quobyte [None req-9b98e5a4-6974-424c-8069-0b16a5135c6f None None] Quobyte Volume URL set to: {'osci02.corp.quobyte.com/cinder-vol-c383abda-8ddf-4f1c-ac0b-bfd3d76cdbbb': None} {{(pid=86492) _load_shares_config /opt/stack/cinder/cinder/volume/drivers/quobyte.py:617}}
Jun 30 17:27:40 devstack cinder-volume[86492]: DEBUG cinder.volume.drivers.quobyte [None req-9b98e5a4-6974-424c-8069-0b16a5135c6f None None] Available shares ['osci02.corp.quobyte.com/cinder-vol-c383abda-8ddf-4f1c-ac0b-bfd3d76cdbbb'] {{(pid=86492) _ensure_shares_mounted /opt/stack/cinder/cinder/volume/drivers/quobyte.py:647}}
Jun 30 17:27:40 devstack cinder-volume[86492]: DEBUG oslo_concurrency.lockutils [None req-9b98e5a4-6974-424c-8069-0b16a5135c6f None None] Lock "quobyte_ensure" "released" by "cinder.volume.drivers.quobyte.QuobyteDriver._ensure_shares_mounted" :: held 0.006s {{(pid=86492) inner /opt/stack/data/venv/lib/python3.12/site-packages/oslo_concurrency/lockutils.py:543}}
Jun 30 17:27:40 devstack cinder-volume[86492]: DEBUG oslo_concurrency.processutils [None req-9b98e5a4-6974-424c-8069-0b16a5135c6f None None] Running cmd (subprocess): sudo cinder-rootwrap /etc/cinder/rootwrap.conf df --portability --block-size 1 /opt/stack/data/cinder/mnt/a827b833f91462b0f58e3eae65b783e6 {{(pid=86492) execute /opt/stack/data/venv/lib/python3.12/site-packages/oslo_concurrency/processutils.py:440}}
Jun 30 17:27:40 devstack sudo[91775]: quobyte : PWD=/ ; USER=root ; COMMAND=/opt/stack/data/venv/bin/cinder-rootwrap /etc/cinder/rootwrap.conf df --portability --block-size 1 /opt/stack/data/cinder/mnt/a827b833f91462b0f58e3eae65b783e6
Jun 30 17:27:40 devstack sudo[91775]: pam_unix(sudo:session): session opened for user root(uid=0) by (uid=1000)
Jun 30 17:27:40 devstack sudo[91767]: pam_unix(sudo:session): session closed for user root
Jun 30 17:27:40 devstack cinder-volume[86492]: DEBUG oslo_concurrency.processutils [None req-1c6d3cf4-3a4c-4e13-b77c-ca1e48a85f47 tempest-GroupSnapshotsTest-1738739269 None] CMD "sudo cinder-rootwrap /etc/cinder/rootwrap.conf chmod ugo+rw /opt/stack/data/cinder/mnt/a827b833f91462b0f58e3eae65b783e6/volume-f7072aa2-66b7-464c-b642-06bac71571b5.info" returned: 0 in 0.704s {{(pid=86492) execute /opt/stack/data/venv/lib/python3.12/site-packages/oslo_concurrency/processutils.py:468}}
Jun 30 17:27:40 devstack cinder-volume[86492]: DEBUG oslo_concurrency.lockutils [None req-1c6d3cf4-3a4c-4e13-b77c-ca1e48a85f47 tempest-GroupSnapshotsTest-1738739269 None] Lock "quobyte" "released" by "cinder.volume.drivers.quobyte.QuobyteDriver.create_snapshot" :: held 5.550s {{(pid=86492) inner /opt/stack/data/venv/lib/python3.12/site-packages/oslo_concurrency/lockutils.py:543}}
Jun 30 17:27:40 devstack cinder-volume[86492]: DEBUG oslo_concurrency.lockutils [None req-1c6d3cf4-3a4c-4e13-b77c-ca1e48a85f47 tempest-GroupSnapshotsTest-1738739269 None] Acquiring lock "quobyte" by "cinder.volume.drivers.quobyte.QuobyteDriver.create_snapshot" {{(pid=86492) inner /opt/stack/data/venv/lib/python3.12/site-packages/oslo_concurrency/lockutils.py:511}}
Jun 30 17:27:40 devstack cinder-volume[86492]: DEBUG oslo_concurrency.lockutils [None req-1c6d3cf4-3a4c-4e13-b77c-ca1e48a85f47 tempest-GroupSnapshotsTest-1738739269 None] Lock "quobyte" acquired by "cinder.volume.drivers.quobyte.QuobyteDriver.create_snapshot" :: waited 0.001s {{(pid=86492) inner /opt/stack/data/venv/lib/python3.12/site-packages/oslo_concurrency/lockutils.py:524}}
Jun 30 17:27:40 devstack cinder-volume[86492]: DEBUG cinder.volume.drivers.remotefs [None req-1c6d3cf4-3a4c-4e13-b77c-ca1e48a85f47 tempest-GroupSnapshotsTest-1738739269 None] Creating offline snapshot 9dbebd3d-3c6b-470f-9e6b-cf2ec7d2b098 of volume 767349ea-80a0-4166-986c-26e414f8b96a {{(pid=86492) _create_snapshot /opt/stack/cinder/cinder/volume/drivers/remotefs.py:1816}}
Jun 30 17:27:40 devstack cinder-volume[86492]: DEBUG oslo.privsep.daemon [-] privsep: reply[db289947-5660-42ef-9277-8df3fee0b652]: (4, 'qcow2') {{(pid=87548) _call_back /opt/stack/data/venv/lib/python3.12/site-packages/oslo_privsep/daemon.py:580}}
Jun 30 17:27:40 devstack cinder-volume[86492]: DEBUG oslo_concurrency.processutils [None req-1c6d3cf4-3a4c-4e13-b77c-ca1e48a85f47 tempest-GroupSnapshotsTest-1738739269 None] Running cmd (subprocess): /opt/stack/data/venv/bin/python3.12 -m oslo_concurrency.prlimit --as=1073741824 --cpu=60 -- sudo cinder-rootwrap /etc/cinder/rootwrap.conf env LC_ALL=C qemu-img info -f qcow2 --output=json --force-share /opt/stack/data/cinder/mnt/a827b833f91462b0f58e3eae65b783e6/volume-767349ea-80a0-4166-986c-26e414f8b96a {{(pid=86492) execute /opt/stack/data/venv/lib/python3.12/site-packages/oslo_concurrency/processutils.py:440}}
Jun 30 17:27:40 devstack sudo[91778]: quobyte : PWD=/ ; USER=root ; COMMAND=/opt/stack/data/venv/bin/cinder-rootwrap /etc/cinder/rootwrap.conf env LC_ALL=C qemu-img info -f qcow2 --output=json --force-share /opt/stack/data/cinder/mnt/a827b833f91462b0f58e3eae65b783e6/volume-767349ea-80a0-4166-986c-26e414f8b96a
Jun 30 17:27:40 devstack sudo[91778]: pam_unix(sudo:session): session opened for user root(uid=0) by (uid=1000)
Jun 30 17:27:41 devstack sudo[91775]: pam_unix(sudo:session): session closed for user root
Jun 30 17:27:41 devstack cinder-volume[86492]: DEBUG oslo_concurrency.processutils [None req-9b98e5a4-6974-424c-8069-0b16a5135c6f None None] CMD "sudo cinder-rootwrap /etc/cinder/rootwrap.conf df --portability --block-size 1 /opt/stack/data/cinder/mnt/a827b833f91462b0f58e3eae65b783e6" returned: 0 in 0.751s {{(pid=86492) execute /opt/stack/data/venv/lib/python3.12/site-packages/oslo_concurrency/processutils.py:468}}
Jun 30 17:27:41 devstack cinder-volume[86492]: DEBUG cinder.manager [None req-9b98e5a4-6974-424c-8069-0b16a5135c6f None None] Notifying Schedulers of capabilities ... {{(pid=86492) _publish_service_capabilities /opt/stack/cinder/cinder/manager.py:219}}
Jun 30 17:27:41 devstack cinder-volume[86492]: DEBUG oslo_service.periodic_task [None req-9b98e5a4-6974-424c-8069-0b16a5135c6f None None] Running periodic task VolumeManager._thread_info {{(pid=86492) run_periodic_tasks /opt/stack/data/venv/lib/python3.12/site-packages/oslo_service/periodic_task.py:225}}
Jun 30 17:27:41 devstack cinder-volume[86492]: DEBUG cinder.volume.manager [None req-9b98e5a4-6974-424c-8069-0b16a5135c6f None None] thread count: 8 {{(pid=86492) _thread_info /opt/stack/cinder/cinder/volume/manager.py:5472}}
Jun 30 17:27:41 devstack cinder-volume[86492]: DEBUG cinder.volume.manager [None req-9b98e5a4-6974-424c-8069-0b16a5135c6f None None] thread info: [<_MainThread(MainThread, started 126531341512832)>, , , , , , , ] {{(pid=86492) _thread_info /opt/stack/cinder/cinder/volume/manager.py:5473}}
Jun 30 17:27:41 devstack sudo[91778]: pam_unix(sudo:session): session closed for user root
Jun 30 17:27:41 devstack cinder-volume[86492]: DEBUG oslo_concurrency.processutils [None req-1c6d3cf4-3a4c-4e13-b77c-ca1e48a85f47 tempest-GroupSnapshotsTest-1738739269 None] CMD "/opt/stack/data/venv/bin/python3.12 -m oslo_concurrency.prlimit --as=1073741824 --cpu=60 -- sudo cinder-rootwrap /etc/cinder/rootwrap.conf env LC_ALL=C qemu-img info -f qcow2 --output=json --force-share /opt/stack/data/cinder/mnt/a827b833f91462b0f58e3eae65b783e6/volume-767349ea-80a0-4166-986c-26e414f8b96a" returned: 0 in 0.830s {{(pid=86492) execute /opt/stack/data/venv/lib/python3.12/site-packages/oslo_concurrency/processutils.py:468}}
Jun 30 17:27:41 devstack cinder-volume[86492]: DEBUG oslo_concurrency.processutils [None req-1c6d3cf4-3a4c-4e13-b77c-ca1e48a85f47 tempest-GroupSnapshotsTest-1738739269 None] Running cmd (subprocess): sudo cinder-rootwrap /etc/cinder/rootwrap.conf qemu-img create -f qcow2 -o backing_file=/opt/stack/data/cinder/mnt/a827b833f91462b0f58e3eae65b783e6/volume-767349ea-80a0-4166-986c-26e414f8b96a,backing_fmt=qcow2 /opt/stack/data/cinder/mnt/a827b833f91462b0f58e3eae65b783e6/volume-767349ea-80a0-4166-986c-26e414f8b96a.9dbebd3d-3c6b-470f-9e6b-cf2ec7d2b098 1G {{(pid=86492) execute /opt/stack/data/venv/lib/python3.12/site-packages/oslo_concurrency/processutils.py:440}}
Jun 30 17:27:41 devstack sudo[91784]: quobyte : PWD=/ ; USER=root ; COMMAND=/opt/stack/data/venv/bin/cinder-rootwrap /etc/cinder/rootwrap.conf qemu-img create -f qcow2 -o backing_file=/opt/stack/data/cinder/mnt/a827b833f91462b0f58e3eae65b783e6/volume-767349ea-80a0-4166-986c-26e414f8b96a,backing_fmt=qcow2 /opt/stack/data/cinder/mnt/a827b833f91462b0f58e3eae65b783e6/volume-767349ea-80a0-4166-986c-26e414f8b96a.9dbebd3d-3c6b-470f-9e6b-cf2ec7d2b098 1G
Jun 30 17:27:41 devstack sudo[91784]: pam_unix(sudo:session): session opened for user root(uid=0) by (uid=1000)
Jun 30 17:27:42 devstack sudo[91784]: pam_unix(sudo:session): session closed for user root
Jun 30 17:27:42 devstack cinder-volume[86492]: DEBUG oslo_concurrency.processutils [None req-1c6d3cf4-3a4c-4e13-b77c-ca1e48a85f47 tempest-GroupSnapshotsTest-1738739269 None] CMD "sudo cinder-rootwrap /etc/cinder/rootwrap.conf qemu-img create -f qcow2 -o backing_file=/opt/stack/data/cinder/mnt/a827b833f91462b0f58e3eae65b783e6/volume-767349ea-80a0-4166-986c-26e414f8b96a,backing_fmt=qcow2 /opt/stack/data/cinder/mnt/a827b833f91462b0f58e3eae65b783e6/volume-767349ea-80a0-4166-986c-26e414f8b96a.9dbebd3d-3c6b-470f-9e6b-cf2ec7d2b098 1G" returned: 0 in 0.859s {{(pid=86492) execute /opt/stack/data/venv/lib/python3.12/site-packages/oslo_concurrency/processutils.py:468}}
Jun 30 17:27:42 devstack cinder-volume[86492]: DEBUG oslo_concurrency.processutils [None req-1c6d3cf4-3a4c-4e13-b77c-ca1e48a85f47 tempest-GroupSnapshotsTest-1738739269 None] Running cmd (subprocess): sudo cinder-rootwrap /etc/cinder/rootwrap.conf qemu-img rebase -u -b volume-767349ea-80a0-4166-986c-26e414f8b96a -F qcow2 /opt/stack/data/cinder/mnt/a827b833f91462b0f58e3eae65b783e6/volume-767349ea-80a0-4166-986c-26e414f8b96a.9dbebd3d-3c6b-470f-9e6b-cf2ec7d2b098 {{(pid=86492) execute /opt/stack/data/venv/lib/python3.12/site-packages/oslo_concurrency/processutils.py:440}}
Jun 30 17:27:42 devstack sudo[91830]: quobyte : PWD=/ ; USER=root ; COMMAND=/opt/stack/data/venv/bin/cinder-rootwrap /etc/cinder/rootwrap.conf qemu-img rebase -u -b volume-767349ea-80a0-4166-986c-26e414f8b96a -F qcow2 /opt/stack/data/cinder/mnt/a827b833f91462b0f58e3eae65b783e6/volume-767349ea-80a0-4166-986c-26e414f8b96a.9dbebd3d-3c6b-470f-9e6b-cf2ec7d2b098
Jun 30 17:27:42 devstack sudo[91830]: pam_unix(sudo:session): session opened for user root(uid=0) by (uid=1000)
Jun 30 17:27:43 devstack sudo[91830]: pam_unix(sudo:session): session closed for user root
Jun 30 17:27:43 devstack cinder-volume[86492]: DEBUG oslo_concurrency.processutils [None req-1c6d3cf4-3a4c-4e13-b77c-ca1e48a85f47 tempest-GroupSnapshotsTest-1738739269 None] CMD "sudo cinder-rootwrap /etc/cinder/rootwrap.conf qemu-img rebase -u -b volume-767349ea-80a0-4166-986c-26e414f8b96a -F qcow2 /opt/stack/data/cinder/mnt/a827b833f91462b0f58e3eae65b783e6/volume-767349ea-80a0-4166-986c-26e414f8b96a.9dbebd3d-3c6b-470f-9e6b-cf2ec7d2b098" returned: 0 in 0.702s {{(pid=86492) execute /opt/stack/data/venv/lib/python3.12/site-packages/oslo_concurrency/processutils.py:468}}
Jun 30 17:27:43 devstack cinder-volume[86492]: WARNING cinder.volume.drivers.remotefs [None req-1c6d3cf4-3a4c-4e13-b77c-ca1e48a85f47 tempest-GroupSnapshotsTest-1738739269 None] /opt/stack/data/cinder/mnt/a827b833f91462b0f58e3eae65b783e6/volume-767349ea-80a0-4166-986c-26e414f8b96a.9dbebd3d-3c6b-470f-9e6b-cf2ec7d2b098 is being set with open permissions: ugo+rw: NotImplementedError
Jun 30 17:27:43 devstack cinder-volume[86492]: DEBUG oslo_concurrency.processutils [None req-1c6d3cf4-3a4c-4e13-b77c-ca1e48a85f47 tempest-GroupSnapshotsTest-1738739269 None] Running cmd (subprocess): sudo cinder-rootwrap /etc/cinder/rootwrap.conf chmod ugo+rw /opt/stack/data/cinder/mnt/a827b833f91462b0f58e3eae65b783e6/volume-767349ea-80a0-4166-986c-26e414f8b96a.9dbebd3d-3c6b-470f-9e6b-cf2ec7d2b098 {{(pid=86492) execute /opt/stack/data/venv/lib/python3.12/site-packages/oslo_concurrency/processutils.py:440}}
Jun 30 17:27:43 devstack sudo[91835]: quobyte : PWD=/ ; USER=root ; COMMAND=/opt/stack/data/venv/bin/cinder-rootwrap /etc/cinder/rootwrap.conf chmod ugo+rw /opt/stack/data/cinder/mnt/a827b833f91462b0f58e3eae65b783e6/volume-767349ea-80a0-4166-986c-26e414f8b96a.9dbebd3d-3c6b-470f-9e6b-cf2ec7d2b098
Jun 30 17:27:43 devstack sudo[91835]: pam_unix(sudo:session): session opened for user root(uid=0) by (uid=1000)
Jun 30 17:27:43 devstack sudo[91835]: pam_unix(sudo:session): session closed for user root
Jun 30 17:27:43 devstack cinder-volume[86492]: DEBUG oslo_concurrency.processutils [None req-1c6d3cf4-3a4c-4e13-b77c-ca1e48a85f47 tempest-GroupSnapshotsTest-1738739269 None] CMD "sudo cinder-rootwrap /etc/cinder/rootwrap.conf chmod ugo+rw /opt/stack/data/cinder/mnt/a827b833f91462b0f58e3eae65b783e6/volume-767349ea-80a0-4166-986c-26e414f8b96a.9dbebd3d-3c6b-470f-9e6b-cf2ec7d2b098" returned: 0 in 0.710s {{(pid=86492) execute /opt/stack/data/venv/lib/python3.12/site-packages/oslo_concurrency/processutils.py:468}}
Jun 30 17:27:44 devstack cinder-volume[86492]: DEBUG oslo_concurrency.processutils [None req-1c6d3cf4-3a4c-4e13-b77c-ca1e48a85f47 tempest-GroupSnapshotsTest-1738739269 None] Running cmd (subprocess): sudo cinder-rootwrap /etc/cinder/rootwrap.conf truncate -s0 /opt/stack/data/cinder/mnt/a827b833f91462b0f58e3eae65b783e6/volume-767349ea-80a0-4166-986c-26e414f8b96a.info {{(pid=86492) execute /opt/stack/data/venv/lib/python3.12/site-packages/oslo_concurrency/processutils.py:440}}
Jun 30 17:27:44 devstack sudo[91852]: quobyte : PWD=/ ; USER=root ; COMMAND=/opt/stack/data/venv/bin/cinder-rootwrap /etc/cinder/rootwrap.conf truncate -s0 /opt/stack/data/cinder/mnt/a827b833f91462b0f58e3eae65b783e6/volume-767349ea-80a0-4166-986c-26e414f8b96a.info
Jun 30 17:27:44 devstack sudo[91852]: pam_unix(sudo:session): session opened for user root(uid=0) by (uid=1000)
Jun 30 17:27:45 devstack sudo[91852]: pam_unix(sudo:session): session closed for user root
Jun 30 17:27:45 devstack cinder-volume[86492]: DEBUG oslo_concurrency.processutils [None req-1c6d3cf4-3a4c-4e13-b77c-ca1e48a85f47 tempest-GroupSnapshotsTest-1738739269 None] CMD "sudo cinder-rootwrap /etc/cinder/rootwrap.conf truncate -s0 /opt/stack/data/cinder/mnt/a827b833f91462b0f58e3eae65b783e6/volume-767349ea-80a0-4166-986c-26e414f8b96a.info" returned: 0 in 1.070s {{(pid=86492) execute /opt/stack/data/venv/lib/python3.12/site-packages/oslo_concurrency/processutils.py:468}}
Jun 30 17:27:45 devstack cinder-volume[86492]: WARNING cinder.volume.drivers.remotefs [None req-1c6d3cf4-3a4c-4e13-b77c-ca1e48a85f47 tempest-GroupSnapshotsTest-1738739269 None] /opt/stack/data/cinder/mnt/a827b833f91462b0f58e3eae65b783e6/volume-767349ea-80a0-4166-986c-26e414f8b96a.info is being set with open permissions: ugo+rw: NotImplementedError
Jun 30 17:27:45 devstack cinder-volume[86492]: DEBUG oslo_concurrency.processutils [None req-1c6d3cf4-3a4c-4e13-b77c-ca1e48a85f47 tempest-GroupSnapshotsTest-1738739269 None] Running cmd (subprocess): sudo cinder-rootwrap /etc/cinder/rootwrap.conf chmod ugo+rw /opt/stack/data/cinder/mnt/a827b833f91462b0f58e3eae65b783e6/volume-767349ea-80a0-4166-986c-26e414f8b96a.info {{(pid=86492) execute /opt/stack/data/venv/lib/python3.12/site-packages/oslo_concurrency/processutils.py:440}}
Jun 30 17:27:45 devstack sudo[91881]: quobyte : PWD=/ ; USER=root ; COMMAND=/opt/stack/data/venv/bin/cinder-rootwrap /etc/cinder/rootwrap.conf chmod ugo+rw /opt/stack/data/cinder/mnt/a827b833f91462b0f58e3eae65b783e6/volume-767349ea-80a0-4166-986c-26e414f8b96a.info
Jun 30 17:27:45 devstack sudo[91881]: pam_unix(sudo:session): session opened for user root(uid=0) by (uid=1000)
Jun 30 17:27:45 devstack sudo[91881]: pam_unix(sudo:session): session closed for user root
Jun 30 17:27:45 devstack cinder-volume[86492]: DEBUG oslo_concurrency.processutils [None req-1c6d3cf4-3a4c-4e13-b77c-ca1e48a85f47 tempest-GroupSnapshotsTest-1738739269 None] CMD "sudo cinder-rootwrap /etc/cinder/rootwrap.conf chmod ugo+rw /opt/stack/data/cinder/mnt/a827b833f91462b0f58e3eae65b783e6/volume-767349ea-80a0-4166-986c-26e414f8b96a.info" returned: 0 in 0.875s {{(pid=86492) execute /opt/stack/data/venv/lib/python3.12/site-packages/oslo_concurrency/processutils.py:468}}
Jun 30 17:27:45 devstack cinder-volume[86492]: DEBUG oslo_concurrency.lockutils [None req-1c6d3cf4-3a4c-4e13-b77c-ca1e48a85f47 tempest-GroupSnapshotsTest-1738739269 None] Lock "quobyte" "released" by "cinder.volume.drivers.quobyte.QuobyteDriver.create_snapshot" :: held 5.156s {{(pid=86492) inner /opt/stack/data/venv/lib/python3.12/site-packages/oslo_concurrency/lockutils.py:543}}
