Jun 30 17:24:19 devstack cinder-volume[86492]: DEBUG cinder.volume.drivers.quobyte [None req-63437664-f94d-401b-a858-a659213bde8b tempest-GroupsV314Test-1398413690 None] Quobyte Volume URL set to: {'osci02.corp.quobyte.com/cinder-vol-c383abda-8ddf-4f1c-ac0b-bfd3d76cdbbb': None} {{(pid=86492) _load_shares_config /opt/stack/cinder/cinder/volume/drivers/quobyte.py:617}}
Jun 30 17:24:19 devstack cinder-volume[86492]: DEBUG cinder.volume.drivers.quobyte [None req-63437664-f94d-401b-a858-a659213bde8b tempest-GroupsV314Test-1398413690 None] Available shares ['osci02.corp.quobyte.com/cinder-vol-c383abda-8ddf-4f1c-ac0b-bfd3d76cdbbb'] {{(pid=86492) _ensure_shares_mounted /opt/stack/cinder/cinder/volume/drivers/quobyte.py:647}}
Jun 30 17:24:19 devstack cinder-volume[86492]: DEBUG oslo_concurrency.lockutils [None req-63437664-f94d-401b-a858-a659213bde8b tempest-GroupsV314Test-1398413690 None] Lock "quobyte_ensure" "released" by "cinder.volume.drivers.quobyte.QuobyteDriver._ensure_shares_mounted" :: held 0.005s {{(pid=86492) inner /opt/stack/data/venv/lib/python3.12/site-packages/oslo_concurrency/lockutils.py:543}}
Jun 30 17:24:19 devstack cinder-volume[86492]: DEBUG oslo.privsep.daemon [-] privsep: reply[569aeaa6-4818-4a59-a57f-66ab6f532a44]: (4, 'qcow2') {{(pid=87548) _call_back /opt/stack/data/venv/lib/python3.12/site-packages/oslo_privsep/daemon.py:580}}
Jun 30 17:24:19 devstack cinder-volume[86492]: DEBUG oslo_concurrency.processutils [None req-63437664-f94d-401b-a858-a659213bde8b tempest-GroupsV314Test-1398413690 None] Running cmd (subprocess): /opt/stack/data/venv/bin/python3.12 -m oslo_concurrency.prlimit --as=1073741824 --cpu=60 -- sudo cinder-rootwrap /etc/cinder/rootwrap.conf env LC_ALL=C qemu-img info -f qcow2 --output=json --force-share /opt/stack/data/cinder/mnt/a827b833f91462b0f58e3eae65b783e6/volume-9f60ad2b-0c42-4b12-a0c2-114cc3f7266c.9e15152b-793f-47f5-af0a-0915dff3554f {{(pid=86492) execute /opt/stack/data/venv/lib/python3.12/site-packages/oslo_concurrency/processutils.py:440}}
Jun 30 17:24:19 devstack sudo[88383]: quobyte : PWD=/ ; USER=root ; COMMAND=/opt/stack/data/venv/bin/cinder-rootwrap /etc/cinder/rootwrap.conf env LC_ALL=C qemu-img info -f qcow2 --output=json --force-share /opt/stack/data/cinder/mnt/a827b833f91462b0f58e3eae65b783e6/volume-9f60ad2b-0c42-4b12-a0c2-114cc3f7266c.9e15152b-793f-47f5-af0a-0915dff3554f
Jun 30 17:24:19 devstack sudo[88383]: pam_unix(sudo:session): session opened for user root(uid=0) by (uid=1000)
Jun 30 17:24:20 devstack sudo[88383]: pam_unix(sudo:session): session closed for user root
Jun 30 17:24:20 devstack cinder-volume[86492]: DEBUG oslo_concurrency.processutils [None req-63437664-f94d-401b-a858-a659213bde8b tempest-GroupsV314Test-1398413690 None] CMD "/opt/stack/data/venv/bin/python3.12 -m oslo_concurrency.prlimit --as=1073741824 --cpu=60 -- sudo cinder-rootwrap /etc/cinder/rootwrap.conf env LC_ALL=C qemu-img info -f qcow2 --output=json --force-share /opt/stack/data/cinder/mnt/a827b833f91462b0f58e3eae65b783e6/volume-9f60ad2b-0c42-4b12-a0c2-114cc3f7266c.9e15152b-793f-47f5-af0a-0915dff3554f" returned: 0 in 1.308s {{(pid=86492) execute /opt/stack/data/venv/lib/python3.12/site-packages/oslo_concurrency/processutils.py:468}}
Jun 30 17:24:20 devstack cinder-volume[86492]: DEBUG cinder.volume.drivers.remotefs [None req-63437664-f94d-401b-a858-a659213bde8b tempest-GroupsV314Test-1398413690 None] Fetching qemu-img info with special backing_file_template: (/opt/stack/data/cinder/mnt/[0-9a-f]+/)?(volume-9f60ad2b-0c42-4b12-a0c2-114cc3f7266c(.(tmp-snap-)?[0-9a-f-]+)?|volume_from_snapshot_cache/(tmp-snap-)?[0-9a-f-]+(.(child-|parent-)[0-9a-f-]+)?)$ {{(pid=86492) _qemu_img_info_base /opt/stack/cinder/cinder/volume/drivers/remotefs.py:896}}
Jun 30 17:24:20 devstack cinder-volume[86492]: DEBUG cinder.volume.drivers.quobyte [None req-63437664-f94d-401b-a858-a659213bde8b tempest-GroupsV314Test-1398413690 None] will copy from snapshot at /opt/stack/data/cinder/mnt/a827b833f91462b0f58e3eae65b783e6/volume-9f60ad2b-0c42-4b12-a0c2-114cc3f7266c {{(pid=86492) _copy_volume_from_snapshot /opt/stack/cinder/cinder/volume/drivers/quobyte.py:420}}
Jun 30 17:24:20 devstack cinder-volume[86492]: DEBUG cinder.volume.drivers.quobyte [None req-63437664-f94d-401b-a858-a659213bde8b tempest-GroupsV314Test-1398413690 None] Creating direct copy from snapshot {{(pid=86492) _copy_volume_from_snapshot /opt/stack/cinder/cinder/volume/drivers/quobyte.py:428}}
Jun 30 17:24:20 devstack cinder-volume[86492]: DEBUG oslo.privsep.daemon [-] privsep: reply[aa39233a-986c-4df8-bb22-a0bd02783981]: (4, 'qcow2') {{(pid=87548) _call_back /opt/stack/data/venv/lib/python3.12/site-packages/oslo_privsep/daemon.py:580}}
Jun 30 17:24:20 devstack cinder-volume[86492]: DEBUG oslo_concurrency.processutils [None req-63437664-f94d-401b-a858-a659213bde8b tempest-GroupsV314Test-1398413690 None] Running cmd (subprocess): /opt/stack/data/venv/bin/python3.12 -m oslo_concurrency.prlimit --as=1073741824 --cpu=60 -- sudo cinder-rootwrap /etc/cinder/rootwrap.conf env LC_ALL=C qemu-img info -f qcow2 --output=json /opt/stack/data/cinder/mnt/a827b833f91462b0f58e3eae65b783e6/volume-9f60ad2b-0c42-4b12-a0c2-114cc3f7266c {{(pid=86492) execute /opt/stack/data/venv/lib/python3.12/site-packages/oslo_concurrency/processutils.py:440}}
Jun 30 17:24:20 devstack sudo[88391]: quobyte : PWD=/ ; USER=root ; COMMAND=/opt/stack/data/venv/bin/cinder-rootwrap /etc/cinder/rootwrap.conf env LC_ALL=C qemu-img info -f qcow2 --output=json /opt/stack/data/cinder/mnt/a827b833f91462b0f58e3eae65b783e6/volume-9f60ad2b-0c42-4b12-a0c2-114cc3f7266c
Jun 30 17:24:20 devstack sudo[88391]: pam_unix(sudo:session): session opened for user root(uid=0) by (uid=1000)
Jun 30 17:24:21 devstack sudo[88391]: pam_unix(sudo:session): session closed for user root
Jun 30 17:24:21 devstack cinder-volume[86492]: DEBUG oslo_concurrency.processutils [None req-63437664-f94d-401b-a858-a659213bde8b tempest-GroupsV314Test-1398413690 None] CMD "/opt/stack/data/venv/bin/python3.12 -m oslo_concurrency.prlimit --as=1073741824 --cpu=60 -- sudo cinder-rootwrap /etc/cinder/rootwrap.conf env LC_ALL=C qemu-img info -f qcow2 --output=json /opt/stack/data/cinder/mnt/a827b833f91462b0f58e3eae65b783e6/volume-9f60ad2b-0c42-4b12-a0c2-114cc3f7266c" returned: 0 in 1.404s {{(pid=86492) execute /opt/stack/data/venv/lib/python3.12/site-packages/oslo_concurrency/processutils.py:468}}
Jun 30 17:24:21 devstack cinder-volume[86492]: DEBUG cinder.utils [None req-63437664-f94d-401b-a858-a659213bde8b tempest-GroupsV314Test-1398413690 None] Path /opt/stack/data/cinder/mnt/a827b833f91462b0f58e3eae65b783e6/volume-0e0b0952-c83c-405d-96d3-d3fb7e8c8fea not found in is_blk_device check {{(pid=86492) is_blk_device /opt/stack/cinder/cinder/utils.py:615}}
Jun 30 17:24:21 devstack cinder-volume[86492]: DEBUG oslo_concurrency.processutils [None req-63437664-f94d-401b-a858-a659213bde8b tempest-GroupsV314Test-1398413690 None] Running cmd (subprocess): sudo cinder-rootwrap /etc/cinder/rootwrap.conf qemu-img convert -O qcow2 /opt/stack/data/cinder/mnt/a827b833f91462b0f58e3eae65b783e6/volume-9f60ad2b-0c42-4b12-a0c2-114cc3f7266c /opt/stack/data/cinder/mnt/a827b833f91462b0f58e3eae65b783e6/volume-0e0b0952-c83c-405d-96d3-d3fb7e8c8fea {{(pid=86492) execute /opt/stack/data/venv/lib/python3.12/site-packages/oslo_concurrency/processutils.py:440}}
Jun 30 17:24:21 devstack sudo[88403]: quobyte : PWD=/ ; USER=root ; COMMAND=/opt/stack/data/venv/bin/cinder-rootwrap /etc/cinder/rootwrap.conf qemu-img convert -O qcow2 /opt/stack/data/cinder/mnt/a827b833f91462b0f58e3eae65b783e6/volume-9f60ad2b-0c42-4b12-a0c2-114cc3f7266c /opt/stack/data/cinder/mnt/a827b833f91462b0f58e3eae65b783e6/volume-0e0b0952-c83c-405d-96d3-d3fb7e8c8fea
Jun 30 17:24:21 devstack sudo[88403]: pam_unix(sudo:session): session opened for user root(uid=0) by (uid=1000)
Jun 30 17:24:26 devstack cinder-volume[86492]: DEBUG dbcounter [-] [86492] Writing DB stats cinder:SELECT=8,cinder:UPDATE=7,cinder:INSERT=1 {{(pid=86492) stat_writer /opt/stack/data/venv/lib/python3.12/site-packages/dbcounter.py:115}}
Jun 30 17:24:26 devstack cinder-volume[86492]: DEBUG dbcounter [-] [86492] Writing DB stats cinder:UPDATE=3,cinder:SELECT=11,cinder:INSERT=2,cinder:DELETE=1 {{(pid=86492) stat_writer /opt/stack/data/venv/lib/python3.12/site-packages/dbcounter.py:115}}
Jun 30 17:24:30 devstack sudo[88403]: pam_unix(sudo:session): session closed for user root
Jun 30 17:24:30 devstack cinder-volume[86492]: DEBUG oslo_concurrency.processutils [None req-63437664-f94d-401b-a858-a659213bde8b tempest-GroupsV314Test-1398413690 None] CMD "sudo cinder-rootwrap /etc/cinder/rootwrap.conf qemu-img convert -O qcow2 /opt/stack/data/cinder/mnt/a827b833f91462b0f58e3eae65b783e6/volume-9f60ad2b-0c42-4b12-a0c2-114cc3f7266c /opt/stack/data/cinder/mnt/a827b833f91462b0f58e3eae65b783e6/volume-0e0b0952-c83c-405d-96d3-d3fb7e8c8fea" returned: 0 in 8.671s {{(pid=86492) execute /opt/stack/data/venv/lib/python3.12/site-packages/oslo_concurrency/processutils.py:468}}
Jun 30 17:24:30 devstack cinder-volume[86492]: DEBUG oslo.privsep.daemon [-] privsep: reply[040dd15e-e7f4-454d-8d35-21dda34faec6]: (4, 'qcow2') {{(pid=87548) _call_back /opt/stack/data/venv/lib/python3.12/site-packages/oslo_privsep/daemon.py:580}}
Jun 30 17:24:30 devstack cinder-volume[86492]: DEBUG oslo_concurrency.processutils [None req-63437664-f94d-401b-a858-a659213bde8b tempest-GroupsV314Test-1398413690 None] Running cmd (subprocess): /opt/stack/data/venv/bin/python3.12 -m oslo_concurrency.prlimit --as=1073741824 --cpu=60 -- sudo cinder-rootwrap /etc/cinder/rootwrap.conf env LC_ALL=C qemu-img info -f qcow2 --output=json /opt/stack/data/cinder/mnt/a827b833f91462b0f58e3eae65b783e6/volume-9f60ad2b-0c42-4b12-a0c2-114cc3f7266c {{(pid=86492) execute /opt/stack/data/venv/lib/python3.12/site-packages/oslo_concurrency/processutils.py:440}}
Jun 30 17:24:30 devstack sudo[88460]: quobyte : PWD=/ ; USER=root ; COMMAND=/opt/stack/data/venv/bin/cinder-rootwrap /etc/cinder/rootwrap.conf env LC_ALL=C qemu-img info -f qcow2 --output=json /opt/stack/data/cinder/mnt/a827b833f91462b0f58e3eae65b783e6/volume-9f60ad2b-0c42-4b12-a0c2-114cc3f7266c
Jun 30 17:24:30 devstack sudo[88460]: pam_unix(sudo:session): session opened for user root(uid=0) by (uid=1000)
Jun 30 17:24:31 devstack sudo[88460]: pam_unix(sudo:session): session closed for user root
Jun 30 17:24:31 devstack cinder-volume[86492]: DEBUG oslo_concurrency.processutils [None req-63437664-f94d-401b-a858-a659213bde8b tempest-GroupsV314Test-1398413690 None] CMD "/opt/stack/data/venv/bin/python3.12 -m oslo_concurrency.prlimit --as=1073741824 --cpu=60 -- sudo cinder-rootwrap /etc/cinder/rootwrap.conf env LC_ALL=C qemu-img info -f qcow2 --output=json /opt/stack/data/cinder/mnt/a827b833f91462b0f58e3eae65b783e6/volume-9f60ad2b-0c42-4b12-a0c2-114cc3f7266c" returned: 0 in 1.323s {{(pid=86492) execute /opt/stack/data/venv/lib/python3.12/site-packages/oslo_concurrency/processutils.py:468}}
Jun 30 17:24:31 devstack cinder-volume[86492]: DEBUG cinder.image.image_utils [None req-63437664-f94d-401b-a858-a659213bde8b tempest-GroupsV314Test-1398413690 None] Image conversion details: src /opt/stack/data/cinder/mnt/a827b833f91462b0f58e3eae65b783e6/volume-9f60ad2b-0c42-4b12-a0c2-114cc3f7266c, size 1024.00 MB, duration 8.67 sec, destination /opt/stack/data/cinder/mnt/a827b833f91462b0f58e3eae65b783e6/volume-0e0b0952-c83c-405d-96d3-d3fb7e8c8fea {{(pid=86492) _convert_image /opt/stack/cinder/cinder/image/image_utils.py:536}}
Jun 30 17:24:31 devstack cinder-volume[86492]: INFO cinder.image.image_utils [None req-63437664-f94d-401b-a858-a659213bde8b tempest-GroupsV314Test-1398413690 None] Converted 1024.00 MB image at 118.08 MB/s
Jun 30 17:24:31 devstack cinder-volume[86492]: WARNING cinder.volume.drivers.remotefs [None req-63437664-f94d-401b-a858-a659213bde8b tempest-GroupsV314Test-1398413690 None] /opt/stack/data/cinder/mnt/a827b833f91462b0f58e3eae65b783e6/volume-0e0b0952-c83c-405d-96d3-d3fb7e8c8fea is being set with open permissions: ugo+rw: NotImplementedError
Jun 30 17:24:31 devstack cinder-volume[86492]: DEBUG oslo_concurrency.processutils [None req-63437664-f94d-401b-a858-a659213bde8b tempest-GroupsV314Test-1398413690 None] Running cmd (subprocess): sudo cinder-rootwrap /etc/cinder/rootwrap.conf chmod ugo+rw /opt/stack/data/cinder/mnt/a827b833f91462b0f58e3eae65b783e6/volume-0e0b0952-c83c-405d-96d3-d3fb7e8c8fea {{(pid=86492) execute /opt/stack/data/venv/lib/python3.12/site-packages/oslo_concurrency/processutils.py:440}}
Jun 30 17:24:31 devstack sudo[88472]: quobyte : PWD=/ ; USER=root ; COMMAND=/opt/stack/data/venv/bin/cinder-rootwrap /etc/cinder/rootwrap.conf chmod ugo+rw /opt/stack/data/cinder/mnt/a827b833f91462b0f58e3eae65b783e6/volume-0e0b0952-c83c-405d-96d3-d3fb7e8c8fea
Jun 30 17:24:31 devstack sudo[88472]: pam_unix(sudo:session): session opened for user root(uid=0) by (uid=1000)
Jun 30 17:24:32 devstack sudo[88472]: pam_unix(sudo:session): session closed for user root
Jun 30 17:24:32 devstack cinder-volume[86492]: DEBUG oslo_concurrency.processutils [None req-63437664-f94d-401b-a858-a659213bde8b tempest-GroupsV314Test-1398413690 None] CMD "sudo cinder-rootwrap /etc/cinder/rootwrap.conf chmod ugo+rw /opt/stack/data/cinder/mnt/a827b833f91462b0f58e3eae65b783e6/volume-0e0b0952-c83c-405d-96d3-d3fb7e8c8fea" returned: 0 in 0.882s {{(pid=86492) execute /opt/stack/data/venv/lib/python3.12/site-packages/oslo_concurrency/processutils.py:468}}
Jun 30 17:24:32 devstack cinder-volume[86492]: DEBUG cinder.coordination [None req-63437664-f94d-401b-a858-a659213bde8b tempest-GroupsV314Test-1398413690 None] Lock "cinder-quobyte-0e0b0952-c83c-405d-96d3-d3fb7e8c8fea" released by "_copy_volume_from_snapshot" :: held 13.725s {{(pid=86492) __release /opt/stack/cinder/cinder/coordination.py:152}}
Jun 30 17:24:32 devstack cinder-volume[86492]: DEBUG cinder.coordination [None req-63437664-f94d-401b-a858-a659213bde8b tempest-GroupsV314Test-1398413690 None] Acquiring lock "cinder-quobyte-9e15152b-793f-47f5-af0a-0915dff3554f" by "_delete_snapshot" {{(pid=86492) __acquire /opt/stack/cinder/cinder/coordination.py:138}}
Jun 30 17:24:32 devstack cinder-volume[86492]: DEBUG cinder.coordination [None req-63437664-f94d-401b-a858-a659213bde8b tempest-GroupsV314Test-1398413690 None] Lock "cinder-quobyte-9e15152b-793f-47f5-af0a-0915dff3554f" acquired by "_delete_snapshot" :: waited 0.023s {{(pid=86492) __acquire /opt/stack/cinder/cinder/coordination.py:141}}
Jun 30 17:24:32 devstack cinder-volume[86492]: DEBUG cinder.volume.drivers.remotefs [None req-63437664-f94d-401b-a858-a659213bde8b tempest-GroupsV314Test-1398413690 None] Deleting offline snapshot 9e15152b-793f-47f5-af0a-0915dff3554f of volume 9f60ad2b-0c42-4b12-a0c2-114cc3f7266c {{(pid=86492) _delete_snapshot /opt/stack/cinder/cinder/volume/drivers/remotefs.py:1288}}
Jun 30 17:24:32 devstack cinder-volume[86492]: DEBUG cinder.volume.drivers.remotefs [None req-63437664-f94d-401b-a858-a659213bde8b tempest-GroupsV314Test-1398413690 None] snapshot_file for this snap is: volume-9f60ad2b-0c42-4b12-a0c2-114cc3f7266c.9e15152b-793f-47f5-af0a-0915dff3554f {{(pid=86492) _delete_snapshot /opt/stack/cinder/cinder/volume/drivers/remotefs.py:1317}}
Jun 30 17:24:32 devstack cinder-volume[86492]: DEBUG oslo.privsep.daemon [-] privsep: reply[629073a6-1cd6-42fb-8acb-7465b6f1b7df]: (4, 'qcow2') {{(pid=87548) _call_back /opt/stack/data/venv/lib/python3.12/site-packages/oslo_privsep/daemon.py:580}}
Jun 30 17:24:32 devstack cinder-volume[86492]: DEBUG oslo_concurrency.processutils [None req-63437664-f94d-401b-a858-a659213bde8b tempest-GroupsV314Test-1398413690 None] Running cmd (subprocess): /opt/stack/data/venv/bin/python3.12 -m oslo_concurrency.prlimit --as=1073741824 --cpu=60 -- sudo cinder-rootwrap /etc/cinder/rootwrap.conf env LC_ALL=C qemu-img info -f qcow2 --output=json --force-share /opt/stack/data/cinder/mnt/a827b833f91462b0f58e3eae65b783e6/volume-9f60ad2b-0c42-4b12-a0c2-114cc3f7266c.9e15152b-793f-47f5-af0a-0915dff3554f {{(pid=86492) execute /opt/stack/data/venv/lib/python3.12/site-packages/oslo_concurrency/processutils.py:440}}
Jun 30 17:24:33 devstack sudo[88476]: quobyte : PWD=/ ; USER=root ; COMMAND=/opt/stack/data/venv/bin/cinder-rootwrap /etc/cinder/rootwrap.conf env LC_ALL=C qemu-img info -f qcow2 --output=json --force-share /opt/stack/data/cinder/mnt/a827b833f91462b0f58e3eae65b783e6/volume-9f60ad2b-0c42-4b12-a0c2-114cc3f7266c.9e15152b-793f-47f5-af0a-0915dff3554f
Jun 30 17:24:33 devstack sudo[88476]: pam_unix(sudo:session): session opened for user root(uid=0) by (uid=1000)
Jun 30 17:24:34 devstack sudo[88476]: pam_unix(sudo:session): session closed for user root
Jun 30 17:24:34 devstack cinder-volume[86492]: DEBUG oslo_concurrency.processutils [None req-63437664-f94d-401b-a858-a659213bde8b tempest-GroupsV314Test-1398413690 None] CMD "/opt/stack/data/venv/bin/python3.12 -m oslo_concurrency.prlimit --as=1073741824 --cpu=60 -- sudo cinder-rootwrap /etc/cinder/rootwrap.conf env LC_ALL=C qemu-img info -f qcow2 --output=json --force-share /opt/stack/data/cinder/mnt/a827b833f91462b0f58e3eae65b783e6/volume-9f60ad2b-0c42-4b12-a0c2-114cc3f7266c.9e15152b-793f-47f5-af0a-0915dff3554f" returned: 0 in 1.425s {{(pid=86492) execute /opt/stack/data/venv/lib/python3.12/site-packages/oslo_concurrency/processutils.py:468}}
Jun 30 17:24:34 devstack cinder-volume[86492]: DEBUG cinder.volume.drivers.remotefs [None req-63437664-f94d-401b-a858-a659213bde8b tempest-GroupsV314Test-1398413690 None] Fetching qemu-img info with special backing_file_template: (/opt/stack/data/cinder/mnt/[0-9a-f]+/)?(volume-9f60ad2b-0c42-4b12-a0c2-114cc3f7266c(.(tmp-snap-)?[0-9a-f-]+)?|volume_from_snapshot_cache/(tmp-snap-)?[0-9a-f-]+(.(child-|parent-)[0-9a-f-]+)?)$ {{(pid=86492) _qemu_img_info_base /opt/stack/cinder/cinder/volume/drivers/remotefs.py:896}}
Jun 30 17:24:34 devstack cinder-volume[86492]: DEBUG oslo.privsep.daemon [-] privsep: reply[dd9cf241-5acc-4ddc-8b97-50203012af02]: (4, 'qcow2') {{(pid=87548) _call_back /opt/stack/data/venv/lib/python3.12/site-packages/oslo_privsep/daemon.py:580}}
Jun 30 17:24:34 devstack cinder-volume[86492]: DEBUG oslo_concurrency.processutils [None req-63437664-f94d-401b-a858-a659213bde8b tempest-GroupsV314Test-1398413690 None] Running cmd (subprocess): /opt/stack/data/venv/bin/python3.12 -m oslo_concurrency.prlimit --as=1073741824 --cpu=60 -- sudo cinder-rootwrap /etc/cinder/rootwrap.conf env LC_ALL=C qemu-img info -f qcow2 --output=json --force-share /opt/stack/data/cinder/mnt/a827b833f91462b0f58e3eae65b783e6/volume-9f60ad2b-0c42-4b12-a0c2-114cc3f7266c {{(pid=86492) execute /opt/stack/data/venv/lib/python3.12/site-packages/oslo_concurrency/processutils.py:440}}
Jun 30 17:24:34 devstack sudo[88501]: quobyte : PWD=/ ; USER=root ; COMMAND=/opt/stack/data/venv/bin/cinder-rootwrap /etc/cinder/rootwrap.conf env LC_ALL=C qemu-img info -f qcow2 --output=json --force-share /opt/stack/data/cinder/mnt/a827b833f91462b0f58e3eae65b783e6/volume-9f60ad2b-0c42-4b12-a0c2-114cc3f7266c
Jun 30 17:24:34 devstack sudo[88501]: pam_unix(sudo:session): session opened for user root(uid=0) by (uid=1000)
Jun 30 17:24:35 devstack sudo[88501]: pam_unix(sudo:session): session closed for user root
Jun 30 17:24:35 devstack cinder-volume[86492]: DEBUG oslo_concurrency.processutils [None req-63437664-f94d-401b-a858-a659213bde8b tempest-GroupsV314Test-1398413690 None] CMD "/opt/stack/data/venv/bin/python3.12 -m oslo_concurrency.prlimit --as=1073741824 --cpu=60 -- sudo cinder-rootwrap /etc/cinder/rootwrap.conf env LC_ALL=C qemu-img info -f qcow2 --output=json --force-share /opt/stack/data/cinder/mnt/a827b833f91462b0f58e3eae65b783e6/volume-9f60ad2b-0c42-4b12-a0c2-114cc3f7266c" returned: 0 in 1.053s {{(pid=86492) execute /opt/stack/data/venv/lib/python3.12/site-packages/oslo_concurrency/processutils.py:468}}
Jun 30 17:24:35 devstack cinder-volume[86492]: DEBUG oslo_concurrency.processutils [None req-63437664-f94d-401b-a858-a659213bde8b tempest-GroupsV314Test-1398413690 None] Running cmd (subprocess): sudo cinder-rootwrap /etc/cinder/rootwrap.conf qemu-img commit -d /opt/stack/data/cinder/mnt/a827b833f91462b0f58e3eae65b783e6/volume-9f60ad2b-0c42-4b12-a0c2-114cc3f7266c.9e15152b-793f-47f5-af0a-0915dff3554f {{(pid=86492) execute /opt/stack/data/venv/lib/python3.12/site-packages/oslo_concurrency/processutils.py:440}}
Jun 30 17:24:35 devstack sudo[88511]: quobyte : PWD=/ ; USER=root ; COMMAND=/opt/stack/data/venv/bin/cinder-rootwrap /etc/cinder/rootwrap.conf qemu-img commit -d /opt/stack/data/cinder/mnt/a827b833f91462b0f58e3eae65b783e6/volume-9f60ad2b-0c42-4b12-a0c2-114cc3f7266c.9e15152b-793f-47f5-af0a-0915dff3554f
Jun 30 17:24:35 devstack sudo[88511]: pam_unix(sudo:session): session opened for user root(uid=0) by (uid=1000)
Jun 30 17:24:36 devstack sudo[88511]: pam_unix(sudo:session): session closed for user root
Jun 30 17:24:36 devstack cinder-volume[86492]: DEBUG oslo_concurrency.processutils [None req-63437664-f94d-401b-a858-a659213bde8b tempest-GroupsV314Test-1398413690 None] CMD "sudo cinder-rootwrap /etc/cinder/rootwrap.conf qemu-img commit -d /opt/stack/data/cinder/mnt/a827b833f91462b0f58e3eae65b783e6/volume-9f60ad2b-0c42-4b12-a0c2-114cc3f7266c.9e15152b-793f-47f5-af0a-0915dff3554f" returned: 0 in 1.167s {{(pid=86492) execute /opt/stack/data/venv/lib/python3.12/site-packages/oslo_concurrency/processutils.py:468}}
Jun 30 17:24:36 devstack cinder-volume[86492]: DEBUG oslo_concurrency.processutils [None req-63437664-f94d-401b-a858-a659213bde8b tempest-GroupsV314Test-1398413690 None] Running cmd (subprocess): sudo cinder-rootwrap /etc/cinder/rootwrap.conf rm -f /opt/stack/data/cinder/mnt/a827b833f91462b0f58e3eae65b783e6/volume-9f60ad2b-0c42-4b12-a0c2-114cc3f7266c.9e15152b-793f-47f5-af0a-0915dff3554f {{(pid=86492) execute /opt/stack/data/venv/lib/python3.12/site-packages/oslo_concurrency/processutils.py:440}}
Jun 30 17:24:36 devstack sudo[88516]: quobyte : PWD=/ ; USER=root ; COMMAND=/opt/stack/data/venv/bin/cinder-rootwrap /etc/cinder/rootwrap.conf rm -f /opt/stack/data/cinder/mnt/a827b833f91462b0f58e3eae65b783e6/volume-9f60ad2b-0c42-4b12-a0c2-114cc3f7266c.9e15152b-793f-47f5-af0a-0915dff3554f
Jun 30 17:24:36 devstack sudo[88516]: pam_unix(sudo:session): session opened for user root(uid=0) by (uid=1000)
Jun 30 17:24:37 devstack sudo[88516]: pam_unix(sudo:session): session closed for user root
Jun 30 17:24:37 devstack cinder-volume[86492]: DEBUG oslo_concurrency.processutils [None req-63437664-f94d-401b-a858-a659213bde8b tempest-GroupsV314Test-1398413690 None] CMD "sudo cinder-rootwrap /etc/cinder/rootwrap.conf rm -f /opt/stack/data/cinder/mnt/a827b833f91462b0f58e3eae65b783e6/volume-9f60ad2b-0c42-4b12-a0c2-114cc3f7266c.9e15152b-793f-47f5-af0a-0915dff3554f" returned: 0 in 0.898s {{(pid=86492) execute /opt/stack/data/venv/lib/python3.12/site-packages/oslo_concurrency/processutils.py:468}}
Jun 30 17:24:37 devstack cinder-volume[86492]: DEBUG cinder.coordination [None req-63437664-f94d-401b-a858-a659213bde8b tempest-GroupsV314Test-1398413690 None] Lock "cinder-quobyte-9e15152b-793f-47f5-af0a-0915dff3554f" released by "_delete_snapshot" :: held 4.721s {{(pid=86492) __release /opt/stack/cinder/cinder/coordination.py:152}}
Jun 30 17:24:37 devstack cinder-volume[86492]: DEBUG oslo_concurrency.lockutils [None req-63437664-f94d-401b-a858-a659213bde8b tempest-GroupsV314Test-1398413690 None] Lock "quobyte" "released" by "cinder.volume.drivers.quobyte.QuobyteDriver.create_cloned_volume" :: held 26.694s {{(pid=86492) inner /opt/stack/data/venv/lib/python3.12/site-packages/oslo_concurrency/lockutils.py:543}}
Jun 30 17:24:37 devstack cinder-volume[86492]: INFO cinder.volume.manager [None req-63437664-f94d-401b-a858-a659213bde8b tempest-GroupsV314Test-1398413690 None] Create group from source-group-7b4a16e5-6f6b-45a5-b674-b5ffa5cafde0 completed successfully.
Jun 30 17:24:38 devstack cinder-volume[86492]: DEBUG oslo_concurrency.lockutils [req-04c22bdd-242a-4a4f-9f44-04104a68d2ee req-2b53bff5-8835-4f2c-8e50-056bb6a76cec tempest-ServerActionsTestOtherA-1698360456 None] Acquiring lock "quobyte" by "cinder.volume.drivers.quobyte.QuobyteDriver.initialize_connection" {{(pid=86492) inner /opt/stack/data/venv/lib/python3.12/site-packages/oslo_concurrency/lockutils.py:511}}
Jun 30 17:24:38 devstack cinder-volume[86492]: DEBUG oslo_concurrency.lockutils [req-04c22bdd-242a-4a4f-9f44-04104a68d2ee req-2b53bff5-8835-4f2c-8e50-056bb6a76cec tempest-ServerActionsTestOtherA-1698360456 None] Lock "quobyte" acquired by "cinder.volume.drivers.quobyte.QuobyteDriver.initialize_connection" :: waited 0.001s {{(pid=86492) inner /opt/stack/data/venv/lib/python3.12/site-packages/oslo_concurrency/lockutils.py:524}}
Jun 30 17:24:38 devstack cinder-volume[86492]: DEBUG oslo.privsep.daemon [-] privsep: reply[8f84b73f-7bab-4210-be5f-fcba5cf94c10]: (4, 'qcow2') {{(pid=87548) _call_back /opt/stack/data/venv/lib/python3.12/site-packages/oslo_privsep/daemon.py:580}}
Jun 30 17:24:38 devstack cinder-volume[86492]: DEBUG oslo_concurrency.processutils [req-04c22bdd-242a-4a4f-9f44-04104a68d2ee req-2b53bff5-8835-4f2c-8e50-056bb6a76cec tempest-ServerActionsTestOtherA-1698360456 None] Running cmd (subprocess): /opt/stack/data/venv/bin/python3.12 -m oslo_concurrency.prlimit --as=1073741824 --cpu=60 -- sudo cinder-rootwrap /etc/cinder/rootwrap.conf env LC_ALL=C qemu-img info -f qcow2 --output=json --force-share /opt/stack/data/cinder/mnt/a827b833f91462b0f58e3eae65b783e6/volume-98e935f0-3559-409f-84fb-7a113ecf1f1c {{(pid=86492) execute /opt/stack/data/venv/lib/python3.12/site-packages/oslo_concurrency/processutils.py:440}}
Jun 30 17:24:38 devstack sudo[88532]: quobyte : PWD=/ ; USER=root ; COMMAND=/opt/stack/data/venv/bin/cinder-rootwrap /etc/cinder/rootwrap.conf env LC_ALL=C qemu-img info -f qcow2 --output=json --force-share /opt/stack/data/cinder/mnt/a827b833f91462b0f58e3eae65b783e6/volume-98e935f0-3559-409f-84fb-7a113ecf1f1c
Jun 30 17:24:38 devstack sudo[88532]: pam_unix(sudo:session): session opened for user root(uid=0) by (uid=1000)
Jun 30 17:24:39 devstack sudo[88532]: pam_unix(sudo:session): session closed for user root
Jun 30 17:24:39 devstack cinder-volume[86492]: DEBUG oslo_concurrency.processutils [req-04c22bdd-242a-4a4f-9f44-04104a68d2ee req-2b53bff5-8835-4f2c-8e50-056bb6a76cec tempest-ServerActionsTestOtherA-1698360456 None] CMD "/opt/stack/data/venv/bin/python3.12 -m oslo_concurrency.prlimit --as=1073741824 --cpu=60 -- sudo cinder-rootwrap /etc/cinder/rootwrap.conf env LC_ALL=C qemu-img info -f qcow2 --output=json --force-share /opt/stack/data/cinder/mnt/a827b833f91462b0f58e3eae65b783e6/volume-98e935f0-3559-409f-84fb-7a113ecf1f1c" returned: 0 in 1.200s {{(pid=86492) execute /opt/stack/data/venv/lib/python3.12/site-packages/oslo_concurrency/processutils.py:468}}
Jun 30 17:24:39 devstack cinder-volume[86492]: DEBUG oslo_concurrency.lockutils [req-04c22bdd-242a-4a4f-9f44-04104a68d2ee req-2b53bff5-8835-4f2c-8e50-056bb6a76cec tempest-ServerActionsTestOtherA-1698360456 None] Lock "quobyte" "released" by "cinder.volume.drivers.quobyte.QuobyteDriver.initialize_connection" :: held 1.240s {{(pid=86492) inner /opt/stack/data/venv/lib/python3.12/site-packages/oslo_concurrency/lockutils.py:543}}
Jun 30 17:24:39 devstack cinder-volume[86492]: DEBUG cinder.volume.manager [req-04c22bdd-242a-4a4f-9f44-04104a68d2ee req-2b53bff5-8835-4f2c-8e50-056bb6a76cec tempest-ServerActionsTestOtherA-1698360456 None] Connection info returned from driver {'export': 'osci02.corp.quobyte.com/cinder-vol-c383abda-8ddf-4f1c-ac0b-bfd3d76cdbbb', 'name': 'volume-98e935f0-3559-409f-84fb-7a113ecf1f1c', 'options': None, 'format': 'qcow2', 'qos_specs': None, 'access_mode': 'rw', 'encrypted': False, 'cacheable': False, 'driver_volume_type': 'quobyte', 'mount_point_base': '/opt/stack/data/cinder/mnt', 'attachment_id': 'eeaa7c7a-c51e-4b88-852e-d27e475fa103', 'enforce_multipath': True} {{(pid=86492) _connection_create /opt/stack/cinder/cinder/volume/manager.py:4924}}
Jun 30 17:24:39 devstack cinder-volume[86492]: INFO cinder.volume.manager [req-04c22bdd-242a-4a4f-9f44-04104a68d2ee req-2b53bff5-8835-4f2c-8e50-056bb6a76cec tempest-ServerActionsTestOtherA-1698360456 None] attachment_update completed successfully.
Jun 30 17:24:39 devstack cinder-volume[86492]: DEBUG cinder.coordination [None req-68f1289d-2def-4df8-b5bd-eeb3ee2bd6d8 tempest-GroupsV314Test-1398413690 None] Acquiring lock "cinder-quobyte-0e0b0952-c83c-405d-96d3-d3fb7e8c8fea" by "delete_volume" {{(pid=86492) __acquire /opt/stack/cinder/cinder/coordination.py:138}}
Jun 30 17:24:39 devstack cinder-volume[86492]: DEBUG cinder.coordination [None req-68f1289d-2def-4df8-b5bd-eeb3ee2bd6d8 tempest-GroupsV314Test-1398413690 None] Lock "cinder-quobyte-0e0b0952-c83c-405d-96d3-d3fb7e8c8fea" acquired by "delete_volume" :: waited 0.029s {{(pid=86492) __acquire /opt/stack/cinder/cinder/coordination.py:141}}
Jun 30 17:24:39 devstack cinder-volume[86492]: DEBUG oslo.privsep.daemon [-] privsep: reply[2eec9442-803c-4749-b803-9a9856536da8]: (4, 'qcow2') {{(pid=87548) _call_back /opt/stack/data/venv/lib/python3.12/site-packages/oslo_privsep/daemon.py:580}}
Jun 30 17:24:39 devstack cinder-volume[86492]: DEBUG oslo_concurrency.processutils [None req-68f1289d-2def-4df8-b5bd-eeb3ee2bd6d8 tempest-GroupsV314Test-1398413690 None] Running cmd (subprocess): /opt/stack/data/venv/bin/python3.12 -m oslo_concurrency.prlimit --as=1073741824 --cpu=60 -- sudo cinder-rootwrap /etc/cinder/rootwrap.conf env LC_ALL=C qemu-img info -f qcow2 --output=json --force-share /opt/stack/data/cinder/mnt/a827b833f91462b0f58e3eae65b783e6/volume-0e0b0952-c83c-405d-96d3-d3fb7e8c8fea {{(pid=86492) execute /opt/stack/data/venv/lib/python3.12/site-packages/oslo_concurrency/processutils.py:440}}
Jun 30 17:24:40 devstack sudo[88625]: quobyte : PWD=/ ; USER=root ; COMMAND=/opt/stack/data/venv/bin/cinder-rootwrap /etc/cinder/rootwrap.conf env LC_ALL=C qemu-img info -f qcow2 --output=json --force-share /opt/stack/data/cinder/mnt/a827b833f91462b0f58e3eae65b783e6/volume-0e0b0952-c83c-405d-96d3-d3fb7e8c8fea
Jun 30 17:24:40 devstack sudo[88625]: pam_unix(sudo:session): session opened for user root(uid=0) by (uid=1000)
Jun 30 17:24:40 devstack cinder-volume[86492]: DEBUG oslo_service.periodic_task [None req-9b98e5a4-6974-424c-8069-0b16a5135c6f None None] Running periodic task VolumeManager.publish_service_capabilities {{(pid=86492) run_periodic_tasks /opt/stack/data/venv/lib/python3.12/site-packages/oslo_service/periodic_task.py:225}}
Jun 30 17:24:40 devstack cinder-volume[86492]: DEBUG oslo_concurrency.lockutils [None req-9b98e5a4-6974-424c-8069-0b16a5135c6f None None] Acquiring lock "quobyte_ensure" by "cinder.volume.drivers.quobyte.QuobyteDriver._ensure_shares_mounted" {{(pid=86492) inner /opt/stack/data/venv/lib/python3.12/site-packages/oslo_concurrency/lockutils.py:511}}
Jun 30 17:24:40 devstack cinder-volume[86492]: DEBUG oslo_concurrency.lockutils [None req-9b98e5a4-6974-424c-8069-0b16a5135c6f None None] Lock "quobyte_ensure" acquired by "cinder.volume.drivers.quobyte.QuobyteDriver._ensure_shares_mounted" :: waited 0.092s {{(pid=86492) inner /opt/stack/data/venv/lib/python3.12/site-packages/oslo_concurrency/lockutils.py:524}}
Jun 30 17:24:40 devstack cinder-volume[86492]: DEBUG cinder.volume.drivers.quobyte [None req-9b98e5a4-6974-424c-8069-0b16a5135c6f None None] Quobyte Volume URL set to: {'osci02.corp.quobyte.com/cinder-vol-c383abda-8ddf-4f1c-ac0b-bfd3d76cdbbb': None} {{(pid=86492) _load_shares_config /opt/stack/cinder/cinder/volume/drivers/quobyte.py:617}}
Jun 30 17:24:40 devstack cinder-volume[86492]: DEBUG cinder.volume.drivers.quobyte [None req-9b98e5a4-6974-424c-8069-0b16a5135c6f None None] Available shares ['osci02.corp.quobyte.com/cinder-vol-c383abda-8ddf-4f1c-ac0b-bfd3d76cdbbb'] {{(pid=86492) _ensure_shares_mounted /opt/stack/cinder/cinder/volume/drivers/quobyte.py:647}}
Jun 30 17:24:40 devstack cinder-volume[86492]: DEBUG oslo_concurrency.lockutils [None req-9b98e5a4-6974-424c-8069-0b16a5135c6f None None] Lock "quobyte_ensure" "released" by "cinder.volume.drivers.quobyte.QuobyteDriver._ensure_shares_mounted" :: held 0.018s {{(pid=86492) inner /opt/stack/data/venv/lib/python3.12/site-packages/oslo_concurrency/lockutils.py:543}}
Jun 30 17:24:40 devstack cinder-volume[86492]: DEBUG oslo_concurrency.processutils [None req-9b98e5a4-6974-424c-8069-0b16a5135c6f None None] Running cmd (subprocess): sudo cinder-rootwrap /etc/cinder/rootwrap.conf df --portability --block-size 1 /opt/stack/data/cinder/mnt/a827b833f91462b0f58e3eae65b783e6 {{(pid=86492) execute /opt/stack/data/venv/lib/python3.12/site-packages/oslo_concurrency/processutils.py:440}}
Jun 30 17:24:40 devstack sudo[88947]: quobyte : PWD=/ ; USER=root ; COMMAND=/opt/stack/data/venv/bin/cinder-rootwrap /etc/cinder/rootwrap.conf df --portability --block-size 1 /opt/stack/data/cinder/mnt/a827b833f91462b0f58e3eae65b783e6
Jun 30 17:24:40 devstack sudo[88947]: pam_unix(sudo:session): session opened for user root(uid=0) by (uid=1000)
Jun 30 17:24:41 devstack sudo[88625]: pam_unix(sudo:session): session closed for user root
Jun 30 17:24:41 devstack cinder-volume[86492]: DEBUG oslo_concurrency.processutils [None req-68f1289d-2def-4df8-b5bd-eeb3ee2bd6d8 tempest-GroupsV314Test-1398413690 None] CMD "/opt/stack/data/venv/bin/python3.12 -m oslo_concurrency.prlimit --as=1073741824 --cpu=60 -- sudo cinder-rootwrap /etc/cinder/rootwrap.conf env LC_ALL=C qemu-img info -f qcow2 --output=json --force-share /opt/stack/data/cinder/mnt/a827b833f91462b0f58e3eae65b783e6/volume-0e0b0952-c83c-405d-96d3-d3fb7e8c8fea" returned: 0 in 1.460s {{(pid=86492) execute /opt/stack/data/venv/lib/python3.12/site-packages/oslo_concurrency/processutils.py:468}}
Jun 30 17:24:41 devstack cinder-volume[86492]: DEBUG oslo_concurrency.processutils [None req-68f1289d-2def-4df8-b5bd-eeb3ee2bd6d8 tempest-GroupsV314Test-1398413690 None] Running cmd (subprocess): sudo cinder-rootwrap /etc/cinder/rootwrap.conf rm -f /opt/stack/data/cinder/mnt/a827b833f91462b0f58e3eae65b783e6/volume-0e0b0952-c83c-405d-96d3-d3fb7e8c8fea {{(pid=86492) execute /opt/stack/data/venv/lib/python3.12/site-packages/oslo_concurrency/processutils.py:440}}
Jun 30 17:24:41 devstack sudo[88973]: quobyte : PWD=/ ; USER=root ; COMMAND=/opt/stack/data/venv/bin/cinder-rootwrap /etc/cinder/rootwrap.conf rm -f /opt/stack/data/cinder/mnt/a827b833f91462b0f58e3eae65b783e6/volume-0e0b0952-c83c-405d-96d3-d3fb7e8c8fea
Jun 30 17:24:41 devstack sudo[88973]: pam_unix(sudo:session): session opened for user root(uid=0) by (uid=1000)
Jun 30 17:24:41 devstack sudo[88947]: pam_unix(sudo:session): session closed for user root
Jun 30 17:24:41 devstack cinder-volume[86492]: DEBUG oslo_concurrency.processutils [None req-9b98e5a4-6974-424c-8069-0b16a5135c6f None None] CMD "sudo cinder-rootwrap /etc/cinder/rootwrap.conf df --portability --block-size 1 /opt/stack/data/cinder/mnt/a827b833f91462b0f58e3eae65b783e6" returned: 0 in 1.008s {{(pid=86492) execute /opt/stack/data/venv/lib/python3.12/site-packages/oslo_concurrency/processutils.py:468}}
Jun 30 17:24:41 devstack cinder-volume[86492]: DEBUG cinder.manager [None req-9b98e5a4-6974-424c-8069-0b16a5135c6f None None] Notifying Schedulers of capabilities ... {{(pid=86492) _publish_service_capabilities /opt/stack/cinder/cinder/manager.py:219}}
Jun 30 17:24:42 devstack sudo[88973]: pam_unix(sudo:session): session closed for user root
Jun 30 17:24:42 devstack cinder-volume[86492]: DEBUG oslo_concurrency.processutils [None req-68f1289d-2def-4df8-b5bd-eeb3ee2bd6d8 tempest-GroupsV314Test-1398413690 None] CMD "sudo cinder-rootwrap /etc/cinder/rootwrap.conf rm -f /opt/stack/data/cinder/mnt/a827b833f91462b0f58e3eae65b783e6/volume-0e0b0952-c83c-405d-96d3-d3fb7e8c8fea" returned: 0 in 1.296s {{(pid=86492) execute /opt/stack/data/venv/lib/python3.12/site-packages/oslo_concurrency/processutils.py:468}}
Jun 30 17:24:42 devstack cinder-volume[86492]: DEBUG cinder.coordination [None req-68f1289d-2def-4df8-b5bd-eeb3ee2bd6d8 tempest-GroupsV314Test-1398413690 None] Lock "cinder-quobyte-0e0b0952-c83c-405d-96d3-d3fb7e8c8fea" released by "delete_volume" :: held 2.892s {{(pid=86492) __release /opt/stack/cinder/cinder/coordination.py:152}}
Jun 30 17:24:42 devstack cinder-volume[86492]: DEBUG cinder.quota [None req-68f1289d-2def-4df8-b5bd-eeb3ee2bd6d8 tempest-GroupsV314Test-1398413690 None] Created reservations ['135a2712-f46e-4bcd-8a1d-d6dee16ccf84'] {{(pid=86492) reserve /opt/stack/cinder/cinder/quota.py:752}}
Jun 30 17:24:42 devstack cinder-volume[86492]: WARNING cinder.quota [None req-68f1289d-2def-4df8-b5bd-eeb3ee2bd6d8 tempest-GroupsV314Test-1398413690 None] Deprecated: Default quota for resource: volumes_tempest-GroupsV314Test-volume-type-320418018 is set by the default quota flag: quota_volumes_tempest-GroupsV314Test-volume-type-320418018, it is now deprecated. Please use the default quota class for default quota.
Jun 30 17:24:42 devstack cinder-volume[86492]: WARNING cinder.quota [None req-68f1289d-2def-4df8-b5bd-eeb3ee2bd6d8 tempest-GroupsV314Test-1398413690 None] Deprecated: Default quota for resource: gigabytes_tempest-GroupsV314Test-volume-type-320418018 is set by the default quota flag: quota_gigabytes_tempest-GroupsV314Test-volume-type-320418018, it is now deprecated. Please use the default quota class for default quota.
Jun 30 17:24:42 devstack cinder-volume[86492]: DEBUG cinder.quota [None req-68f1289d-2def-4df8-b5bd-eeb3ee2bd6d8 tempest-GroupsV314Test-1398413690 None] Created reservations ['84cb4624-d2d1-43b6-ba61-5b2879e36225', '32b19036-566f-48bc-8757-7acd20b8ea93', '2ccf1ec9-e3f8-4b79-a215-e8e383844902', '4abf9048-694b-4354-8cfd-0a6e9bb062c7'] {{(pid=86492) reserve /opt/stack/cinder/cinder/quota.py:752}}
Jun 30 17:24:43 devstack cinder-volume[86492]: DEBUG oslo_concurrency.lockutils [None req-68f1289d-2def-4df8-b5bd-eeb3ee2bd6d8 tempest-GroupsV314Test-1398413690 None] Acquiring lock "quobyte_ensure" by "cinder.volume.drivers.quobyte.QuobyteDriver._ensure_shares_mounted" {{(pid=86492) inner /opt/stack/data/venv/lib/python3.12/site-packages/oslo_concurrency/lockutils.py:511}}
Jun 30 17:24:43 devstack cinder-volume[86492]: DEBUG oslo_concurrency.lockutils [None req-68f1289d-2def-4df8-b5bd-eeb3ee2bd6d8 tempest-GroupsV314Test-1398413690 None] Lock "quobyte_ensure" acquired by "cinder.volume.drivers.quobyte.QuobyteDriver._ensure_shares_mounted" :: waited 0.001s {{(pid=86492) inner /opt/stack/data/venv/lib/python3.12/site-packages/oslo_concurrency/lockutils.py:524}}
Jun 30 17:24:43 devstack cinder-volume[86492]: DEBUG cinder.volume.drivers.quobyte [None req-68f1289d-2def-4df8-b5bd-eeb3ee2bd6d8 tempest-GroupsV314Test-1398413690 None] Quobyte Volume URL set to: {'osci02.corp.quobyte.com/cinder-vol-c383abda-8ddf-4f1c-ac0b-bfd3d76cdbbb': None} {{(pid=86492) _load_shares_config /opt/stack/cinder/cinder/volume/drivers/quobyte.py:617}}
Jun 30 17:24:43 devstack cinder-volume[86492]: DEBUG cinder.volume.drivers.quobyte [None req-68f1289d-2def-4df8-b5bd-eeb3ee2bd6d8 tempest-GroupsV314Test-1398413690 None] Available shares ['osci02.corp.quobyte.com/cinder-vol-c383abda-8ddf-4f1c-ac0b-bfd3d76cdbbb'] {{(pid=86492) _ensure_shares_mounted /opt/stack/cinder/cinder/volume/drivers/quobyte.py:647}}
Jun 30 17:24:43 devstack cinder-volume[86492]: DEBUG oslo_concurrency.lockutils [None req-68f1289d-2def-4df8-b5bd-eeb3ee2bd6d8 tempest-GroupsV314Test-1398413690 None] Lock "quobyte_ensure" "released" by "cinder.volume.drivers.quobyte.QuobyteDriver._ensure_shares_mounted" :: held 0.015s {{(pid=86492) inner /opt/stack/data/venv/lib/python3.12/site-packages/oslo_concurrency/lockutils.py:543}}
Jun 30 17:24:43 devstack cinder-volume[86492]: DEBUG oslo_concurrency.processutils [None req-68f1289d-2def-4df8-b5bd-eeb3ee2bd6d8 tempest-GroupsV314Test-1398413690 None] Running cmd (subprocess): sudo cinder-rootwrap /etc/cinder/rootwrap.conf df --portability --block-size 1 /opt/stack/data/cinder/mnt/a827b833f91462b0f58e3eae65b783e6 {{(pid=86492) execute /opt/stack/data/venv/lib/python3.12/site-packages/oslo_concurrency/processutils.py:440}}
Jun 30 17:24:43 devstack sudo[89055]: quobyte : PWD=/ ; USER=root ; COMMAND=/opt/stack/data/venv/bin/cinder-rootwrap /etc/cinder/rootwrap.conf df --portability --block-size 1 /opt/stack/data/cinder/mnt/a827b833f91462b0f58e3eae65b783e6
Jun 30 17:24:43 devstack sudo[89055]: pam_unix(sudo:session): session opened for user root(uid=0) by (uid=1000)
Jun 30 17:24:44 devstack sudo[89055]: pam_unix(sudo:session): session closed for user root
Jun 30 17:24:44 devstack cinder-volume[86492]: DEBUG oslo_concurrency.processutils [None req-68f1289d-2def-4df8-b5bd-eeb3ee2bd6d8 tempest-GroupsV314Test-1398413690 None] CMD "sudo cinder-rootwrap /etc/cinder/rootwrap.conf df --portability --block-size 1 /opt/stack/data/cinder/mnt/a827b833f91462b0f58e3eae65b783e6" returned: 0 in 1.010s {{(pid=86492) execute /opt/stack/data/venv/lib/python3.12/site-packages/oslo_concurrency/processutils.py:468}}
Jun 30 17:24:44 devstack cinder-volume[86492]: DEBUG cinder.manager [None req-68f1289d-2def-4df8-b5bd-eeb3ee2bd6d8 tempest-GroupsV314Test-1398413690 None] Notifying Schedulers of capabilities ... {{(pid=86492) _publish_service_capabilities /opt/stack/cinder/cinder/manager.py:219}}
Jun 30 17:24:44 devstack cinder-volume[86492]: INFO cinder.volume.manager [None req-68f1289d-2def-4df8-b5bd-eeb3ee2bd6d8 tempest-GroupsV314Test-1398413690 None] Delete group completed successfully.
Jun 30 17:24:44 devstack cinder-volume[86492]: DEBUG cinder.coordination [None req-f80b200a-24b2-421d-9360-e884302aa455 tempest-GroupsV314Test-1398413690 None] Acquiring lock "cinder-quobyte-9f60ad2b-0c42-4b12-a0c2-114cc3f7266c" by "delete_volume" {{(pid=86492) __acquire /opt/stack/cinder/cinder/coordination.py:138}}
Jun 30 17:24:44 devstack cinder-volume[86492]: DEBUG cinder.coordination [None req-f80b200a-24b2-421d-9360-e884302aa455 tempest-GroupsV314Test-1398413690 None] Lock "cinder-quobyte-9f60ad2b-0c42-4b12-a0c2-114cc3f7266c" acquired by "delete_volume" :: waited 0.048s {{(pid=86492) __acquire /opt/stack/cinder/cinder/coordination.py:141}}
Jun 30 17:24:44 devstack cinder-volume[86492]: DEBUG oslo.privsep.daemon [-] privsep: reply[ec551074-fc93-45df-a3d9-cb9d9e79c299]: (4, 'qcow2') {{(pid=87548) _call_back /opt/stack/data/venv/lib/python3.12/site-packages/oslo_privsep/daemon.py:580}}
Jun 30 17:24:44 devstack cinder-volume[86492]: DEBUG oslo_concurrency.processutils [None req-f80b200a-24b2-421d-9360-e884302aa455 tempest-GroupsV314Test-1398413690 None] Running cmd (subprocess): /opt/stack/data/venv/bin/python3.12 -m oslo_concurrency.prlimit --as=1073741824 --cpu=60 -- sudo cinder-rootwrap /etc/cinder/rootwrap.conf env LC_ALL=C qemu-img info -f qcow2 --output=json --force-share /opt/stack/data/cinder/mnt/a827b833f91462b0f58e3eae65b783e6/volume-9f60ad2b-0c42-4b12-a0c2-114cc3f7266c {{(pid=86492) execute /opt/stack/data/venv/lib/python3.12/site-packages/oslo_concurrency/processutils.py:440}}
Jun 30 17:24:44 devstack sudo[89098]: quobyte : PWD=/ ; USER=root ; COMMAND=/opt/stack/data/venv/bin/cinder-rootwrap /etc/cinder/rootwrap.conf env LC_ALL=C qemu-img info -f qcow2 --output=json --force-share /opt/stack/data/cinder/mnt/a827b833f91462b0f58e3eae65b783e6/volume-9f60ad2b-0c42-4b12-a0c2-114cc3f7266c
Jun 30 17:24:44 devstack sudo[89098]: pam_unix(sudo:session): session opened for user root(uid=0) by (uid=1000)
Jun 30 17:24:45 devstack sudo[89098]: pam_unix(sudo:session): session closed for user root
Jun 30 17:24:45 devstack cinder-volume[86492]: DEBUG oslo_concurrency.processutils [None req-f80b200a-24b2-421d-9360-e884302aa455 tempest-GroupsV314Test-1398413690 None] CMD "/opt/stack/data/venv/bin/python3.12 -m oslo_concurrency.prlimit --as=1073741824 --cpu=60 -- sudo cinder-rootwrap /etc/cinder/rootwrap.conf env LC_ALL=C qemu-img info -f qcow2 --output=json --force-share /opt/stack/data/cinder/mnt/a827b833f91462b0f58e3eae65b783e6/volume-9f60ad2b-0c42-4b12-a0c2-114cc3f7266c" returned: 0 in 1.413s {{(pid=86492) execute /opt/stack/data/venv/lib/python3.12/site-packages/oslo_concurrency/processutils.py:468}}
Jun 30 17:24:45 devstack cinder-volume[86492]: DEBUG oslo_concurrency.processutils [None req-f80b200a-24b2-421d-9360-e884302aa455 tempest-GroupsV314Test-1398413690 None] Running cmd (subprocess): sudo cinder-rootwrap /etc/cinder/rootwrap.conf rm -f /opt/stack/data/cinder/mnt/a827b833f91462b0f58e3eae65b783e6/volume-9f60ad2b-0c42-4b12-a0c2-114cc3f7266c {{(pid=86492) execute /opt/stack/data/venv/lib/python3.12/site-packages/oslo_concurrency/processutils.py:440}}
Jun 30 17:24:46 devstack sudo[89106]: quobyte : PWD=/ ; USER=root ; COMMAND=/opt/stack/data/venv/bin/cinder-rootwrap /etc/cinder/rootwrap.conf rm -f /opt/stack/data/cinder/mnt/a827b833f91462b0f58e3eae65b783e6/volume-9f60ad2b-0c42-4b12-a0c2-114cc3f7266c
Jun 30 17:24:46 devstack sudo[89106]: pam_unix(sudo:session): session opened for user root(uid=0) by (uid=1000)
Jun 30 17:24:47 devstack sudo[89106]: pam_unix(sudo:session): session closed for user root
Jun 30 17:24:47 devstack cinder-volume[86492]: DEBUG oslo_concurrency.processutils [None req-f80b200a-24b2-421d-9360-e884302aa455 tempest-GroupsV314Test-1398413690 None] CMD "sudo cinder-rootwrap /etc/cinder/rootwrap.conf rm -f /opt/stack/data/cinder/mnt/a827b833f91462b0f58e3eae65b783e6/volume-9f60ad2b-0c42-4b12-a0c2-114cc3f7266c" returned: 0 in 1.415s {{(pid=86492) execute /opt/stack/data/venv/lib/python3.12/site-packages/oslo_concurrency/processutils.py:468}}
Jun 30 17:24:47 devstack cinder-volume[86492]: DEBUG cinder.coordination [None req-f80b200a-24b2-421d-9360-e884302aa455 tempest-GroupsV314Test-1398413690 None] Lock "cinder-quobyte-9f60ad2b-0c42-4b12-a0c2-114cc3f7266c" released by "delete_volume" :: held 2.998s {{(pid=86492) __release /opt/stack/cinder/cinder/coordination.py:152}}
Jun 30 17:24:47 devstack cinder-volume[86492]: DEBUG cinder.quota [None req-f80b200a-24b2-421d-9360-e884302aa455 tempest-GroupsV314Test-1398413690 None] Created reservations ['1a9a3672-39b6-473e-9142-5a63a0b3988e'] {{(pid=86492) reserve /opt/stack/cinder/cinder/quota.py:752}}
Jun 30 17:24:47 devstack cinder-volume[86492]: DEBUG cinder.quota [None req-f80b200a-24b2-421d-9360-e884302aa455 tempest-GroupsV314Test-1398413690 None] Created reservations ['52abf7a1-64e0-40e6-9057-b2eff364a9dd', '9e8b5926-6a90-449c-8118-ef2ab35880cb', '35ee4743-9e0f-4fc3-919d-cf5ed78db277', '3e4b3ba6-a9a9-4198-91f7-5a510fdc41b2'] {{(pid=86492) reserve /opt/stack/cinder/cinder/quota.py:752}}
Jun 30 17:24:47 devstack cinder-volume[86492]: DEBUG oslo_concurrency.lockutils [None req-f80b200a-24b2-421d-9360-e884302aa455 tempest-GroupsV314Test-1398413690 None] Acquiring lock "quobyte_ensure" by "cinder.volume.drivers.quobyte.QuobyteDriver._ensure_shares_mounted" {{(pid=86492) inner /opt/stack/data/venv/lib/python3.12/site-packages/oslo_concurrency/lockutils.py:511}}
Jun 30 17:24:47 devstack cinder-volume[86492]: DEBUG oslo_concurrency.lockutils [None req-f80b200a-24b2-421d-9360-e884302aa455 tempest-GroupsV314Test-1398413690 None] Lock "quobyte_ensure" acquired by "cinder.volume.drivers.quobyte.QuobyteDriver._ensure_shares_mounted" :: waited 0.002s {{(pid=86492) inner /opt/stack/data/venv/lib/python3.12/site-packages/oslo_concurrency/lockutils.py:524}}
Jun 30 17:24:47 devstack cinder-volume[86492]: DEBUG cinder.volume.drivers.quobyte [None req-f80b200a-24b2-421d-9360-e884302aa455 tempest-GroupsV314Test-1398413690 None] Quobyte Volume URL set to: {'osci02.corp.quobyte.com/cinder-vol-c383abda-8ddf-4f1c-ac0b-bfd3d76cdbbb': None} {{(pid=86492) _load_shares_config /opt/stack/cinder/cinder/volume/drivers/quobyte.py:617}}
Jun 30 17:24:47 devstack cinder-volume[86492]: DEBUG cinder.volume.drivers.quobyte [None req-f80b200a-24b2-421d-9360-e884302aa455 tempest-GroupsV314Test-1398413690 None] Available shares ['osci02.corp.quobyte.com/cinder-vol-c383abda-8ddf-4f1c-ac0b-bfd3d76cdbbb'] {{(pid=86492) _ensure_shares_mounted /opt/stack/cinder/cinder/volume/drivers/quobyte.py:647}}
Jun 30 17:24:47 devstack cinder-volume[86492]: DEBUG oslo_concurrency.lockutils [None req-f80b200a-24b2-421d-9360-e884302aa455 tempest-GroupsV314Test-1398413690 None] Lock "quobyte_ensure" "released" by "cinder.volume.drivers.quobyte.QuobyteDriver._ensure_shares_mounted" :: held 0.011s {{(pid=86492) inner /opt/stack/data/venv/lib/python3.12/site-packages/oslo_concurrency/lockutils.py:543}}
Jun 30 17:24:47 devstack cinder-volume[86492]: DEBUG oslo_concurrency.processutils [None req-f80b200a-24b2-421d-9360-e884302aa455 tempest-GroupsV314Test-1398413690 None] Running cmd (subprocess): sudo cinder-rootwrap /etc/cinder/rootwrap.conf df --portability --block-size 1 /opt/stack/data/cinder/mnt/a827b833f91462b0f58e3eae65b783e6 {{(pid=86492) execute /opt/stack/data/venv/lib/python3.12/site-packages/oslo_concurrency/processutils.py:440}}
Jun 30 17:24:47 devstack sudo[89120]: quobyte : PWD=/ ; USER=root ; COMMAND=/opt/stack/data/venv/bin/cinder-rootwrap /etc/cinder/rootwrap.conf df --portability --block-size 1 /opt/stack/data/cinder/mnt/a827b833f91462b0f58e3eae65b783e6
Jun 30 17:24:47 devstack sudo[89120]: pam_unix(sudo:session): session opened for user root(uid=0) by (uid=1000)
Jun 30 17:24:49 devstack sudo[89120]: pam_unix(sudo:session): session closed for user root
Jun 30 17:24:49 devstack cinder-volume[86492]: DEBUG oslo_concurrency.processutils [None req-f80b200a-24b2-421d-9360-e884302aa455 tempest-GroupsV314Test-1398413690 None] CMD "sudo cinder-rootwrap /etc/cinder/rootwrap.conf df --portability --block-size 1 /opt/stack/data/cinder/mnt/a827b833f91462b0f58e3eae65b783e6" returned: 0 in 2.022s {{(pid=86492) execute /opt/stack/data/venv/lib/python3.12/site-packages/oslo_concurrency/processutils.py:468}}
Jun 30 17:24:49 devstack cinder-volume[86492]: DEBUG cinder.manager [None req-f80b200a-24b2-421d-9360-e884302aa455 tempest-GroupsV314Test-1398413690 None] Notifying Schedulers of capabilities ... {{(pid=86492) _publish_service_capabilities /opt/stack/cinder/cinder/manager.py:219}}
