Jun 30 17:28:38 devstack sudo[92799]: pam_unix(sudo:session): session closed for user root
Jun 30 17:28:38 devstack cinder-volume[86492]: DEBUG oslo_concurrency.processutils [None req-20bc07d1-1ac0-4bca-93cf-b786479378ce tempest-GroupSnapshotsV319Test-269440365 None] CMD "sudo cinder-rootwrap /etc/cinder/rootwrap.conf qemu-img create -f qcow2 -o preallocation=metadata /opt/stack/data/cinder/mnt/a827b833f91462b0f58e3eae65b783e6/volume-4df9bc6f-ceac-41c2-a4b3-f25684e89d48 1073741824" returned: 0 in 1.310s {{(pid=86492) execute /opt/stack/data/venv/lib/python3.12/site-packages/oslo_concurrency/processutils.py:468}}
Jun 30 17:28:38 devstack sudo[92806]: quobyte : PWD=/ ; USER=root ; COMMAND=/opt/stack/data/venv/bin/cinder-rootwrap /etc/cinder/rootwrap.conf env LC_ALL=C qemu-img info -f qcow2 --output=json --force-share /opt/stack/data/cinder/mnt/a827b833f91462b0f58e3eae65b783e6/volume-fde4ed78-3384-4f86-ba89-155d49f7cf96
Jun 30 17:28:38 devstack sudo[92806]: pam_unix(sudo:session): session opened for user root(uid=0) by (uid=1000)
Jun 30 17:28:38 devstack cinder-volume[86492]: DEBUG oslo_concurrency.processutils [None req-20bc07d1-1ac0-4bca-93cf-b786479378ce tempest-GroupSnapshotsV319Test-269440365 None] Running cmd (subprocess): sudo cinder-rootwrap /etc/cinder/rootwrap.conf chmod ugo+rw /opt/stack/data/cinder/mnt/a827b833f91462b0f58e3eae65b783e6/volume-4df9bc6f-ceac-41c2-a4b3-f25684e89d48 {{(pid=86492) execute /opt/stack/data/venv/lib/python3.12/site-packages/oslo_concurrency/processutils.py:440}}
Jun 30 17:28:38 devstack sudo[92809]: quobyte : PWD=/ ; USER=root ; COMMAND=/opt/stack/data/venv/bin/cinder-rootwrap /etc/cinder/rootwrap.conf chmod ugo+rw /opt/stack/data/cinder/mnt/a827b833f91462b0f58e3eae65b783e6/volume-4df9bc6f-ceac-41c2-a4b3-f25684e89d48
Jun 30 17:28:38 devstack sudo[92809]: pam_unix(sudo:session): session opened for user root(uid=0) by (uid=1000)
Jun 30 17:28:39 devstack sudo[92806]: pam_unix(sudo:session): session closed for user root
Jun 30 17:28:39 devstack cinder-volume[86492]: DEBUG oslo_concurrency.processutils [None req-67ece5cf-19df-46c0-9b46-d88aa647997b tempest-TaggedAttachmentsTest-1865256625 None] CMD "/opt/stack/data/venv/bin/python3.12 -m oslo_concurrency.prlimit --as=1073741824 --cpu=60 -- sudo cinder-rootwrap /etc/cinder/rootwrap.conf env LC_ALL=C qemu-img info -f qcow2 --output=json --force-share /opt/stack/data/cinder/mnt/a827b833f91462b0f58e3eae65b783e6/volume-fde4ed78-3384-4f86-ba89-155d49f7cf96" returned: 0 in 1.071s {{(pid=86492) execute /opt/stack/data/venv/lib/python3.12/site-packages/oslo_concurrency/processutils.py:468}}
Jun 30 17:28:39 devstack cinder-volume[86492]: DEBUG oslo_concurrency.processutils [None req-67ece5cf-19df-46c0-9b46-d88aa647997b tempest-TaggedAttachmentsTest-1865256625 None] Running cmd (subprocess): sudo cinder-rootwrap /etc/cinder/rootwrap.conf rm -f /opt/stack/data/cinder/mnt/a827b833f91462b0f58e3eae65b783e6/volume-fde4ed78-3384-4f86-ba89-155d49f7cf96 {{(pid=86492) execute /opt/stack/data/venv/lib/python3.12/site-packages/oslo_concurrency/processutils.py:440}}
Jun 30 17:28:39 devstack sudo[92815]: quobyte : PWD=/ ; USER=root ; COMMAND=/opt/stack/data/venv/bin/cinder-rootwrap /etc/cinder/rootwrap.conf rm -f /opt/stack/data/cinder/mnt/a827b833f91462b0f58e3eae65b783e6/volume-fde4ed78-3384-4f86-ba89-155d49f7cf96
Jun 30 17:28:39 devstack sudo[92815]: pam_unix(sudo:session): session opened for user root(uid=0) by (uid=1000)
Jun 30 17:28:39 devstack sudo[92809]: pam_unix(sudo:session): session closed for user root
Jun 30 17:28:39 devstack cinder-volume[86492]: DEBUG oslo_concurrency.processutils [None req-20bc07d1-1ac0-4bca-93cf-b786479378ce tempest-GroupSnapshotsV319Test-269440365 None] CMD "sudo cinder-rootwrap /etc/cinder/rootwrap.conf chmod ugo+rw /opt/stack/data/cinder/mnt/a827b833f91462b0f58e3eae65b783e6/volume-4df9bc6f-ceac-41c2-a4b3-f25684e89d48" returned: 0 in 1.037s {{(pid=86492) execute /opt/stack/data/venv/lib/python3.12/site-packages/oslo_concurrency/processutils.py:468}}
Jun 30 17:28:39 devstack cinder-volume[86492]: DEBUG cinder.volume.drivers.quobyte [None req-20bc07d1-1ac0-4bca-93cf-b786479378ce tempest-GroupSnapshotsV319Test-269440365 None] <== create_volume: return (2447ms) {'provider_location': 'osci02.corp.quobyte.com/cinder-vol-c383abda-8ddf-4f1c-ac0b-bfd3d76cdbbb'} {{(pid=86492) trace_logging_wrapper /opt/stack/cinder/cinder/volume/volume_utils.py:1522}}
Jun 30 17:28:39 devstack cinder-volume[86492]: DEBUG oslo_concurrency.lockutils [None req-20bc07d1-1ac0-4bca-93cf-b786479378ce tempest-GroupSnapshotsV319Test-269440365 None] Lock "quobyte" "released" by "cinder.volume.drivers.quobyte.QuobyteDriver.create_volume" :: held 2.450s {{(pid=86492) inner /opt/stack/data/venv/lib/python3.12/site-packages/oslo_concurrency/lockutils.py:543}}
Jun 30 17:28:39 devstack cinder-volume[86492]: DEBUG cinder.volume.manager [None req-20bc07d1-1ac0-4bca-93cf-b786479378ce tempest-GroupSnapshotsV319Test-269440365 None] Task 'cinder.volume.flows.manager.create_volume.CreateVolumeFromSpecTask;volume:create' (79bc3bb6-40d8-4bd0-9efa-ad6a2051fc1c) transitioned into state 'SUCCESS' from state 'RUNNING' with result '{'status': 'creating', 'volume_name': 'volume-4df9bc6f-ceac-41c2-a4b3-f25684e89d48', 'volume_size': 1}' {{(pid=86492) _task_receiver /opt/stack/data/venv/lib/python3.12/site-packages/taskflow/listeners/logging.py:218}}
Jun 30 17:28:39 devstack cinder-volume[86492]: DEBUG cinder.volume.manager [None req-20bc07d1-1ac0-4bca-93cf-b786479378ce tempest-GroupSnapshotsV319Test-269440365 None] Task 'cinder.volume.flows.manager.create_volume.CreateVolumeOnFinishTask;volume:create, create.end' (8fdccc0d-1bec-4593-9316-b0314775ac3e) transitioned into state 'RUNNING' from state 'PENDING' {{(pid=86492) _task_receiver /opt/stack/data/venv/lib/python3.12/site-packages/taskflow/listeners/logging.py:242}}
Jun 30 17:28:39 devstack cinder-volume[86492]: INFO cinder.volume.flows.manager.create_volume [None req-20bc07d1-1ac0-4bca-93cf-b786479378ce tempest-GroupSnapshotsV319Test-269440365 None] Volume volume-4df9bc6f-ceac-41c2-a4b3-f25684e89d48 (4df9bc6f-ceac-41c2-a4b3-f25684e89d48): created successfully
Jun 30 17:28:39 devstack cinder-volume[86492]: DEBUG cinder.volume.manager [None req-20bc07d1-1ac0-4bca-93cf-b786479378ce tempest-GroupSnapshotsV319Test-269440365 None] Task 'cinder.volume.flows.manager.create_volume.CreateVolumeOnFinishTask;volume:create, create.end' (8fdccc0d-1bec-4593-9316-b0314775ac3e) transitioned into state 'SUCCESS' from state 'RUNNING' with result 'None' {{(pid=86492) _task_receiver /opt/stack/data/venv/lib/python3.12/site-packages/taskflow/listeners/logging.py:218}}
Jun 30 17:28:39 devstack cinder-volume[86492]: DEBUG cinder.volume.manager [None req-20bc07d1-1ac0-4bca-93cf-b786479378ce tempest-GroupSnapshotsV319Test-269440365 None] Flow 'volume_create_manager' (b1f9eb58-b7d4-4118-8906-908f55eb7b89) transitioned into state 'SUCCESS' from state 'RUNNING' {{(pid=86492) _flow_receiver /opt/stack/data/venv/lib/python3.12/site-packages/taskflow/listeners/logging.py:160}}
Jun 30 17:28:39 devstack cinder-volume[86492]: INFO cinder.volume.manager [None req-20bc07d1-1ac0-4bca-93cf-b786479378ce tempest-GroupSnapshotsV319Test-269440365 None] Created volume successfully.
Jun 30 17:28:40 devstack sudo[92815]: pam_unix(sudo:session): session closed for user root
Jun 30 17:28:40 devstack cinder-volume[86492]: DEBUG oslo_concurrency.processutils [None req-67ece5cf-19df-46c0-9b46-d88aa647997b tempest-TaggedAttachmentsTest-1865256625 None] CMD "sudo cinder-rootwrap /etc/cinder/rootwrap.conf rm -f /opt/stack/data/cinder/mnt/a827b833f91462b0f58e3eae65b783e6/volume-fde4ed78-3384-4f86-ba89-155d49f7cf96" returned: 0 in 0.798s {{(pid=86492) execute /opt/stack/data/venv/lib/python3.12/site-packages/oslo_concurrency/processutils.py:468}}
Jun 30 17:28:40 devstack cinder-volume[86492]: DEBUG cinder.coordination [None req-67ece5cf-19df-46c0-9b46-d88aa647997b tempest-TaggedAttachmentsTest-1865256625 None] Lock "cinder-quobyte-fde4ed78-3384-4f86-ba89-155d49f7cf96" released by "delete_volume" :: held 1.943s {{(pid=86492) __release /opt/stack/cinder/cinder/coordination.py:152}}
Jun 30 17:28:40 devstack cinder-volume[86492]: DEBUG cinder.quota [None req-67ece5cf-19df-46c0-9b46-d88aa647997b tempest-TaggedAttachmentsTest-1865256625 None] Created reservations ['f62473b1-a519-4a4e-89ba-e662df737bd7', 'd6850357-0f23-4c98-a30d-74774a9ad8fe', '8cda2886-c087-4c69-9bb4-19b2516d3b36', 'b11faadb-7b49-4300-958b-4132b24b24f5'] {{(pid=86492) reserve /opt/stack/cinder/cinder/quota.py:752}}
Jun 30 17:28:40 devstack cinder-volume[86492]: DEBUG oslo_concurrency.lockutils [None req-67ece5cf-19df-46c0-9b46-d88aa647997b tempest-TaggedAttachmentsTest-1865256625 None] Acquiring lock "quobyte_ensure" by "cinder.volume.drivers.quobyte.QuobyteDriver._ensure_shares_mounted" {{(pid=86492) inner /opt/stack/data/venv/lib/python3.12/site-packages/oslo_concurrency/lockutils.py:511}}
Jun 30 17:28:40 devstack cinder-volume[86492]: DEBUG oslo_concurrency.lockutils [None req-67ece5cf-19df-46c0-9b46-d88aa647997b tempest-TaggedAttachmentsTest-1865256625 None] Lock "quobyte_ensure" acquired by "cinder.volume.drivers.quobyte.QuobyteDriver._ensure_shares_mounted" :: waited 0.001s {{(pid=86492) inner /opt/stack/data/venv/lib/python3.12/site-packages/oslo_concurrency/lockutils.py:524}}
Jun 30 17:28:40 devstack cinder-volume[86492]: DEBUG cinder.volume.drivers.quobyte [None req-67ece5cf-19df-46c0-9b46-d88aa647997b tempest-TaggedAttachmentsTest-1865256625 None] Quobyte Volume URL set to: {'osci02.corp.quobyte.com/cinder-vol-c383abda-8ddf-4f1c-ac0b-bfd3d76cdbbb': None} {{(pid=86492) _load_shares_config /opt/stack/cinder/cinder/volume/drivers/quobyte.py:617}}
Jun 30 17:28:40 devstack cinder-volume[86492]: DEBUG cinder.volume.drivers.quobyte [None req-67ece5cf-19df-46c0-9b46-d88aa647997b tempest-TaggedAttachmentsTest-1865256625 None] Available shares ['osci02.corp.quobyte.com/cinder-vol-c383abda-8ddf-4f1c-ac0b-bfd3d76cdbbb'] {{(pid=86492) _ensure_shares_mounted /opt/stack/cinder/cinder/volume/drivers/quobyte.py:647}}
Jun 30 17:28:40 devstack cinder-volume[86492]: DEBUG oslo_concurrency.lockutils [None req-67ece5cf-19df-46c0-9b46-d88aa647997b tempest-TaggedAttachmentsTest-1865256625 None] Lock "quobyte_ensure" "released" by "cinder.volume.drivers.quobyte.QuobyteDriver._ensure_shares_mounted" :: held 0.013s {{(pid=86492) inner /opt/stack/data/venv/lib/python3.12/site-packages/oslo_concurrency/lockutils.py:543}}
Jun 30 17:28:40 devstack cinder-volume[86492]: DEBUG oslo_concurrency.processutils [None req-67ece5cf-19df-46c0-9b46-d88aa647997b tempest-TaggedAttachmentsTest-1865256625 None] Running cmd (subprocess): sudo cinder-rootwrap /etc/cinder/rootwrap.conf df --portability --block-size 1 /opt/stack/data/cinder/mnt/a827b833f91462b0f58e3eae65b783e6 {{(pid=86492) execute /opt/stack/data/venv/lib/python3.12/site-packages/oslo_concurrency/processutils.py:440}}
Jun 30 17:28:40 devstack sudo[92824]: quobyte : PWD=/ ; USER=root ; COMMAND=/opt/stack/data/venv/bin/cinder-rootwrap /etc/cinder/rootwrap.conf df --portability --block-size 1 /opt/stack/data/cinder/mnt/a827b833f91462b0f58e3eae65b783e6
Jun 30 17:28:40 devstack sudo[92824]: pam_unix(sudo:session): session opened for user root(uid=0) by (uid=1000)
Jun 30 17:28:40 devstack cinder-volume[86492]: DEBUG oslo_service.periodic_task [None req-9b98e5a4-6974-424c-8069-0b16a5135c6f None None] Running periodic task VolumeManager.publish_service_capabilities {{(pid=86492) run_periodic_tasks /opt/stack/data/venv/lib/python3.12/site-packages/oslo_service/periodic_task.py:225}}
Jun 30 17:28:40 devstack cinder-volume[86492]: DEBUG oslo_concurrency.lockutils [None req-9b98e5a4-6974-424c-8069-0b16a5135c6f None None] Acquiring lock "quobyte_ensure" by "cinder.volume.drivers.quobyte.QuobyteDriver._ensure_shares_mounted" {{(pid=86492) inner /opt/stack/data/venv/lib/python3.12/site-packages/oslo_concurrency/lockutils.py:511}}
Jun 30 17:28:40 devstack cinder-volume[86492]: DEBUG oslo_concurrency.lockutils [None req-9b98e5a4-6974-424c-8069-0b16a5135c6f None None] Lock "quobyte_ensure" acquired by "cinder.volume.drivers.quobyte.QuobyteDriver._ensure_shares_mounted" :: waited 0.000s {{(pid=86492) inner /opt/stack/data/venv/lib/python3.12/site-packages/oslo_concurrency/lockutils.py:524}}
Jun 30 17:28:40 devstack cinder-volume[86492]: DEBUG cinder.volume.drivers.quobyte [None req-9b98e5a4-6974-424c-8069-0b16a5135c6f None None] Quobyte Volume URL set to: {'osci02.corp.quobyte.com/cinder-vol-c383abda-8ddf-4f1c-ac0b-bfd3d76cdbbb': None} {{(pid=86492) _load_shares_config /opt/stack/cinder/cinder/volume/drivers/quobyte.py:617}}
Jun 30 17:28:40 devstack cinder-volume[86492]: DEBUG cinder.volume.drivers.quobyte [None req-9b98e5a4-6974-424c-8069-0b16a5135c6f None None] Available shares ['osci02.corp.quobyte.com/cinder-vol-c383abda-8ddf-4f1c-ac0b-bfd3d76cdbbb'] {{(pid=86492) _ensure_shares_mounted /opt/stack/cinder/cinder/volume/drivers/quobyte.py:647}}
Jun 30 17:28:40 devstack cinder-volume[86492]: DEBUG oslo_concurrency.lockutils [None req-9b98e5a4-6974-424c-8069-0b16a5135c6f None None] Lock "quobyte_ensure" "released" by "cinder.volume.drivers.quobyte.QuobyteDriver._ensure_shares_mounted" :: held 0.013s {{(pid=86492) inner /opt/stack/data/venv/lib/python3.12/site-packages/oslo_concurrency/lockutils.py:543}}
Jun 30 17:28:40 devstack cinder-volume[86492]: DEBUG oslo_concurrency.processutils [None req-9b98e5a4-6974-424c-8069-0b16a5135c6f None None] Running cmd (subprocess): sudo cinder-rootwrap /etc/cinder/rootwrap.conf df --portability --block-size 1 /opt/stack/data/cinder/mnt/a827b833f91462b0f58e3eae65b783e6 {{(pid=86492) execute /opt/stack/data/venv/lib/python3.12/site-packages/oslo_concurrency/processutils.py:440}}
Jun 30 17:28:40 devstack sudo[92826]: quobyte : PWD=/ ; USER=root ; COMMAND=/opt/stack/data/venv/bin/cinder-rootwrap /etc/cinder/rootwrap.conf df --portability --block-size 1 /opt/stack/data/cinder/mnt/a827b833f91462b0f58e3eae65b783e6
Jun 30 17:28:40 devstack sudo[92826]: pam_unix(sudo:session): session opened for user root(uid=0) by (uid=1000)
Jun 30 17:28:41 devstack cinder-volume[86492]: INFO cinder.volume.manager [None req-dc163cb0-bd6f-406e-946f-d4928e44a209 tempest-GroupSnapshotsV319Test-269440365 None] GroupSnapshot df3e59a2-2ffb-49a6-ba11-87cb7f352c4f: creating.
Jun 30 17:28:41 devstack cinder-volume[86492]: DEBUG cinder.volume.manager [None req-dc163cb0-bd6f-406e-946f-d4928e44a209 tempest-GroupSnapshotsV319Test-269440365 None] Group snapshot df3e59a2-2ffb-49a6-ba11-87cb7f352c4f: creating. {{(pid=86492) create_group_snapshot /opt/stack/cinder/cinder/volume/manager.py:4175}}
Jun 30 17:28:41 devstack cinder-volume[86492]: DEBUG oslo_concurrency.lockutils [None req-dc163cb0-bd6f-406e-946f-d4928e44a209 tempest-GroupSnapshotsV319Test-269440365 None] Acquiring lock "quobyte" by "cinder.volume.drivers.quobyte.QuobyteDriver.create_snapshot" {{(pid=86492) inner /opt/stack/data/venv/lib/python3.12/site-packages/oslo_concurrency/lockutils.py:511}}
Jun 30 17:28:41 devstack cinder-volume[86492]: DEBUG oslo_concurrency.lockutils [None req-dc163cb0-bd6f-406e-946f-d4928e44a209 tempest-GroupSnapshotsV319Test-269440365 None] Lock "quobyte" acquired by "cinder.volume.drivers.quobyte.QuobyteDriver.create_snapshot" :: waited 0.001s {{(pid=86492) inner /opt/stack/data/venv/lib/python3.12/site-packages/oslo_concurrency/lockutils.py:524}}
Jun 30 17:28:41 devstack cinder-volume[86492]: DEBUG cinder.volume.drivers.remotefs [None req-dc163cb0-bd6f-406e-946f-d4928e44a209 tempest-GroupSnapshotsV319Test-269440365 None] Creating offline snapshot 7394a60b-9bd3-4cd3-bcac-0f2ed558daa0 of volume 4df9bc6f-ceac-41c2-a4b3-f25684e89d48 {{(pid=86492) _create_snapshot /opt/stack/cinder/cinder/volume/drivers/remotefs.py:1816}}
Jun 30 17:28:41 devstack cinder-volume[86492]: DEBUG oslo.privsep.daemon [-] privsep: reply[c1547f80-6eca-4bcc-9555-6c915e78639b]: (4, 'qcow2') {{(pid=87548) _call_back /opt/stack/data/venv/lib/python3.12/site-packages/oslo_privsep/daemon.py:580}}
Jun 30 17:28:41 devstack cinder-volume[86492]: DEBUG oslo_concurrency.processutils [None req-dc163cb0-bd6f-406e-946f-d4928e44a209 tempest-GroupSnapshotsV319Test-269440365 None] Running cmd (subprocess): /opt/stack/data/venv/bin/python3.12 -m oslo_concurrency.prlimit --as=1073741824 --cpu=60 -- sudo cinder-rootwrap /etc/cinder/rootwrap.conf env LC_ALL=C qemu-img info -f qcow2 --output=json --force-share /opt/stack/data/cinder/mnt/a827b833f91462b0f58e3eae65b783e6/volume-4df9bc6f-ceac-41c2-a4b3-f25684e89d48 {{(pid=86492) execute /opt/stack/data/venv/lib/python3.12/site-packages/oslo_concurrency/processutils.py:440}}
Jun 30 17:28:41 devstack sudo[92828]: quobyte : PWD=/ ; USER=root ; COMMAND=/opt/stack/data/venv/bin/cinder-rootwrap /etc/cinder/rootwrap.conf env LC_ALL=C qemu-img info -f qcow2 --output=json --force-share /opt/stack/data/cinder/mnt/a827b833f91462b0f58e3eae65b783e6/volume-4df9bc6f-ceac-41c2-a4b3-f25684e89d48
Jun 30 17:28:41 devstack sudo[92828]: pam_unix(sudo:session): session opened for user root(uid=0) by (uid=1000)
Jun 30 17:28:41 devstack sudo[92824]: pam_unix(sudo:session): session closed for user root
Jun 30 17:28:41 devstack cinder-volume[86492]: DEBUG oslo_concurrency.processutils [None req-67ece5cf-19df-46c0-9b46-d88aa647997b tempest-TaggedAttachmentsTest-1865256625 None] CMD "sudo cinder-rootwrap /etc/cinder/rootwrap.conf df --portability --block-size 1 /opt/stack/data/cinder/mnt/a827b833f91462b0f58e3eae65b783e6" returned: 0 in 1.063s {{(pid=86492) execute /opt/stack/data/venv/lib/python3.12/site-packages/oslo_concurrency/processutils.py:468}}
Jun 30 17:28:41 devstack cinder-volume[86492]: DEBUG cinder.manager [None req-67ece5cf-19df-46c0-9b46-d88aa647997b tempest-TaggedAttachmentsTest-1865256625 None] Notifying Schedulers of capabilities ... {{(pid=86492) _publish_service_capabilities /opt/stack/cinder/cinder/manager.py:219}}
Jun 30 17:28:41 devstack cinder-volume[86492]: INFO cinder.volume.manager [None req-67ece5cf-19df-46c0-9b46-d88aa647997b tempest-TaggedAttachmentsTest-1865256625 None] Deleted volume successfully.
Jun 30 17:28:41 devstack cinder-volume[86492]: DEBUG cinder.coordination [None req-67ece5cf-19df-46c0-9b46-d88aa647997b tempest-TaggedAttachmentsTest-1865256625 None] Lock "cinder-fde4ed78-3384-4f86-ba89-155d49f7cf96-delete_volume" released by "delete_volume" :: held 3.541s {{(pid=86492) __release /opt/stack/cinder/cinder/coordination.py:152}}
Jun 30 17:28:41 devstack sudo[92826]: pam_unix(sudo:session): session closed for user root
Jun 30 17:28:41 devstack cinder-volume[86492]: DEBUG oslo_concurrency.processutils [None req-9b98e5a4-6974-424c-8069-0b16a5135c6f None None] CMD "sudo cinder-rootwrap /etc/cinder/rootwrap.conf df --portability --block-size 1 /opt/stack/data/cinder/mnt/a827b833f91462b0f58e3eae65b783e6" returned: 0 in 1.109s {{(pid=86492) execute /opt/stack/data/venv/lib/python3.12/site-packages/oslo_concurrency/processutils.py:468}}
Jun 30 17:28:41 devstack cinder-volume[86492]: DEBUG cinder.manager [None req-9b98e5a4-6974-424c-8069-0b16a5135c6f None None] Notifying Schedulers of capabilities ... {{(pid=86492) _publish_service_capabilities /opt/stack/cinder/cinder/manager.py:219}}
Jun 30 17:28:41 devstack cinder-volume[86492]: DEBUG oslo_service.periodic_task [None req-9b98e5a4-6974-424c-8069-0b16a5135c6f None None] Running periodic task VolumeManager._thread_info {{(pid=86492) run_periodic_tasks /opt/stack/data/venv/lib/python3.12/site-packages/oslo_service/periodic_task.py:225}}
Jun 30 17:28:41 devstack cinder-volume[86492]: DEBUG cinder.volume.manager [None req-9b98e5a4-6974-424c-8069-0b16a5135c6f None None] thread count: 8 {{(pid=86492) _thread_info /opt/stack/cinder/cinder/volume/manager.py:5472}}
Jun 30 17:28:41 devstack cinder-volume[86492]: DEBUG cinder.volume.manager [None req-9b98e5a4-6974-424c-8069-0b16a5135c6f None None] thread info: [<_MainThread(MainThread, started 126531341512832)>, , , , , , , ] {{(pid=86492) _thread_info /opt/stack/cinder/cinder/volume/manager.py:5473}}
Jun 30 17:28:42 devstack sudo[92828]: pam_unix(sudo:session): session closed for user root
Jun 30 17:28:42 devstack cinder-volume[86492]: DEBUG oslo_concurrency.processutils [None req-dc163cb0-bd6f-406e-946f-d4928e44a209 tempest-GroupSnapshotsV319Test-269440365 None] CMD "/opt/stack/data/venv/bin/python3.12 -m oslo_concurrency.prlimit --as=1073741824 --cpu=60 -- sudo cinder-rootwrap /etc/cinder/rootwrap.conf env LC_ALL=C qemu-img info -f qcow2 --output=json --force-share /opt/stack/data/cinder/mnt/a827b833f91462b0f58e3eae65b783e6/volume-4df9bc6f-ceac-41c2-a4b3-f25684e89d48" returned: 0 in 1.043s {{(pid=86492) execute /opt/stack/data/venv/lib/python3.12/site-packages/oslo_concurrency/processutils.py:468}}
Jun 30 17:28:42 devstack cinder-volume[86492]: DEBUG oslo_concurrency.processutils [None req-dc163cb0-bd6f-406e-946f-d4928e44a209 tempest-GroupSnapshotsV319Test-269440365 None] Running cmd (subprocess): sudo cinder-rootwrap /etc/cinder/rootwrap.conf qemu-img create -f qcow2 -o backing_file=/opt/stack/data/cinder/mnt/a827b833f91462b0f58e3eae65b783e6/volume-4df9bc6f-ceac-41c2-a4b3-f25684e89d48,backing_fmt=qcow2 /opt/stack/data/cinder/mnt/a827b833f91462b0f58e3eae65b783e6/volume-4df9bc6f-ceac-41c2-a4b3-f25684e89d48.7394a60b-9bd3-4cd3-bcac-0f2ed558daa0 1G {{(pid=86492) execute /opt/stack/data/venv/lib/python3.12/site-packages/oslo_concurrency/processutils.py:440}}
Jun 30 17:28:42 devstack sudo[92847]: quobyte : PWD=/ ; USER=root ; COMMAND=/opt/stack/data/venv/bin/cinder-rootwrap /etc/cinder/rootwrap.conf qemu-img create -f qcow2 -o backing_file=/opt/stack/data/cinder/mnt/a827b833f91462b0f58e3eae65b783e6/volume-4df9bc6f-ceac-41c2-a4b3-f25684e89d48,backing_fmt=qcow2 /opt/stack/data/cinder/mnt/a827b833f91462b0f58e3eae65b783e6/volume-4df9bc6f-ceac-41c2-a4b3-f25684e89d48.7394a60b-9bd3-4cd3-bcac-0f2ed558daa0 1G
Jun 30 17:28:42 devstack sudo[92847]: pam_unix(sudo:session): session opened for user root(uid=0) by (uid=1000)
Jun 30 17:28:43 devstack sudo[92847]: pam_unix(sudo:session): session closed for user root
Jun 30 17:28:43 devstack cinder-volume[86492]: DEBUG oslo_concurrency.processutils [None req-dc163cb0-bd6f-406e-946f-d4928e44a209 tempest-GroupSnapshotsV319Test-269440365 None] CMD "sudo cinder-rootwrap /etc/cinder/rootwrap.conf qemu-img create -f qcow2 -o backing_file=/opt/stack/data/cinder/mnt/a827b833f91462b0f58e3eae65b783e6/volume-4df9bc6f-ceac-41c2-a4b3-f25684e89d48,backing_fmt=qcow2 /opt/stack/data/cinder/mnt/a827b833f91462b0f58e3eae65b783e6/volume-4df9bc6f-ceac-41c2-a4b3-f25684e89d48.7394a60b-9bd3-4cd3-bcac-0f2ed558daa0 1G" returned: 0 in 1.059s {{(pid=86492) execute /opt/stack/data/venv/lib/python3.12/site-packages/oslo_concurrency/processutils.py:468}}
Jun 30 17:28:43 devstack cinder-volume[86492]: DEBUG oslo_concurrency.processutils [None req-dc163cb0-bd6f-406e-946f-d4928e44a209 tempest-GroupSnapshotsV319Test-269440365 None] Running cmd (subprocess): sudo cinder-rootwrap /etc/cinder/rootwrap.conf qemu-img rebase -u -b volume-4df9bc6f-ceac-41c2-a4b3-f25684e89d48 -F qcow2 /opt/stack/data/cinder/mnt/a827b833f91462b0f58e3eae65b783e6/volume-4df9bc6f-ceac-41c2-a4b3-f25684e89d48.7394a60b-9bd3-4cd3-bcac-0f2ed558daa0 {{(pid=86492) execute /opt/stack/data/venv/lib/python3.12/site-packages/oslo_concurrency/processutils.py:440}}
Jun 30 17:28:43 devstack sudo[92878]: quobyte : PWD=/ ; USER=root ; COMMAND=/opt/stack/data/venv/bin/cinder-rootwrap /etc/cinder/rootwrap.conf qemu-img rebase -u -b volume-4df9bc6f-ceac-41c2-a4b3-f25684e89d48 -F qcow2 /opt/stack/data/cinder/mnt/a827b833f91462b0f58e3eae65b783e6/volume-4df9bc6f-ceac-41c2-a4b3-f25684e89d48.7394a60b-9bd3-4cd3-bcac-0f2ed558daa0
Jun 30 17:28:43 devstack sudo[92878]: pam_unix(sudo:session): session opened for user root(uid=0) by (uid=1000)
Jun 30 17:28:44 devstack sudo[92878]: pam_unix(sudo:session): session closed for user root
Jun 30 17:28:44 devstack cinder-volume[86492]: DEBUG oslo_concurrency.processutils [None req-dc163cb0-bd6f-406e-946f-d4928e44a209 tempest-GroupSnapshotsV319Test-269440365 None] CMD "sudo cinder-rootwrap /etc/cinder/rootwrap.conf qemu-img rebase -u -b volume-4df9bc6f-ceac-41c2-a4b3-f25684e89d48 -F qcow2 /opt/stack/data/cinder/mnt/a827b833f91462b0f58e3eae65b783e6/volume-4df9bc6f-ceac-41c2-a4b3-f25684e89d48.7394a60b-9bd3-4cd3-bcac-0f2ed558daa0" returned: 0 in 0.840s {{(pid=86492) execute /opt/stack/data/venv/lib/python3.12/site-packages/oslo_concurrency/processutils.py:468}}
Jun 30 17:28:44 devstack cinder-volume[86492]: WARNING cinder.volume.drivers.remotefs [None req-dc163cb0-bd6f-406e-946f-d4928e44a209 tempest-GroupSnapshotsV319Test-269440365 None] /opt/stack/data/cinder/mnt/a827b833f91462b0f58e3eae65b783e6/volume-4df9bc6f-ceac-41c2-a4b3-f25684e89d48.7394a60b-9bd3-4cd3-bcac-0f2ed558daa0 is being set with open permissions: ugo+rw: NotImplementedError
Jun 30 17:28:44 devstack cinder-volume[86492]: DEBUG oslo_concurrency.processutils [None req-dc163cb0-bd6f-406e-946f-d4928e44a209 tempest-GroupSnapshotsV319Test-269440365 None] Running cmd (subprocess): sudo cinder-rootwrap /etc/cinder/rootwrap.conf chmod ugo+rw /opt/stack/data/cinder/mnt/a827b833f91462b0f58e3eae65b783e6/volume-4df9bc6f-ceac-41c2-a4b3-f25684e89d48.7394a60b-9bd3-4cd3-bcac-0f2ed558daa0 {{(pid=86492) execute /opt/stack/data/venv/lib/python3.12/site-packages/oslo_concurrency/processutils.py:440}}
Jun 30 17:28:44 devstack sudo[92883]: quobyte : PWD=/ ; USER=root ; COMMAND=/opt/stack/data/venv/bin/cinder-rootwrap /etc/cinder/rootwrap.conf chmod ugo+rw /opt/stack/data/cinder/mnt/a827b833f91462b0f58e3eae65b783e6/volume-4df9bc6f-ceac-41c2-a4b3-f25684e89d48.7394a60b-9bd3-4cd3-bcac-0f2ed558daa0
Jun 30 17:28:44 devstack sudo[92883]: pam_unix(sudo:session): session opened for user root(uid=0) by (uid=1000)
Jun 30 17:28:45 devstack sudo[92883]: pam_unix(sudo:session): session closed for user root
Jun 30 17:28:45 devstack cinder-volume[86492]: DEBUG oslo_concurrency.processutils [None req-dc163cb0-bd6f-406e-946f-d4928e44a209 tempest-GroupSnapshotsV319Test-269440365 None] CMD "sudo cinder-rootwrap /etc/cinder/rootwrap.conf chmod ugo+rw /opt/stack/data/cinder/mnt/a827b833f91462b0f58e3eae65b783e6/volume-4df9bc6f-ceac-41c2-a4b3-f25684e89d48.7394a60b-9bd3-4cd3-bcac-0f2ed558daa0" returned: 0 in 0.864s {{(pid=86492) execute /opt/stack/data/venv/lib/python3.12/site-packages/oslo_concurrency/processutils.py:468}}
Jun 30 17:28:45 devstack cinder-volume[86492]: DEBUG oslo_concurrency.processutils [None req-dc163cb0-bd6f-406e-946f-d4928e44a209 tempest-GroupSnapshotsV319Test-269440365 None] Running cmd (subprocess): sudo cinder-rootwrap /etc/cinder/rootwrap.conf truncate -s0 /opt/stack/data/cinder/mnt/a827b833f91462b0f58e3eae65b783e6/volume-4df9bc6f-ceac-41c2-a4b3-f25684e89d48.info {{(pid=86492) execute /opt/stack/data/venv/lib/python3.12/site-packages/oslo_concurrency/processutils.py:440}}
Jun 30 17:28:45 devstack sudo[92887]: quobyte : PWD=/ ; USER=root ; COMMAND=/opt/stack/data/venv/bin/cinder-rootwrap /etc/cinder/rootwrap.conf truncate -s0 /opt/stack/data/cinder/mnt/a827b833f91462b0f58e3eae65b783e6/volume-4df9bc6f-ceac-41c2-a4b3-f25684e89d48.info
Jun 30 17:28:45 devstack sudo[92887]: pam_unix(sudo:session): session opened for user root(uid=0) by (uid=1000)
Jun 30 17:28:46 devstack sudo[92887]: pam_unix(sudo:session): session closed for user root
Jun 30 17:28:46 devstack cinder-volume[86492]: DEBUG oslo_concurrency.processutils [None req-dc163cb0-bd6f-406e-946f-d4928e44a209 tempest-GroupSnapshotsV319Test-269440365 None] CMD "sudo cinder-rootwrap /etc/cinder/rootwrap.conf truncate -s0 /opt/stack/data/cinder/mnt/a827b833f91462b0f58e3eae65b783e6/volume-4df9bc6f-ceac-41c2-a4b3-f25684e89d48.info" returned: 0 in 1.053s {{(pid=86492) execute /opt/stack/data/venv/lib/python3.12/site-packages/oslo_concurrency/processutils.py:468}}
Jun 30 17:28:46 devstack cinder-volume[86492]: WARNING cinder.volume.drivers.remotefs [None req-dc163cb0-bd6f-406e-946f-d4928e44a209 tempest-GroupSnapshotsV319Test-269440365 None] /opt/stack/data/cinder/mnt/a827b833f91462b0f58e3eae65b783e6/volume-4df9bc6f-ceac-41c2-a4b3-f25684e89d48.info is being set with open permissions: ugo+rw: NotImplementedError
Jun 30 17:28:46 devstack cinder-volume[86492]: DEBUG oslo_concurrency.processutils [None req-dc163cb0-bd6f-406e-946f-d4928e44a209 tempest-GroupSnapshotsV319Test-269440365 None] Running cmd (subprocess): sudo cinder-rootwrap /etc/cinder/rootwrap.conf chmod ugo+rw /opt/stack/data/cinder/mnt/a827b833f91462b0f58e3eae65b783e6/volume-4df9bc6f-ceac-41c2-a4b3-f25684e89d48.info {{(pid=86492) execute /opt/stack/data/venv/lib/python3.12/site-packages/oslo_concurrency/processutils.py:440}}
Jun 30 17:28:46 devstack sudo[92890]: quobyte : PWD=/ ; USER=root ; COMMAND=/opt/stack/data/venv/bin/cinder-rootwrap /etc/cinder/rootwrap.conf chmod ugo+rw /opt/stack/data/cinder/mnt/a827b833f91462b0f58e3eae65b783e6/volume-4df9bc6f-ceac-41c2-a4b3-f25684e89d48.info
Jun 30 17:28:46 devstack sudo[92890]: pam_unix(sudo:session): session opened for user root(uid=0) by (uid=1000)
Jun 30 17:28:46 devstack sudo[92890]: pam_unix(sudo:session): session closed for user root
Jun 30 17:28:46 devstack cinder-volume[86492]: DEBUG oslo_concurrency.processutils [None req-dc163cb0-bd6f-406e-946f-d4928e44a209 tempest-GroupSnapshotsV319Test-269440365 None] CMD "sudo cinder-rootwrap /etc/cinder/rootwrap.conf chmod ugo+rw /opt/stack/data/cinder/mnt/a827b833f91462b0f58e3eae65b783e6/volume-4df9bc6f-ceac-41c2-a4b3-f25684e89d48.info" returned: 0 in 0.780s {{(pid=86492) execute /opt/stack/data/venv/lib/python3.12/site-packages/oslo_concurrency/processutils.py:468}}
Jun 30 17:28:46 devstack cinder-volume[86492]: DEBUG oslo_concurrency.lockutils [None req-dc163cb0-bd6f-406e-946f-d4928e44a209 tempest-GroupSnapshotsV319Test-269440365 None] Lock "quobyte" "released" by "cinder.volume.drivers.quobyte.QuobyteDriver.create_snapshot" :: held 5.768s {{(pid=86492) inner /opt/stack/data/venv/lib/python3.12/site-packages/oslo_concurrency/lockutils.py:543}}
Jun 30 17:28:47 devstack cinder-volume[86492]: INFO cinder.volume.manager [None req-dc163cb0-bd6f-406e-946f-d4928e44a209 tempest-GroupSnapshotsV319Test-269440365 None] group_snapshot df3e59a2-2ffb-49a6-ba11-87cb7f352c4f: created successfully
Jun 30 17:28:48 devstack cinder-volume[86492]: INFO cinder.volume.manager [None req-3fd5e15a-e781-4561-bcb0-4fd8f8e82044 tempest-GroupSnapshotsV319Test-269440365 None] group_snapshot df3e59a2-2ffb-49a6-ba11-87cb7f352c4f: deleting
Jun 30 17:28:48 devstack cinder-volume[86492]: DEBUG cinder.volume.manager [None req-3fd5e15a-e781-4561-bcb0-4fd8f8e82044 tempest-GroupSnapshotsV319Test-269440365 None] group_snapshot df3e59a2-2ffb-49a6-ba11-87cb7f352c4f: deleting {{(pid=86492) delete_group_snapshot /opt/stack/cinder/cinder/volume/manager.py:4350}}
Jun 30 17:28:48 devstack cinder-volume[86492]: DEBUG cinder.coordination [None req-3fd5e15a-e781-4561-bcb0-4fd8f8e82044 tempest-GroupSnapshotsV319Test-269440365 None] Acquiring lock "cinder-quobyte-4df9bc6f-ceac-41c2-a4b3-f25684e89d48" by "delete_snapshot" {{(pid=86492) __acquire /opt/stack/cinder/cinder/coordination.py:138}}
Jun 30 17:28:48 devstack cinder-volume[86492]: DEBUG cinder.coordination [None req-3fd5e15a-e781-4561-bcb0-4fd8f8e82044 tempest-GroupSnapshotsV319Test-269440365 None] Lock "cinder-quobyte-4df9bc6f-ceac-41c2-a4b3-f25684e89d48" acquired by "delete_snapshot" :: waited 0.025s {{(pid=86492) __acquire /opt/stack/cinder/cinder/coordination.py:141}}
Jun 30 17:28:48 devstack cinder-volume[86492]: DEBUG cinder.coordination [None req-3fd5e15a-e781-4561-bcb0-4fd8f8e82044 tempest-GroupSnapshotsV319Test-269440365 None] Acquiring lock "cinder-quobyte-7394a60b-9bd3-4cd3-bcac-0f2ed558daa0" by "_delete_snapshot" {{(pid=86492) __acquire /opt/stack/cinder/cinder/coordination.py:138}}
Jun 30 17:28:48 devstack cinder-volume[86492]: DEBUG cinder.coordination [None req-3fd5e15a-e781-4561-bcb0-4fd8f8e82044 tempest-GroupSnapshotsV319Test-269440365 None] Lock "cinder-quobyte-7394a60b-9bd3-4cd3-bcac-0f2ed558daa0" acquired by "_delete_snapshot" :: waited 0.021s {{(pid=86492) __acquire /opt/stack/cinder/cinder/coordination.py:141}}
Jun 30 17:28:48 devstack cinder-volume[86492]: DEBUG cinder.volume.drivers.remotefs [None req-3fd5e15a-e781-4561-bcb0-4fd8f8e82044 tempest-GroupSnapshotsV319Test-269440365 None] Deleting offline snapshot 7394a60b-9bd3-4cd3-bcac-0f2ed558daa0 of volume 4df9bc6f-ceac-41c2-a4b3-f25684e89d48 {{(pid=86492) _delete_snapshot /opt/stack/cinder/cinder/volume/drivers/remotefs.py:1288}}
Jun 30 17:28:48 devstack cinder-volume[86492]: DEBUG cinder.volume.drivers.remotefs [None req-3fd5e15a-e781-4561-bcb0-4fd8f8e82044 tempest-GroupSnapshotsV319Test-269440365 None] snapshot_file for this snap is: volume-4df9bc6f-ceac-41c2-a4b3-f25684e89d48.7394a60b-9bd3-4cd3-bcac-0f2ed558daa0 {{(pid=86492) _delete_snapshot /opt/stack/cinder/cinder/volume/drivers/remotefs.py:1317}}
Jun 30 17:28:48 devstack cinder-volume[86492]: DEBUG oslo.privsep.daemon [-] privsep: reply[4e60e834-4ce2-46a6-a921-9ba7b5faf6e5]: (4, 'qcow2') {{(pid=87548) _call_back /opt/stack/data/venv/lib/python3.12/site-packages/oslo_privsep/daemon.py:580}}
Jun 30 17:28:48 devstack cinder-volume[86492]: DEBUG oslo_concurrency.processutils [None req-3fd5e15a-e781-4561-bcb0-4fd8f8e82044 tempest-GroupSnapshotsV319Test-269440365 None] Running cmd (subprocess): /opt/stack/data/venv/bin/python3.12 -m oslo_concurrency.prlimit --as=1073741824 --cpu=60 -- sudo cinder-rootwrap /etc/cinder/rootwrap.conf env LC_ALL=C qemu-img info -f qcow2 --output=json --force-share /opt/stack/data/cinder/mnt/a827b833f91462b0f58e3eae65b783e6/volume-4df9bc6f-ceac-41c2-a4b3-f25684e89d48.7394a60b-9bd3-4cd3-bcac-0f2ed558daa0 {{(pid=86492) execute /opt/stack/data/venv/lib/python3.12/site-packages/oslo_concurrency/processutils.py:440}}
Jun 30 17:28:48 devstack sudo[92898]: quobyte : PWD=/ ; USER=root ; COMMAND=/opt/stack/data/venv/bin/cinder-rootwrap /etc/cinder/rootwrap.conf env LC_ALL=C qemu-img info -f qcow2 --output=json --force-share /opt/stack/data/cinder/mnt/a827b833f91462b0f58e3eae65b783e6/volume-4df9bc6f-ceac-41c2-a4b3-f25684e89d48.7394a60b-9bd3-4cd3-bcac-0f2ed558daa0
Jun 30 17:28:48 devstack sudo[92898]: pam_unix(sudo:session): session opened for user root(uid=0) by (uid=1000)
Jun 30 17:28:49 devstack sudo[92898]: pam_unix(sudo:session): session closed for user root
Jun 30 17:28:49 devstack cinder-volume[86492]: DEBUG oslo_concurrency.processutils [None req-3fd5e15a-e781-4561-bcb0-4fd8f8e82044 tempest-GroupSnapshotsV319Test-269440365 None] CMD "/opt/stack/data/venv/bin/python3.12 -m oslo_concurrency.prlimit --as=1073741824 --cpu=60 -- sudo cinder-rootwrap /etc/cinder/rootwrap.conf env LC_ALL=C qemu-img info -f qcow2 --output=json --force-share /opt/stack/data/cinder/mnt/a827b833f91462b0f58e3eae65b783e6/volume-4df9bc6f-ceac-41c2-a4b3-f25684e89d48.7394a60b-9bd3-4cd3-bcac-0f2ed558daa0" returned: 0 in 1.074s {{(pid=86492) execute /opt/stack/data/venv/lib/python3.12/site-packages/oslo_concurrency/processutils.py:468}}
Jun 30 17:28:49 devstack cinder-volume[86492]: DEBUG cinder.volume.drivers.remotefs [None req-3fd5e15a-e781-4561-bcb0-4fd8f8e82044 tempest-GroupSnapshotsV319Test-269440365 None] Fetching qemu-img info with special backing_file_template: (/opt/stack/data/cinder/mnt/[0-9a-f]+/)?(volume-4df9bc6f-ceac-41c2-a4b3-f25684e89d48(.(tmp-snap-)?[0-9a-f-]+)?|volume_from_snapshot_cache/(tmp-snap-)?[0-9a-f-]+(.(child-|parent-)[0-9a-f-]+)?)$ {{(pid=86492) _qemu_img_info_base /opt/stack/cinder/cinder/volume/drivers/remotefs.py:896}}
Jun 30 17:28:49 devstack cinder-volume[86492]: DEBUG oslo.privsep.daemon [-] privsep: reply[6aea9646-c018-42a9-9b74-d7806ac18e9e]: (4, 'qcow2') {{(pid=87548) _call_back /opt/stack/data/venv/lib/python3.12/site-packages/oslo_privsep/daemon.py:580}}
Jun 30 17:28:49 devstack cinder-volume[86492]: DEBUG oslo_concurrency.processutils [None req-3fd5e15a-e781-4561-bcb0-4fd8f8e82044 tempest-GroupSnapshotsV319Test-269440365 None] Running cmd (subprocess): /opt/stack/data/venv/bin/python3.12 -m oslo_concurrency.prlimit --as=1073741824 --cpu=60 -- sudo cinder-rootwrap /etc/cinder/rootwrap.conf env LC_ALL=C qemu-img info -f qcow2 --output=json --force-share /opt/stack/data/cinder/mnt/a827b833f91462b0f58e3eae65b783e6/volume-4df9bc6f-ceac-41c2-a4b3-f25684e89d48 {{(pid=86492) execute /opt/stack/data/venv/lib/python3.12/site-packages/oslo_concurrency/processutils.py:440}}
Jun 30 17:28:49 devstack sudo[92905]: quobyte : PWD=/ ; USER=root ; COMMAND=/opt/stack/data/venv/bin/cinder-rootwrap /etc/cinder/rootwrap.conf env LC_ALL=C qemu-img info -f qcow2 --output=json --force-share /opt/stack/data/cinder/mnt/a827b833f91462b0f58e3eae65b783e6/volume-4df9bc6f-ceac-41c2-a4b3-f25684e89d48
Jun 30 17:28:49 devstack sudo[92905]: pam_unix(sudo:session): session opened for user root(uid=0) by (uid=1000)
Jun 30 17:28:50 devstack sudo[92905]: pam_unix(sudo:session): session closed for user root
Jun 30 17:28:50 devstack cinder-volume[86492]: DEBUG oslo_concurrency.processutils [None req-3fd5e15a-e781-4561-bcb0-4fd8f8e82044 tempest-GroupSnapshotsV319Test-269440365 None] CMD "/opt/stack/data/venv/bin/python3.12 -m oslo_concurrency.prlimit --as=1073741824 --cpu=60 -- sudo cinder-rootwrap /etc/cinder/rootwrap.conf env LC_ALL=C qemu-img info -f qcow2 --output=json --force-share /opt/stack/data/cinder/mnt/a827b833f91462b0f58e3eae65b783e6/volume-4df9bc6f-ceac-41c2-a4b3-f25684e89d48" returned: 0 in 1.035s {{(pid=86492) execute /opt/stack/data/venv/lib/python3.12/site-packages/oslo_concurrency/processutils.py:468}}
Jun 30 17:28:50 devstack cinder-volume[86492]: DEBUG oslo_concurrency.processutils [None req-3fd5e15a-e781-4561-bcb0-4fd8f8e82044 tempest-GroupSnapshotsV319Test-269440365 None] Running cmd (subprocess): sudo cinder-rootwrap /etc/cinder/rootwrap.conf qemu-img commit -d /opt/stack/data/cinder/mnt/a827b833f91462b0f58e3eae65b783e6/volume-4df9bc6f-ceac-41c2-a4b3-f25684e89d48.7394a60b-9bd3-4cd3-bcac-0f2ed558daa0 {{(pid=86492) execute /opt/stack/data/venv/lib/python3.12/site-packages/oslo_concurrency/processutils.py:440}}
Jun 30 17:28:50 devstack sudo[92915]: quobyte : PWD=/ ; USER=root ; COMMAND=/opt/stack/data/venv/bin/cinder-rootwrap /etc/cinder/rootwrap.conf qemu-img commit -d /opt/stack/data/cinder/mnt/a827b833f91462b0f58e3eae65b783e6/volume-4df9bc6f-ceac-41c2-a4b3-f25684e89d48.7394a60b-9bd3-4cd3-bcac-0f2ed558daa0
Jun 30 17:28:50 devstack sudo[92915]: pam_unix(sudo:session): session opened for user root(uid=0) by (uid=1000)
Jun 30 17:28:51 devstack sudo[92915]: pam_unix(sudo:session): session closed for user root
Jun 30 17:28:51 devstack cinder-volume[86492]: DEBUG oslo_concurrency.processutils [None req-3fd5e15a-e781-4561-bcb0-4fd8f8e82044 tempest-GroupSnapshotsV319Test-269440365 None] CMD "sudo cinder-rootwrap /etc/cinder/rootwrap.conf qemu-img commit -d /opt/stack/data/cinder/mnt/a827b833f91462b0f58e3eae65b783e6/volume-4df9bc6f-ceac-41c2-a4b3-f25684e89d48.7394a60b-9bd3-4cd3-bcac-0f2ed558daa0" returned: 0 in 0.921s {{(pid=86492) execute /opt/stack/data/venv/lib/python3.12/site-packages/oslo_concurrency/processutils.py:468}}
Jun 30 17:28:51 devstack cinder-volume[86492]: DEBUG oslo_concurrency.processutils [None req-3fd5e15a-e781-4561-bcb0-4fd8f8e82044 tempest-GroupSnapshotsV319Test-269440365 None] Running cmd (subprocess): sudo cinder-rootwrap /etc/cinder/rootwrap.conf rm -f /opt/stack/data/cinder/mnt/a827b833f91462b0f58e3eae65b783e6/volume-4df9bc6f-ceac-41c2-a4b3-f25684e89d48.7394a60b-9bd3-4cd3-bcac-0f2ed558daa0 {{(pid=86492) execute /opt/stack/data/venv/lib/python3.12/site-packages/oslo_concurrency/processutils.py:440}}
Jun 30 17:28:51 devstack sudo[92920]: quobyte : PWD=/ ; USER=root ; COMMAND=/opt/stack/data/venv/bin/cinder-rootwrap /etc/cinder/rootwrap.conf rm -f /opt/stack/data/cinder/mnt/a827b833f91462b0f58e3eae65b783e6/volume-4df9bc6f-ceac-41c2-a4b3-f25684e89d48.7394a60b-9bd3-4cd3-bcac-0f2ed558daa0
Jun 30 17:28:51 devstack sudo[92920]: pam_unix(sudo:session): session opened for user root(uid=0) by (uid=1000)
Jun 30 17:28:52 devstack sudo[92920]: pam_unix(sudo:session): session closed for user root
Jun 30 17:28:52 devstack cinder-volume[86492]: DEBUG oslo_concurrency.processutils [None req-3fd5e15a-e781-4561-bcb0-4fd8f8e82044 tempest-GroupSnapshotsV319Test-269440365 None] CMD "sudo cinder-rootwrap /etc/cinder/rootwrap.conf rm -f /opt/stack/data/cinder/mnt/a827b833f91462b0f58e3eae65b783e6/volume-4df9bc6f-ceac-41c2-a4b3-f25684e89d48.7394a60b-9bd3-4cd3-bcac-0f2ed558daa0" returned: 0 in 0.929s {{(pid=86492) execute /opt/stack/data/venv/lib/python3.12/site-packages/oslo_concurrency/processutils.py:468}}
Jun 30 17:28:52 devstack cinder-volume[86492]: DEBUG cinder.coordination [None req-3fd5e15a-e781-4561-bcb0-4fd8f8e82044 tempest-GroupSnapshotsV319Test-269440365 None] Lock "cinder-quobyte-7394a60b-9bd3-4cd3-bcac-0f2ed558daa0" released by "_delete_snapshot" :: held 4.079s {{(pid=86492) __release /opt/stack/cinder/cinder/coordination.py:152}}
Jun 30 17:28:52 devstack cinder-volume[86492]: DEBUG cinder.coordination [None req-3fd5e15a-e781-4561-bcb0-4fd8f8e82044 tempest-GroupSnapshotsV319Test-269440365 None] Lock "cinder-quobyte-4df9bc6f-ceac-41c2-a4b3-f25684e89d48" released by "delete_snapshot" :: held 4.108s {{(pid=86492) __release /opt/stack/cinder/cinder/coordination.py:152}}
Jun 30 17:28:52 devstack cinder-volume[86492]: WARNING cinder.quota [None req-3fd5e15a-e781-4561-bcb0-4fd8f8e82044 tempest-GroupSnapshotsV319Test-269440365 None] Deprecated: Default quota for resource: gigabytes_tempest-GroupSnapshotsV319Test-volume-type-717909985 is set by the default quota flag: quota_gigabytes_tempest-GroupSnapshotsV319Test-volume-type-717909985, it is now deprecated. Please use the default quota class for default quota.
Jun 30 17:28:52 devstack cinder-volume[86492]: WARNING cinder.quota [None req-3fd5e15a-e781-4561-bcb0-4fd8f8e82044 tempest-GroupSnapshotsV319Test-269440365 None] Deprecated: Default quota for resource: snapshots_tempest-GroupSnapshotsV319Test-volume-type-717909985 is set by the default quota flag: quota_snapshots_tempest-GroupSnapshotsV319Test-volume-type-717909985, it is now deprecated. Please use the default quota class for default quota.
Jun 30 17:28:52 devstack cinder-volume[86492]: DEBUG cinder.quota [None req-3fd5e15a-e781-4561-bcb0-4fd8f8e82044 tempest-GroupSnapshotsV319Test-269440365 None] Created reservations ['9f94ad91-beee-4677-9717-ad95558e82b0', '46b98b31-2933-4f9f-8c47-cdfa0349e97a', '9ef24171-84c3-406e-981e-8ea111cf4981', '0728897f-8e36-4394-b5d1-daee0f642eab'] {{(pid=86492) reserve /opt/stack/cinder/cinder/quota.py:752}}
Jun 30 17:28:52 devstack cinder-volume[86492]: INFO cinder.volume.manager [None req-3fd5e15a-e781-4561-bcb0-4fd8f8e82044 tempest-GroupSnapshotsV319Test-269440365 None] group_snapshot df3e59a2-2ffb-49a6-ba11-87cb7f352c4f: deleted successfully
Jun 30 17:28:53 devstack cinder-volume[86492]: DEBUG cinder.coordination [None req-60390694-a19d-4a03-8a75-ac111cb5e96d tempest-GroupSnapshotsV319Test-269440365 None] Acquiring lock "cinder-quobyte-4df9bc6f-ceac-41c2-a4b3-f25684e89d48" by "delete_volume" {{(pid=86492) __acquire /opt/stack/cinder/cinder/coordination.py:138}}
Jun 30 17:28:53 devstack cinder-volume[86492]: DEBUG cinder.coordination [None req-60390694-a19d-4a03-8a75-ac111cb5e96d tempest-GroupSnapshotsV319Test-269440365 None] Lock "cinder-quobyte-4df9bc6f-ceac-41c2-a4b3-f25684e89d48" acquired by "delete_volume" :: waited 0.030s {{(pid=86492) __acquire /opt/stack/cinder/cinder/coordination.py:141}}
Jun 30 17:28:53 devstack cinder-volume[86492]: DEBUG oslo.privsep.daemon [-] privsep: reply[09ec62b4-88e7-4562-9baa-c0e8519122f6]: (4, 'qcow2') {{(pid=87548) _call_back /opt/stack/data/venv/lib/python3.12/site-packages/oslo_privsep/daemon.py:580}}
Jun 30 17:28:53 devstack cinder-volume[86492]: DEBUG oslo_concurrency.processutils [None req-60390694-a19d-4a03-8a75-ac111cb5e96d tempest-GroupSnapshotsV319Test-269440365 None] Running cmd (subprocess): /opt/stack/data/venv/bin/python3.12 -m oslo_concurrency.prlimit --as=1073741824 --cpu=60 -- sudo cinder-rootwrap /etc/cinder/rootwrap.conf env LC_ALL=C qemu-img info -f qcow2 --output=json --force-share /opt/stack/data/cinder/mnt/a827b833f91462b0f58e3eae65b783e6/volume-4df9bc6f-ceac-41c2-a4b3-f25684e89d48 {{(pid=86492) execute /opt/stack/data/venv/lib/python3.12/site-packages/oslo_concurrency/processutils.py:440}}
Jun 30 17:28:53 devstack sudo[92925]: quobyte : PWD=/ ; USER=root ; COMMAND=/opt/stack/data/venv/bin/cinder-rootwrap /etc/cinder/rootwrap.conf env LC_ALL=C qemu-img info -f qcow2 --output=json --force-share /opt/stack/data/cinder/mnt/a827b833f91462b0f58e3eae65b783e6/volume-4df9bc6f-ceac-41c2-a4b3-f25684e89d48
Jun 30 17:28:53 devstack sudo[92925]: pam_unix(sudo:session): session opened for user root(uid=0) by (uid=1000)
Jun 30 17:28:54 devstack sudo[92925]: pam_unix(sudo:session): session closed for user root
Jun 30 17:28:54 devstack cinder-volume[86492]: DEBUG oslo_concurrency.processutils [None req-60390694-a19d-4a03-8a75-ac111cb5e96d tempest-GroupSnapshotsV319Test-269440365 None] CMD "/opt/stack/data/venv/bin/python3.12 -m oslo_concurrency.prlimit --as=1073741824 --cpu=60 -- sudo cinder-rootwrap /etc/cinder/rootwrap.conf env LC_ALL=C qemu-img info -f qcow2 --output=json --force-share /opt/stack/data/cinder/mnt/a827b833f91462b0f58e3eae65b783e6/volume-4df9bc6f-ceac-41c2-a4b3-f25684e89d48" returned: 0 in 0.833s {{(pid=86492) execute /opt/stack/data/venv/lib/python3.12/site-packages/oslo_concurrency/processutils.py:468}}
Jun 30 17:28:54 devstack cinder-volume[86492]: DEBUG oslo_concurrency.processutils [None req-60390694-a19d-4a03-8a75-ac111cb5e96d tempest-GroupSnapshotsV319Test-269440365 None] Running cmd (subprocess): sudo cinder-rootwrap /etc/cinder/rootwrap.conf rm -f /opt/stack/data/cinder/mnt/a827b833f91462b0f58e3eae65b783e6/volume-4df9bc6f-ceac-41c2-a4b3-f25684e89d48 {{(pid=86492) execute /opt/stack/data/venv/lib/python3.12/site-packages/oslo_concurrency/processutils.py:440}}
Jun 30 17:28:54 devstack sudo[92930]: quobyte : PWD=/ ; USER=root ; COMMAND=/opt/stack/data/venv/bin/cinder-rootwrap /etc/cinder/rootwrap.conf rm -f /opt/stack/data/cinder/mnt/a827b833f91462b0f58e3eae65b783e6/volume-4df9bc6f-ceac-41c2-a4b3-f25684e89d48
Jun 30 17:28:54 devstack sudo[92930]: pam_unix(sudo:session): session opened for user root(uid=0) by (uid=1000)
Jun 30 17:28:54 devstack sudo[92930]: pam_unix(sudo:session): session closed for user root
Jun 30 17:28:54 devstack cinder-volume[86492]: DEBUG oslo_concurrency.processutils [None req-60390694-a19d-4a03-8a75-ac111cb5e96d tempest-GroupSnapshotsV319Test-269440365 None] CMD "sudo cinder-rootwrap /etc/cinder/rootwrap.conf rm -f /opt/stack/data/cinder/mnt/a827b833f91462b0f58e3eae65b783e6/volume-4df9bc6f-ceac-41c2-a4b3-f25684e89d48" returned: 0 in 0.968s {{(pid=86492) execute /opt/stack/data/venv/lib/python3.12/site-packages/oslo_concurrency/processutils.py:468}}
Jun 30 17:28:54 devstack cinder-volume[86492]: DEBUG cinder.coordination [None req-60390694-a19d-4a03-8a75-ac111cb5e96d tempest-GroupSnapshotsV319Test-269440365 None] Lock "cinder-quobyte-4df9bc6f-ceac-41c2-a4b3-f25684e89d48" released by "delete_volume" :: held 1.882s {{(pid=86492) __release /opt/stack/cinder/cinder/coordination.py:152}}
Jun 30 17:28:55 devstack cinder-volume[86492]: DEBUG cinder.quota [None req-60390694-a19d-4a03-8a75-ac111cb5e96d tempest-GroupSnapshotsV319Test-269440365 None] Created reservations ['9981b072-60b1-4e7f-966e-2d9b04d4d3fd'] {{(pid=86492) reserve /opt/stack/cinder/cinder/quota.py:752}}
Jun 30 17:28:55 devstack cinder-volume[86492]: WARNING cinder.quota [None req-60390694-a19d-4a03-8a75-ac111cb5e96d tempest-GroupSnapshotsV319Test-269440365 None] Deprecated: Default quota for resource: volumes_tempest-GroupSnapshotsV319Test-volume-type-717909985 is set by the default quota flag: quota_volumes_tempest-GroupSnapshotsV319Test-volume-type-717909985, it is now deprecated. Please use the default quota class for default quota.
Jun 30 17:28:55 devstack cinder-volume[86492]: DEBUG cinder.quota [None req-60390694-a19d-4a03-8a75-ac111cb5e96d tempest-GroupSnapshotsV319Test-269440365 None] Created reservations ['a84a0bb3-f77b-4678-9e45-733cd20f225f', '77c59ff4-dfaa-4e23-802a-2f11b04c75c8', 'df6942e7-6e73-4b3d-8567-b573c988f509', '657257f3-2765-464c-8316-e72d878162c3'] {{(pid=86492) reserve /opt/stack/cinder/cinder/quota.py:752}}
Jun 30 17:28:55 devstack cinder-volume[86492]: DEBUG oslo_concurrency.lockutils [None req-60390694-a19d-4a03-8a75-ac111cb5e96d tempest-GroupSnapshotsV319Test-269440365 None] Acquiring lock "quobyte_ensure" by "cinder.volume.drivers.quobyte.QuobyteDriver._ensure_shares_mounted" {{(pid=86492) inner /opt/stack/data/venv/lib/python3.12/site-packages/oslo_concurrency/lockutils.py:511}}
Jun 30 17:28:55 devstack cinder-volume[86492]: DEBUG oslo_concurrency.lockutils [None req-60390694-a19d-4a03-8a75-ac111cb5e96d tempest-GroupSnapshotsV319Test-269440365 None] Lock "quobyte_ensure" acquired by "cinder.volume.drivers.quobyte.QuobyteDriver._ensure_shares_mounted" :: waited 0.002s {{(pid=86492) inner /opt/stack/data/venv/lib/python3.12/site-packages/oslo_concurrency/lockutils.py:524}}
Jun 30 17:28:55 devstack cinder-volume[86492]: DEBUG cinder.volume.drivers.quobyte [None req-60390694-a19d-4a03-8a75-ac111cb5e96d tempest-GroupSnapshotsV319Test-269440365 None] Quobyte Volume URL set to: {'osci02.corp.quobyte.com/cinder-vol-c383abda-8ddf-4f1c-ac0b-bfd3d76cdbbb': None} {{(pid=86492) _load_shares_config /opt/stack/cinder/cinder/volume/drivers/quobyte.py:617}}
Jun 30 17:28:55 devstack cinder-volume[86492]: DEBUG cinder.volume.drivers.quobyte [None req-60390694-a19d-4a03-8a75-ac111cb5e96d tempest-GroupSnapshotsV319Test-269440365 None] Available shares ['osci02.corp.quobyte.com/cinder-vol-c383abda-8ddf-4f1c-ac0b-bfd3d76cdbbb'] {{(pid=86492) _ensure_shares_mounted /opt/stack/cinder/cinder/volume/drivers/quobyte.py:647}}
