Feb 05 16:38:12 devstack cinder-volume[82727]: DEBUG oslo_concurrency.processutils [None req-a9285f7d-ee88-447d-89db-620d5e45ed5e tempest-GroupSnapshotsTest-2078445774 None] Running cmd (subprocess): sudo cinder-rootwrap /etc/cinder/rootwrap.conf chmod ugo+rw /opt/stack/data/cinder/mnt/41dfebf28c6de74279c1c919f6466b39/volume-b0bfc8c2-3b84-4dcc-a640-bcc4951398aa {{(pid=82727) execute /opt/stack/data/venv/lib/python3.10/site-packages/oslo_concurrency/processutils.py:368}}
Feb 05 16:38:12 devstack sudo[92685]: quobyte : PWD=/ ; USER=root ; COMMAND=/opt/stack/data/venv/bin/cinder-rootwrap /etc/cinder/rootwrap.conf chmod ugo+rw /opt/stack/data/cinder/mnt/41dfebf28c6de74279c1c919f6466b39/volume-b0bfc8c2-3b84-4dcc-a640-bcc4951398aa
Feb 05 16:38:12 devstack sudo[92685]: pam_unix(sudo:session): session opened for user root(uid=0) by (uid=1000)
Feb 05 16:38:12 devstack sudo[92685]: pam_unix(sudo:session): session closed for user root
Feb 05 16:38:12 devstack cinder-volume[82727]: DEBUG oslo_concurrency.processutils [None req-a9285f7d-ee88-447d-89db-620d5e45ed5e tempest-GroupSnapshotsTest-2078445774 None] CMD "sudo cinder-rootwrap /etc/cinder/rootwrap.conf chmod ugo+rw /opt/stack/data/cinder/mnt/41dfebf28c6de74279c1c919f6466b39/volume-b0bfc8c2-3b84-4dcc-a640-bcc4951398aa" returned: 0 in 0.577s {{(pid=82727) execute /opt/stack/data/venv/lib/python3.10/site-packages/oslo_concurrency/processutils.py:396}}
Feb 05 16:38:13 devstack cinder-volume[82727]: DEBUG cinder.volume.drivers.quobyte [None req-a9285f7d-ee88-447d-89db-620d5e45ed5e tempest-GroupSnapshotsTest-2078445774 None] <== create_volume: return (1455ms) {'provider_location': 'osci02.corp.quobyte.com/cinder-vol-f6553dbd-dc57-41b4-b23f-143438541054'} {{(pid=82727) trace_logging_wrapper /opt/stack/cinder/cinder/volume/volume_utils.py:1523}}
Feb 05 16:38:13 devstack cinder-volume[82727]: DEBUG oslo_concurrency.lockutils [None req-a9285f7d-ee88-447d-89db-620d5e45ed5e tempest-GroupSnapshotsTest-2078445774 None] Lock "quobyte" "released" by "cinder.volume.drivers.quobyte.QuobyteDriver.create_volume" :: held 1.458s {{(pid=82727) inner /opt/stack/data/venv/lib/python3.10/site-packages/oslo_concurrency/lockutils.py:538}}
Feb 05 16:38:13 devstack cinder-volume[82727]: DEBUG cinder.volume.manager [None req-a9285f7d-ee88-447d-89db-620d5e45ed5e tempest-GroupSnapshotsTest-2078445774 None] Task 'cinder.volume.flows.manager.create_volume.CreateVolumeFromSpecTask;volume:create' (01e91e04-c164-4151-b1e1-f50e3d78a362) transitioned into state 'SUCCESS' from state 'RUNNING' with result '{'status': 'creating', 'volume_name': 'volume-b0bfc8c2-3b84-4dcc-a640-bcc4951398aa', 'volume_size': 1}' {{(pid=82727) _task_receiver /opt/stack/data/venv/lib/python3.10/site-packages/taskflow/listeners/logging.py:182}}
Feb 05 16:38:13 devstack cinder-volume[82727]: DEBUG cinder.volume.manager [None req-a9285f7d-ee88-447d-89db-620d5e45ed5e tempest-GroupSnapshotsTest-2078445774 None] Task 'cinder.volume.flows.manager.create_volume.CreateVolumeOnFinishTask;volume:create, create.end' (16eba0e9-3dd4-4cb7-83bb-de126ef6f45e) transitioned into state 'RUNNING' from state 'PENDING' {{(pid=82727) _task_receiver /opt/stack/data/venv/lib/python3.10/site-packages/taskflow/listeners/logging.py:194}}
Feb 05 16:38:13 devstack cinder-volume[82727]: INFO cinder.volume.flows.manager.create_volume [None req-a9285f7d-ee88-447d-89db-620d5e45ed5e tempest-GroupSnapshotsTest-2078445774 None] Volume volume-b0bfc8c2-3b84-4dcc-a640-bcc4951398aa (b0bfc8c2-3b84-4dcc-a640-bcc4951398aa): created successfully
Feb 05 16:38:13 devstack cinder-volume[82727]: DEBUG cinder.volume.manager [None req-a9285f7d-ee88-447d-89db-620d5e45ed5e tempest-GroupSnapshotsTest-2078445774 None] Task 'cinder.volume.flows.manager.create_volume.CreateVolumeOnFinishTask;volume:create, create.end' (16eba0e9-3dd4-4cb7-83bb-de126ef6f45e) transitioned into state 'SUCCESS' from state 'RUNNING' with result 'None' {{(pid=82727) _task_receiver /opt/stack/data/venv/lib/python3.10/site-packages/taskflow/listeners/logging.py:182}}
Feb 05 16:38:13 devstack cinder-volume[82727]: DEBUG cinder.volume.manager [None req-a9285f7d-ee88-447d-89db-620d5e45ed5e tempest-GroupSnapshotsTest-2078445774 None] Flow 'volume_create_manager' (a3134226-0111-469a-bcc2-33730f681e03) transitioned into state 'SUCCESS' from state 'RUNNING' {{(pid=82727) _flow_receiver /opt/stack/data/venv/lib/python3.10/site-packages/taskflow/listeners/logging.py:145}}
Feb 05 16:38:13 devstack cinder-volume[82727]: INFO cinder.volume.manager [None req-a9285f7d-ee88-447d-89db-620d5e45ed5e tempest-GroupSnapshotsTest-2078445774 None] Created volume successfully.
Feb 05 16:38:13 devstack cinder-volume[82727]: WARNING cinder.volume.volume_utils [None req-5e08af3a-e081-41c5-a80b-10fa2906c7bd tempest-SnapshotsActionsTest-1518031944 None] Volume driver (QuobyteDriver 1.1.14) is currently unsupported and may be removed in the next release of OpenStack. Use at your own risk.
Feb 05 16:38:13 devstack cinder-volume[82727]: DEBUG cinder.volume.flows.manager.create_volume [None req-5e08af3a-e081-41c5-a80b-10fa2906c7bd tempest-SnapshotsActionsTest-1518031944 None] Volume reschedule parameters: True retry: {'num_attempts': 1, 'backends': ['devstack@QuobyteHD#QuobyteHD'], 'hosts': ['devstack@QuobyteHD#QuobyteHD']} {{(pid=82727) get_flow /opt/stack/cinder/cinder/volume/flows/manager/create_volume.py:1388}}
Feb 05 16:38:13 devstack cinder-volume[82727]: DEBUG cinder.volume.manager [None req-5e08af3a-e081-41c5-a80b-10fa2906c7bd tempest-SnapshotsActionsTest-1518031944 None] Flow 'volume_create_manager' (767efd12-dc67-4cdf-a6eb-ce6c6d713012) transitioned into state 'RUNNING' from state 'PENDING' {{(pid=82727) _flow_receiver /opt/stack/data/venv/lib/python3.10/site-packages/taskflow/listeners/logging.py:145}}
Feb 05 16:38:13 devstack cinder-volume[82727]: DEBUG cinder.volume.manager [None req-5e08af3a-e081-41c5-a80b-10fa2906c7bd tempest-SnapshotsActionsTest-1518031944 None] Task 'cinder.volume.flows.manager.create_volume.ExtractVolumeRefTask;volume:create' (3f5d8db3-1b56-4ba7-a73b-5b4926d89178) transitioned into state 'RUNNING' from state 'PENDING' {{(pid=82727) _task_receiver /opt/stack/data/venv/lib/python3.10/site-packages/taskflow/listeners/logging.py:194}}
Feb 05 16:38:13 devstack cinder-volume[82727]: DEBUG cinder.volume.manager [None req-5e08af3a-e081-41c5-a80b-10fa2906c7bd tempest-SnapshotsActionsTest-1518031944 None] Task 'cinder.volume.flows.manager.create_volume.ExtractVolumeRefTask;volume:create' (3f5d8db3-1b56-4ba7-a73b-5b4926d89178) transitioned into state 'SUCCESS' from state 'RUNNING' with result 'Volume(_name_id=None,admin_metadata=,attach_status='detached',availability_zone='nova',bootable=False,cluster=,cluster_name=None,consistencygroup=,consistencygroup_id=None,created_at=2026-02-05T15:38:13Z,deleted=False,deleted_at=None,display_description=None,display_name='tempest-SnapshotsActionsTest-Volume-474121848',ec2_id=None,encryption_key_id=None,glance_metadata=,group=,group_id=None,host='devstack@QuobyteHD#QuobyteHD',id=0f294831-691f-4811-b92a-fb749947a825,launched_at=None,metadata={},migration_status=None,multiattach=False,previous_status=None,project_id='7adb3b9903044c14bdd996d637feb717',provider_auth=None,provider_geometry=None,provider_id=None,provider_location=None,replication_driver_data=None,replication_extended_status=None,replication_status=None,scheduled_at=2026-02-05T15:38:13Z,service_uuid=None,shared_targets=True,size=1,snapshot_id=None,snapshots=,source_volid=None,status='creating',terminated_at=None,updated_at=2026-02-05T15:38:13Z,use_quota=True,user_id='6766e9770a20470da3ceff0562123871',volume_attachment=VolumeAttachmentList,volume_type=VolumeType(ef1b55e8-c75f-40a1-a638-3aee1ee427e7),volume_type_id=ef1b55e8-c75f-40a1-a638-3aee1ee427e7)' {{(pid=82727) _task_receiver /opt/stack/data/venv/lib/python3.10/site-packages/taskflow/listeners/logging.py:182}}
Feb 05 16:38:13 devstack cinder-volume[82727]: DEBUG cinder.volume.manager [None req-5e08af3a-e081-41c5-a80b-10fa2906c7bd tempest-SnapshotsActionsTest-1518031944 None] Task 'cinder.volume.flows.manager.create_volume.OnFailureRescheduleTask;volume:create' (407edd81-fdb7-4e1e-bb48-f49586693d50) transitioned into state 'RUNNING' from state 'PENDING' {{(pid=82727) _task_receiver /opt/stack/data/venv/lib/python3.10/site-packages/taskflow/listeners/logging.py:194}}
Feb 05 16:38:13 devstack cinder-volume[82727]: DEBUG cinder.volume.manager [None req-5e08af3a-e081-41c5-a80b-10fa2906c7bd tempest-SnapshotsActionsTest-1518031944 None] Task 'cinder.volume.flows.manager.create_volume.OnFailureRescheduleTask;volume:create' (407edd81-fdb7-4e1e-bb48-f49586693d50) transitioned into state 'SUCCESS' from state 'RUNNING' with result 'None' {{(pid=82727) _task_receiver /opt/stack/data/venv/lib/python3.10/site-packages/taskflow/listeners/logging.py:182}}
Feb 05 16:38:13 devstack cinder-volume[82727]: DEBUG cinder.volume.manager [None req-5e08af3a-e081-41c5-a80b-10fa2906c7bd tempest-SnapshotsActionsTest-1518031944 None] Task 'cinder.volume.flows.manager.create_volume.ExtractVolumeSpecTask;volume:create' (edb43d79-eb35-40fb-a4ce-55cb4ac9f350) transitioned into state 'RUNNING' from state 'PENDING' {{(pid=82727) _task_receiver /opt/stack/data/venv/lib/python3.10/site-packages/taskflow/listeners/logging.py:194}}
Feb 05 16:38:13 devstack cinder-volume[82727]: DEBUG cinder.volume.manager [None req-5e08af3a-e081-41c5-a80b-10fa2906c7bd tempest-SnapshotsActionsTest-1518031944 None] Task 'cinder.volume.flows.manager.create_volume.ExtractVolumeSpecTask;volume:create' (edb43d79-eb35-40fb-a4ce-55cb4ac9f350) transitioned into state 'SUCCESS' from state 'RUNNING' with result '{'status': 'creating', 'type': 'raw', 'volume_id': '0f294831-691f-4811-b92a-fb749947a825', 'volume_name': 'volume-0f294831-691f-4811-b92a-fb749947a825', 'volume_size': 1}' {{(pid=82727) _task_receiver /opt/stack/data/venv/lib/python3.10/site-packages/taskflow/listeners/logging.py:182}}
Feb 05 16:38:13 devstack cinder-volume[82727]: DEBUG cinder.volume.manager [None req-5e08af3a-e081-41c5-a80b-10fa2906c7bd tempest-SnapshotsActionsTest-1518031944 None] Task 'cinder.volume.flows.manager.create_volume.NotifyVolumeActionTask;volume:create, create.start' (67949305-92f6-4d47-8d49-b8a480c89127) transitioned into state 'RUNNING' from state 'PENDING' {{(pid=82727) _task_receiver /opt/stack/data/venv/lib/python3.10/site-packages/taskflow/listeners/logging.py:194}}
Feb 05 16:38:13 devstack cinder-volume[82727]: DEBUG cinder.volume.manager [None req-5e08af3a-e081-41c5-a80b-10fa2906c7bd tempest-SnapshotsActionsTest-1518031944 None] Task 'cinder.volume.flows.manager.create_volume.NotifyVolumeActionTask;volume:create, create.start' (67949305-92f6-4d47-8d49-b8a480c89127) transitioned into state 'SUCCESS' from state 'RUNNING' with result 'None' {{(pid=82727) _task_receiver /opt/stack/data/venv/lib/python3.10/site-packages/taskflow/listeners/logging.py:182}}
Feb 05 16:38:13 devstack cinder-volume[82727]: DEBUG cinder.volume.manager [None req-5e08af3a-e081-41c5-a80b-10fa2906c7bd tempest-SnapshotsActionsTest-1518031944 None] Task 'cinder.volume.flows.manager.create_volume.CreateVolumeFromSpecTask;volume:create' (9e7e9b3a-0ad7-40b3-ad6e-338407bc5136) transitioned into state 'RUNNING' from state 'PENDING' {{(pid=82727) _task_receiver /opt/stack/data/venv/lib/python3.10/site-packages/taskflow/listeners/logging.py:194}}
Feb 05 16:38:13 devstack cinder-volume[82727]: INFO cinder.volume.flows.manager.create_volume [None req-5e08af3a-e081-41c5-a80b-10fa2906c7bd tempest-SnapshotsActionsTest-1518031944 None] Volume 0f294831-691f-4811-b92a-fb749947a825: being created as raw with specification: {'status': 'creating', 'volume_name': 'volume-0f294831-691f-4811-b92a-fb749947a825', 'volume_size': 1}
Feb 05 16:38:13 devstack cinder-volume[82727]: DEBUG oslo_concurrency.lockutils [None req-5e08af3a-e081-41c5-a80b-10fa2906c7bd tempest-SnapshotsActionsTest-1518031944 None] Acquiring lock "quobyte" by "cinder.volume.drivers.quobyte.QuobyteDriver.create_volume" {{(pid=82727) inner /opt/stack/data/venv/lib/python3.10/site-packages/oslo_concurrency/lockutils.py:506}}
Feb 05 16:38:13 devstack cinder-volume[82727]: DEBUG oslo_concurrency.lockutils [None req-5e08af3a-e081-41c5-a80b-10fa2906c7bd tempest-SnapshotsActionsTest-1518031944 None] Lock "quobyte" acquired by "cinder.volume.drivers.quobyte.QuobyteDriver.create_volume" :: waited 0.000s {{(pid=82727) inner /opt/stack/data/venv/lib/python3.10/site-packages/oslo_concurrency/lockutils.py:519}}
Feb 05 16:38:13 devstack cinder-volume[82727]: DEBUG cinder.volume.drivers.quobyte [None req-5e08af3a-e081-41c5-a80b-10fa2906c7bd tempest-SnapshotsActionsTest-1518031944 None] ==> create_volume: call "{'self': , 'volume': Volume(_name_id=None,admin_metadata=,attach_status='detached',availability_zone='nova',bootable=False,cluster=,cluster_name=None,consistencygroup=,consistencygroup_id=None,created_at=2026-02-05T15:38:13Z,deleted=False,deleted_at=None,display_description=None,display_name='tempest-SnapshotsActionsTest-Volume-474121848',ec2_id=None,encryption_key_id=None,glance_metadata=,group=,group_id=None,host='devstack@QuobyteHD#QuobyteHD',id=0f294831-691f-4811-b92a-fb749947a825,launched_at=None,metadata={},migration_status=None,multiattach=False,previous_status=None,project_id='7adb3b9903044c14bdd996d637feb717',provider_auth=None,provider_geometry=None,provider_id=None,provider_location=None,replication_driver_data=None,replication_extended_status=None,replication_status=None,scheduled_at=2026-02-05T15:38:13Z,service_uuid=None,shared_targets=True,size=1,snapshot_id=None,snapshots=,source_volid=None,status='creating',terminated_at=None,updated_at=2026-02-05T15:38:13Z,use_quota=True,user_id='6766e9770a20470da3ceff0562123871',volume_attachment=VolumeAttachmentList,volume_type=VolumeType(ef1b55e8-c75f-40a1-a638-3aee1ee427e7),volume_type_id=ef1b55e8-c75f-40a1-a638-3aee1ee427e7)}" {{(pid=82727) trace_logging_wrapper /opt/stack/cinder/cinder/volume/volume_utils.py:1498}}
Feb 05 16:38:13 devstack cinder-volume[82727]: DEBUG cinder.volume.drivers.remotefs [None req-5e08af3a-e081-41c5-a80b-10fa2906c7bd tempest-SnapshotsActionsTest-1518031944 None] Creating volume 0f294831-691f-4811-b92a-fb749947a825 {{(pid=82727) create_volume /opt/stack/cinder/cinder/volume/drivers/remotefs.py:292}}
Feb 05 16:38:13 devstack cinder-volume[82727]: DEBUG oslo_concurrency.lockutils [None req-5e08af3a-e081-41c5-a80b-10fa2906c7bd tempest-SnapshotsActionsTest-1518031944 None] Acquiring lock "quobyte_ensure" by "cinder.volume.drivers.quobyte.QuobyteDriver._ensure_shares_mounted" {{(pid=82727) inner /opt/stack/data/venv/lib/python3.10/site-packages/oslo_concurrency/lockutils.py:506}}
Feb 05 16:38:13 devstack cinder-volume[82727]: DEBUG oslo_concurrency.lockutils [None req-5e08af3a-e081-41c5-a80b-10fa2906c7bd tempest-SnapshotsActionsTest-1518031944 None] Lock "quobyte_ensure" acquired by "cinder.volume.drivers.quobyte.QuobyteDriver._ensure_shares_mounted" :: waited 0.000s {{(pid=82727) inner /opt/stack/data/venv/lib/python3.10/site-packages/oslo_concurrency/lockutils.py:519}}
Feb 05 16:38:13 devstack cinder-volume[82727]: DEBUG cinder.volume.drivers.quobyte [None req-5e08af3a-e081-41c5-a80b-10fa2906c7bd tempest-SnapshotsActionsTest-1518031944 None] Quobyte Volume URL set to: {'osci02.corp.quobyte.com/cinder-vol-f6553dbd-dc57-41b4-b23f-143438541054': None} {{(pid=82727) _load_shares_config /opt/stack/cinder/cinder/volume/drivers/quobyte.py:620}}
Feb 05 16:38:13 devstack cinder-volume[82727]: DEBUG cinder.volume.drivers.quobyte [None req-5e08af3a-e081-41c5-a80b-10fa2906c7bd tempest-SnapshotsActionsTest-1518031944 None] Available shares ['osci02.corp.quobyte.com/cinder-vol-f6553dbd-dc57-41b4-b23f-143438541054'] {{(pid=82727) _ensure_shares_mounted /opt/stack/cinder/cinder/volume/drivers/quobyte.py:650}}
Feb 05 16:38:13 devstack cinder-volume[82727]: DEBUG oslo_concurrency.lockutils [None req-5e08af3a-e081-41c5-a80b-10fa2906c7bd tempest-SnapshotsActionsTest-1518031944 None] Lock "quobyte_ensure" "released" by "cinder.volume.drivers.quobyte.QuobyteDriver._ensure_shares_mounted" :: held 0.003s {{(pid=82727) inner /opt/stack/data/venv/lib/python3.10/site-packages/oslo_concurrency/lockutils.py:538}}
Feb 05 16:38:13 devstack cinder-volume[82727]: DEBUG cinder.volume.drivers.quobyte [None req-5e08af3a-e081-41c5-a80b-10fa2906c7bd tempest-SnapshotsActionsTest-1518031944 None] Selected osci02.corp.quobyte.com/cinder-vol-f6553dbd-dc57-41b4-b23f-143438541054 as target Quobyte volume. {{(pid=82727) _find_share /opt/stack/cinder/cinder/volume/drivers/quobyte.py:671}}
Feb 05 16:38:13 devstack cinder-volume[82727]: INFO cinder.volume.drivers.remotefs [None req-5e08af3a-e081-41c5-a80b-10fa2906c7bd tempest-SnapshotsActionsTest-1518031944 None] casted to osci02.corp.quobyte.com/cinder-vol-f6553dbd-dc57-41b4-b23f-143438541054
Feb 05 16:38:13 devstack cinder-volume[82727]: DEBUG oslo_concurrency.processutils [None req-5e08af3a-e081-41c5-a80b-10fa2906c7bd tempest-SnapshotsActionsTest-1518031944 None] Running cmd (subprocess): sudo cinder-rootwrap /etc/cinder/rootwrap.conf qemu-img create -f qcow2 -o preallocation=metadata /opt/stack/data/cinder/mnt/41dfebf28c6de74279c1c919f6466b39/volume-0f294831-691f-4811-b92a-fb749947a825 1073741824 {{(pid=82727) execute /opt/stack/data/venv/lib/python3.10/site-packages/oslo_concurrency/processutils.py:368}}
Feb 05 16:38:13 devstack sudo[92688]: quobyte : PWD=/ ; USER=root ; COMMAND=/opt/stack/data/venv/bin/cinder-rootwrap /etc/cinder/rootwrap.conf qemu-img create -f qcow2 -o preallocation=metadata /opt/stack/data/cinder/mnt/41dfebf28c6de74279c1c919f6466b39/volume-0f294831-691f-4811-b92a-fb749947a825 1073741824
Feb 05 16:38:13 devstack sudo[92688]: pam_unix(sudo:session): session opened for user root(uid=0) by (uid=1000)
Feb 05 16:38:13 devstack cinder-volume[82727]: INFO cinder.volume.manager [None req-9bc4dcce-b76f-4794-9a14-b58ccc8ed1d6 tempest-GroupSnapshotsTest-2078445774 None] GroupSnapshot 3f829a94-c17a-479f-bd2d-a92c0d4a7e35: creating.
Feb 05 16:38:13 devstack cinder-volume[82727]: WARNING cinder.volume.volume_utils [None req-9bc4dcce-b76f-4794-9a14-b58ccc8ed1d6 tempest-GroupSnapshotsTest-2078445774 None] Volume driver (QuobyteDriver 1.1.14) is currently unsupported and may be removed in the next release of OpenStack. Use at your own risk.
Feb 05 16:38:13 devstack cinder-volume[82727]: DEBUG cinder.volume.manager [None req-9bc4dcce-b76f-4794-9a14-b58ccc8ed1d6 tempest-GroupSnapshotsTest-2078445774 None] Group snapshot 3f829a94-c17a-479f-bd2d-a92c0d4a7e35: creating. {{(pid=82727) create_group_snapshot /opt/stack/cinder/cinder/volume/manager.py:4175}}
Feb 05 16:38:13 devstack cinder-volume[82727]: DEBUG oslo_concurrency.lockutils [None req-9bc4dcce-b76f-4794-9a14-b58ccc8ed1d6 tempest-GroupSnapshotsTest-2078445774 None] Acquiring lock "quobyte" by "cinder.volume.drivers.quobyte.QuobyteDriver.create_snapshot" {{(pid=82727) inner /opt/stack/data/venv/lib/python3.10/site-packages/oslo_concurrency/lockutils.py:506}}
Feb 05 16:38:13 devstack sudo[92688]: pam_unix(sudo:session): session closed for user root
Feb 05 16:38:13 devstack cinder-volume[82727]: DEBUG oslo_concurrency.processutils [None req-5e08af3a-e081-41c5-a80b-10fa2906c7bd tempest-SnapshotsActionsTest-1518031944 None] CMD "sudo cinder-rootwrap /etc/cinder/rootwrap.conf qemu-img create -f qcow2 -o preallocation=metadata /opt/stack/data/cinder/mnt/41dfebf28c6de74279c1c919f6466b39/volume-0f294831-691f-4811-b92a-fb749947a825 1073741824" returned: 0 in 0.737s {{(pid=82727) execute /opt/stack/data/venv/lib/python3.10/site-packages/oslo_concurrency/processutils.py:396}}
Feb 05 16:38:13 devstack cinder-volume[82727]: DEBUG oslo_concurrency.processutils [None req-5e08af3a-e081-41c5-a80b-10fa2906c7bd tempest-SnapshotsActionsTest-1518031944 None] Running cmd (subprocess): sudo cinder-rootwrap /etc/cinder/rootwrap.conf chmod ugo+rw /opt/stack/data/cinder/mnt/41dfebf28c6de74279c1c919f6466b39/volume-0f294831-691f-4811-b92a-fb749947a825 {{(pid=82727) execute /opt/stack/data/venv/lib/python3.10/site-packages/oslo_concurrency/processutils.py:368}}
Feb 05 16:38:13 devstack sudo[92693]: quobyte : PWD=/ ; USER=root ; COMMAND=/opt/stack/data/venv/bin/cinder-rootwrap /etc/cinder/rootwrap.conf chmod ugo+rw /opt/stack/data/cinder/mnt/41dfebf28c6de74279c1c919f6466b39/volume-0f294831-691f-4811-b92a-fb749947a825
Feb 05 16:38:13 devstack sudo[92693]: pam_unix(sudo:session): session opened for user root(uid=0) by (uid=1000)
Feb 05 16:38:14 devstack sudo[92693]: pam_unix(sudo:session): session closed for user root
Feb 05 16:38:14 devstack cinder-volume[82727]: DEBUG oslo_concurrency.processutils [None req-5e08af3a-e081-41c5-a80b-10fa2906c7bd tempest-SnapshotsActionsTest-1518031944 None] CMD "sudo cinder-rootwrap /etc/cinder/rootwrap.conf chmod ugo+rw /opt/stack/data/cinder/mnt/41dfebf28c6de74279c1c919f6466b39/volume-0f294831-691f-4811-b92a-fb749947a825" returned: 0 in 0.507s {{(pid=82727) execute /opt/stack/data/venv/lib/python3.10/site-packages/oslo_concurrency/processutils.py:396}}
Feb 05 16:38:14 devstack cinder-volume[82727]: DEBUG cinder.volume.drivers.quobyte [None req-5e08af3a-e081-41c5-a80b-10fa2906c7bd tempest-SnapshotsActionsTest-1518031944 None] <== create_volume: return (1269ms) {'provider_location': 'osci02.corp.quobyte.com/cinder-vol-f6553dbd-dc57-41b4-b23f-143438541054'} {{(pid=82727) trace_logging_wrapper /opt/stack/cinder/cinder/volume/volume_utils.py:1523}}
Feb 05 16:38:14 devstack cinder-volume[82727]: DEBUG oslo_concurrency.lockutils [None req-5e08af3a-e081-41c5-a80b-10fa2906c7bd tempest-SnapshotsActionsTest-1518031944 None] Lock "quobyte" "released" by "cinder.volume.drivers.quobyte.QuobyteDriver.create_volume" :: held 1.272s {{(pid=82727) inner /opt/stack/data/venv/lib/python3.10/site-packages/oslo_concurrency/lockutils.py:538}}
Feb 05 16:38:14 devstack cinder-volume[82727]: DEBUG oslo_concurrency.lockutils [None req-9bc4dcce-b76f-4794-9a14-b58ccc8ed1d6 tempest-GroupSnapshotsTest-2078445774 None] Lock "quobyte" acquired by "cinder.volume.drivers.quobyte.QuobyteDriver.create_snapshot" :: waited 0.573s {{(pid=82727) inner /opt/stack/data/venv/lib/python3.10/site-packages/oslo_concurrency/lockutils.py:519}}
Feb 05 16:38:14 devstack cinder-volume[82727]: DEBUG cinder.volume.manager [None req-5e08af3a-e081-41c5-a80b-10fa2906c7bd tempest-SnapshotsActionsTest-1518031944 None] Task 'cinder.volume.flows.manager.create_volume.CreateVolumeFromSpecTask;volume:create' (9e7e9b3a-0ad7-40b3-ad6e-338407bc5136) transitioned into state 'SUCCESS' from state 'RUNNING' with result '{'status': 'creating', 'volume_name': 'volume-0f294831-691f-4811-b92a-fb749947a825', 'volume_size': 1}' {{(pid=82727) _task_receiver /opt/stack/data/venv/lib/python3.10/site-packages/taskflow/listeners/logging.py:182}}
Feb 05 16:38:14 devstack cinder-volume[82727]: DEBUG cinder.volume.manager [None req-5e08af3a-e081-41c5-a80b-10fa2906c7bd tempest-SnapshotsActionsTest-1518031944 None] Task 'cinder.volume.flows.manager.create_volume.CreateVolumeOnFinishTask;volume:create, create.end' (7f9994fe-7fce-4e0e-b9d8-5bb2184098ce) transitioned into state 'RUNNING' from state 'PENDING' {{(pid=82727) _task_receiver /opt/stack/data/venv/lib/python3.10/site-packages/taskflow/listeners/logging.py:194}}
Feb 05 16:38:14 devstack cinder-volume[82727]: DEBUG cinder.volume.drivers.remotefs [None req-9bc4dcce-b76f-4794-9a14-b58ccc8ed1d6 tempest-GroupSnapshotsTest-2078445774 None] Creating offline snapshot 6dc9a7a7-db60-4199-8d41-9c025e3ad986 of volume b0bfc8c2-3b84-4dcc-a640-bcc4951398aa {{(pid=82727) _create_snapshot /opt/stack/cinder/cinder/volume/drivers/remotefs.py:1817}}
Feb 05 16:38:14 devstack cinder-volume[82727]: INFO cinder.volume.flows.manager.create_volume [None req-5e08af3a-e081-41c5-a80b-10fa2906c7bd tempest-SnapshotsActionsTest-1518031944 None] Volume volume-0f294831-691f-4811-b92a-fb749947a825 (0f294831-691f-4811-b92a-fb749947a825): created successfully
Feb 05 16:38:14 devstack cinder-volume[82727]: DEBUG cinder.volume.manager [None req-5e08af3a-e081-41c5-a80b-10fa2906c7bd tempest-SnapshotsActionsTest-1518031944 None] Task 'cinder.volume.flows.manager.create_volume.CreateVolumeOnFinishTask;volume:create, create.end' (7f9994fe-7fce-4e0e-b9d8-5bb2184098ce) transitioned into state 'SUCCESS' from state 'RUNNING' with result 'None' {{(pid=82727) _task_receiver /opt/stack/data/venv/lib/python3.10/site-packages/taskflow/listeners/logging.py:182}}
Feb 05 16:38:14 devstack cinder-volume[82727]: DEBUG cinder.volume.manager [None req-5e08af3a-e081-41c5-a80b-10fa2906c7bd tempest-SnapshotsActionsTest-1518031944 None] Flow 'volume_create_manager' (767efd12-dc67-4cdf-a6eb-ce6c6d713012) transitioned into state 'SUCCESS' from state 'RUNNING' {{(pid=82727) _flow_receiver /opt/stack/data/venv/lib/python3.10/site-packages/taskflow/listeners/logging.py:145}}
Feb 05 16:38:14 devstack cinder-volume[82727]: DEBUG oslo.privsep.daemon [-] privsep: reply[f019ad97-a78a-4304-8264-fee13cec39a1]: (4, 'qcow2') {{(pid=83582) _call_back /opt/stack/data/venv/lib/python3.10/site-packages/oslo_privsep/daemon.py:515}}
Feb 05 16:38:14 devstack cinder-volume[82727]: DEBUG oslo_concurrency.processutils [None req-9bc4dcce-b76f-4794-9a14-b58ccc8ed1d6 tempest-GroupSnapshotsTest-2078445774 None] Running cmd (subprocess): /opt/stack/data/venv/bin/python3.10 -m oslo_concurrency.prlimit --as=1073741824 --cpu=60 -- sudo cinder-rootwrap /etc/cinder/rootwrap.conf env LC_ALL=C qemu-img info -f qcow2 --output=json --force-share /opt/stack/data/cinder/mnt/41dfebf28c6de74279c1c919f6466b39/volume-b0bfc8c2-3b84-4dcc-a640-bcc4951398aa {{(pid=82727) execute /opt/stack/data/venv/lib/python3.10/site-packages/oslo_concurrency/processutils.py:368}}
Feb 05 16:38:14 devstack cinder-volume[82727]: INFO cinder.volume.manager [None req-5e08af3a-e081-41c5-a80b-10fa2906c7bd tempest-SnapshotsActionsTest-1518031944 None] Created volume successfully.
Feb 05 16:38:14 devstack sudo[92696]: quobyte : PWD=/ ; USER=root ; COMMAND=/opt/stack/data/venv/bin/cinder-rootwrap /etc/cinder/rootwrap.conf env LC_ALL=C qemu-img info -f qcow2 --output=json --force-share /opt/stack/data/cinder/mnt/41dfebf28c6de74279c1c919f6466b39/volume-b0bfc8c2-3b84-4dcc-a640-bcc4951398aa
Feb 05 16:38:14 devstack sudo[92696]: pam_unix(sudo:session): session opened for user root(uid=0) by (uid=1000)
Feb 05 16:38:15 devstack cinder-volume[82727]: WARNING cinder.volume.volume_utils [None req-57ab1133-a45d-4907-8628-3972f4723947 tempest-SnapshotsActionsTest-1518031944 None] Volume driver (QuobyteDriver 1.1.14) is currently unsupported and may be removed in the next release of OpenStack. Use at your own risk.
Feb 05 16:38:15 devstack cinder-volume[82727]: DEBUG oslo_concurrency.lockutils [None req-57ab1133-a45d-4907-8628-3972f4723947 tempest-SnapshotsActionsTest-1518031944 None] Acquiring lock "quobyte" by "cinder.volume.drivers.quobyte.QuobyteDriver.create_snapshot" {{(pid=82727) inner /opt/stack/data/venv/lib/python3.10/site-packages/oslo_concurrency/lockutils.py:506}}
Feb 05 16:38:15 devstack sudo[92696]: pam_unix(sudo:session): session closed for user root
Feb 05 16:38:15 devstack cinder-volume[82727]: DEBUG oslo_concurrency.processutils [None req-9bc4dcce-b76f-4794-9a14-b58ccc8ed1d6 tempest-GroupSnapshotsTest-2078445774 None] CMD "/opt/stack/data/venv/bin/python3.10 -m oslo_concurrency.prlimit --as=1073741824 --cpu=60 -- sudo cinder-rootwrap /etc/cinder/rootwrap.conf env LC_ALL=C qemu-img info -f qcow2 --output=json --force-share /opt/stack/data/cinder/mnt/41dfebf28c6de74279c1c919f6466b39/volume-b0bfc8c2-3b84-4dcc-a640-bcc4951398aa" returned: 0 in 1.011s {{(pid=82727) execute /opt/stack/data/venv/lib/python3.10/site-packages/oslo_concurrency/processutils.py:396}}
Feb 05 16:38:15 devstack cinder-volume[82727]: DEBUG oslo_concurrency.processutils [None req-9bc4dcce-b76f-4794-9a14-b58ccc8ed1d6 tempest-GroupSnapshotsTest-2078445774 None] Running cmd (subprocess): sudo cinder-rootwrap /etc/cinder/rootwrap.conf qemu-img create -f qcow2 -o backing_file=/opt/stack/data/cinder/mnt/41dfebf28c6de74279c1c919f6466b39/volume-b0bfc8c2-3b84-4dcc-a640-bcc4951398aa,backing_fmt=qcow2 /opt/stack/data/cinder/mnt/41dfebf28c6de74279c1c919f6466b39/volume-b0bfc8c2-3b84-4dcc-a640-bcc4951398aa.6dc9a7a7-db60-4199-8d41-9c025e3ad986 1G {{(pid=82727) execute /opt/stack/data/venv/lib/python3.10/site-packages/oslo_concurrency/processutils.py:368}}
Feb 05 16:38:15 devstack sudo[92703]: quobyte : PWD=/ ; USER=root ; COMMAND=/opt/stack/data/venv/bin/cinder-rootwrap /etc/cinder/rootwrap.conf qemu-img create -f qcow2 -o backing_file=/opt/stack/data/cinder/mnt/41dfebf28c6de74279c1c919f6466b39/volume-b0bfc8c2-3b84-4dcc-a640-bcc4951398aa,backing_fmt=qcow2 /opt/stack/data/cinder/mnt/41dfebf28c6de74279c1c919f6466b39/volume-b0bfc8c2-3b84-4dcc-a640-bcc4951398aa.6dc9a7a7-db60-4199-8d41-9c025e3ad986 1G
Feb 05 16:38:15 devstack sudo[92703]: pam_unix(sudo:session): session opened for user root(uid=0) by (uid=1000)
Feb 05 16:38:16 devstack sudo[92703]: pam_unix(sudo:session): session closed for user root
Feb 05 16:38:16 devstack cinder-volume[82727]: DEBUG oslo_concurrency.processutils [None req-9bc4dcce-b76f-4794-9a14-b58ccc8ed1d6 tempest-GroupSnapshotsTest-2078445774 None] CMD "sudo cinder-rootwrap /etc/cinder/rootwrap.conf qemu-img create -f qcow2 -o backing_file=/opt/stack/data/cinder/mnt/41dfebf28c6de74279c1c919f6466b39/volume-b0bfc8c2-3b84-4dcc-a640-bcc4951398aa,backing_fmt=qcow2 /opt/stack/data/cinder/mnt/41dfebf28c6de74279c1c919f6466b39/volume-b0bfc8c2-3b84-4dcc-a640-bcc4951398aa.6dc9a7a7-db60-4199-8d41-9c025e3ad986 1G" returned: 0 in 0.785s {{(pid=82727) execute /opt/stack/data/venv/lib/python3.10/site-packages/oslo_concurrency/processutils.py:396}}
Feb 05 16:38:16 devstack cinder-volume[82727]: DEBUG oslo_concurrency.processutils [None req-9bc4dcce-b76f-4794-9a14-b58ccc8ed1d6 tempest-GroupSnapshotsTest-2078445774 None] Running cmd (subprocess): sudo cinder-rootwrap /etc/cinder/rootwrap.conf qemu-img rebase -u -b volume-b0bfc8c2-3b84-4dcc-a640-bcc4951398aa -F qcow2 /opt/stack/data/cinder/mnt/41dfebf28c6de74279c1c919f6466b39/volume-b0bfc8c2-3b84-4dcc-a640-bcc4951398aa.6dc9a7a7-db60-4199-8d41-9c025e3ad986 {{(pid=82727) execute /opt/stack/data/venv/lib/python3.10/site-packages/oslo_concurrency/processutils.py:368}}
Feb 05 16:38:16 devstack sudo[92710]: quobyte : PWD=/ ; USER=root ; COMMAND=/opt/stack/data/venv/bin/cinder-rootwrap /etc/cinder/rootwrap.conf qemu-img rebase -u -b volume-b0bfc8c2-3b84-4dcc-a640-bcc4951398aa -F qcow2 /opt/stack/data/cinder/mnt/41dfebf28c6de74279c1c919f6466b39/volume-b0bfc8c2-3b84-4dcc-a640-bcc4951398aa.6dc9a7a7-db60-4199-8d41-9c025e3ad986
Feb 05 16:38:16 devstack sudo[92710]: pam_unix(sudo:session): session opened for user root(uid=0) by (uid=1000)
Feb 05 16:38:16 devstack sudo[92710]: pam_unix(sudo:session): session closed for user root
Feb 05 16:38:16 devstack cinder-volume[82727]: DEBUG oslo_concurrency.processutils [None req-9bc4dcce-b76f-4794-9a14-b58ccc8ed1d6 tempest-GroupSnapshotsTest-2078445774 None] CMD "sudo cinder-rootwrap /etc/cinder/rootwrap.conf qemu-img rebase -u -b volume-b0bfc8c2-3b84-4dcc-a640-bcc4951398aa -F qcow2 /opt/stack/data/cinder/mnt/41dfebf28c6de74279c1c919f6466b39/volume-b0bfc8c2-3b84-4dcc-a640-bcc4951398aa.6dc9a7a7-db60-4199-8d41-9c025e3ad986" returned: 0 in 0.546s {{(pid=82727) execute /opt/stack/data/venv/lib/python3.10/site-packages/oslo_concurrency/processutils.py:396}}
Feb 05 16:38:16 devstack cinder-volume[82727]: WARNING cinder.volume.drivers.remotefs [None req-9bc4dcce-b76f-4794-9a14-b58ccc8ed1d6 tempest-GroupSnapshotsTest-2078445774 None] /opt/stack/data/cinder/mnt/41dfebf28c6de74279c1c919f6466b39/volume-b0bfc8c2-3b84-4dcc-a640-bcc4951398aa.6dc9a7a7-db60-4199-8d41-9c025e3ad986 is being set with open permissions: ugo+rw: NotImplementedError
Feb 05 16:38:16 devstack cinder-volume[82727]: DEBUG oslo_concurrency.processutils [None req-9bc4dcce-b76f-4794-9a14-b58ccc8ed1d6 tempest-GroupSnapshotsTest-2078445774 None] Running cmd (subprocess): sudo cinder-rootwrap /etc/cinder/rootwrap.conf chmod ugo+rw /opt/stack/data/cinder/mnt/41dfebf28c6de74279c1c919f6466b39/volume-b0bfc8c2-3b84-4dcc-a640-bcc4951398aa.6dc9a7a7-db60-4199-8d41-9c025e3ad986 {{(pid=82727) execute /opt/stack/data/venv/lib/python3.10/site-packages/oslo_concurrency/processutils.py:368}}
Feb 05 16:38:16 devstack sudo[92715]: quobyte : PWD=/ ; USER=root ; COMMAND=/opt/stack/data/venv/bin/cinder-rootwrap /etc/cinder/rootwrap.conf chmod ugo+rw /opt/stack/data/cinder/mnt/41dfebf28c6de74279c1c919f6466b39/volume-b0bfc8c2-3b84-4dcc-a640-bcc4951398aa.6dc9a7a7-db60-4199-8d41-9c025e3ad986
Feb 05 16:38:16 devstack sudo[92715]: pam_unix(sudo:session): session opened for user root(uid=0) by (uid=1000)
Feb 05 16:38:17 devstack sudo[92715]: pam_unix(sudo:session): session closed for user root
Feb 05 16:38:17 devstack cinder-volume[82727]: DEBUG oslo_concurrency.processutils [None req-9bc4dcce-b76f-4794-9a14-b58ccc8ed1d6 tempest-GroupSnapshotsTest-2078445774 None] CMD "sudo cinder-rootwrap /etc/cinder/rootwrap.conf chmod ugo+rw /opt/stack/data/cinder/mnt/41dfebf28c6de74279c1c919f6466b39/volume-b0bfc8c2-3b84-4dcc-a640-bcc4951398aa.6dc9a7a7-db60-4199-8d41-9c025e3ad986" returned: 0 in 0.469s {{(pid=82727) execute /opt/stack/data/venv/lib/python3.10/site-packages/oslo_concurrency/processutils.py:396}}
Feb 05 16:38:17 devstack cinder-volume[82727]: DEBUG oslo_concurrency.processutils [None req-9bc4dcce-b76f-4794-9a14-b58ccc8ed1d6 tempest-GroupSnapshotsTest-2078445774 None] Running cmd (subprocess): sudo cinder-rootwrap /etc/cinder/rootwrap.conf truncate -s0 /opt/stack/data/cinder/mnt/41dfebf28c6de74279c1c919f6466b39/volume-b0bfc8c2-3b84-4dcc-a640-bcc4951398aa.info {{(pid=82727) execute /opt/stack/data/venv/lib/python3.10/site-packages/oslo_concurrency/processutils.py:368}}
Feb 05 16:38:17 devstack sudo[92718]: quobyte : PWD=/ ; USER=root ; COMMAND=/opt/stack/data/venv/bin/cinder-rootwrap /etc/cinder/rootwrap.conf truncate -s0 /opt/stack/data/cinder/mnt/41dfebf28c6de74279c1c919f6466b39/volume-b0bfc8c2-3b84-4dcc-a640-bcc4951398aa.info
Feb 05 16:38:17 devstack sudo[92718]: pam_unix(sudo:session): session opened for user root(uid=0) by (uid=1000)
Feb 05 16:38:17 devstack sudo[92718]: pam_unix(sudo:session): session closed for user root
Feb 05 16:38:17 devstack cinder-volume[82727]: DEBUG oslo_concurrency.processutils [None req-9bc4dcce-b76f-4794-9a14-b58ccc8ed1d6 tempest-GroupSnapshotsTest-2078445774 None] CMD "sudo cinder-rootwrap /etc/cinder/rootwrap.conf truncate -s0 /opt/stack/data/cinder/mnt/41dfebf28c6de74279c1c919f6466b39/volume-b0bfc8c2-3b84-4dcc-a640-bcc4951398aa.info" returned: 0 in 0.428s {{(pid=82727) execute /opt/stack/data/venv/lib/python3.10/site-packages/oslo_concurrency/processutils.py:396}}
Feb 05 16:38:17 devstack cinder-volume[82727]: WARNING cinder.volume.drivers.remotefs [None req-9bc4dcce-b76f-4794-9a14-b58ccc8ed1d6 tempest-GroupSnapshotsTest-2078445774 None] /opt/stack/data/cinder/mnt/41dfebf28c6de74279c1c919f6466b39/volume-b0bfc8c2-3b84-4dcc-a640-bcc4951398aa.info is being set with open permissions: ugo+rw: NotImplementedError
Feb 05 16:38:17 devstack cinder-volume[82727]: DEBUG oslo_concurrency.processutils [None req-9bc4dcce-b76f-4794-9a14-b58ccc8ed1d6 tempest-GroupSnapshotsTest-2078445774 None] Running cmd (subprocess): sudo cinder-rootwrap /etc/cinder/rootwrap.conf chmod ugo+rw /opt/stack/data/cinder/mnt/41dfebf28c6de74279c1c919f6466b39/volume-b0bfc8c2-3b84-4dcc-a640-bcc4951398aa.info {{(pid=82727) execute /opt/stack/data/venv/lib/python3.10/site-packages/oslo_concurrency/processutils.py:368}}
Feb 05 16:38:17 devstack sudo[92721]: quobyte : PWD=/ ; USER=root ; COMMAND=/opt/stack/data/venv/bin/cinder-rootwrap /etc/cinder/rootwrap.conf chmod ugo+rw /opt/stack/data/cinder/mnt/41dfebf28c6de74279c1c919f6466b39/volume-b0bfc8c2-3b84-4dcc-a640-bcc4951398aa.info
Feb 05 16:38:17 devstack sudo[92721]: pam_unix(sudo:session): session opened for user root(uid=0) by (uid=1000)
Feb 05 16:38:18 devstack sudo[92721]: pam_unix(sudo:session): session closed for user root
Feb 05 16:38:18 devstack cinder-volume[82727]: DEBUG oslo_concurrency.processutils [None req-9bc4dcce-b76f-4794-9a14-b58ccc8ed1d6 tempest-GroupSnapshotsTest-2078445774 None] CMD "sudo cinder-rootwrap /etc/cinder/rootwrap.conf chmod ugo+rw /opt/stack/data/cinder/mnt/41dfebf28c6de74279c1c919f6466b39/volume-b0bfc8c2-3b84-4dcc-a640-bcc4951398aa.info" returned: 0 in 0.429s {{(pid=82727) execute /opt/stack/data/venv/lib/python3.10/site-packages/oslo_concurrency/processutils.py:396}}
Feb 05 16:38:18 devstack cinder-volume[82727]: DEBUG oslo_concurrency.lockutils [None req-9bc4dcce-b76f-4794-9a14-b58ccc8ed1d6 tempest-GroupSnapshotsTest-2078445774 None] Lock "quobyte" "released" by "cinder.volume.drivers.quobyte.QuobyteDriver.create_snapshot" :: held 3.776s {{(pid=82727) inner /opt/stack/data/venv/lib/python3.10/site-packages/oslo_concurrency/lockutils.py:538}}
Feb 05 16:38:18 devstack cinder-volume[82727]: DEBUG oslo_concurrency.lockutils [None req-57ab1133-a45d-4907-8628-3972f4723947 tempest-SnapshotsActionsTest-1518031944 None] Lock "quobyte" acquired by "cinder.volume.drivers.quobyte.QuobyteDriver.create_snapshot" :: waited 2.810s {{(pid=82727) inner /opt/stack/data/venv/lib/python3.10/site-packages/oslo_concurrency/lockutils.py:519}}
Feb 05 16:38:18 devstack cinder-volume[82727]: DEBUG cinder.volume.drivers.remotefs [None req-57ab1133-a45d-4907-8628-3972f4723947 tempest-SnapshotsActionsTest-1518031944 None] Creating offline snapshot 1ff71e71-f50e-48ab-a751-8dc7cb9319e7 of volume 0f294831-691f-4811-b92a-fb749947a825 {{(pid=82727) _create_snapshot /opt/stack/cinder/cinder/volume/drivers/remotefs.py:1817}}
Feb 05 16:38:18 devstack cinder-volume[82727]: DEBUG oslo.privsep.daemon [-] privsep: reply[4fd8bde8-07ba-4e15-a9eb-27ebd9f9655a]: (4, 'qcow2') {{(pid=83582) _call_back /opt/stack/data/venv/lib/python3.10/site-packages/oslo_privsep/daemon.py:515}}
Feb 05 16:38:18 devstack cinder-volume[82727]: DEBUG oslo_concurrency.processutils [None req-57ab1133-a45d-4907-8628-3972f4723947 tempest-SnapshotsActionsTest-1518031944 None] Running cmd (subprocess): /opt/stack/data/venv/bin/python3.10 -m oslo_concurrency.prlimit --as=1073741824 --cpu=60 -- sudo cinder-rootwrap /etc/cinder/rootwrap.conf env LC_ALL=C qemu-img info -f qcow2 --output=json --force-share /opt/stack/data/cinder/mnt/41dfebf28c6de74279c1c919f6466b39/volume-0f294831-691f-4811-b92a-fb749947a825 {{(pid=82727) execute /opt/stack/data/venv/lib/python3.10/site-packages/oslo_concurrency/processutils.py:368}}
Feb 05 16:38:18 devstack cinder-volume[82727]: INFO cinder.volume.manager [None req-9bc4dcce-b76f-4794-9a14-b58ccc8ed1d6 tempest-GroupSnapshotsTest-2078445774 None] group_snapshot 3f829a94-c17a-479f-bd2d-a92c0d4a7e35: created successfully
Feb 05 16:38:18 devstack sudo[92724]: quobyte : PWD=/ ; USER=root ; COMMAND=/opt/stack/data/venv/bin/cinder-rootwrap /etc/cinder/rootwrap.conf env LC_ALL=C qemu-img info -f qcow2 --output=json --force-share /opt/stack/data/cinder/mnt/41dfebf28c6de74279c1c919f6466b39/volume-0f294831-691f-4811-b92a-fb749947a825
Feb 05 16:38:18 devstack sudo[92724]: pam_unix(sudo:session): session opened for user root(uid=0) by (uid=1000)
Feb 05 16:38:18 devstack sudo[92724]: pam_unix(sudo:session): session closed for user root
Feb 05 16:38:18 devstack cinder-volume[82727]: DEBUG oslo_concurrency.processutils [None req-57ab1133-a45d-4907-8628-3972f4723947 tempest-SnapshotsActionsTest-1518031944 None] CMD "/opt/stack/data/venv/bin/python3.10 -m oslo_concurrency.prlimit --as=1073741824 --cpu=60 -- sudo cinder-rootwrap /etc/cinder/rootwrap.conf env LC_ALL=C qemu-img info -f qcow2 --output=json --force-share /opt/stack/data/cinder/mnt/41dfebf28c6de74279c1c919f6466b39/volume-0f294831-691f-4811-b92a-fb749947a825" returned: 0 in 0.565s {{(pid=82727) execute /opt/stack/data/venv/lib/python3.10/site-packages/oslo_concurrency/processutils.py:396}}
Feb 05 16:38:18 devstack cinder-volume[82727]: DEBUG oslo_concurrency.processutils [None req-57ab1133-a45d-4907-8628-3972f4723947 tempest-SnapshotsActionsTest-1518031944 None] Running cmd (subprocess): sudo cinder-rootwrap /etc/cinder/rootwrap.conf qemu-img create -f qcow2 -o backing_file=/opt/stack/data/cinder/mnt/41dfebf28c6de74279c1c919f6466b39/volume-0f294831-691f-4811-b92a-fb749947a825,backing_fmt=qcow2 /opt/stack/data/cinder/mnt/41dfebf28c6de74279c1c919f6466b39/volume-0f294831-691f-4811-b92a-fb749947a825.1ff71e71-f50e-48ab-a751-8dc7cb9319e7 1G {{(pid=82727) execute /opt/stack/data/venv/lib/python3.10/site-packages/oslo_concurrency/processutils.py:368}}
Feb 05 16:38:18 devstack sudo[92729]: quobyte : PWD=/ ; USER=root ; COMMAND=/opt/stack/data/venv/bin/cinder-rootwrap /etc/cinder/rootwrap.conf qemu-img create -f qcow2 -o backing_file=/opt/stack/data/cinder/mnt/41dfebf28c6de74279c1c919f6466b39/volume-0f294831-691f-4811-b92a-fb749947a825,backing_fmt=qcow2 /opt/stack/data/cinder/mnt/41dfebf28c6de74279c1c919f6466b39/volume-0f294831-691f-4811-b92a-fb749947a825.1ff71e71-f50e-48ab-a751-8dc7cb9319e7 1G
Feb 05 16:38:18 devstack sudo[92729]: pam_unix(sudo:session): session opened for user root(uid=0) by (uid=1000)
Feb 05 16:38:19 devstack sudo[92729]: pam_unix(sudo:session): session closed for user root
Feb 05 16:38:19 devstack cinder-volume[82727]: DEBUG oslo_concurrency.processutils [None req-57ab1133-a45d-4907-8628-3972f4723947 tempest-SnapshotsActionsTest-1518031944 None] CMD "sudo cinder-rootwrap /etc/cinder/rootwrap.conf qemu-img create -f qcow2 -o backing_file=/opt/stack/data/cinder/mnt/41dfebf28c6de74279c1c919f6466b39/volume-0f294831-691f-4811-b92a-fb749947a825,backing_fmt=qcow2 /opt/stack/data/cinder/mnt/41dfebf28c6de74279c1c919f6466b39/volume-0f294831-691f-4811-b92a-fb749947a825.1ff71e71-f50e-48ab-a751-8dc7cb9319e7 1G" returned: 0 in 0.532s {{(pid=82727) execute /opt/stack/data/venv/lib/python3.10/site-packages/oslo_concurrency/processutils.py:396}}
Feb 05 16:38:19 devstack cinder-volume[82727]: DEBUG oslo_concurrency.processutils [None req-57ab1133-a45d-4907-8628-3972f4723947 tempest-SnapshotsActionsTest-1518031944 None] Running cmd (subprocess): sudo cinder-rootwrap /etc/cinder/rootwrap.conf qemu-img rebase -u -b volume-0f294831-691f-4811-b92a-fb749947a825 -F qcow2 /opt/stack/data/cinder/mnt/41dfebf28c6de74279c1c919f6466b39/volume-0f294831-691f-4811-b92a-fb749947a825.1ff71e71-f50e-48ab-a751-8dc7cb9319e7 {{(pid=82727) execute /opt/stack/data/venv/lib/python3.10/site-packages/oslo_concurrency/processutils.py:368}}
Feb 05 16:38:19 devstack sudo[92734]: quobyte : PWD=/ ; USER=root ; COMMAND=/opt/stack/data/venv/bin/cinder-rootwrap /etc/cinder/rootwrap.conf qemu-img rebase -u -b volume-0f294831-691f-4811-b92a-fb749947a825 -F qcow2 /opt/stack/data/cinder/mnt/41dfebf28c6de74279c1c919f6466b39/volume-0f294831-691f-4811-b92a-fb749947a825.1ff71e71-f50e-48ab-a751-8dc7cb9319e7
Feb 05 16:38:19 devstack sudo[92734]: pam_unix(sudo:session): session opened for user root(uid=0) by (uid=1000)
Feb 05 16:38:19 devstack sudo[92734]: pam_unix(sudo:session): session closed for user root
Feb 05 16:38:19 devstack cinder-volume[82727]: DEBUG oslo_concurrency.processutils [None req-57ab1133-a45d-4907-8628-3972f4723947 tempest-SnapshotsActionsTest-1518031944 None] CMD "sudo cinder-rootwrap /etc/cinder/rootwrap.conf qemu-img rebase -u -b volume-0f294831-691f-4811-b92a-fb749947a825 -F qcow2 /opt/stack/data/cinder/mnt/41dfebf28c6de74279c1c919f6466b39/volume-0f294831-691f-4811-b92a-fb749947a825.1ff71e71-f50e-48ab-a751-8dc7cb9319e7" returned: 0 in 0.460s {{(pid=82727) execute /opt/stack/data/venv/lib/python3.10/site-packages/oslo_concurrency/processutils.py:396}}
Feb 05 16:38:19 devstack cinder-volume[82727]: WARNING cinder.volume.drivers.remotefs [None req-57ab1133-a45d-4907-8628-3972f4723947 tempest-SnapshotsActionsTest-1518031944 None] /opt/stack/data/cinder/mnt/41dfebf28c6de74279c1c919f6466b39/volume-0f294831-691f-4811-b92a-fb749947a825.1ff71e71-f50e-48ab-a751-8dc7cb9319e7 is being set with open permissions: ugo+rw
Feb 05 16:38:19 devstack cinder-volume[82727]: DEBUG oslo_concurrency.processutils [None req-57ab1133-a45d-4907-8628-3972f4723947 tempest-SnapshotsActionsTest-1518031944 None] Running cmd (subprocess): sudo cinder-rootwrap /etc/cinder/rootwrap.conf chmod ugo+rw /opt/stack/data/cinder/mnt/41dfebf28c6de74279c1c919f6466b39/volume-0f294831-691f-4811-b92a-fb749947a825.1ff71e71-f50e-48ab-a751-8dc7cb9319e7 {{(pid=82727) execute /opt/stack/data/venv/lib/python3.10/site-packages/oslo_concurrency/processutils.py:368}}
Feb 05 16:38:19 devstack sudo[92739]: quobyte : PWD=/ ; USER=root ; COMMAND=/opt/stack/data/venv/bin/cinder-rootwrap /etc/cinder/rootwrap.conf chmod ugo+rw /opt/stack/data/cinder/mnt/41dfebf28c6de74279c1c919f6466b39/volume-0f294831-691f-4811-b92a-fb749947a825.1ff71e71-f50e-48ab-a751-8dc7cb9319e7
Feb 05 16:38:19 devstack sudo[92739]: pam_unix(sudo:session): session opened for user root(uid=0) by (uid=1000)
Feb 05 16:38:20 devstack cinder-volume[82727]: WARNING cinder.volume.volume_utils [None req-1b9ffe5c-1d56-42e7-b706-c39e65887f51 tempest-GroupSnapshotsTest-2078445774 None] Volume driver (QuobyteDriver 1.1.14) is currently unsupported and may be removed in the next release of OpenStack. Use at your own risk.
Feb 05 16:38:20 devstack cinder-volume[82727]: DEBUG oslo_concurrency.lockutils [None req-1b9ffe5c-1d56-42e7-b706-c39e65887f51 tempest-GroupSnapshotsTest-2078445774 None] Acquiring lock "quobyte" by "cinder.volume.drivers.quobyte.QuobyteDriver.create_volume_from_snapshot" {{(pid=82727) inner /opt/stack/data/venv/lib/python3.10/site-packages/oslo_concurrency/lockutils.py:506}}
Feb 05 16:38:20 devstack sudo[92739]: pam_unix(sudo:session): session closed for user root
Feb 05 16:38:20 devstack cinder-volume[82727]: DEBUG oslo_concurrency.processutils [None req-57ab1133-a45d-4907-8628-3972f4723947 tempest-SnapshotsActionsTest-1518031944 None] CMD "sudo cinder-rootwrap /etc/cinder/rootwrap.conf chmod ugo+rw /opt/stack/data/cinder/mnt/41dfebf28c6de74279c1c919f6466b39/volume-0f294831-691f-4811-b92a-fb749947a825.1ff71e71-f50e-48ab-a751-8dc7cb9319e7" returned: 0 in 0.539s {{(pid=82727) execute /opt/stack/data/venv/lib/python3.10/site-packages/oslo_concurrency/processutils.py:396}}
Feb 05 16:38:20 devstack cinder-volume[82727]: DEBUG oslo_concurrency.processutils [None req-57ab1133-a45d-4907-8628-3972f4723947 tempest-SnapshotsActionsTest-1518031944 None] Running cmd (subprocess): sudo cinder-rootwrap /etc/cinder/rootwrap.conf truncate -s0 /opt/stack/data/cinder/mnt/41dfebf28c6de74279c1c919f6466b39/volume-0f294831-691f-4811-b92a-fb749947a825.info {{(pid=82727) execute /opt/stack/data/venv/lib/python3.10/site-packages/oslo_concurrency/processutils.py:368}}
Feb 05 16:38:20 devstack sudo[92742]: quobyte : PWD=/ ; USER=root ; COMMAND=/opt/stack/data/venv/bin/cinder-rootwrap /etc/cinder/rootwrap.conf truncate -s0 /opt/stack/data/cinder/mnt/41dfebf28c6de74279c1c919f6466b39/volume-0f294831-691f-4811-b92a-fb749947a825.info
Feb 05 16:38:20 devstack sudo[92742]: pam_unix(sudo:session): session opened for user root(uid=0) by (uid=1000)
Feb 05 16:38:20 devstack sudo[92742]: pam_unix(sudo:session): session closed for user root
Feb 05 16:38:20 devstack cinder-volume[82727]: DEBUG oslo_concurrency.processutils [None req-57ab1133-a45d-4907-8628-3972f4723947 tempest-SnapshotsActionsTest-1518031944 None] CMD "sudo cinder-rootwrap /etc/cinder/rootwrap.conf truncate -s0 /opt/stack/data/cinder/mnt/41dfebf28c6de74279c1c919f6466b39/volume-0f294831-691f-4811-b92a-fb749947a825.info" returned: 0 in 0.460s {{(pid=82727) execute /opt/stack/data/venv/lib/python3.10/site-packages/oslo_concurrency/processutils.py:396}}
Feb 05 16:38:20 devstack cinder-volume[82727]: WARNING cinder.volume.drivers.remotefs [None req-57ab1133-a45d-4907-8628-3972f4723947 tempest-SnapshotsActionsTest-1518031944 None] /opt/stack/data/cinder/mnt/41dfebf28c6de74279c1c919f6466b39/volume-0f294831-691f-4811-b92a-fb749947a825.info is being set with open permissions: ugo+rw
Feb 05 16:38:20 devstack cinder-volume[82727]: DEBUG oslo_concurrency.processutils [None req-57ab1133-a45d-4907-8628-3972f4723947 tempest-SnapshotsActionsTest-1518031944 None] Running cmd (subprocess): sudo cinder-rootwrap /etc/cinder/rootwrap.conf chmod ugo+rw /opt/stack/data/cinder/mnt/41dfebf28c6de74279c1c919f6466b39/volume-0f294831-691f-4811-b92a-fb749947a825.info {{(pid=82727) execute /opt/stack/data/venv/lib/python3.10/site-packages/oslo_concurrency/processutils.py:368}}
Feb 05 16:38:20 devstack sudo[92745]: quobyte : PWD=/ ; USER=root ; COMMAND=/opt/stack/data/venv/bin/cinder-rootwrap /etc/cinder/rootwrap.conf chmod ugo+rw /opt/stack/data/cinder/mnt/41dfebf28c6de74279c1c919f6466b39/volume-0f294831-691f-4811-b92a-fb749947a825.info
Feb 05 16:38:20 devstack sudo[92745]: pam_unix(sudo:session): session opened for user root(uid=0) by (uid=1000)
Feb 05 16:38:21 devstack sudo[92745]: pam_unix(sudo:session): session closed for user root
Feb 05 16:38:21 devstack cinder-volume[82727]: DEBUG oslo_concurrency.processutils [None req-57ab1133-a45d-4907-8628-3972f4723947 tempest-SnapshotsActionsTest-1518031944 None] CMD "sudo cinder-rootwrap /etc/cinder/rootwrap.conf chmod ugo+rw /opt/stack/data/cinder/mnt/41dfebf28c6de74279c1c919f6466b39/volume-0f294831-691f-4811-b92a-fb749947a825.info" returned: 0 in 0.454s {{(pid=82727) execute /opt/stack/data/venv/lib/python3.10/site-packages/oslo_concurrency/processutils.py:396}}
Feb 05 16:38:21 devstack cinder-volume[82727]: DEBUG oslo_concurrency.lockutils [None req-57ab1133-a45d-4907-8628-3972f4723947 tempest-SnapshotsActionsTest-1518031944 None] Lock "quobyte" "released" by "cinder.volume.drivers.quobyte.QuobyteDriver.create_snapshot" :: held 3.069s {{(pid=82727) inner /opt/stack/data/venv/lib/python3.10/site-packages/oslo_concurrency/lockutils.py:538}}
