Jan 12 07:34:45 devstack devstack@n-api.service[61347]: DEBUG nova.api.openstack.wsgi [None req-f6dba1fd-bc28-4757-837a-3b5a5c3601b6 admin admin] Calling method '>' {{(pid=61347) _process_stack /opt/stack/nova/nova/api/openstack/wsgi.py:552}}
Jan 12 07:34:45 devstack devstack@n-api.service[61347]: INFO nova.api.openstack.requestlog [None req-f6dba1fd-bc28-4757-837a-3b5a5c3601b6 admin admin] 192.168.122.79 "GET /compute/v2.1" status: 200 len: 392 microversion: 2.1 time: 0.007344
Jan 12 07:34:45 devstack devstack@n-api.service[61347]: [pid: 61347|app: 0|req: 13/27] 192.168.122.79 () {58 vars in 1027 bytes} [Mon Jan 12 07:34:45 2026] GET /compute/v2.1 => generated 392 bytes in 9 msecs (HTTP/1.1 200) 9 headers in 357 bytes (1 switches on core 0)
Jan 12 07:34:45 devstack devstack@n-api.service[61348]: DEBUG nova.api.openstack.wsgi [None req-8404b754-85d3-49fd-ba17-09f438418c11 admin admin] Action: 'create', calling method: >, body: {"flavor": {"os-flavor-access:is_public": true, "OS-FLV-EXT-DATA:ephemeral": 0, "name": "m1.medium", "id": "3", "vcpus": 2, "rxtx_factor": 1.0, "ram": 4096, "swap": 0, "disk": 40}} {{(pid=61348) _process_stack /opt/stack/nova/nova/api/openstack/wsgi.py:550}}
Jan 12 07:34:45 devstack devstack@n-api.service[61348]: INFO nova.api.openstack.requestlog [None req-8404b754-85d3-49fd-ba17-09f438418c11 admin admin] 192.168.122.79 "POST /compute/v2.1/flavors" status: 200 len: 412 microversion: 2.61 time: 0.054798
Jan 12 07:34:45 devstack devstack@n-api.service[61348]: [pid: 61348|app: 0|req: 15/28] 192.168.122.79 () {68 vars in 1379 bytes} [Mon Jan 12 07:34:45 2026] POST /compute/v2.1/flavors => generated 412 bytes in 56 msecs (HTTP/1.1 200) 9 headers in 359 bytes (1 switches on core 0)
Jan 12 07:34:45 devstack devstack@n-api.service[61347]: DEBUG nova.api.openstack.wsgi [None req-44f165e8-df2e-4486-af88-e6305bb84cf3 admin admin] Action: 'create', calling method: >, body: {"extra_specs": {"hw_rng:allowed": "True"}} {{(pid=61347) _process_stack /opt/stack/nova/nova/api/openstack/wsgi.py:550}}
Jan 12 07:34:45 devstack devstack@n-api.service[61347]: INFO nova.api.openstack.requestlog [None req-44f165e8-df2e-4486-af88-e6305bb84cf3 admin admin] 192.168.122.79 "POST /compute/v2.1/flavors/3/os-extra_specs" status: 200 len: 43 microversion: 2.61 time: 0.024848
Jan 12 07:34:45 devstack devstack@n-api.service[61347]: [pid: 61347|app: 0|req: 14/29] 192.168.122.79 () {68 vars in 1429 bytes} [Mon Jan 12 07:34:45 2026] POST /compute/v2.1/flavors/3/os-extra_specs => generated 43 bytes in 26 msecs (HTTP/1.1 200) 9 headers in 358 bytes (1 switches on core 0)
Jan 12 07:34:47 devstack devstack@n-api.service[61348]: DEBUG nova.api.openstack.wsgi [None req-8404b754-85d3-49fd-ba17-09f438418c11 admin admin] Calling method '>' {{(pid=61348) _process_stack /opt/stack/nova/nova/api/openstack/wsgi.py:552}}
Jan 12 07:34:47 devstack devstack@n-api.service[61348]: INFO nova.api.openstack.requestlog [None req-8404b754-85d3-49fd-ba17-09f438418c11 admin admin] 192.168.122.79 "GET /compute/v2.1" status: 200 len: 392 microversion: 2.1 time: 0.005116
Jan 12 07:34:47 devstack devstack@n-api.service[61348]: [pid: 61348|app: 0|req: 16/30] 192.168.122.79 () {58 vars in 1027 bytes} [Mon Jan 12 07:34:47 2026] GET /compute/v2.1 => generated 392 bytes in 6 msecs (HTTP/1.1 200) 9 headers in 357 bytes (1 switches on core 0)
Jan 12 07:34:47 devstack devstack@n-api.service[61347]: DEBUG nova.api.openstack.wsgi [None req-10823988-a6c9-4bcf-8359-d9b9da0f4ad5 admin admin] Action: 'create', calling method: >, body: {"flavor": {"ram": 8192, "id": "4", "vcpus": 4, "os-flavor-access:is_public": true, "disk": 80, "OS-FLV-EXT-DATA:ephemeral": 0, "swap": 0, "name": "m1.large", "rxtx_factor": 1.0}} {{(pid=61347) _process_stack /opt/stack/nova/nova/api/openstack/wsgi.py:550}}
Jan 12 07:34:47 devstack devstack@n-api.service[61347]: INFO nova.api.openstack.requestlog [None req-10823988-a6c9-4bcf-8359-d9b9da0f4ad5 admin admin] 192.168.122.79 "POST /compute/v2.1/flavors" status: 200 len: 411 microversion: 2.61 time: 0.063058
Jan 12 07:34:47 devstack devstack@n-api.service[61347]: [pid: 61347|app: 0|req: 15/31] 192.168.122.79 () {68 vars in 1379 bytes} [Mon Jan 12 07:34:47 2026] POST /compute/v2.1/flavors => generated 411 bytes in 65 msecs (HTTP/1.1 200) 9 headers in 359 bytes (1 switches on core 0)
Jan 12 07:34:47 devstack devstack@n-api.service[61348]: DEBUG nova.api.openstack.wsgi [None req-986da635-75d8-49c5-83a4-a5a0d3cb5d43 admin admin] Action: 'create', calling method: >, body: {"extra_specs": {"hw_rng:allowed": "True"}} {{(pid=61348) _process_stack /opt/stack/nova/nova/api/openstack/wsgi.py:550}}
Jan 12 07:34:47 devstack devstack@n-api.service[61348]: INFO nova.api.openstack.requestlog [None req-986da635-75d8-49c5-83a4-a5a0d3cb5d43 admin admin] 192.168.122.79 "POST /compute/v2.1/flavors/4/os-extra_specs" status: 200 len: 43 microversion: 2.61 time: 0.025344
Jan 12 07:34:47 devstack devstack@n-api.service[61348]: [pid: 61348|app: 0|req: 17/32] 192.168.122.79 () {68 vars in 1429 bytes} [Mon Jan 12 07:34:47 2026] POST /compute/v2.1/flavors/4/os-extra_specs => generated 43 bytes in 26 msecs (HTTP/1.1 200) 9 headers in 358 bytes (1 switches on core 0)
Jan 12 07:34:49 devstack devstack@n-api.service[61347]: DEBUG nova.api.openstack.wsgi [None req-10823988-a6c9-4bcf-8359-d9b9da0f4ad5 admin admin] Calling method '>' {{(pid=61347) _process_stack /opt/stack/nova/nova/api/openstack/wsgi.py:552}}
Jan 12 07:34:49 devstack devstack@n-api.service[61347]: INFO nova.api.openstack.requestlog [None req-10823988-a6c9-4bcf-8359-d9b9da0f4ad5 admin admin] 192.168.122.79 "GET /compute/v2.1" status: 200 len: 392 microversion: 2.1 time: 0.004302
Jan 12 07:34:49 devstack devstack@n-api.service[61347]: [pid: 61347|app: 0|req: 16/33] 192.168.122.79 () {58 vars in 1027 bytes} [Mon Jan 12 07:34:49 2026] GET /compute/v2.1 => generated 392 bytes in 5 msecs (HTTP/1.1 200) 9 headers in 357 bytes (1 switches on core 0)
Jan 12 07:34:49 devstack devstack@n-api.service[61348]: DEBUG nova.api.openstack.wsgi [None req-16d5aa8c-7766-4d41-b57f-4726722006d1 admin admin] Action: 'create', calling method: >, body: {"flavor": {"ram": 16384, "vcpus": 8, "swap": 0, "id": "5", "os-flavor-access:is_public": true, "disk": 160, "OS-FLV-EXT-DATA:ephemeral": 0, "rxtx_factor": 1.0, "name": "m1.xlarge"}} {{(pid=61348) _process_stack /opt/stack/nova/nova/api/openstack/wsgi.py:550}}
Jan 12 07:34:49 devstack devstack@n-api.service[61348]: INFO nova.api.openstack.requestlog [None req-16d5aa8c-7766-4d41-b57f-4726722006d1 admin admin] 192.168.122.79 "POST /compute/v2.1/flavors" status: 200 len: 414 microversion: 2.61 time: 0.056729
Jan 12 07:34:49 devstack devstack@n-api.service[61348]: [pid: 61348|app: 0|req: 18/34] 192.168.122.79 () {68 vars in 1379 bytes} [Mon Jan 12 07:34:49 2026] POST /compute/v2.1/flavors => generated 414 bytes in 58 msecs (HTTP/1.1 200) 9 headers in 359 bytes (1 switches on core 0)
Jan 12 07:34:49 devstack devstack@n-api.service[61347]: DEBUG nova.api.openstack.wsgi [None req-8f90c554-c2c2-4943-803e-7be020195b3b admin admin] Action: 'create', calling method: >, body: {"extra_specs": {"hw_rng:allowed": "True"}} {{(pid=61347) _process_stack /opt/stack/nova/nova/api/openstack/wsgi.py:550}}
Jan 12 07:34:49 devstack devstack@n-api.service[61347]: INFO nova.api.openstack.requestlog [None req-8f90c554-c2c2-4943-803e-7be020195b3b admin admin] 192.168.122.79 "POST /compute/v2.1/flavors/5/os-extra_specs" status: 200 len: 43 microversion: 2.61 time: 0.024742
Jan 12 07:34:49 devstack devstack@n-api.service[61347]: [pid: 61347|app: 0|req: 17/35] 192.168.122.79 () {68 vars in 1429 bytes} [Mon Jan 12 07:34:49 2026] POST /compute/v2.1/flavors/5/os-extra_specs => generated 43 bytes in 26 msecs (HTTP/1.1 200) 9 headers in 358 bytes (1 switches on core 0)
Jan 12 07:34:59 devstack devstack@n-api.service[61348]: DEBUG dbcounter [-] [61348] Writing DB stats nova_api:SELECT=21,nova_api:SAVEPOINT=5,nova_api:INSERT=10,nova_api:RELEASE=5 {{(pid=61348) stat_writer /opt/stack/data/venv/lib/python3.10/site-packages/dbcounter.py:115}}
Jan 12 07:34:59 devstack devstack@n-api.service[61347]: DEBUG dbcounter [-] [61347] Writing DB stats nova_api:SELECT=21,nova_api:INSERT=10,nova_api:SAVEPOINT=5,nova_api:RELEASE=5 {{(pid=61347) stat_writer /opt/stack/data/venv/lib/python3.10/site-packages/dbcounter.py:115}}
Jan 12 07:35:04 devstack devstack@n-api.service[61348]: DEBUG nova.api.openstack.wsgi [None req-16d5aa8c-7766-4d41-b57f-4726722006d1 admin admin] Calling method '>' {{(pid=61348) _process_stack /opt/stack/nova/nova/api/openstack/wsgi.py:552}}
Jan 12 07:35:04 devstack devstack@n-api.service[61348]: INFO nova.api.openstack.requestlog [None req-16d5aa8c-7766-4d41-b57f-4726722006d1 admin admin] 192.168.122.79 "GET /compute/v2.1" status: 200 len: 392 microversion: 2.1 time: 0.005050
Jan 12 07:35:04 devstack devstack@n-api.service[61348]: [pid: 61348|app: 0|req: 19/36] 192.168.122.79 () {58 vars in 1027 bytes} [Mon Jan 12 07:35:04 2026] GET /compute/v2.1 => generated 392 bytes in 6 msecs (HTTP/1.1 200) 9 headers in 357 bytes (1 switches on core 0)
Jan 12 07:35:04 devstack devstack@n-api.service[61347]: DEBUG nova.api.openstack.wsgi [None req-36ccb22b-011a-43c5-9ab5-d7287cc25da5 admin admin] Calling method '>' {{(pid=61347) _process_stack /opt/stack/nova/nova/api/openstack/wsgi.py:552}}
Jan 12 07:35:04 devstack devstack@n-api.service[61347]: DEBUG oslo_concurrency.lockutils [None req-36ccb22b-011a-43c5-9ab5-d7287cc25da5 admin admin] Acquiring lock "00000000-0000-0000-0000-000000000000" by "nova.context.set_target_cell..get_or_set_cached_cell_and_set_connections" {{(pid=61347) inner /opt/stack/data/venv/lib/python3.10/site-packages/oslo_concurrency/lockutils.py:405}}
Jan 12 07:35:04 devstack devstack@n-api.service[61347]: DEBUG oslo_concurrency.lockutils [None req-36ccb22b-011a-43c5-9ab5-d7287cc25da5 admin admin] Lock "00000000-0000-0000-0000-000000000000" acquired by "nova.context.set_target_cell..get_or_set_cached_cell_and_set_connections" :: waited 0.001s {{(pid=61347) inner /opt/stack/data/venv/lib/python3.10/site-packages/oslo_concurrency/lockutils.py:410}}
Jan 12 07:35:04 devstack devstack@n-api.service[61347]: DEBUG oslo_concurrency.lockutils [None req-36ccb22b-011a-43c5-9ab5-d7287cc25da5 admin admin] Lock "00000000-0000-0000-0000-000000000000" "released" by "nova.context.set_target_cell..get_or_set_cached_cell_and_set_connections" :: held 0.000s {{(pid=61347) inner /opt/stack/data/venv/lib/python3.10/site-packages/oslo_concurrency/lockutils.py:424}}
Jan 12 07:35:04 devstack devstack@n-api.service[61347]: DEBUG oslo_concurrency.lockutils [None req-36ccb22b-011a-43c5-9ab5-d7287cc25da5 admin admin] Acquiring lock "64b3d9b0-114b-45fe-8ddb-000f322530d1" by "nova.context.set_target_cell..get_or_set_cached_cell_and_set_connections" {{(pid=61347) inner /opt/stack/data/venv/lib/python3.10/site-packages/oslo_concurrency/lockutils.py:405}}
Jan 12 07:35:04 devstack devstack@n-api.service[61347]: DEBUG oslo_concurrency.lockutils [None req-36ccb22b-011a-43c5-9ab5-d7287cc25da5 admin admin] Lock "64b3d9b0-114b-45fe-8ddb-000f322530d1" acquired by "nova.context.set_target_cell..get_or_set_cached_cell_and_set_connections" :: waited 0.002s {{(pid=61347) inner /opt/stack/data/venv/lib/python3.10/site-packages/oslo_concurrency/lockutils.py:410}}
Jan 12 07:35:04 devstack devstack@n-api.service[61347]: DEBUG oslo_concurrency.lockutils [None req-36ccb22b-011a-43c5-9ab5-d7287cc25da5 admin admin] Lock "64b3d9b0-114b-45fe-8ddb-000f322530d1" "released" by "nova.context.set_target_cell..get_or_set_cached_cell_and_set_connections" :: held 0.005s {{(pid=61347) inner /opt/stack/data/venv/lib/python3.10/site-packages/oslo_concurrency/lockutils.py:424}}
Jan 12 07:35:04 devstack devstack@n-api.service[61347]: INFO nova.api.openstack.requestlog [None req-36ccb22b-011a-43c5-9ab5-d7287cc25da5 admin admin] 192.168.122.79 "GET /compute/v2.1/os-services?binary=nova-compute&host=devstack" status: 200 len: 251 microversion: 2.69 time: 0.088131
Jan 12 07:35:04 devstack devstack@n-api.service[61347]: [pid: 61347|app: 0|req: 18/37] 192.168.122.79 () {64 vars in 1417 bytes} [Mon Jan 12 07:35:04 2026] GET /compute/v2.1/os-services?binary=nova-compute&host=devstack => generated 251 bytes in 89 msecs (HTTP/1.1 200) 9 headers in 359 bytes (1 switches on core 0)
Jan 12 07:35:14 devstack devstack@n-api.service[61347]: DEBUG dbcounter [-] [61347] Writing DB stats nova_cell0:SELECT=1 {{(pid=61347) stat_writer /opt/stack/data/venv/lib/python3.10/site-packages/dbcounter.py:115}}
Jan 12 07:35:14 devstack devstack@n-api.service[61347]: DEBUG dbcounter [-] [61347] Writing DB stats nova_cell1:SELECT=1 {{(pid=61347) stat_writer /opt/stack/data/venv/lib/python3.10/site-packages/dbcounter.py:115}}
Jan 12 07:35:14 devstack devstack@n-api.service[61347]: DEBUG dbcounter [-] [61347] Writing DB stats nova_api:SELECT=2 {{(pid=61347) stat_writer /opt/stack/data/venv/lib/python3.10/site-packages/dbcounter.py:115}}
Jan 12 07:35:33 devstack devstack@n-api.service[61348]: DEBUG nova.api.openstack.wsgi [None req-16d5aa8c-7766-4d41-b57f-4726722006d1 admin admin] Calling method '>' {{(pid=61348) _process_stack /opt/stack/nova/nova/api/openstack/wsgi.py:552}}
Jan 12 07:35:33 devstack devstack@n-api.service[61348]: INFO nova.api.openstack.requestlog [None req-16d5aa8c-7766-4d41-b57f-4726722006d1 admin admin] 192.168.122.79 "GET /compute/v2.1" status: 200 len: 392 microversion: 2.1 time: 0.005983
Jan 12 07:35:33 devstack devstack@n-api.service[61348]: [pid: 61348|app: 0|req: 20/38] 192.168.122.79 () {58 vars in 1027 bytes} [Mon Jan 12 07:35:33 2026] GET /compute/v2.1 => generated 392 bytes in 9 msecs (HTTP/1.1 200) 9 headers in 357 bytes (1 switches on core 0)
Jan 12 07:35:33 devstack devstack@n-api.service[61347]: DEBUG nova.api.openstack.wsgi [None req-2817e571-dea0-4370-99df-0c6aea10bfb5 admin admin] Calling method '>' {{(pid=61347) _process_stack /opt/stack/nova/nova/api/openstack/wsgi.py:552}}
Jan 12 07:35:33 devstack devstack@n-api.service[61347]: INFO nova.api.openstack.requestlog [None req-2817e571-dea0-4370-99df-0c6aea10bfb5 admin admin] 192.168.122.79 "GET /compute/v2.1/flavors/detail?is_public=True" status: 200 len: 4262 microversion: 2.61 time: 0.062219
Jan 12 07:35:33 devstack devstack@n-api.service[61347]: [pid: 61347|app: 0|req: 19/39] 192.168.122.79 () {64 vars in 1388 bytes} [Mon Jan 12 07:35:33 2026] GET /compute/v2.1/flavors/detail?is_public=True => generated 4262 bytes in 64 msecs (HTTP/1.1 200) 9 headers in 360 bytes (1 switches on core 0)
Jan 12 07:35:37 devstack devstack@n-api.service[61348]: DEBUG nova.api.openstack.wsgi [None req-16d5aa8c-7766-4d41-b57f-4726722006d1 admin admin] Calling method '>' {{(pid=61348) _process_stack /opt/stack/nova/nova/api/openstack/wsgi.py:552}}
Jan 12 07:35:37 devstack devstack@n-api.service[61348]: INFO nova.api.openstack.requestlog [None req-16d5aa8c-7766-4d41-b57f-4726722006d1 admin admin] 192.168.122.79 "GET /compute/v2.1" status: 200 len: 392 microversion: 2.1 time: 0.005386
Jan 12 07:35:37 devstack devstack@n-api.service[61348]: [pid: 61348|app: 0|req: 21/40] 192.168.122.79 () {58 vars in 1027 bytes} [Mon Jan 12 07:35:37 2026] GET /compute/v2.1 => generated 392 bytes in 6 msecs (HTTP/1.1 200) 9 headers in 357 bytes (1 switches on core 0)
Jan 12 07:35:37 devstack devstack@n-api.service[61347]: DEBUG nova.api.openstack.wsgi [None req-4ffbea14-e797-49b6-afa9-ae56b7312584 admin admin] Action: 'create', calling method: >, body: {"flavor": {"vcpus": 1, "os-flavor-access:is_public": true, "id": "42", "rxtx_factor": 1.0, "disk": 1, "name": "m1.nano", "OS-FLV-EXT-DATA:ephemeral": 0, "swap": 0, "ram": 192}} {{(pid=61347) _process_stack /opt/stack/nova/nova/api/openstack/wsgi.py:550}}
Jan 12 07:35:37 devstack devstack@n-api.service[61347]: INFO nova.api.openstack.requestlog [None req-4ffbea14-e797-49b6-afa9-ae56b7312584 admin admin] 192.168.122.79 "POST /compute/v2.1/flavors" status: 200 len: 411 microversion: 2.61 time: 0.055967
Jan 12 07:35:37 devstack devstack@n-api.service[61347]: [pid: 61347|app: 0|req: 20/41] 192.168.122.79 () {68 vars in 1379 bytes} [Mon Jan 12 07:35:37 2026] POST /compute/v2.1/flavors => generated 411 bytes in 57 msecs (HTTP/1.1 200) 9 headers in 359 bytes (1 switches on core 0)
Jan 12 07:35:37 devstack devstack@n-api.service[61348]: DEBUG nova.api.openstack.wsgi [None req-93fcbb7d-0fe1-43ae-ab7a-f4f885693ffd admin admin] Action: 'create', calling method: >, body: {"extra_specs": {"hw_rng:allowed": "True"}} {{(pid=61348) _process_stack /opt/stack/nova/nova/api/openstack/wsgi.py:550}}
Jan 12 07:35:37 devstack devstack@n-api.service[61348]: INFO nova.api.openstack.requestlog [None req-93fcbb7d-0fe1-43ae-ab7a-f4f885693ffd admin admin] 192.168.122.79 "POST /compute/v2.1/flavors/42/os-extra_specs" status: 200 len: 43 microversion: 2.61 time: 0.028582
Jan 12 07:35:37 devstack devstack@n-api.service[61348]: [pid: 61348|app: 0|req: 22/42] 192.168.122.79 () {68 vars in 1432 bytes} [Mon Jan 12 07:35:37 2026] POST /compute/v2.1/flavors/42/os-extra_specs => generated 43 bytes in 30 msecs (HTTP/1.1 200) 9 headers in 358 bytes (1 switches on core 0)
Jan 12 07:35:41 devstack devstack@n-api.service[61347]: DEBUG nova.api.openstack.wsgi [None req-4ffbea14-e797-49b6-afa9-ae56b7312584 admin admin] Calling method '>' {{(pid=61347) _process_stack /opt/stack/nova/nova/api/openstack/wsgi.py:552}}
Jan 12 07:35:41 devstack devstack@n-api.service[61347]: INFO nova.api.openstack.requestlog [None req-4ffbea14-e797-49b6-afa9-ae56b7312584 admin admin] 192.168.122.79 "GET /compute/v2.1" status: 200 len: 392 microversion: 2.1 time: 0.004492
Jan 12 07:35:41 devstack devstack@n-api.service[61347]: [pid: 61347|app: 0|req: 21/43] 192.168.122.79 () {58 vars in 1027 bytes} [Mon Jan 12 07:35:41 2026] GET /compute/v2.1 => generated 392 bytes in 5 msecs (HTTP/1.1 200) 9 headers in 357 bytes (1 switches on core 0)
Jan 12 07:35:41 devstack devstack@n-api.service[61348]: DEBUG nova.api.openstack.wsgi [None req-398cd779-f039-4564-88b3-01580870cae1 admin admin] Action: 'create', calling method: >, body: {"flavor": {"id": "84", "rxtx_factor": 1.0, "os-flavor-access:is_public": true, "OS-FLV-EXT-DATA:ephemeral": 0, "disk": 1, "ram": 256, "vcpus": 1, "swap": 0, "name": "m1.micro"}} {{(pid=61348) _process_stack /opt/stack/nova/nova/api/openstack/wsgi.py:550}}
Jan 12 07:35:41 devstack devstack@n-api.service[61348]: INFO nova.api.openstack.requestlog [None req-398cd779-f039-4564-88b3-01580870cae1 admin admin] 192.168.122.79 "POST /compute/v2.1/flavors" status: 200 len: 412 microversion: 2.61 time: 0.054387
Jan 12 07:35:41 devstack devstack@n-api.service[61348]: [pid: 61348|app: 0|req: 23/44] 192.168.122.79 () {68 vars in 1379 bytes} [Mon Jan 12 07:35:41 2026] POST /compute/v2.1/flavors => generated 412 bytes in 56 msecs (HTTP/1.1 200) 9 headers in 359 bytes (1 switches on core 0)
Jan 12 07:35:41 devstack devstack@n-api.service[61347]: DEBUG nova.api.openstack.wsgi [None req-cfa77d2d-149d-452e-ac36-e42085244079 admin admin] Action: 'create', calling method: >, body: {"extra_specs": {"hw_rng:allowed": "True"}} {{(pid=61347) _process_stack /opt/stack/nova/nova/api/openstack/wsgi.py:550}}
Jan 12 07:35:41 devstack devstack@n-api.service[61347]: INFO nova.api.openstack.requestlog [None req-cfa77d2d-149d-452e-ac36-e42085244079 admin admin] 192.168.122.79 "POST /compute/v2.1/flavors/84/os-extra_specs" status: 200 len: 43 microversion: 2.61 time: 0.026414
Jan 12 07:35:41 devstack devstack@n-api.service[61347]: [pid: 61347|app: 0|req: 22/45] 192.168.122.79 () {68 vars in 1432 bytes} [Mon Jan 12 07:35:41 2026] POST /compute/v2.1/flavors/84/os-extra_specs => generated 43 bytes in 28 msecs (HTTP/1.1 200) 9 headers in 358 bytes (1 switches on core 0)
Jan 12 07:35:51 devstack devstack@n-api.service[61348]: DEBUG dbcounter [-] [61348] Writing DB stats nova_api:SELECT=4,nova_api:SAVEPOINT=1,nova_api:INSERT=2,nova_api:RELEASE=1 {{(pid=61348) stat_writer /opt/stack/data/venv/lib/python3.10/site-packages/dbcounter.py:115}}
Jan 12 07:35:51 devstack devstack@n-api.service[61347]: DEBUG dbcounter [-] [61347] Writing DB stats nova_api:SELECT=5,nova_api:INSERT=2,nova_api:SAVEPOINT=1,nova_api:RELEASE=1 {{(pid=61347) stat_writer /opt/stack/data/venv/lib/python3.10/site-packages/dbcounter.py:115}}
Jan 12 07:37:53 devstack devstack@n-api.service[61348]: DEBUG nova.api.openstack.wsgi [None req-b0dfc6a4-22fa-4cec-b3e6-e2e60d5bbf3f tempest-AttachVolumeNegativeTest-344029348 tempest-AttachVolumeNegativeTest-344029348-project-member] Action: 'create', calling method: >, body: {"keypair": {"name": "tempest-keypair-1334978953", "public_key": "ecdsa-sha2-nistp384 AAAAE2VjZHNhLXNoYTItbmlzdHAzODQAAAAIbmlzdHAzODQAAABhBBSBGw8pKZA1frgyFDHmoObrRRVDbK9m+K+yMdzGrL+in4E0lQyzhMg2VbTLoT+EW+t6pTFY2FaScKk8sMQOaOvIwPER8HTgQvjLSZ+EmrHBR8BJmniS0QoJis8OHI/amQ=="}} {{(pid=61348) _process_stack /opt/stack/nova/nova/api/openstack/wsgi.py:550}}
Jan 12 07:37:53 devstack devstack@n-api.service[61348]: DEBUG nova.quota [None req-b0dfc6a4-22fa-4cec-b3e6-e2e60d5bbf3f tempest-AttachVolumeNegativeTest-344029348 tempest-AttachVolumeNegativeTest-344029348-project-member] Getting quotas for project 1997ca876ccb4da6b442dd9608f2f9a4. Resources: {'key_pairs'} {{(pid=61348) _get_quotas /opt/stack/nova/nova/quota.py:392}}
Jan 12 07:37:53 devstack devstack@n-api.service[61348]: DEBUG nova.quota [None req-b0dfc6a4-22fa-4cec-b3e6-e2e60d5bbf3f tempest-AttachVolumeNegativeTest-344029348 tempest-AttachVolumeNegativeTest-344029348-project-member] Getting quotas for user bd4088d724764cdd997e32db589a89a3 and project 1997ca876ccb4da6b442dd9608f2f9a4. Resources: {'key_pairs'} {{(pid=61348) _get_quotas /opt/stack/nova/nova/quota.py:382}}
Jan 12 07:37:53 devstack devstack@n-api.service[61348]: INFO nova.api.openstack.requestlog [None req-b0dfc6a4-22fa-4cec-b3e6-e2e60d5bbf3f tempest-AttachVolumeNegativeTest-344029348 tempest-AttachVolumeNegativeTest-344029348-project-member] 192.168.122.79 "POST /compute/v2.1/os-keypairs" status: 200 len: 386 microversion: 2.1 time: 0.245007
Jan 12 07:37:53 devstack devstack@n-api.service[61348]: [pid: 61348|app: 0|req: 24/46] 192.168.122.79 () {64 vars in 1255 bytes} [Mon Jan 12 07:37:53 2026] POST /compute/v2.1/os-keypairs => generated 386 bytes in 246 msecs (HTTP/1.1 200) 9 headers in 357 bytes (1 switches on core 0)
Jan 12 07:38:03 devstack devstack@n-api.service[61347]: DEBUG nova.api.openstack.wsgi [None req-6ae7f959-72f9-4187-ba22-037e1e636326 tempest-AttachVolumeNegativeTest-344029348 tempest-AttachVolumeNegativeTest-344029348-project-member] Action: 'create', calling method: >, body: {"server": {"name": "tempest-AttachVolumeNegativeTest-server-502388271", "imageRef": "333ff367-ee63-49fe-aac8-fedfe6ac0b4c", "flavorRef": "42", "adminPass": "***", "networks": [{"uuid": "88a52075-d2c5-4f87-92f9-5acb3a6f3a07"}], "security_groups": [{"name": "tempest-securitygroup--551755066"}], "key_name": "tempest-keypair-1334978953", "user_data": "}} {{(pid=61347) _process_stack /opt/stack/nova/nova/api/openstack/wsgi.py:550}}
Jan 12 07:38:03 devstack devstack@n-api.service[61348]: DEBUG dbcounter [-] [61348] Writing DB stats nova_cell0:SELECT=2 {{(pid=61348) stat_writer /opt/stack/data/venv/lib/python3.10/site-packages/dbcounter.py:115}}
Jan 12 07:38:03 devstack devstack@n-api.service[61348]: DEBUG dbcounter [-] [61348] Writing DB stats nova_api:SELECT=5,nova_api:INSERT=1 {{(pid=61348) stat_writer /opt/stack/data/venv/lib/python3.10/site-packages/dbcounter.py:115}}
Jan 12 07:38:03 devstack devstack@n-api.service[61347]: DEBUG oslo_concurrency.lockutils [None req-6ae7f959-72f9-4187-ba22-037e1e636326 tempest-AttachVolumeNegativeTest-344029348 tempest-AttachVolumeNegativeTest-344029348-project-member] Acquiring lock "00000000-0000-0000-0000-000000000000" by "nova.context.set_target_cell..get_or_set_cached_cell_and_set_connections" {{(pid=61347) inner /opt/stack/data/venv/lib/python3.10/site-packages/oslo_concurrency/lockutils.py:405}}
Jan 12 07:38:03 devstack devstack@n-api.service[61347]: DEBUG oslo_concurrency.lockutils [None req-6ae7f959-72f9-4187-ba22-037e1e636326 tempest-AttachVolumeNegativeTest-344029348 tempest-AttachVolumeNegativeTest-344029348-project-member] Lock "00000000-0000-0000-0000-000000000000" acquired by "nova.context.set_target_cell..get_or_set_cached_cell_and_set_connections" :: waited 0.001s {{(pid=61347) inner /opt/stack/data/venv/lib/python3.10/site-packages/oslo_concurrency/lockutils.py:410}}
Jan 12 07:38:03 devstack devstack@n-api.service[61347]: DEBUG oslo_concurrency.lockutils [None req-6ae7f959-72f9-4187-ba22-037e1e636326 tempest-AttachVolumeNegativeTest-344029348 tempest-AttachVolumeNegativeTest-344029348-project-member] Lock "00000000-0000-0000-0000-000000000000" "released" by "nova.context.set_target_cell..get_or_set_cached_cell_and_set_connections" :: held 0.000s {{(pid=61347) inner /opt/stack/data/venv/lib/python3.10/site-packages/oslo_concurrency/lockutils.py:424}}
Jan 12 07:38:03 devstack devstack@n-api.service[61347]: DEBUG oslo_concurrency.lockutils [None req-6ae7f959-72f9-4187-ba22-037e1e636326 tempest-AttachVolumeNegativeTest-344029348 tempest-AttachVolumeNegativeTest-344029348-project-member] Acquiring lock "64b3d9b0-114b-45fe-8ddb-000f322530d1" by "nova.context.set_target_cell..get_or_set_cached_cell_and_set_connections" {{(pid=61347) inner /opt/stack/data/venv/lib/python3.10/site-packages/oslo_concurrency/lockutils.py:405}}
Jan 12 07:38:03 devstack devstack@n-api.service[61347]: DEBUG oslo_concurrency.lockutils [None req-6ae7f959-72f9-4187-ba22-037e1e636326 tempest-AttachVolumeNegativeTest-344029348 tempest-AttachVolumeNegativeTest-344029348-project-member] Lock "64b3d9b0-114b-45fe-8ddb-000f322530d1" acquired by "nova.context.set_target_cell..get_or_set_cached_cell_and_set_connections" :: waited 0.000s {{(pid=61347) inner /opt/stack/data/venv/lib/python3.10/site-packages/oslo_concurrency/lockutils.py:410}}
Jan 12 07:38:03 devstack devstack@n-api.service[61347]: DEBUG oslo_concurrency.lockutils [None req-6ae7f959-72f9-4187-ba22-037e1e636326 tempest-AttachVolumeNegativeTest-344029348 tempest-AttachVolumeNegativeTest-344029348-project-member] Lock "64b3d9b0-114b-45fe-8ddb-000f322530d1" "released" by "nova.context.set_target_cell..get_or_set_cached_cell_and_set_connections" :: held 0.000s {{(pid=61347) inner /opt/stack/data/venv/lib/python3.10/site-packages/oslo_concurrency/lockutils.py:424}}
Jan 12 07:38:03 devstack devstack@n-api.service[61347]: WARNING neutronclient.v2_0.client [None req-6ae7f959-72f9-4187-ba22-037e1e636326 tempest-AttachVolumeNegativeTest-344029348 tempest-AttachVolumeNegativeTest-344029348-project-member] The python binding code in neutronclient is deprecated in favor of OpenstackSDK, please use that as this will be removed in a future release.
Jan 12 07:38:06 devstack devstack@n-api.service[61348]: DEBUG nova.api.openstack.wsgi [None req-f6745f82-3ba1-421d-9af0-066dfca631f3 tempest-AttachSCSIVolumeTestJSON-632339027 tempest-AttachSCSIVolumeTestJSON-632339027-project-member] Action: 'create', calling method: >, body: {"keypair": {"name": "tempest-keypair-1227042697", "public_key": "ecdsa-sha2-nistp384 AAAAE2VjZHNhLXNoYTItbmlzdHAzODQAAAAIbmlzdHAzODQAAABhBNkQ7Jb+dRbciaNbRvIy6tt6HVTOnd0sN6TEI4cu6eFrIBeT//yPSNNI+WRji05xn0GtcAlyKQ9M2FhYdoCJM/GZzFEiJbIj4FsssHHhnpbZ61GlEv72gfRPpy4H2NYNSg=="}} {{(pid=61348) _process_stack /opt/stack/nova/nova/api/openstack/wsgi.py:550}}
Jan 12 07:38:06 devstack devstack@n-api.service[61348]: DEBUG nova.quota [None req-f6745f82-3ba1-421d-9af0-066dfca631f3 tempest-AttachSCSIVolumeTestJSON-632339027 tempest-AttachSCSIVolumeTestJSON-632339027-project-member] Getting quotas for project 8c8b8aba6d8a422680f8c036dd1e73f8. Resources: {'key_pairs'} {{(pid=61348) _get_quotas /opt/stack/nova/nova/quota.py:392}}
Jan 12 07:38:06 devstack devstack@n-api.service[61348]: DEBUG nova.quota [None req-f6745f82-3ba1-421d-9af0-066dfca631f3 tempest-AttachSCSIVolumeTestJSON-632339027 tempest-AttachSCSIVolumeTestJSON-632339027-project-member] Getting quotas for user d288bfcd1bae456a89af26d7a604123c and project 8c8b8aba6d8a422680f8c036dd1e73f8. Resources: {'key_pairs'} {{(pid=61348) _get_quotas /opt/stack/nova/nova/quota.py:382}}
Jan 12 07:38:06 devstack devstack@n-api.service[61348]: INFO nova.api.openstack.requestlog [None req-f6745f82-3ba1-421d-9af0-066dfca631f3 tempest-AttachSCSIVolumeTestJSON-632339027 tempest-AttachSCSIVolumeTestJSON-632339027-project-member] 192.168.122.79 "POST /compute/v2.1/os-keypairs" status: 200 len: 386 microversion: 2.1 time: 0.145806
Jan 12 07:38:06 devstack devstack@n-api.service[61348]: [pid: 61348|app: 0|req: 25/47] 192.168.122.79 () {64 vars in 1255 bytes} [Mon Jan 12 07:38:06 2026] POST /compute/v2.1/os-keypairs => generated 386 bytes in 147 msecs (HTTP/1.1 200) 9 headers in 357 bytes (1 switches on core 0)
Jan 12 07:38:07 devstack devstack@n-api.service[61347]: DEBUG nova.network.neutron [None req-6ae7f959-72f9-4187-ba22-037e1e636326 tempest-AttachVolumeNegativeTest-344029348 tempest-AttachVolumeNegativeTest-344029348-project-member] validate_networks() for [('88a52075-d2c5-4f87-92f9-5acb3a6f3a07', None, None, None, None, None)] {{(pid=61347) validate_networks /opt/stack/nova/nova/network/neutron.py:2706}}
Jan 12 07:38:07 devstack devstack@n-api.service[61347]: WARNING neutronclient.v2_0.client [None req-6ae7f959-72f9-4187-ba22-037e1e636326 tempest-AttachVolumeNegativeTest-344029348 tempest-AttachVolumeNegativeTest-344029348-project-member] The python binding code in neutronclient is deprecated in favor of OpenstackSDK, please use that as this will be removed in a future release.
Jan 12 07:38:09 devstack devstack@n-api.service[61347]: WARNING neutronclient.v2_0.client [None req-6ae7f959-72f9-4187-ba22-037e1e636326 tempest-AttachVolumeNegativeTest-344029348 tempest-AttachVolumeNegativeTest-344029348-project-member] The python binding code in neutronclient is deprecated in favor of OpenstackSDK, please use that as this will be removed in a future release.
Jan 12 07:38:10 devstack devstack@n-api.service[61348]: DEBUG nova.api.openstack.wsgi [None req-030ec59a-3b60-4c94-8e36-b172dbedf4df tempest-AttachSCSIVolumeTestJSON-632339027 tempest-AttachSCSIVolumeTestJSON-632339027-project-member] Action: 'create', calling method: >, body: {"server": {"name": "tempest-AttachSCSIVolumeTestJSON-server-1251332076", "imageRef": "55bebed1-75f5-4cea-96a9-295759043d08", "flavorRef": "42", "config_drive": true, "networks": [{"uuid": "58376b5e-a145-40b2-acac-6c666ab99e44"}], "security_groups": [{"name": "tempest-securitygroup--1030416904"}], "key_name": "tempest-keypair-1227042697", "user_data": "IyEvYmluL3NoCmVjaG8gIlByaW50aW5nIGNpcnJvcyB1c2VyIGF1dGhvcml6ZWQga2V5cyIKY2F0IH5jaXJyb3MvLnNzaC9hdXRob3JpemVkX2tleXMgfHwgdHJ1ZQo="}} {{(pid=61348) _process_stack /opt/stack/nova/nova/api/openstack/wsgi.py:550}}
Jan 12 07:38:10 devstack devstack@n-api.service[61347]: DEBUG nova.virt.hardware [None req-6ae7f959-72f9-4187-ba22-037e1e636326 tempest-AttachVolumeNegativeTest-344029348 tempest-AttachVolumeNegativeTest-344029348-project-member] Flavor limits 0:0:0 {{(pid=61347) get_cpu_topology_constraints /opt/stack/nova/nova/virt/hardware.py:356}}
Jan 12 07:38:10 devstack devstack@n-api.service[61347]: DEBUG nova.virt.hardware [None req-6ae7f959-72f9-4187-ba22-037e1e636326 tempest-AttachVolumeNegativeTest-344029348 tempest-AttachVolumeNegativeTest-344029348-project-member] Image limits 0:0:0 {{(pid=61347) get_cpu_topology_constraints /opt/stack/nova/nova/virt/hardware.py:360}}
Jan 12 07:38:10 devstack devstack@n-api.service[61347]: DEBUG nova.virt.hardware [None req-6ae7f959-72f9-4187-ba22-037e1e636326 tempest-AttachVolumeNegativeTest-344029348 tempest-AttachVolumeNegativeTest-344029348-project-member] Flavor pref 0:0:0 {{(pid=61347) get_cpu_topology_constraints /opt/stack/nova/nova/virt/hardware.py:396}}
Jan 12 07:38:10 devstack devstack@n-api.service[61347]: DEBUG nova.virt.hardware [None req-6ae7f959-72f9-4187-ba22-037e1e636326 tempest-AttachVolumeNegativeTest-344029348 tempest-AttachVolumeNegativeTest-344029348-project-member] Image pref 0:0:0 {{(pid=61347) get_cpu_topology_constraints /opt/stack/nova/nova/virt/hardware.py:400}}
Jan 12 07:38:10 devstack devstack@n-api.service[61347]: DEBUG nova.virt.hardware [None req-6ae7f959-72f9-4187-ba22-037e1e636326 tempest-AttachVolumeNegativeTest-344029348 tempest-AttachVolumeNegativeTest-344029348-project-member] Chose sockets=0, cores=0, threads=0; limits were sockets=65536, cores=65536, threads=65536 {{(pid=61347) get_cpu_topology_constraints /opt/stack/nova/nova/virt/hardware.py:438}}
Jan 12 07:38:10 devstack devstack@n-api.service[61347]: DEBUG oslo_concurrency.lockutils [None req-6ae7f959-72f9-4187-ba22-037e1e636326 tempest-AttachVolumeNegativeTest-344029348 tempest-AttachVolumeNegativeTest-344029348-project-member] Acquiring lock "00000000-0000-0000-0000-000000000000" by "nova.context.set_target_cell..get_or_set_cached_cell_and_set_connections" {{(pid=61347) inner /opt/stack/data/venv/lib/python3.10/site-packages/oslo_concurrency/lockutils.py:405}}
Jan 12 07:38:10 devstack devstack@n-api.service[61347]: DEBUG oslo_concurrency.lockutils [None req-6ae7f959-72f9-4187-ba22-037e1e636326 tempest-AttachVolumeNegativeTest-344029348 tempest-AttachVolumeNegativeTest-344029348-project-member] Lock "00000000-0000-0000-0000-000000000000" acquired by "nova.context.set_target_cell..get_or_set_cached_cell_and_set_connections" :: waited 0.000s {{(pid=61347) inner /opt/stack/data/venv/lib/python3.10/site-packages/oslo_concurrency/lockutils.py:410}}
Jan 12 07:38:10 devstack devstack@n-api.service[61347]: DEBUG oslo_concurrency.lockutils [None req-6ae7f959-72f9-4187-ba22-037e1e636326 tempest-AttachVolumeNegativeTest-344029348 tempest-AttachVolumeNegativeTest-344029348-project-member] Lock "00000000-0000-0000-0000-000000000000" "released" by "nova.context.set_target_cell..get_or_set_cached_cell_and_set_connections" :: held 0.000s {{(pid=61347) inner /opt/stack/data/venv/lib/python3.10/site-packages/oslo_concurrency/lockutils.py:424}}
Jan 12 07:38:10 devstack devstack@n-api.service[61347]: DEBUG oslo_concurrency.lockutils [None req-6ae7f959-72f9-4187-ba22-037e1e636326 tempest-AttachVolumeNegativeTest-344029348 tempest-AttachVolumeNegativeTest-344029348-project-member] Acquiring lock "64b3d9b0-114b-45fe-8ddb-000f322530d1" by "nova.context.set_target_cell..get_or_set_cached_cell_and_set_connections" {{(pid=61347) inner /opt/stack/data/venv/lib/python3.10/site-packages/oslo_concurrency/lockutils.py:405}}
Jan 12 07:38:10 devstack devstack@n-api.service[61347]: DEBUG oslo_concurrency.lockutils [None req-6ae7f959-72f9-4187-ba22-037e1e636326 tempest-AttachVolumeNegativeTest-344029348 tempest-AttachVolumeNegativeTest-344029348-project-member] Lock "64b3d9b0-114b-45fe-8ddb-000f322530d1" acquired by "nova.context.set_target_cell..get_or_set_cached_cell_and_set_connections" :: waited 0.000s {{(pid=61347) inner /opt/stack/data/venv/lib/python3.10/site-packages/oslo_concurrency/lockutils.py:410}}
Jan 12 07:38:10 devstack devstack@n-api.service[61347]: DEBUG oslo_concurrency.lockutils [None req-6ae7f959-72f9-4187-ba22-037e1e636326 tempest-AttachVolumeNegativeTest-344029348 tempest-AttachVolumeNegativeTest-344029348-project-member] Lock "64b3d9b0-114b-45fe-8ddb-000f322530d1" "released" by "nova.context.set_target_cell..get_or_set_cached_cell_and_set_connections" :: held 0.002s {{(pid=61347) inner /opt/stack/data/venv/lib/python3.10/site-packages/oslo_concurrency/lockutils.py:424}}
Jan 12 07:38:11 devstack devstack@n-api.service[61348]: DEBUG oslo_concurrency.lockutils [None req-030ec59a-3b60-4c94-8e36-b172dbedf4df tempest-AttachSCSIVolumeTestJSON-632339027 tempest-AttachSCSIVolumeTestJSON-632339027-project-member] Acquiring lock "00000000-0000-0000-0000-000000000000" by "nova.context.set_target_cell..get_or_set_cached_cell_and_set_connections" {{(pid=61348) inner /opt/stack/data/venv/lib/python3.10/site-packages/oslo_concurrency/lockutils.py:405}}
Jan 12 07:38:11 devstack devstack@n-api.service[61348]: DEBUG oslo_concurrency.lockutils [None req-030ec59a-3b60-4c94-8e36-b172dbedf4df tempest-AttachSCSIVolumeTestJSON-632339027 tempest-AttachSCSIVolumeTestJSON-632339027-project-member] Lock "00000000-0000-0000-0000-000000000000" acquired by "nova.context.set_target_cell..get_or_set_cached_cell_and_set_connections" :: waited 0.001s {{(pid=61348) inner /opt/stack/data/venv/lib/python3.10/site-packages/oslo_concurrency/lockutils.py:410}}
Jan 12 07:38:11 devstack devstack@n-api.service[61348]: DEBUG oslo_concurrency.lockutils [None req-030ec59a-3b60-4c94-8e36-b172dbedf4df tempest-AttachSCSIVolumeTestJSON-632339027 tempest-AttachSCSIVolumeTestJSON-632339027-project-member] Lock "00000000-0000-0000-0000-000000000000" "released" by "nova.context.set_target_cell..get_or_set_cached_cell_and_set_connections" :: held 0.000s {{(pid=61348) inner /opt/stack/data/venv/lib/python3.10/site-packages/oslo_concurrency/lockutils.py:424}}
Jan 12 07:38:11 devstack devstack@n-api.service[61348]: DEBUG oslo_concurrency.lockutils [None req-030ec59a-3b60-4c94-8e36-b172dbedf4df tempest-AttachSCSIVolumeTestJSON-632339027 tempest-AttachSCSIVolumeTestJSON-632339027-project-member] Acquiring lock "64b3d9b0-114b-45fe-8ddb-000f322530d1" by "nova.context.set_target_cell..get_or_set_cached_cell_and_set_connections" {{(pid=61348) inner /opt/stack/data/venv/lib/python3.10/site-packages/oslo_concurrency/lockutils.py:405}}
Jan 12 07:38:11 devstack devstack@n-api.service[61348]: DEBUG oslo_concurrency.lockutils [None req-030ec59a-3b60-4c94-8e36-b172dbedf4df tempest-AttachSCSIVolumeTestJSON-632339027 tempest-AttachSCSIVolumeTestJSON-632339027-project-member] Lock "64b3d9b0-114b-45fe-8ddb-000f322530d1" acquired by "nova.context.set_target_cell..get_or_set_cached_cell_and_set_connections" :: waited 0.004s {{(pid=61348) inner /opt/stack/data/venv/lib/python3.10/site-packages/oslo_concurrency/lockutils.py:410}}
Jan 12 07:38:11 devstack devstack@n-api.service[61348]: DEBUG oslo_concurrency.lockutils [None req-030ec59a-3b60-4c94-8e36-b172dbedf4df tempest-AttachSCSIVolumeTestJSON-632339027 tempest-AttachSCSIVolumeTestJSON-632339027-project-member] Lock "64b3d9b0-114b-45fe-8ddb-000f322530d1" "released" by "nova.context.set_target_cell..get_or_set_cached_cell_and_set_connections" :: held 0.002s {{(pid=61348) inner /opt/stack/data/venv/lib/python3.10/site-packages/oslo_concurrency/lockutils.py:424}}
Jan 12 07:38:11 devstack devstack@n-api.service[61348]: WARNING neutronclient.v2_0.client [None req-030ec59a-3b60-4c94-8e36-b172dbedf4df tempest-AttachSCSIVolumeTestJSON-632339027 tempest-AttachSCSIVolumeTestJSON-632339027-project-member] The python binding code in neutronclient is deprecated in favor of OpenstackSDK, please use that as this will be removed in a future release.
Jan 12 07:38:11 devstack devstack@n-api.service[61347]: DEBUG nova.quota [None req-6ae7f959-72f9-4187-ba22-037e1e636326 tempest-AttachVolumeNegativeTest-344029348 tempest-AttachVolumeNegativeTest-344029348-project-member] Getting quotas for project 1997ca876ccb4da6b442dd9608f2f9a4. Resources: {'instances', 'cores', 'ram'} {{(pid=61347) _get_quotas /opt/stack/nova/nova/quota.py:392}}
Jan 12 07:38:11 devstack devstack@n-api.service[61347]: DEBUG nova.quota [None req-6ae7f959-72f9-4187-ba22-037e1e636326 tempest-AttachVolumeNegativeTest-344029348 tempest-AttachVolumeNegativeTest-344029348-project-member] Getting quotas for user bd4088d724764cdd997e32db589a89a3 and project 1997ca876ccb4da6b442dd9608f2f9a4. Resources: {'instances', 'cores', 'ram'} {{(pid=61347) _get_quotas /opt/stack/nova/nova/quota.py:382}}
Jan 12 07:38:11 devstack devstack@n-api.service[61347]: DEBUG nova.compute.api [None req-6ae7f959-72f9-4187-ba22-037e1e636326 tempest-AttachVolumeNegativeTest-344029348 tempest-AttachVolumeNegativeTest-344029348-project-member] Going to run 1 instances... {{(pid=61347) _provision_instances /opt/stack/nova/nova/compute/api.py:1436}}
Jan 12 07:38:11 devstack devstack@n-api.service[61347]: DEBUG nova.compute.api [None req-6ae7f959-72f9-4187-ba22-037e1e636326 tempest-AttachVolumeNegativeTest-344029348 tempest-AttachVolumeNegativeTest-344029348-project-member] [instance: a4f726e0-99b5-48d2-a2cf-c43a02b6d1a9] block_device_mapping [BlockDeviceMapping(attachment_id=,boot_index=0,connection_info=None,created_at=,delete_on_termination=True,deleted=,deleted_at=,destination_type='local',device_name=None,device_type='disk',disk_bus=None,encrypted=False,encryption_format=None,encryption_options=None,encryption_secret_uuid=None,guest_format=None,id=,image_id='333ff367-ee63-49fe-aac8-fedfe6ac0b4c',instance=,instance_uuid=,no_device=False,snapshot_id=None,source_type='image',tag=None,updated_at=,uuid=,volume_id=None,volume_size=None,volume_type=None)] {{(pid=61347) _bdm_validate_set_size_and_instance /opt/stack/nova/nova/compute/api.py:1904}}
Jan 12 07:38:11 devstack devstack@n-api.service[61348]: DEBUG nova.network.neutron [None req-030ec59a-3b60-4c94-8e36-b172dbedf4df tempest-AttachSCSIVolumeTestJSON-632339027 tempest-AttachSCSIVolumeTestJSON-632339027-project-member] validate_networks() for [('58376b5e-a145-40b2-acac-6c666ab99e44', None, None, None, None, None)] {{(pid=61348) validate_networks /opt/stack/nova/nova/network/neutron.py:2706}}
Jan 12 07:38:11 devstack devstack@n-api.service[61348]: WARNING neutronclient.v2_0.client [None req-030ec59a-3b60-4c94-8e36-b172dbedf4df tempest-AttachSCSIVolumeTestJSON-632339027 tempest-AttachSCSIVolumeTestJSON-632339027-project-member] The python binding code in neutronclient is deprecated in favor of OpenstackSDK, please use that as this will be removed in a future release.
Jan 12 07:38:11 devstack devstack@n-api.service[61347]: INFO nova.api.openstack.requestlog [None req-6ae7f959-72f9-4187-ba22-037e1e636326 tempest-AttachVolumeNegativeTest-344029348 tempest-AttachVolumeNegativeTest-344029348-project-member] 192.168.122.79 "POST /compute/v2.1/servers" status: 202 len: 407 microversion: 2.1 time: 7.762829
Jan 12 07:38:11 devstack devstack@n-api.service[61347]: [pid: 61347|app: 0|req: 23/48] 192.168.122.79 () {64 vars in 1243 bytes} [Mon Jan 12 07:38:03 2026] POST /compute/v2.1/servers => generated 407 bytes in 7765 msecs (HTTP/1.1 202) 10 headers in 454 bytes (1 switches on core 0)
Jan 12 07:38:11 devstack devstack@n-api.service[61347]: DEBUG nova.api.openstack.wsgi [None req-3878552b-cc60-4340-8b2a-589cb1c853bc tempest-AttachVolumeNegativeTest-344029348 tempest-AttachVolumeNegativeTest-344029348-project-member] Calling method '>' {{(pid=61347) _process_stack /opt/stack/nova/nova/api/openstack/wsgi.py:552}}
Jan 12 07:38:11 devstack devstack@n-api.service[61347]: DEBUG nova.compute.api [None req-3878552b-cc60-4340-8b2a-589cb1c853bc tempest-AttachVolumeNegativeTest-344029348 tempest-AttachVolumeNegativeTest-344029348-project-member] [instance: a4f726e0-99b5-48d2-a2cf-c43a02b6d1a9] Fetching instance by UUID {{(pid=61347) get /opt/stack/nova/nova/compute/api.py:3017}}
Jan 12 07:38:11 devstack devstack@n-api.service[61347]: WARNING neutronclient.v2_0.client [None req-3878552b-cc60-4340-8b2a-589cb1c853bc tempest-AttachVolumeNegativeTest-344029348 tempest-AttachVolumeNegativeTest-344029348-project-member] The python binding code in neutronclient is deprecated in favor of OpenstackSDK, please use that as this will be removed in a future release.
Jan 12 07:38:11 devstack devstack@n-api.service[61348]: WARNING neutronclient.v2_0.client [None req-030ec59a-3b60-4c94-8e36-b172dbedf4df tempest-AttachSCSIVolumeTestJSON-632339027 tempest-AttachSCSIVolumeTestJSON-632339027-project-member] The python binding code in neutronclient is deprecated in favor of OpenstackSDK, please use that as this will be removed in a future release.
Jan 12 07:38:11 devstack devstack@n-api.service[61347]: DEBUG nova.policy [None req-3878552b-cc60-4340-8b2a-589cb1c853bc tempest-AttachVolumeNegativeTest-344029348 tempest-AttachVolumeNegativeTest-344029348-project-member] Policy check for os_compute_api:os-extended-server-attributes failed with credentials {'is_admin': False, 'user_id': 'bd4088d724764cdd997e32db589a89a3', 'user_domain_id': 'default', 'system_scope': None, 'domain_id': None, 'project_id': '1997ca876ccb4da6b442dd9608f2f9a4', 'project_domain_id': 'default', 'roles': ['member', 'reader'], 'is_admin_project': True, 'service_user_id': None, 'service_user_domain_id': None, 'service_project_id': None, 'service_project_domain_id': None, 'service_roles': []} {{(pid=61347) authorize /opt/stack/nova/nova/policy.py:192}}
Jan 12 07:38:11 devstack devstack@n-api.service[61347]: INFO nova.api.openstack.requestlog [None req-3878552b-cc60-4340-8b2a-589cb1c853bc tempest-AttachVolumeNegativeTest-344029348 tempest-AttachVolumeNegativeTest-344029348-project-member] 192.168.122.79 "GET /compute/v2.1/servers/a4f726e0-99b5-48d2-a2cf-c43a02b6d1a9" status: 200 len: 1251 microversion: 2.1 time: 0.211623
Jan 12 07:38:11 devstack devstack@n-api.service[61347]: [pid: 61347|app: 0|req: 24/49] 192.168.122.79 () {62 vars in 1332 bytes} [Mon Jan 12 07:38:11 2026] GET /compute/v2.1/servers/a4f726e0-99b5-48d2-a2cf-c43a02b6d1a9 => generated 1251 bytes in 214 msecs (HTTP/1.1 200) 9 headers in 358 bytes (1 switches on core 0)
Jan 12 07:38:11 devstack devstack@n-api.service[61348]: DEBUG nova.virt.hardware [None req-030ec59a-3b60-4c94-8e36-b172dbedf4df tempest-AttachSCSIVolumeTestJSON-632339027 tempest-AttachSCSIVolumeTestJSON-632339027-project-member] Flavor limits 0:0:0 {{(pid=61348) get_cpu_topology_constraints /opt/stack/nova/nova/virt/hardware.py:356}}
Jan 12 07:38:11 devstack devstack@n-api.service[61348]: DEBUG nova.virt.hardware [None req-030ec59a-3b60-4c94-8e36-b172dbedf4df tempest-AttachSCSIVolumeTestJSON-632339027 tempest-AttachSCSIVolumeTestJSON-632339027-project-member] Image limits 0:0:0 {{(pid=61348) get_cpu_topology_constraints /opt/stack/nova/nova/virt/hardware.py:360}}
Jan 12 07:38:11 devstack devstack@n-api.service[61348]: DEBUG nova.virt.hardware [None req-030ec59a-3b60-4c94-8e36-b172dbedf4df tempest-AttachSCSIVolumeTestJSON-632339027 tempest-AttachSCSIVolumeTestJSON-632339027-project-member] Flavor pref 0:0:0 {{(pid=61348) get_cpu_topology_constraints /opt/stack/nova/nova/virt/hardware.py:396}}
Jan 12 07:38:11 devstack devstack@n-api.service[61348]: DEBUG nova.virt.hardware [None req-030ec59a-3b60-4c94-8e36-b172dbedf4df tempest-AttachSCSIVolumeTestJSON-632339027 tempest-AttachSCSIVolumeTestJSON-632339027-project-member] Image pref 0:0:0 {{(pid=61348) get_cpu_topology_constraints /opt/stack/nova/nova/virt/hardware.py:400}}
Jan 12 07:38:11 devstack devstack@n-api.service[61348]: DEBUG nova.virt.hardware [None req-030ec59a-3b60-4c94-8e36-b172dbedf4df tempest-AttachSCSIVolumeTestJSON-632339027 tempest-AttachSCSIVolumeTestJSON-632339027-project-member] Chose sockets=0, cores=0, threads=0; limits were sockets=65536, cores=65536, threads=65536 {{(pid=61348) get_cpu_topology_constraints /opt/stack/nova/nova/virt/hardware.py:438}}
Jan 12 07:38:11 devstack devstack@n-api.service[61348]: DEBUG oslo_concurrency.lockutils [None req-030ec59a-3b60-4c94-8e36-b172dbedf4df tempest-AttachSCSIVolumeTestJSON-632339027 tempest-AttachSCSIVolumeTestJSON-632339027-project-member] Acquiring lock "00000000-0000-0000-0000-000000000000" by "nova.context.set_target_cell..get_or_set_cached_cell_and_set_connections" {{(pid=61348) inner /opt/stack/data/venv/lib/python3.10/site-packages/oslo_concurrency/lockutils.py:405}}
Jan 12 07:38:11 devstack devstack@n-api.service[61348]: DEBUG oslo_concurrency.lockutils [None req-030ec59a-3b60-4c94-8e36-b172dbedf4df tempest-AttachSCSIVolumeTestJSON-632339027 tempest-AttachSCSIVolumeTestJSON-632339027-project-member] Lock "00000000-0000-0000-0000-000000000000" acquired by "nova.context.set_target_cell..get_or_set_cached_cell_and_set_connections" :: waited 0.001s {{(pid=61348) inner /opt/stack/data/venv/lib/python3.10/site-packages/oslo_concurrency/lockutils.py:410}}
Jan 12 07:38:11 devstack devstack@n-api.service[61348]: DEBUG oslo_concurrency.lockutils [None req-030ec59a-3b60-4c94-8e36-b172dbedf4df tempest-AttachSCSIVolumeTestJSON-632339027 tempest-AttachSCSIVolumeTestJSON-632339027-project-member] Lock "00000000-0000-0000-0000-000000000000" "released" by "nova.context.set_target_cell..get_or_set_cached_cell_and_set_connections" :: held 0.000s {{(pid=61348) inner /opt/stack/data/venv/lib/python3.10/site-packages/oslo_concurrency/lockutils.py:424}}
Jan 12 07:38:11 devstack devstack@n-api.service[61348]: DEBUG oslo_concurrency.lockutils [None req-030ec59a-3b60-4c94-8e36-b172dbedf4df tempest-AttachSCSIVolumeTestJSON-632339027 tempest-AttachSCSIVolumeTestJSON-632339027-project-member] Acquiring lock "64b3d9b0-114b-45fe-8ddb-000f322530d1" by "nova.context.set_target_cell..get_or_set_cached_cell_and_set_connections" {{(pid=61348) inner /opt/stack/data/venv/lib/python3.10/site-packages/oslo_concurrency/lockutils.py:405}}
Jan 12 07:38:11 devstack devstack@n-api.service[61348]: DEBUG oslo_concurrency.lockutils [None req-030ec59a-3b60-4c94-8e36-b172dbedf4df tempest-AttachSCSIVolumeTestJSON-632339027 tempest-AttachSCSIVolumeTestJSON-632339027-project-member] Lock "64b3d9b0-114b-45fe-8ddb-000f322530d1" acquired by "nova.context.set_target_cell..get_or_set_cached_cell_and_set_connections" :: waited 0.004s {{(pid=61348) inner /opt/stack/data/venv/lib/python3.10/site-packages/oslo_concurrency/lockutils.py:410}}
Jan 12 07:38:11 devstack devstack@n-api.service[61348]: DEBUG oslo_concurrency.lockutils [None req-030ec59a-3b60-4c94-8e36-b172dbedf4df tempest-AttachSCSIVolumeTestJSON-632339027 tempest-AttachSCSIVolumeTestJSON-632339027-project-member] Lock "64b3d9b0-114b-45fe-8ddb-000f322530d1" "released" by "nova.context.set_target_cell..get_or_set_cached_cell_and_set_connections" :: held 0.000s {{(pid=61348) inner /opt/stack/data/venv/lib/python3.10/site-packages/oslo_concurrency/lockutils.py:424}}
