Jul 25 02:17:24 devstack devstack@keystone.service[43679]: DEBUG keystone.server.flask.request_processing.req_logging [None req-3443255d-a9de-4697-8d2d-e0096a61c662 None None] SCRIPT_NAME: `/identity` {{(pid=43679) log_request_info /opt/stack/keystone/keystone/server/flask/request_processing/req_logging.py:27}}
Jul 25 02:17:24 devstack devstack@keystone.service[43679]: DEBUG keystone.server.flask.request_processing.req_logging [None req-3443255d-a9de-4697-8d2d-e0096a61c662 None None] PATH_INFO: `/` {{(pid=43679) log_request_info /opt/stack/keystone/keystone/server/flask/request_processing/req_logging.py:28}}
Jul 25 02:17:24 devstack devstack@keystone.service[43679]: [pid: 43679|app: 0|req: 13/27] 192.168.122.192 () {54 vars in 928 bytes} [Sat Jul 25 02:17:24 2026] GET /identity => generated 274 bytes in 5 msecs (HTTP/1.1 300) 6 headers in 238 bytes (1 switches on core 0)
Jul 25 02:17:24 devstack devstack@keystone.service[43680]: DEBUG keystone.server.flask.request_processing.req_logging [None req-1165a571-2e54-4e19-a141-06548ba9da81 None None] REQUEST_METHOD: `POST` {{(pid=43680) log_request_info /opt/stack/keystone/keystone/server/flask/request_processing/req_logging.py:26}}
Jul 25 02:17:24 devstack devstack@keystone.service[43680]: DEBUG keystone.server.flask.request_processing.req_logging [None req-1165a571-2e54-4e19-a141-06548ba9da81 None None] SCRIPT_NAME: `/identity` {{(pid=43680) log_request_info /opt/stack/keystone/keystone/server/flask/request_processing/req_logging.py:27}}
Jul 25 02:17:24 devstack devstack@keystone.service[43680]: DEBUG keystone.server.flask.request_processing.req_logging [None req-1165a571-2e54-4e19-a141-06548ba9da81 None None] PATH_INFO: `/v3/auth/tokens` {{(pid=43680) log_request_info /opt/stack/keystone/keystone/server/flask/request_processing/req_logging.py:28}}
Jul 25 02:17:24 devstack devstack@keystone.service[43680]: WARNING keystone.common.password_hashing [None req-1165a571-2e54-4e19-a141-06548ba9da81 None None] Truncating password to algorithm specific maximum length 72 characters.
Jul 25 02:17:24 devstack devstack@keystone.service[43680]: DEBUG keystone.auth.core [None req-1165a571-2e54-4e19-a141-06548ba9da81 None None] MFA Rules not processed for user `46226e9746104e01a409b50174d67155`. Rule list: `[]` (Enabled: `True`). {{(pid=43680) check_auth_methods_against_rules /opt/stack/keystone/keystone/auth/core.py:476}}
Jul 25 02:17:24 devstack devstack@keystone.service[43680]: DEBUG keystone.common.fernet_utils [None req-1165a571-2e54-4e19-a141-06548ba9da81 None None] Loaded 2 Fernet keys from /etc/keystone/fernet-keys/, but `[fernet_tokens] max_active_keys = 3`; perhaps there have not been enough key rotations to reach `max_active_keys` yet? {{(pid=43680) load_keys /opt/stack/keystone/keystone/common/fernet_utils.py:297}}
Jul 25 02:17:24 devstack devstack@keystone.service[43679]: DEBUG keystone.server.flask.request_processing.middleware.auth_context [None req-3443255d-a9de-4697-8d2d-e0096a61c662 None None] Authenticating user token {{(pid=43679) process_request /opt/stack/data/venv/lib/python3.12/site-packages/keystonemiddleware/auth_token/__init__.py:406}}
Jul 25 02:17:24 devstack devstack@keystone.service[43680]: [pid: 43680|app: 0|req: 15/28] 192.168.122.192 () {58 vars in 1025 bytes} [Sat Jul 25 02:17:24 2026] POST /identity/v3/auth/tokens => generated 866 bytes in 171 msecs (HTTP/1.1 201) 6 headers in 363 bytes (1 switches on core 0)
Jul 25 02:17:24 devstack devstack@keystone.service[43680]: DEBUG keystone.server.flask.request_processing.req_logging [None req-4fdf4eda-5eb9-461c-9fb8-0f3dbeea34fc None None] REQUEST_METHOD: `GET` {{(pid=43680) log_request_info /opt/stack/keystone/keystone/server/flask/request_processing/req_logging.py:26}}
Jul 25 02:17:24 devstack devstack@keystone.service[43680]: DEBUG keystone.server.flask.request_processing.req_logging [None req-4fdf4eda-5eb9-461c-9fb8-0f3dbeea34fc None None] SCRIPT_NAME: `/identity` {{(pid=43680) log_request_info /opt/stack/keystone/keystone/server/flask/request_processing/req_logging.py:27}}
Jul 25 02:17:24 devstack devstack@keystone.service[43680]: DEBUG keystone.server.flask.request_processing.req_logging [None req-4fdf4eda-5eb9-461c-9fb8-0f3dbeea34fc None None] PATH_INFO: `/` {{(pid=43680) log_request_info /opt/stack/keystone/keystone/server/flask/request_processing/req_logging.py:28}}
Jul 25 02:17:24 devstack devstack@keystone.service[43680]: [pid: 43680|app: 0|req: 16/29] 192.168.122.192 () {54 vars in 928 bytes} [Sat Jul 25 02:17:24 2026] GET /identity => generated 274 bytes in 6 msecs (HTTP/1.1 300) 6 headers in 238 bytes (1 switches on core 0)
Jul 25 02:17:24 devstack devstack@keystone.service[43680]: DEBUG keystone.server.flask.request_processing.req_logging [None req-206dba6d-437c-40b3-b4b6-6624f901543c None None] REQUEST_METHOD: `GET` {{(pid=43680) log_request_info /opt/stack/keystone/keystone/server/flask/request_processing/req_logging.py:26}}
Jul 25 02:17:24 devstack devstack@keystone.service[43680]: DEBUG keystone.server.flask.request_processing.req_logging [None req-206dba6d-437c-40b3-b4b6-6624f901543c None None] SCRIPT_NAME: `/identity` {{(pid=43680) log_request_info /opt/stack/keystone/keystone/server/flask/request_processing/req_logging.py:27}}
Jul 25 02:17:24 devstack devstack@keystone.service[43680]: DEBUG keystone.server.flask.request_processing.req_logging [None req-206dba6d-437c-40b3-b4b6-6624f901543c None None] PATH_INFO: `/` {{(pid=43680) log_request_info /opt/stack/keystone/keystone/server/flask/request_processing/req_logging.py:28}}
Jul 25 02:17:24 devstack devstack@keystone.service[43680]: [pid: 43680|app: 0|req: 17/30] 192.168.122.192 () {54 vars in 928 bytes} [Sat Jul 25 02:17:24 2026] GET /identity => generated 274 bytes in 6 msecs (HTTP/1.1 300) 6 headers in 238 bytes (1 switches on core 0)
Jul 25 02:17:24 devstack devstack@keystone.service[43680]: DEBUG keystone.server.flask.request_processing.req_logging [None req-ea0d67a7-7db2-42dd-9edd-8850f691d04f None None] REQUEST_METHOD: `POST` {{(pid=43680) log_request_info /opt/stack/keystone/keystone/server/flask/request_processing/req_logging.py:26}}
Jul 25 02:17:24 devstack devstack@keystone.service[43680]: DEBUG keystone.server.flask.request_processing.req_logging [None req-ea0d67a7-7db2-42dd-9edd-8850f691d04f None None] SCRIPT_NAME: `/identity` {{(pid=43680) log_request_info /opt/stack/keystone/keystone/server/flask/request_processing/req_logging.py:27}}
Jul 25 02:17:24 devstack devstack@keystone.service[43680]: DEBUG keystone.server.flask.request_processing.req_logging [None req-ea0d67a7-7db2-42dd-9edd-8850f691d04f None None] PATH_INFO: `/v3/auth/tokens` {{(pid=43680) log_request_info /opt/stack/keystone/keystone/server/flask/request_processing/req_logging.py:28}}
Jul 25 02:17:24 devstack devstack@keystone.service[43680]: WARNING keystone.common.password_hashing [None req-ea0d67a7-7db2-42dd-9edd-8850f691d04f None None] Truncating password to algorithm specific maximum length 72 characters.
Jul 25 02:17:24 devstack devstack@keystone.service[43680]: DEBUG keystone.auth.core [None req-ea0d67a7-7db2-42dd-9edd-8850f691d04f None None] MFA Rules not processed for user `46226e9746104e01a409b50174d67155`. Rule list: `[]` (Enabled: `True`). {{(pid=43680) check_auth_methods_against_rules /opt/stack/keystone/keystone/auth/core.py:476}}
Jul 25 02:17:24 devstack devstack@keystone.service[43679]: DEBUG keystone.server.flask.request_processing.middleware.auth_context [None req-3443255d-a9de-4697-8d2d-e0096a61c662 None None] Validating token access rules against request {{(pid=43679) validate_allowed_request /opt/stack/data/venv/lib/python3.12/site-packages/keystonemiddleware/auth_token/__init__.py:544}}
Jul 25 02:17:24 devstack devstack@keystone.service[43680]: DEBUG keystone.common.fernet_utils [None req-ea0d67a7-7db2-42dd-9edd-8850f691d04f None None] Loaded 2 Fernet keys from /etc/keystone/fernet-keys/, but `[fernet_tokens] max_active_keys = 3`; perhaps there have not been enough key rotations to reach `max_active_keys` yet? {{(pid=43680) load_keys /opt/stack/keystone/keystone/common/fernet_utils.py:297}}
Jul 25 02:17:24 devstack devstack@keystone.service[43679]: DEBUG keystone.server.flask.request_processing.middleware.auth_context [None req-fbebb054-38b3-4267-814e-f81b96a2c6ee None admin] RBAC: auth_context: {'token': , 'domain_id': None, 'trust_id': None, 'trustor_id': None, 'trustee_id': None, 'domain_name': None, 'group_ids': [], 'user_id': '46226e9746104e01a409b50174d67155', 'user_domain_id': 'default', 'system_scope': 'all', 'project_id': None, 'project_domain_id': None, 'roles': ['admin', 'manager', 'member', 'reader'], 'is_admin_project': True, 'service_user_id': None, 'service_user_domain_id': None, 'service_project_id': None, 'service_project_domain_id': None, 'service_roles': []} {{(pid=43679) fill_context /opt/stack/keystone/keystone/server/flask/request_processing/middleware/auth_context.py:516}}
Jul 25 02:17:24 devstack devstack@keystone.service[43679]: DEBUG keystone.server.flask.request_processing.req_logging [None req-fbebb054-38b3-4267-814e-f81b96a2c6ee None admin] REQUEST_METHOD: `POST` {{(pid=43679) log_request_info /opt/stack/keystone/keystone/server/flask/request_processing/req_logging.py:26}}
Jul 25 02:17:24 devstack devstack@keystone.service[43679]: DEBUG keystone.server.flask.request_processing.req_logging [None req-fbebb054-38b3-4267-814e-f81b96a2c6ee None admin] SCRIPT_NAME: `/identity` {{(pid=43679) log_request_info /opt/stack/keystone/keystone/server/flask/request_processing/req_logging.py:27}}
Jul 25 02:17:24 devstack devstack@keystone.service[43679]: DEBUG keystone.server.flask.request_processing.req_logging [None req-fbebb054-38b3-4267-814e-f81b96a2c6ee None admin] PATH_INFO: `/v3/roles` {{(pid=43679) log_request_info /opt/stack/keystone/keystone/server/flask/request_processing/req_logging.py:28}}
Jul 25 02:17:24 devstack devstack@keystone.service[43679]: DEBUG keystone.common.rbac_enforcer.enforcer [None req-fbebb054-38b3-4267-814e-f81b96a2c6ee None admin] RBAC: Authorizing `identity:create_role()` {{(pid=43679) enforce_call /opt/stack/keystone/keystone/common/rbac_enforcer/enforcer.py:501}}
Jul 25 02:17:24 devstack devstack@keystone.service[43679]: DEBUG keystone.common.rbac_enforcer.enforcer [None req-fbebb054-38b3-4267-814e-f81b96a2c6ee None admin] RBAC: Authorization granted {{(pid=43679) enforce_call /opt/stack/keystone/keystone/common/rbac_enforcer/enforcer.py:512}}
Jul 25 02:17:24 devstack devstack@keystone.service[43680]: [pid: 43680|app: 0|req: 18/31] 192.168.122.192 () {58 vars in 1025 bytes} [Sat Jul 25 02:17:24 2026] POST /identity/v3/auth/tokens => generated 866 bytes in 160 msecs (HTTP/1.1 201) 6 headers in 363 bytes (1 switches on core 0)
Jul 25 02:17:24 devstack devstack@keystone.service[43680]: DEBUG keystone.server.flask.request_processing.req_logging [None req-7bdbcdad-ca20-4321-9cab-23ec182a37fb None None] REQUEST_METHOD: `GET` {{(pid=43680) log_request_info /opt/stack/keystone/keystone/server/flask/request_processing/req_logging.py:26}}
Jul 25 02:17:24 devstack devstack@keystone.service[43680]: DEBUG keystone.server.flask.request_processing.req_logging [None req-7bdbcdad-ca20-4321-9cab-23ec182a37fb None None] SCRIPT_NAME: `/identity` {{(pid=43680) log_request_info /opt/stack/keystone/keystone/server/flask/request_processing/req_logging.py:27}}
Jul 25 02:17:24 devstack devstack@keystone.service[43680]: DEBUG keystone.server.flask.request_processing.req_logging [None req-7bdbcdad-ca20-4321-9cab-23ec182a37fb None None] PATH_INFO: `/` {{(pid=43680) log_request_info /opt/stack/keystone/keystone/server/flask/request_processing/req_logging.py:28}}
Jul 25 02:17:24 devstack devstack@keystone.service[43680]: [pid: 43680|app: 0|req: 19/32] 192.168.122.192 () {54 vars in 928 bytes} [Sat Jul 25 02:17:24 2026] GET /identity => generated 274 bytes in 4 msecs (HTTP/1.1 300) 6 headers in 238 bytes (1 switches on core 0)
Jul 25 02:17:24 devstack devstack@keystone.service[43680]: DEBUG keystone.server.flask.request_processing.req_logging [None req-6da1ac5c-7547-4ac2-8c92-1449c5a5aa96 None None] REQUEST_METHOD: `POST` {{(pid=43680) log_request_info /opt/stack/keystone/keystone/server/flask/request_processing/req_logging.py:26}}
Jul 25 02:17:24 devstack devstack@keystone.service[43680]: DEBUG keystone.server.flask.request_processing.req_logging [None req-6da1ac5c-7547-4ac2-8c92-1449c5a5aa96 None None] SCRIPT_NAME: `/identity` {{(pid=43680) log_request_info /opt/stack/keystone/keystone/server/flask/request_processing/req_logging.py:27}}
Jul 25 02:17:24 devstack devstack@keystone.service[43680]: DEBUG keystone.server.flask.request_processing.req_logging [None req-6da1ac5c-7547-4ac2-8c92-1449c5a5aa96 None None] PATH_INFO: `/v3/auth/tokens` {{(pid=43680) log_request_info /opt/stack/keystone/keystone/server/flask/request_processing/req_logging.py:28}}
Jul 25 02:17:24 devstack devstack@keystone.service[43680]: WARNING keystone.common.password_hashing [None req-6da1ac5c-7547-4ac2-8c92-1449c5a5aa96 None None] Truncating password to algorithm specific maximum length 72 characters.
Jul 25 02:17:24 devstack devstack@keystone.service[43680]: DEBUG keystone.auth.core [None req-6da1ac5c-7547-4ac2-8c92-1449c5a5aa96 None None] MFA Rules not processed for user `46226e9746104e01a409b50174d67155`. Rule list: `[]` (Enabled: `True`). {{(pid=43680) check_auth_methods_against_rules /opt/stack/keystone/keystone/auth/core.py:476}}
Jul 25 02:17:24 devstack devstack@keystone.service[43680]: DEBUG keystone.common.fernet_utils [None req-6da1ac5c-7547-4ac2-8c92-1449c5a5aa96 None None] Loaded 2 Fernet keys from /etc/keystone/fernet-keys/, but `[fernet_tokens] max_active_keys = 3`; perhaps there have not been enough key rotations to reach `max_active_keys` yet? {{(pid=43680) load_keys /opt/stack/keystone/keystone/common/fernet_utils.py:297}}
Jul 25 02:17:24 devstack devstack@keystone.service[43679]: [pid: 43679|app: 0|req: 14/33] 192.168.122.192 () {60 vars in 1176 bytes} [Sat Jul 25 02:17:24 2026] POST /identity/v3/roles => generated 229 bytes in 408 msecs (HTTP/1.1 201) 5 headers in 182 bytes (1 switches on core 0)
Jul 25 02:17:24 devstack devstack@keystone.service[43679]: DEBUG keystone.server.flask.request_processing.middleware.auth_context [None req-fbebb054-38b3-4267-814e-f81b96a2c6ee None admin] Authenticating user token {{(pid=43679) process_request /opt/stack/data/venv/lib/python3.12/site-packages/keystonemiddleware/auth_token/__init__.py:406}}
Jul 25 02:17:24 devstack devstack@keystone.service[43680]: [pid: 43680|app: 0|req: 20/34] 192.168.122.192 () {58 vars in 1025 bytes} [Sat Jul 25 02:17:24 2026] POST /identity/v3/auth/tokens => generated 866 bytes in 149 msecs (HTTP/1.1 201) 6 headers in 363 bytes (1 switches on core 0)
Jul 25 02:17:24 devstack devstack@keystone.service[43680]: DEBUG keystone.server.flask.request_processing.req_logging [None req-e97c4337-4333-4684-a03c-c05aa654c599 None None] REQUEST_METHOD: `POST` {{(pid=43680) log_request_info /opt/stack/keystone/keystone/server/flask/request_processing/req_logging.py:26}}
Jul 25 02:17:24 devstack devstack@keystone.service[43680]: DEBUG keystone.server.flask.request_processing.req_logging [None req-e97c4337-4333-4684-a03c-c05aa654c599 None None] SCRIPT_NAME: `/identity` {{(pid=43680) log_request_info /opt/stack/keystone/keystone/server/flask/request_processing/req_logging.py:27}}
Jul 25 02:17:24 devstack devstack@keystone.service[43680]: DEBUG keystone.server.flask.request_processing.req_logging [None req-e97c4337-4333-4684-a03c-c05aa654c599 None None] PATH_INFO: `/v3/auth/tokens` {{(pid=43680) log_request_info /opt/stack/keystone/keystone/server/flask/request_processing/req_logging.py:28}}
Jul 25 02:17:24 devstack devstack@keystone.service[43680]: WARNING keystone.common.password_hashing [None req-e97c4337-4333-4684-a03c-c05aa654c599 None None] Truncating password to algorithm specific maximum length 72 characters.
Jul 25 02:17:24 devstack devstack@keystone.service[43680]: DEBUG keystone.auth.core [None req-e97c4337-4333-4684-a03c-c05aa654c599 None None] MFA Rules not processed for user `46226e9746104e01a409b50174d67155`. Rule list: `[]` (Enabled: `True`). {{(pid=43680) check_auth_methods_against_rules /opt/stack/keystone/keystone/auth/core.py:476}}
Jul 25 02:17:24 devstack devstack@keystone.service[43680]: DEBUG keystone.common.fernet_utils [None req-e97c4337-4333-4684-a03c-c05aa654c599 None None] Loaded 2 Fernet keys from /etc/keystone/fernet-keys/, but `[fernet_tokens] max_active_keys = 3`; perhaps there have not been enough key rotations to reach `max_active_keys` yet? {{(pid=43680) load_keys /opt/stack/keystone/keystone/common/fernet_utils.py:297}}
Jul 25 02:17:24 devstack devstack@keystone.service[43679]: DEBUG keystone.server.flask.request_processing.middleware.auth_context [None req-fbebb054-38b3-4267-814e-f81b96a2c6ee None admin] Validating token access rules against request {{(pid=43679) validate_allowed_request /opt/stack/data/venv/lib/python3.12/site-packages/keystonemiddleware/auth_token/__init__.py:544}}
Jul 25 02:17:24 devstack devstack@keystone.service[43679]: DEBUG keystone.server.flask.request_processing.middleware.auth_context [None req-5bd76dc2-d085-43d6-a888-d11f8841e7b9 None admin] RBAC: auth_context: {'token': , 'domain_id': None, 'trust_id': None, 'trustor_id': None, 'trustee_id': None, 'domain_name': None, 'group_ids': [], 'user_id': '46226e9746104e01a409b50174d67155', 'user_domain_id': 'default', 'system_scope': 'all', 'project_id': None, 'project_domain_id': None, 'roles': ['admin', 'manager', 'member', 'reader'], 'is_admin_project': True, 'service_user_id': None, 'service_user_domain_id': None, 'service_project_id': None, 'service_project_domain_id': None, 'service_roles': []} {{(pid=43679) fill_context /opt/stack/keystone/keystone/server/flask/request_processing/middleware/auth_context.py:516}}
Jul 25 02:17:24 devstack devstack@keystone.service[43679]: DEBUG keystone.server.flask.request_processing.req_logging [None req-5bd76dc2-d085-43d6-a888-d11f8841e7b9 None admin] REQUEST_METHOD: `GET` {{(pid=43679) log_request_info /opt/stack/keystone/keystone/server/flask/request_processing/req_logging.py:26}}
Jul 25 02:17:24 devstack devstack@keystone.service[43679]: DEBUG keystone.server.flask.request_processing.req_logging [None req-5bd76dc2-d085-43d6-a888-d11f8841e7b9 None admin] SCRIPT_NAME: `/identity` {{(pid=43679) log_request_info /opt/stack/keystone/keystone/server/flask/request_processing/req_logging.py:27}}
Jul 25 02:17:24 devstack devstack@keystone.service[43679]: DEBUG keystone.server.flask.request_processing.req_logging [None req-5bd76dc2-d085-43d6-a888-d11f8841e7b9 None admin] PATH_INFO: `/v3/roles/admin` {{(pid=43679) log_request_info /opt/stack/keystone/keystone/server/flask/request_processing/req_logging.py:28}}
Jul 25 02:17:25 devstack devstack@keystone.service[43680]: [pid: 43680|app: 0|req: 21/35] 192.168.122.192 () {58 vars in 1025 bytes} [Sat Jul 25 02:17:24 2026] POST /identity/v3/auth/tokens => generated 866 bytes in 215 msecs (HTTP/1.1 201) 6 headers in 363 bytes (1 switches on core 0)
Jul 25 02:17:25 devstack devstack@keystone.service[43680]: DEBUG keystone.server.flask.request_processing.middleware.auth_context [None req-e97c4337-4333-4684-a03c-c05aa654c599 None None] Authenticating user token {{(pid=43680) process_request /opt/stack/data/venv/lib/python3.12/site-packages/keystonemiddleware/auth_token/__init__.py:406}}
Jul 25 02:17:25 devstack devstack@keystone.service[43679]: DEBUG keystone.common.rbac_enforcer.enforcer [None req-5bd76dc2-d085-43d6-a888-d11f8841e7b9 None admin] Extracting inferred target data resulted in "NOT FOUND (404)". {{(pid=43679) enforce_call /opt/stack/keystone/keystone/common/rbac_enforcer/enforcer.py:445}}
Jul 25 02:17:25 devstack devstack@keystone.service[43679]: DEBUG keystone.server.flask.application [None req-5bd76dc2-d085-43d6-a888-d11f8841e7b9 None admin] Could not find role: admin. {{(pid=43679) _handle_keystone_exception /opt/stack/keystone/keystone/server/flask/application.py:146}}
Jul 25 02:17:25 devstack devstack@keystone.service[43679]: [pid: 43679|app: 0|req: 15/36] 192.168.122.192 () {56 vars in 1141 bytes} [Sat Jul 25 02:17:24 2026] GET /identity/v3/roles/admin => generated 83 bytes in 259 msecs (HTTP/1.1 404) 5 headers in 183 bytes (1 switches on core 0)
Jul 25 02:17:25 devstack devstack@keystone.service[43679]: DEBUG keystone.server.flask.request_processing.middleware.auth_context [None req-5bd76dc2-d085-43d6-a888-d11f8841e7b9 None admin] Authenticating user token {{(pid=43679) process_request /opt/stack/data/venv/lib/python3.12/site-packages/keystonemiddleware/auth_token/__init__.py:406}}
Jul 25 02:17:25 devstack devstack@keystone.service[43680]: DEBUG keystone.server.flask.request_processing.middleware.auth_context [None req-e97c4337-4333-4684-a03c-c05aa654c599 None None] Validating token access rules against request {{(pid=43680) validate_allowed_request /opt/stack/data/venv/lib/python3.12/site-packages/keystonemiddleware/auth_token/__init__.py:544}}
Jul 25 02:17:25 devstack devstack@keystone.service[43679]: DEBUG keystone.server.flask.request_processing.middleware.auth_context [None req-5bd76dc2-d085-43d6-a888-d11f8841e7b9 None admin] Validating token access rules against request {{(pid=43679) validate_allowed_request /opt/stack/data/venv/lib/python3.12/site-packages/keystonemiddleware/auth_token/__init__.py:544}}
Jul 25 02:17:25 devstack devstack@keystone.service[43680]: DEBUG keystone.server.flask.request_processing.middleware.auth_context [None req-d518fa5f-a3ff-4b8f-9e40-abf713291064 None admin] RBAC: auth_context: {'token': , 'domain_id': None, 'trust_id': None, 'trustor_id': None, 'trustee_id': None, 'domain_name': None, 'group_ids': [], 'user_id': '46226e9746104e01a409b50174d67155', 'user_domain_id': 'default', 'system_scope': 'all', 'project_id': None, 'project_domain_id': None, 'roles': ['admin', 'manager', 'member', 'reader'], 'is_admin_project': True, 'service_user_id': None, 'service_user_domain_id': None, 'service_project_id': None, 'service_project_domain_id': None, 'service_roles': []} {{(pid=43680) fill_context /opt/stack/keystone/keystone/server/flask/request_processing/middleware/auth_context.py:516}}
Jul 25 02:17:25 devstack devstack@keystone.service[43680]: DEBUG keystone.server.flask.request_processing.req_logging [None req-d518fa5f-a3ff-4b8f-9e40-abf713291064 None admin] REQUEST_METHOD: `GET` {{(pid=43680) log_request_info /opt/stack/keystone/keystone/server/flask/request_processing/req_logging.py:26}}
Jul 25 02:17:25 devstack devstack@keystone.service[43679]: DEBUG keystone.server.flask.request_processing.middleware.auth_context [None req-a66ab6f2-6b07-48c0-8e75-b5f8c3a31192 None admin] RBAC: auth_context: {'token': , 'domain_id': None, 'trust_id': None, 'trustor_id': None, 'trustee_id': None, 'domain_name': None, 'group_ids': [], 'user_id': '46226e9746104e01a409b50174d67155', 'user_domain_id': 'default', 'system_scope': 'all', 'project_id': None, 'project_domain_id': None, 'roles': ['admin', 'manager', 'member', 'reader'], 'is_admin_project': True, 'service_user_id': None, 'service_user_domain_id': None, 'service_project_id': None, 'service_project_domain_id': None, 'service_roles': []} {{(pid=43679) fill_context /opt/stack/keystone/keystone/server/flask/request_processing/middleware/auth_context.py:516}}
Jul 25 02:17:25 devstack devstack@keystone.service[43679]: DEBUG keystone.server.flask.request_processing.req_logging [None req-a66ab6f2-6b07-48c0-8e75-b5f8c3a31192 None admin] REQUEST_METHOD: `GET` {{(pid=43679) log_request_info /opt/stack/keystone/keystone/server/flask/request_processing/req_logging.py:26}}
Jul 25 02:17:25 devstack devstack@keystone.service[43679]: DEBUG keystone.server.flask.request_processing.req_logging [None req-a66ab6f2-6b07-48c0-8e75-b5f8c3a31192 None admin] SCRIPT_NAME: `/identity` {{(pid=43679) log_request_info /opt/stack/keystone/keystone/server/flask/request_processing/req_logging.py:27}}
Jul 25 02:17:25 devstack devstack@keystone.service[43679]: DEBUG keystone.server.flask.request_processing.req_logging [None req-a66ab6f2-6b07-48c0-8e75-b5f8c3a31192 None admin] PATH_INFO: `/v3/roles` {{(pid=43679) log_request_info /opt/stack/keystone/keystone/server/flask/request_processing/req_logging.py:28}}
Jul 25 02:17:25 devstack devstack@keystone.service[43680]: DEBUG keystone.server.flask.request_processing.req_logging [None req-d518fa5f-a3ff-4b8f-9e40-abf713291064 None admin] SCRIPT_NAME: `/identity` {{(pid=43680) log_request_info /opt/stack/keystone/keystone/server/flask/request_processing/req_logging.py:27}}
Jul 25 02:17:25 devstack devstack@keystone.service[43680]: DEBUG keystone.server.flask.request_processing.req_logging [None req-d518fa5f-a3ff-4b8f-9e40-abf713291064 None admin] PATH_INFO: `/v3/domains/default` {{(pid=43680) log_request_info /opt/stack/keystone/keystone/server/flask/request_processing/req_logging.py:28}}
Jul 25 02:17:25 devstack devstack@keystone.service[43680]: DEBUG keystone.common.rbac_enforcer.enforcer [None req-d518fa5f-a3ff-4b8f-9e40-abf713291064 None admin] RBAC: Authorizing `identity:get_domain(domain_id=default)` {{(pid=43680) enforce_call /opt/stack/keystone/keystone/common/rbac_enforcer/enforcer.py:501}}
Jul 25 02:17:25 devstack devstack@keystone.service[43680]: DEBUG keystone.common.rbac_enforcer.enforcer [None req-d518fa5f-a3ff-4b8f-9e40-abf713291064 None admin] RBAC: Authorization granted {{(pid=43680) enforce_call /opt/stack/keystone/keystone/common/rbac_enforcer/enforcer.py:512}}
Jul 25 02:17:25 devstack devstack@keystone.service[43679]: DEBUG keystone.common.rbac_enforcer.enforcer [None req-a66ab6f2-6b07-48c0-8e75-b5f8c3a31192 None admin] RBAC: Adding query filter params (name=admin) {{(pid=43679) _extract_filter_values /opt/stack/keystone/keystone/common/rbac_enforcer/enforcer.py:176}}
Jul 25 02:17:25 devstack devstack@keystone.service[43679]: DEBUG keystone.common.rbac_enforcer.enforcer [None req-a66ab6f2-6b07-48c0-8e75-b5f8c3a31192 None admin] RBAC: Authorizing `identity:list_roles()` {{(pid=43679) enforce_call /opt/stack/keystone/keystone/common/rbac_enforcer/enforcer.py:501}}
Jul 25 02:17:25 devstack devstack@keystone.service[43679]: DEBUG keystone.common.rbac_enforcer.enforcer [None req-a66ab6f2-6b07-48c0-8e75-b5f8c3a31192 None admin] RBAC: Authorization granted {{(pid=43679) enforce_call /opt/stack/keystone/keystone/common/rbac_enforcer/enforcer.py:512}}
Jul 25 02:17:25 devstack devstack@keystone.service[43680]: [pid: 43680|app: 0|req: 22/37] 192.168.122.192 () {56 vars in 1153 bytes} [Sat Jul 25 02:17:25 2026] GET /identity/v3/domains/default => generated 203 bytes in 278 msecs (HTTP/1.1 200) 5 headers in 177 bytes (1 switches on core 0)
Jul 25 02:17:25 devstack devstack@keystone.service[43679]: [pid: 43679|app: 0|req: 16/38] 192.168.122.192 () {56 vars in 1157 bytes} [Sat Jul 25 02:17:25 2026] GET /identity/v3/roles?name=admin => generated 347 bytes in 264 msecs (HTTP/1.1 200) 5 headers in 177 bytes (1 switches on core 0)
Jul 25 02:17:25 devstack devstack@keystone.service[43680]: DEBUG keystone.server.flask.request_processing.middleware.auth_context [None req-d518fa5f-a3ff-4b8f-9e40-abf713291064 None admin] Authenticating user token {{(pid=43680) process_request /opt/stack/data/venv/lib/python3.12/site-packages/keystonemiddleware/auth_token/__init__.py:406}}
Jul 25 02:17:25 devstack devstack@keystone.service[43679]: DEBUG keystone.server.flask.request_processing.middleware.auth_context [None req-a66ab6f2-6b07-48c0-8e75-b5f8c3a31192 None admin] Authenticating user token {{(pid=43679) process_request /opt/stack/data/venv/lib/python3.12/site-packages/keystonemiddleware/auth_token/__init__.py:406}}
Jul 25 02:17:25 devstack devstack@keystone.service[43679]: DEBUG keystone.server.flask.request_processing.middleware.auth_context [None req-a66ab6f2-6b07-48c0-8e75-b5f8c3a31192 None admin] Validating token access rules against request {{(pid=43679) validate_allowed_request /opt/stack/data/venv/lib/python3.12/site-packages/keystonemiddleware/auth_token/__init__.py:544}}
Jul 25 02:17:25 devstack devstack@keystone.service[43680]: DEBUG keystone.server.flask.request_processing.middleware.auth_context [None req-d518fa5f-a3ff-4b8f-9e40-abf713291064 None admin] Validating token access rules against request {{(pid=43680) validate_allowed_request /opt/stack/data/venv/lib/python3.12/site-packages/keystonemiddleware/auth_token/__init__.py:544}}
Jul 25 02:17:25 devstack devstack@keystone.service[43679]: DEBUG keystone.server.flask.request_processing.middleware.auth_context [None req-c86f3aba-f0b1-4e1a-b521-1d2cd825cac3 None admin] RBAC: auth_context: {'token': , 'domain_id': None, 'trust_id': None, 'trustor_id': None, 'trustee_id': None, 'domain_name': None, 'group_ids': [], 'user_id': '46226e9746104e01a409b50174d67155', 'user_domain_id': 'default', 'system_scope': 'all', 'project_id': None, 'project_domain_id': None, 'roles': ['admin', 'manager', 'member', 'reader'], 'is_admin_project': True, 'service_user_id': None, 'service_user_domain_id': None, 'service_project_id': None, 'service_project_domain_id': None, 'service_roles': []} {{(pid=43679) fill_context /opt/stack/keystone/keystone/server/flask/request_processing/middleware/auth_context.py:516}}
Jul 25 02:17:25 devstack devstack@keystone.service[43679]: DEBUG keystone.server.flask.request_processing.req_logging [None req-c86f3aba-f0b1-4e1a-b521-1d2cd825cac3 None admin] REQUEST_METHOD: `GET` {{(pid=43679) log_request_info /opt/stack/keystone/keystone/server/flask/request_processing/req_logging.py:26}}
Jul 25 02:17:25 devstack devstack@keystone.service[43679]: DEBUG keystone.server.flask.request_processing.req_logging [None req-c86f3aba-f0b1-4e1a-b521-1d2cd825cac3 None admin] SCRIPT_NAME: `/identity` {{(pid=43679) log_request_info /opt/stack/keystone/keystone/server/flask/request_processing/req_logging.py:27}}
Jul 25 02:17:25 devstack devstack@keystone.service[43679]: DEBUG keystone.server.flask.request_processing.req_logging [None req-c86f3aba-f0b1-4e1a-b521-1d2cd825cac3 None admin] PATH_INFO: `/v3/users/46226e9746104e01a409b50174d67155` {{(pid=43679) log_request_info /opt/stack/keystone/keystone/server/flask/request_processing/req_logging.py:28}}
Jul 25 02:17:25 devstack devstack@keystone.service[43679]: DEBUG keystone.common.rbac_enforcer.enforcer [None req-c86f3aba-f0b1-4e1a-b521-1d2cd825cac3 None admin] RBAC: Authorizing `identity:get_user(user_id=46226e9746104e01a409b50174d67155)` {{(pid=43679) enforce_call /opt/stack/keystone/keystone/common/rbac_enforcer/enforcer.py:501}}
Jul 25 02:17:25 devstack devstack@keystone.service[43679]: DEBUG keystone.common.rbac_enforcer.enforcer [None req-c86f3aba-f0b1-4e1a-b521-1d2cd825cac3 None admin] RBAC: Authorization granted {{(pid=43679) enforce_call /opt/stack/keystone/keystone/common/rbac_enforcer/enforcer.py:512}}
Jul 25 02:17:25 devstack devstack@keystone.service[43680]: DEBUG keystone.server.flask.request_processing.middleware.auth_context [None req-663b7f6a-9d33-446b-9240-081cd35d8a35 None admin] RBAC: auth_context: {'token': , 'domain_id': None, 'trust_id': None, 'trustor_id': None, 'trustee_id': None, 'domain_name': None, 'group_ids': [], 'user_id': '46226e9746104e01a409b50174d67155', 'user_domain_id': 'default', 'system_scope': 'all', 'project_id': None, 'project_domain_id': None, 'roles': ['admin', 'manager', 'member', 'reader'], 'is_admin_project': True, 'service_user_id': None, 'service_user_domain_id': None, 'service_project_id': None, 'service_project_domain_id': None, 'service_roles': []} {{(pid=43680) fill_context /opt/stack/keystone/keystone/server/flask/request_processing/middleware/auth_context.py:516}}
Jul 25 02:17:25 devstack devstack@keystone.service[43680]: DEBUG keystone.server.flask.request_processing.req_logging [None req-663b7f6a-9d33-446b-9240-081cd35d8a35 None admin] REQUEST_METHOD: `POST` {{(pid=43680) log_request_info /opt/stack/keystone/keystone/server/flask/request_processing/req_logging.py:26}}
Jul 25 02:17:25 devstack devstack@keystone.service[43679]: [pid: 43679|app: 0|req: 17/39] 192.168.122.192 () {56 vars in 1222 bytes} [Sat Jul 25 02:17:25 2026] GET /identity/v3/users/46226e9746104e01a409b50174d67155 => generated 251 bytes in 185 msecs (HTTP/1.1 200) 5 headers in 177 bytes (1 switches on core 0)
Jul 25 02:17:25 devstack devstack@keystone.service[43680]: DEBUG keystone.server.flask.request_processing.req_logging [None req-663b7f6a-9d33-446b-9240-081cd35d8a35 None admin] SCRIPT_NAME: `/identity` {{(pid=43680) log_request_info /opt/stack/keystone/keystone/server/flask/request_processing/req_logging.py:27}}
Jul 25 02:17:25 devstack devstack@keystone.service[43680]: DEBUG keystone.server.flask.request_processing.req_logging [None req-663b7f6a-9d33-446b-9240-081cd35d8a35 None admin] PATH_INFO: `/v3/projects` {{(pid=43680) log_request_info /opt/stack/keystone/keystone/server/flask/request_processing/req_logging.py:28}}
Jul 25 02:17:25 devstack devstack@keystone.service[43679]: DEBUG keystone.server.flask.request_processing.middleware.auth_context [None req-c86f3aba-f0b1-4e1a-b521-1d2cd825cac3 None admin] Authenticating user token {{(pid=43679) process_request /opt/stack/data/venv/lib/python3.12/site-packages/keystonemiddleware/auth_token/__init__.py:406}}
Jul 25 02:17:25 devstack devstack@keystone.service[43680]: DEBUG keystone.common.rbac_enforcer.enforcer [None req-663b7f6a-9d33-446b-9240-081cd35d8a35 None admin] RBAC: Authorizing `identity:create_project()` {{(pid=43680) enforce_call /opt/stack/keystone/keystone/common/rbac_enforcer/enforcer.py:501}}
Jul 25 02:17:25 devstack devstack@keystone.service[43680]: DEBUG keystone.common.rbac_enforcer.enforcer [None req-663b7f6a-9d33-446b-9240-081cd35d8a35 None admin] RBAC: Authorization granted {{(pid=43680) enforce_call /opt/stack/keystone/keystone/common/rbac_enforcer/enforcer.py:512}}
Jul 25 02:17:25 devstack devstack@keystone.service[43680]: [pid: 43680|app: 0|req: 23/40] 192.168.122.192 () {60 vars in 1185 bytes} [Sat Jul 25 02:17:25 2026] POST /identity/v3/projects => generated 316 bytes in 256 msecs (HTTP/1.1 201) 5 headers in 182 bytes (1 switches on core 0)
Jul 25 02:17:25 devstack devstack@keystone.service[43680]: DEBUG keystone.server.flask.request_processing.middleware.auth_context [None req-663b7f6a-9d33-446b-9240-081cd35d8a35 None admin] Authenticating user token {{(pid=43680) process_request /opt/stack/data/venv/lib/python3.12/site-packages/keystonemiddleware/auth_token/__init__.py:406}}
Jul 25 02:17:25 devstack devstack@keystone.service[43679]: DEBUG keystone.server.flask.request_processing.middleware.auth_context [None req-c86f3aba-f0b1-4e1a-b521-1d2cd825cac3 None admin] Validating token access rules against request {{(pid=43679) validate_allowed_request /opt/stack/data/venv/lib/python3.12/site-packages/keystonemiddleware/auth_token/__init__.py:544}}
Jul 25 02:17:25 devstack devstack@keystone.service[43679]: DEBUG keystone.server.flask.request_processing.middleware.auth_context [None req-a6b8bb26-53b8-4d8f-b392-fd7ba3765f88 None admin] RBAC: auth_context: {'token': , 'domain_id': None, 'trust_id': None, 'trustor_id': None, 'trustee_id': None, 'domain_name': None, 'group_ids': [], 'user_id': '46226e9746104e01a409b50174d67155', 'user_domain_id': 'default', 'system_scope': 'all', 'project_id': None, 'project_domain_id': None, 'roles': ['admin', 'manager', 'member', 'reader'], 'is_admin_project': True, 'service_user_id': None, 'service_user_domain_id': None, 'service_project_id': None, 'service_project_domain_id': None, 'service_roles': []} {{(pid=43679) fill_context /opt/stack/keystone/keystone/server/flask/request_processing/middleware/auth_context.py:516}}
Jul 25 02:17:25 devstack devstack@keystone.service[43679]: DEBUG keystone.server.flask.request_processing.req_logging [None req-a6b8bb26-53b8-4d8f-b392-fd7ba3765f88 None admin] REQUEST_METHOD: `POST` {{(pid=43679) log_request_info /opt/stack/keystone/keystone/server/flask/request_processing/req_logging.py:26}}
Jul 25 02:17:25 devstack devstack@keystone.service[43679]: DEBUG keystone.server.flask.request_processing.req_logging [None req-a6b8bb26-53b8-4d8f-b392-fd7ba3765f88 None admin] SCRIPT_NAME: `/identity` {{(pid=43679) log_request_info /opt/stack/keystone/keystone/server/flask/request_processing/req_logging.py:27}}
Jul 25 02:17:25 devstack devstack@keystone.service[43679]: DEBUG keystone.server.flask.request_processing.req_logging [None req-a6b8bb26-53b8-4d8f-b392-fd7ba3765f88 None admin] PATH_INFO: `/v3/roles` {{(pid=43679) log_request_info /opt/stack/keystone/keystone/server/flask/request_processing/req_logging.py:28}}
Jul 25 02:17:25 devstack devstack@keystone.service[43679]: DEBUG keystone.common.rbac_enforcer.enforcer [None req-a6b8bb26-53b8-4d8f-b392-fd7ba3765f88 None admin] RBAC: Authorizing `identity:create_role()` {{(pid=43679) enforce_call /opt/stack/keystone/keystone/common/rbac_enforcer/enforcer.py:501}}
Jul 25 02:17:25 devstack devstack@keystone.service[43679]: DEBUG keystone.common.rbac_enforcer.enforcer [None req-a6b8bb26-53b8-4d8f-b392-fd7ba3765f88 None admin] RBAC: Authorization granted {{(pid=43679) enforce_call /opt/stack/keystone/keystone/common/rbac_enforcer/enforcer.py:512}}
Jul 25 02:17:25 devstack devstack@keystone.service[43680]: DEBUG keystone.server.flask.request_processing.middleware.auth_context [None req-663b7f6a-9d33-446b-9240-081cd35d8a35 None admin] Validating token access rules against request {{(pid=43680) validate_allowed_request /opt/stack/data/venv/lib/python3.12/site-packages/keystonemiddleware/auth_token/__init__.py:544}}
Jul 25 02:17:25 devstack devstack@keystone.service[43679]: DEBUG keystone.common.sql.core [None req-a6b8bb26-53b8-4d8f-b392-fd7ba3765f88 None admin] Conflict role: (pymysql.err.IntegrityError) (1062, "Duplicate entry 'service-<>' for key 'role.ixu_role_name_domain_id'")
Jul 25 02:17:25 devstack devstack@keystone.service[43679]: [SQL: INSERT INTO `role` (id, name, description, extra) VALUES (%(id)s, %(name)s, %(description)s, %(extra)s)]
Jul 25 02:17:25 devstack devstack@keystone.service[43679]: [parameters: {'id': 'c39e5b6c58f240ea8c06fd129d293847', 'name': 'service', 'description': None, 'extra': '{}'}]
Jul 25 02:17:25 devstack devstack@keystone.service[43679]: (Background on this error at: https://sqlalche.me/e/20/gkpj) {{(pid=43679) wrapper /opt/stack/keystone/keystone/common/sql/core.py:580}}
Jul 25 02:17:25 devstack devstack@keystone.service[43679]: ERROR keystone.server.flask.application [None req-a6b8bb26-53b8-4d8f-b392-fd7ba3765f88 None admin] Conflict occurred attempting to store role - Duplicate entry found with name service.: keystone.exception.Conflict: Conflict occurred attempting to store role - Duplicate entry found with name service.
Jul 25 02:17:25 devstack devstack@keystone.service[43679]: ERROR keystone.server.flask.application
Traceback (most recent call last):
Jul 25 02:17:25 devstack devstack@keystone.service[43679]: ERROR keystone.server.flask.application
File "/opt/stack/data/venv/lib/python3.12/site-packages/sqlalchemy/engine/base.py", line 1969, in _exec_single_context
Jul 25 02:17:25 devstack devstack@keystone.service[43679]: ERROR keystone.server.flask.application self.dialect.do_execute(
Jul 25 02:17:25 devstack devstack@keystone.service[43679]: ERROR keystone.server.flask.application
File "/opt/stack/data/venv/lib/python3.12/site-packages/sqlalchemy/engine/default.py", line 952, in do_execute
Jul 25 02:17:25 devstack devstack@keystone.service[43679]: ERROR keystone.server.flask.application cursor.execute(statement, parameters)
Jul 25 02:17:25 devstack devstack@keystone.service[43679]: ERROR keystone.server.flask.application
File "/opt/stack/data/venv/lib/python3.12/site-packages/pymysql/cursors.py", line 159, in execute
Jul 25 02:17:25 devstack devstack@keystone.service[43679]: ERROR keystone.server.flask.application result = self._query(query)
Jul 25 02:17:25 devstack devstack@keystone.service[43679]: ERROR keystone.server.flask.application ^^^^^^^^^^^^^^^^^^
Jul 25 02:17:25 devstack devstack@keystone.service[43679]: ERROR keystone.server.flask.application
File "/opt/stack/data/venv/lib/python3.12/site-packages/pymysql/cursors.py", line 330, in _query
Jul 25 02:17:25 devstack devstack@keystone.service[43679]: ERROR keystone.server.flask.application conn.query(q)
Jul 25 02:17:25 devstack devstack@keystone.service[43679]: ERROR keystone.server.flask.application
File "/opt/stack/data/venv/lib/python3.12/site-packages/pymysql/connections.py", line 582, in query
Jul 25 02:17:25 devstack devstack@keystone.service[43679]: ERROR keystone.server.flask.application self._affected_rows = self._read_query_result(unbuffered=unbuffered)
Jul 25 02:17:25 devstack devstack@keystone.service[43679]: ERROR keystone.server.flask.application ^^^^^^^^^^^^^^^^^^^^^^^^^^^^^^^^^^^^^^^^^^^^^^
Jul 25 02:17:25 devstack devstack@keystone.service[43679]: ERROR keystone.server.flask.application
File "/opt/stack/data/venv/lib/python3.12/site-packages/pymysql/connections.py", line 847, in _read_query_result
Jul 25 02:17:25 devstack devstack@keystone.service[43679]: ERROR keystone.server.flask.application result.read()
Jul 25 02:17:25 devstack devstack@keystone.service[43679]: ERROR keystone.server.flask.application
File "/opt/stack/data/venv/lib/python3.12/site-packages/pymysql/connections.py", line 1245, in read
Jul 25 02:17:25 devstack devstack@keystone.service[43679]: ERROR keystone.server.flask.application first_packet = self.connection._read_packet()
Jul 25 02:17:25 devstack devstack@keystone.service[43679]: ERROR keystone.server.flask.application ^^^^^^^^^^^^^^^^^^^^^^^^^^^^^^
Jul 25 02:17:25 devstack devstack@keystone.service[43679]: ERROR keystone.server.flask.application
File "/opt/stack/data/venv/lib/python3.12/site-packages/pymysql/connections.py", line 803, in _read_packet
Jul 25 02:17:25 devstack devstack@keystone.service[43679]: ERROR keystone.server.flask.application packet.raise_for_error()
Jul 25 02:17:25 devstack devstack@keystone.service[43679]: ERROR keystone.server.flask.application
File "/opt/stack/data/venv/lib/python3.12/site-packages/pymysql/protocol.py", line 219, in raise_for_error
Jul 25 02:17:25 devstack devstack@keystone.service[43679]: ERROR keystone.server.flask.application err.raise_mysql_exception(self._data)
Jul 25 02:17:25 devstack devstack@keystone.service[43679]: ERROR keystone.server.flask.application
File "/opt/stack/data/venv/lib/python3.12/site-packages/pymysql/err.py", line 154, in raise_mysql_exception
Jul 25 02:17:25 devstack devstack@keystone.service[43679]: ERROR keystone.server.flask.application raise errorclass(errno, errval, sqlstate=sqlstate)
Jul 25 02:17:25 devstack devstack@keystone.service[43679]: ERROR keystone.server.flask.application pymysql.err.IntegrityError: (1062, "Duplicate entry 'service-<>' for key 'role.ixu_role_name_domain_id'")
Jul 25 02:17:25 devstack devstack@keystone.service[43679]: ERROR keystone.server.flask.application
Jul 25 02:17:25 devstack devstack@keystone.service[43679]: ERROR keystone.server.flask.application The above exception was the direct cause of the following exception:
Jul 25 02:17:25 devstack devstack@keystone.service[43679]: ERROR keystone.server.flask.application
Jul 25 02:17:25 devstack devstack@keystone.service[43679]: ERROR keystone.server.flask.application
Traceback (most recent call last):
Jul 25 02:17:25 devstack devstack@keystone.service[43679]: ERROR keystone.server.flask.application
File "/opt/stack/keystone/keystone/common/sql/core.py", line 575, in wrapper
Jul 25 02:17:25 devstack devstack@keystone.service[43679]: ERROR keystone.server.flask.application return method(*args, **kwargs)
Jul 25 02:17:25 devstack devstack@keystone.service[43679]: ERROR keystone.server.flask.application ^^^^^^^^^^^^^^^^^^^^^^^
Jul 25 02:17:25 devstack devstack@keystone.service[43679]: ERROR keystone.server.flask.application
File "/opt/stack/keystone/keystone/assignment/role_backends/sql.py", line 25, in create_role
Jul 25 02:17:25 devstack devstack@keystone.service[43679]: ERROR keystone.server.flask.application with sql.session_for_write() as session:
Jul 25 02:17:25 devstack devstack@keystone.service[43679]: ERROR keystone.server.flask.application
File "/usr/lib/python3.12/contextlib.py", line 144, in __exit__
Jul 25 02:17:25 devstack devstack@keystone.service[43679]: ERROR keystone.server.flask.application next(self.gen)
Jul 25 02:17:25 devstack devstack@keystone.service[43679]: ERROR keystone.server.flask.application
File "/opt/stack/data/venv/lib/python3.12/site-packages/oslo_db/sqlalchemy/enginefacade.py", line 1175, in _transaction_scope
Jul 25 02:17:25 devstack devstack@keystone.service[43679]: ERROR keystone.server.flask.application with current._produce_block(
Jul 25 02:17:25 devstack devstack@keystone.service[43679]: ERROR keystone.server.flask.application
File "/usr/lib/python3.12/contextlib.py", line 144, in __exit__
Jul 25 02:17:25 devstack devstack@keystone.service[43679]: ERROR keystone.server.flask.application next(self.gen)
Jul 25 02:17:25 devstack devstack@keystone.service[43679]: ERROR keystone.server.flask.application
File "/opt/stack/data/venv/lib/python3.12/site-packages/oslo_db/sqlalchemy/enginefacade.py", line 837, in _session
Jul 25 02:17:25 devstack devstack@keystone.service[43679]: ERROR keystone.server.flask.application with excutils.save_and_reraise_exception():
Jul 25 02:17:25 devstack devstack@keystone.service[43679]: ERROR keystone.server.flask.application
File "/opt/stack/data/venv/lib/python3.12/site-packages/oslo_utils/excutils.py", line 266, in __exit__
Jul 25 02:17:25 devstack devstack@keystone.service[43679]: ERROR keystone.server.flask.application self.force_reraise()
Jul 25 02:17:25 devstack devstack@keystone.service[43679]: ERROR keystone.server.flask.application
File "/opt/stack/data/venv/lib/python3.12/site-packages/oslo_utils/excutils.py", line 232, in force_reraise
Jul 25 02:17:25 devstack devstack@keystone.service[43679]: ERROR keystone.server.flask.application raise self.value
Jul 25 02:17:25 devstack devstack@keystone.service[43679]: ERROR keystone.server.flask.application
File "/opt/stack/data/venv/lib/python3.12/site-packages/oslo_db/sqlalchemy/enginefacade.py", line 835, in _session
Jul 25 02:17:25 devstack devstack@keystone.service[43679]: ERROR keystone.server.flask.application self._end_session_transaction(self.session)
Jul 25 02:17:25 devstack devstack@keystone.service[43679]: ERROR keystone.server.flask.application
File "/opt/stack/data/venv/lib/python3.12/site-packages/oslo_db/sqlalchemy/enginefacade.py", line 748, in _end_session_transaction
Jul 25 02:17:25 devstack devstack@keystone.service[43679]: ERROR keystone.server.flask.application session.commit()
Jul 25 02:17:25 devstack devstack@keystone.service[43679]: ERROR keystone.server.flask.application
File "/opt/stack/data/venv/lib/python3.12/site-packages/sqlalchemy/orm/session.py", line 2035, in commit
Jul 25 02:17:25 devstack devstack@keystone.service[43679]: ERROR keystone.server.flask.application trans.commit(_to_root=True)
Jul 25 02:17:25 devstack devstack@keystone.service[43679]: ERROR keystone.server.flask.application File "", line 2, in commit
Jul 25 02:17:25 devstack devstack@keystone.service[43679]: ERROR keystone.server.flask.application
File "/opt/stack/data/venv/lib/python3.12/site-packages/sqlalchemy/orm/state_changes.py", line 137, in _go
Jul 25 02:17:25 devstack devstack@keystone.service[43679]: ERROR keystone.server.flask.application ret_value = fn(self, *arg, **kw)
Jul 25 02:17:25 devstack devstack@keystone.service[43679]: ERROR keystone.server.flask.application ^^^^^^^^^^^^^^^^^^^^
Jul 25 02:17:25 devstack devstack@keystone.service[43679]: ERROR keystone.server.flask.application
File "/opt/stack/data/venv/lib/python3.12/site-packages/sqlalchemy/orm/session.py", line 1316, in commit
Jul 25 02:17:25 devstack devstack@keystone.service[43679]: ERROR keystone.server.flask.application self._prepare_impl()
Jul 25 02:17:25 devstack devstack@keystone.service[43679]: ERROR keystone.server.flask.application File "", line 2, in _prepare_impl
Jul 25 02:17:25 devstack devstack@keystone.service[43679]: ERROR keystone.server.flask.application
File "/opt/stack/data/venv/lib/python3.12/site-packages/sqlalchemy/orm/state_changes.py", line 137, in _go
Jul 25 02:17:25 devstack devstack@keystone.service[43679]: ERROR keystone.server.flask.application ret_value = fn(self, *arg, **kw)
Jul 25 02:17:25 devstack devstack@keystone.service[43679]: ERROR keystone.server.flask.application ^^^^^^^^^^^^^^^^^^^^
Jul 25 02:17:25 devstack devstack@keystone.service[43679]: ERROR keystone.server.flask.application
File "/opt/stack/data/venv/lib/python3.12/site-packages/sqlalchemy/orm/session.py", line 1290, in _prepare_impl
Jul 25 02:17:25 devstack devstack@keystone.service[43679]: ERROR keystone.server.flask.application self.session.flush()
Jul 25 02:17:25 devstack devstack@keystone.service[43679]: ERROR keystone.server.flask.application
File "/opt/stack/data/venv/lib/python3.12/site-packages/sqlalchemy/orm/session.py", line 4353, in flush
Jul 25 02:17:25 devstack devstack@keystone.service[43679]: ERROR keystone.server.flask.application self._flush(objects)
Jul 25 02:17:25 devstack devstack@keystone.service[43679]: ERROR keystone.server.flask.application
File "/opt/stack/data/venv/lib/python3.12/site-packages/sqlalchemy/orm/session.py", line 4488, in _flush
Jul 25 02:17:25 devstack devstack@keystone.service[43679]: ERROR keystone.server.flask.application with util.safe_reraise():
Jul 25 02:17:25 devstack devstack@keystone.service[43679]: ERROR keystone.server.flask.application
File "/opt/stack/data/venv/lib/python3.12/site-packages/sqlalchemy/util/langhelpers.py", line 122, in __exit__
Jul 25 02:17:25 devstack devstack@keystone.service[43679]: ERROR keystone.server.flask.application raise exc_value.with_traceback(exc_tb)
