Sep 02 19:58:38 devstack cinder-volume[86800]: DEBUG cinder.coordination [None req-d3d289f4-a7d9-48c5-a43e-81f773339d8f tempest-VolumesServicesTestJSON-34574151 None] Lock "cinder-quobyte-af10eb75-baf6-4f4d-87cd-f56d4947daef" acquired by "delete_volume" :: waited 0.048s {{(pid=86800) __acquire /opt/stack/cinder/cinder/coordination.py:141}}
Sep 02 19:58:38 devstack cinder-volume[86800]: DEBUG oslo.privsep.daemon [-] privsep: reply[0b9f9f0c-ccd7-43c2-8eeb-95482230c47c]: (4, 'qcow2') {{(pid=88480) _call_back /opt/stack/data/venv/lib/python3.12/site-packages/oslo_privsep/daemon.py:580}}
Sep 02 19:58:38 devstack cinder-volume[86800]: DEBUG oslo_concurrency.processutils [None req-d3d289f4-a7d9-48c5-a43e-81f773339d8f tempest-VolumesServicesTestJSON-34574151 None] Running cmd (subprocess): /opt/stack/data/venv/bin/python3.12 -m oslo_concurrency.prlimit --as=1073741824 --cpu=60 -- sudo cinder-rootwrap /etc/cinder/rootwrap.conf env LC_ALL=C qemu-img info -f qcow2 --output=json --force-share /opt/stack/data/cinder/mnt/fb589b28bd46f70e5f1b2b4ebf3eda27/volume-af10eb75-baf6-4f4d-87cd-f56d4947daef {{(pid=86800) execute /opt/stack/data/venv/lib/python3.12/site-packages/oslo_concurrency/processutils.py:440}}
Sep 02 19:58:38 devstack sudo[95472]: quobyte : PWD=/ ; USER=root ; COMMAND=/opt/stack/data/venv/bin/cinder-rootwrap /etc/cinder/rootwrap.conf env LC_ALL=C qemu-img info -f qcow2 --output=json --force-share /opt/stack/data/cinder/mnt/fb589b28bd46f70e5f1b2b4ebf3eda27/volume-af10eb75-baf6-4f4d-87cd-f56d4947daef
Sep 02 19:58:38 devstack sudo[95472]: pam_unix(sudo:session): session opened for user root(uid=0) by (uid=1000)
Sep 02 19:58:39 devstack sudo[95472]: pam_unix(sudo:session): session closed for user root
Sep 02 19:58:39 devstack cinder-volume[86800]: DEBUG oslo_concurrency.processutils [None req-d3d289f4-a7d9-48c5-a43e-81f773339d8f tempest-VolumesServicesTestJSON-34574151 None] CMD "/opt/stack/data/venv/bin/python3.12 -m oslo_concurrency.prlimit --as=1073741824 --cpu=60 -- sudo cinder-rootwrap /etc/cinder/rootwrap.conf env LC_ALL=C qemu-img info -f qcow2 --output=json --force-share /opt/stack/data/cinder/mnt/fb589b28bd46f70e5f1b2b4ebf3eda27/volume-af10eb75-baf6-4f4d-87cd-f56d4947daef" returned: 0 in 0.491s {{(pid=86800) execute /opt/stack/data/venv/lib/python3.12/site-packages/oslo_concurrency/processutils.py:468}}
Sep 02 19:58:39 devstack cinder-volume[86800]: DEBUG oslo_concurrency.processutils [None req-d3d289f4-a7d9-48c5-a43e-81f773339d8f tempest-VolumesServicesTestJSON-34574151 None] Running cmd (subprocess): sudo cinder-rootwrap /etc/cinder/rootwrap.conf rm -f /opt/stack/data/cinder/mnt/fb589b28bd46f70e5f1b2b4ebf3eda27/volume-af10eb75-baf6-4f4d-87cd-f56d4947daef {{(pid=86800) execute /opt/stack/data/venv/lib/python3.12/site-packages/oslo_concurrency/processutils.py:440}}
Sep 02 19:58:39 devstack sudo[95481]: quobyte : PWD=/ ; USER=root ; COMMAND=/opt/stack/data/venv/bin/cinder-rootwrap /etc/cinder/rootwrap.conf rm -f /opt/stack/data/cinder/mnt/fb589b28bd46f70e5f1b2b4ebf3eda27/volume-af10eb75-baf6-4f4d-87cd-f56d4947daef
Sep 02 19:58:39 devstack sudo[95481]: pam_unix(sudo:session): session opened for user root(uid=0) by (uid=1000)
Sep 02 19:58:39 devstack sudo[95481]: pam_unix(sudo:session): session closed for user root
Sep 02 19:58:39 devstack cinder-volume[86800]: DEBUG oslo_concurrency.processutils [None req-d3d289f4-a7d9-48c5-a43e-81f773339d8f tempest-VolumesServicesTestJSON-34574151 None] CMD "sudo cinder-rootwrap /etc/cinder/rootwrap.conf rm -f /opt/stack/data/cinder/mnt/fb589b28bd46f70e5f1b2b4ebf3eda27/volume-af10eb75-baf6-4f4d-87cd-f56d4947daef" returned: 0 in 0.575s {{(pid=86800) execute /opt/stack/data/venv/lib/python3.12/site-packages/oslo_concurrency/processutils.py:468}}
Sep 02 19:58:39 devstack cinder-volume[86800]: INFO cinder.volume.manager [None req-2c19b363-03f1-440e-b6aa-5b6c8029904c tempest-GroupSnapshotsTest-1107255526 None] Update group completed successfully.
Sep 02 19:58:39 devstack cinder-volume[86800]: DEBUG cinder.coordination [None req-d3d289f4-a7d9-48c5-a43e-81f773339d8f tempest-VolumesServicesTestJSON-34574151 None] Lock "cinder-quobyte-af10eb75-baf6-4f4d-87cd-f56d4947daef" released by "delete_volume" :: held 1.181s {{(pid=86800) __release /opt/stack/cinder/cinder/coordination.py:152}}
Sep 02 19:58:40 devstack cinder-volume[86800]: DEBUG cinder.quota [None req-d3d289f4-a7d9-48c5-a43e-81f773339d8f tempest-VolumesServicesTestJSON-34574151 None] Created reservations ['7a8d1729-4253-4f3c-ba98-875475622376', '456ca136-d8b2-426f-86af-3488fa3e298b', 'd2bcb747-b377-46e5-8de5-f3535eb7afdf', '5918efc9-c278-4fe2-9f08-a5c1f0aa2b98'] {{(pid=86800) reserve /opt/stack/cinder/cinder/quota.py:752}}
Sep 02 19:58:40 devstack cinder-volume[86800]: DEBUG oslo_concurrency.lockutils [None req-d3d289f4-a7d9-48c5-a43e-81f773339d8f tempest-VolumesServicesTestJSON-34574151 None] Acquiring lock "quobyte_ensure" by "cinder.volume.drivers.quobyte.QuobyteDriver._ensure_shares_mounted" {{(pid=86800) inner /opt/stack/data/venv/lib/python3.12/site-packages/oslo_concurrency/lockutils.py:512}}
Sep 02 19:58:40 devstack cinder-volume[86800]: DEBUG oslo_concurrency.lockutils [None req-d3d289f4-a7d9-48c5-a43e-81f773339d8f tempest-VolumesServicesTestJSON-34574151 None] Lock "quobyte_ensure" acquired by "cinder.volume.drivers.quobyte.QuobyteDriver._ensure_shares_mounted" :: waited 0.001s {{(pid=86800) inner /opt/stack/data/venv/lib/python3.12/site-packages/oslo_concurrency/lockutils.py:525}}
Sep 02 19:58:40 devstack cinder-volume[86800]: DEBUG cinder.volume.drivers.quobyte [None req-d3d289f4-a7d9-48c5-a43e-81f773339d8f tempest-VolumesServicesTestJSON-34574151 None] Quobyte Volume URL set to: {'osci02.corp.quobyte.com/cinder-vol-731b33c2-000f-4746-bfa3-de0fedd4fbd3': None} {{(pid=86800) _load_shares_config /opt/stack/cinder/cinder/volume/drivers/quobyte.py:662}}
Sep 02 19:58:40 devstack cinder-volume[86800]: DEBUG cinder.volume.drivers.quobyte [None req-d3d289f4-a7d9-48c5-a43e-81f773339d8f tempest-VolumesServicesTestJSON-34574151 None] Available shares ['osci02.corp.quobyte.com/cinder-vol-731b33c2-000f-4746-bfa3-de0fedd4fbd3'] {{(pid=86800) _ensure_shares_mounted /opt/stack/cinder/cinder/volume/drivers/quobyte.py:692}}
Sep 02 19:58:40 devstack cinder-volume[86800]: DEBUG oslo_concurrency.lockutils [None req-d3d289f4-a7d9-48c5-a43e-81f773339d8f tempest-VolumesServicesTestJSON-34574151 None] Lock "quobyte_ensure" "released" by "cinder.volume.drivers.quobyte.QuobyteDriver._ensure_shares_mounted" :: held 0.010s {{(pid=86800) inner /opt/stack/data/venv/lib/python3.12/site-packages/oslo_concurrency/lockutils.py:544}}
Sep 02 19:58:40 devstack cinder-volume[86800]: DEBUG oslo_concurrency.processutils [None req-d3d289f4-a7d9-48c5-a43e-81f773339d8f tempest-VolumesServicesTestJSON-34574151 None] Running cmd (subprocess): sudo cinder-rootwrap /etc/cinder/rootwrap.conf df --portability --block-size 1 /opt/stack/data/cinder/mnt/fb589b28bd46f70e5f1b2b4ebf3eda27 {{(pid=86800) execute /opt/stack/data/venv/lib/python3.12/site-packages/oslo_concurrency/processutils.py:440}}
Sep 02 19:58:40 devstack sudo[95486]: quobyte : PWD=/ ; USER=root ; COMMAND=/opt/stack/data/venv/bin/cinder-rootwrap /etc/cinder/rootwrap.conf df --portability --block-size 1 /opt/stack/data/cinder/mnt/fb589b28bd46f70e5f1b2b4ebf3eda27
Sep 02 19:58:40 devstack sudo[95486]: pam_unix(sudo:session): session opened for user root(uid=0) by (uid=1000)
Sep 02 19:58:40 devstack sudo[95486]: pam_unix(sudo:session): session closed for user root
Sep 02 19:58:40 devstack cinder-volume[86800]: DEBUG oslo_concurrency.processutils [None req-d3d289f4-a7d9-48c5-a43e-81f773339d8f tempest-VolumesServicesTestJSON-34574151 None] CMD "sudo cinder-rootwrap /etc/cinder/rootwrap.conf df --portability --block-size 1 /opt/stack/data/cinder/mnt/fb589b28bd46f70e5f1b2b4ebf3eda27" returned: 0 in 0.317s {{(pid=86800) execute /opt/stack/data/venv/lib/python3.12/site-packages/oslo_concurrency/processutils.py:468}}
Sep 02 19:58:40 devstack cinder-volume[86800]: DEBUG cinder.manager [None req-d3d289f4-a7d9-48c5-a43e-81f773339d8f tempest-VolumesServicesTestJSON-34574151 None] Notifying Schedulers of capabilities ... {{(pid=86800) _publish_service_capabilities /opt/stack/cinder/cinder/manager.py:219}}
Sep 02 19:58:40 devstack cinder-volume[86800]: INFO cinder.volume.manager [None req-d3d289f4-a7d9-48c5-a43e-81f773339d8f tempest-VolumesServicesTestJSON-34574151 None] Deleted volume successfully.
Sep 02 19:58:40 devstack cinder-volume[86800]: DEBUG cinder.coordination [None req-d3d289f4-a7d9-48c5-a43e-81f773339d8f tempest-VolumesServicesTestJSON-34574151 None] Lock "cinder-af10eb75-baf6-4f4d-87cd-f56d4947daef-delete_volume" released by "delete_volume" :: held 1.956s {{(pid=86800) __release /opt/stack/cinder/cinder/coordination.py:152}}
Sep 02 19:58:41 devstack cinder-volume[86800]: INFO cinder.volume.manager [None req-2c4013e0-2754-4455-b7d5-76d17469b217 tempest-GroupSnapshotsTest-1107255526 None] Update group completed successfully.
Sep 02 19:58:43 devstack cinder-volume[86800]: INFO cinder.volume.manager [None req-297ad770-2013-4ee5-92fa-16919bad3836 tempest-GroupSnapshotsTest-1107255526 None] GroupSnapshot e62fac40-2d09-49c5-9795-b8416375ef8a: creating.
Sep 02 19:58:43 devstack cinder-volume[86800]: DEBUG cinder.volume.manager [None req-297ad770-2013-4ee5-92fa-16919bad3836 tempest-GroupSnapshotsTest-1107255526 None] Group snapshot e62fac40-2d09-49c5-9795-b8416375ef8a: creating. {{(pid=86800) create_group_snapshot /opt/stack/cinder/cinder/volume/manager.py:4189}}
Sep 02 19:58:43 devstack cinder-volume[86800]: DEBUG oslo_concurrency.lockutils [None req-297ad770-2013-4ee5-92fa-16919bad3836 tempest-GroupSnapshotsTest-1107255526 None] Acquiring lock "quobyte" by "cinder.volume.drivers.quobyte.QuobyteDriver.create_snapshot" {{(pid=86800) inner /opt/stack/data/venv/lib/python3.12/site-packages/oslo_concurrency/lockutils.py:512}}
Sep 02 19:58:43 devstack cinder-volume[86800]: DEBUG oslo_concurrency.lockutils [None req-297ad770-2013-4ee5-92fa-16919bad3836 tempest-GroupSnapshotsTest-1107255526 None] Lock "quobyte" acquired by "cinder.volume.drivers.quobyte.QuobyteDriver.create_snapshot" :: waited 0.002s {{(pid=86800) inner /opt/stack/data/venv/lib/python3.12/site-packages/oslo_concurrency/lockutils.py:525}}
Sep 02 19:58:43 devstack cinder-volume[86800]: DEBUG cinder.volume.drivers.remotefs [None req-297ad770-2013-4ee5-92fa-16919bad3836 tempest-GroupSnapshotsTest-1107255526 None] Creating offline snapshot cbb0fe18-2ca9-4909-9004-4e0a717d4d25 of volume 72297284-1c85-4e2d-9fb3-027d132740f4 {{(pid=86800) _create_snapshot /opt/stack/cinder/cinder/volume/drivers/remotefs.py:1816}}
Sep 02 19:58:43 devstack cinder-volume[86800]: DEBUG oslo.privsep.daemon [-] privsep: reply[db05f410-de63-42c9-88ff-fba5814e076e]: (4, 'qcow2') {{(pid=88480) _call_back /opt/stack/data/venv/lib/python3.12/site-packages/oslo_privsep/daemon.py:580}}
Sep 02 19:58:43 devstack cinder-volume[86800]: DEBUG oslo_concurrency.processutils [None req-297ad770-2013-4ee5-92fa-16919bad3836 tempest-GroupSnapshotsTest-1107255526 None] Running cmd (subprocess): /opt/stack/data/venv/bin/python3.12 -m oslo_concurrency.prlimit --as=1073741824 --cpu=60 -- sudo cinder-rootwrap /etc/cinder/rootwrap.conf env LC_ALL=C qemu-img info -f qcow2 --output=json --force-share /opt/stack/data/cinder/mnt/fb589b28bd46f70e5f1b2b4ebf3eda27/volume-72297284-1c85-4e2d-9fb3-027d132740f4 {{(pid=86800) execute /opt/stack/data/venv/lib/python3.12/site-packages/oslo_concurrency/processutils.py:440}}
Sep 02 19:58:43 devstack sudo[95494]: quobyte : PWD=/ ; USER=root ; COMMAND=/opt/stack/data/venv/bin/cinder-rootwrap /etc/cinder/rootwrap.conf env LC_ALL=C qemu-img info -f qcow2 --output=json --force-share /opt/stack/data/cinder/mnt/fb589b28bd46f70e5f1b2b4ebf3eda27/volume-72297284-1c85-4e2d-9fb3-027d132740f4
Sep 02 19:58:43 devstack sudo[95494]: pam_unix(sudo:session): session opened for user root(uid=0) by (uid=1000)
Sep 02 19:58:43 devstack sudo[95494]: pam_unix(sudo:session): session closed for user root
Sep 02 19:58:43 devstack cinder-volume[86800]: DEBUG oslo_concurrency.processutils [None req-297ad770-2013-4ee5-92fa-16919bad3836 tempest-GroupSnapshotsTest-1107255526 None] CMD "/opt/stack/data/venv/bin/python3.12 -m oslo_concurrency.prlimit --as=1073741824 --cpu=60 -- sudo cinder-rootwrap /etc/cinder/rootwrap.conf env LC_ALL=C qemu-img info -f qcow2 --output=json --force-share /opt/stack/data/cinder/mnt/fb589b28bd46f70e5f1b2b4ebf3eda27/volume-72297284-1c85-4e2d-9fb3-027d132740f4" returned: 0 in 0.538s {{(pid=86800) execute /opt/stack/data/venv/lib/python3.12/site-packages/oslo_concurrency/processutils.py:468}}
Sep 02 19:58:43 devstack cinder-volume[86800]: DEBUG oslo_concurrency.processutils [None req-297ad770-2013-4ee5-92fa-16919bad3836 tempest-GroupSnapshotsTest-1107255526 None] Running cmd (subprocess): sudo cinder-rootwrap /etc/cinder/rootwrap.conf qemu-img create -f qcow2 -o backing_file=/opt/stack/data/cinder/mnt/fb589b28bd46f70e5f1b2b4ebf3eda27/volume-72297284-1c85-4e2d-9fb3-027d132740f4,backing_fmt=qcow2 /opt/stack/data/cinder/mnt/fb589b28bd46f70e5f1b2b4ebf3eda27/volume-72297284-1c85-4e2d-9fb3-027d132740f4.cbb0fe18-2ca9-4909-9004-4e0a717d4d25 1G {{(pid=86800) execute /opt/stack/data/venv/lib/python3.12/site-packages/oslo_concurrency/processutils.py:440}}
Sep 02 19:58:43 devstack sudo[95499]: quobyte : PWD=/ ; USER=root ; COMMAND=/opt/stack/data/venv/bin/cinder-rootwrap /etc/cinder/rootwrap.conf qemu-img create -f qcow2 -o backing_file=/opt/stack/data/cinder/mnt/fb589b28bd46f70e5f1b2b4ebf3eda27/volume-72297284-1c85-4e2d-9fb3-027d132740f4,backing_fmt=qcow2 /opt/stack/data/cinder/mnt/fb589b28bd46f70e5f1b2b4ebf3eda27/volume-72297284-1c85-4e2d-9fb3-027d132740f4.cbb0fe18-2ca9-4909-9004-4e0a717d4d25 1G
Sep 02 19:58:43 devstack sudo[95499]: pam_unix(sudo:session): session opened for user root(uid=0) by (uid=1000)
Sep 02 19:58:44 devstack sudo[95499]: pam_unix(sudo:session): session closed for user root
Sep 02 19:58:44 devstack cinder-volume[86800]: DEBUG oslo_concurrency.processutils [None req-297ad770-2013-4ee5-92fa-16919bad3836 tempest-GroupSnapshotsTest-1107255526 None] CMD "sudo cinder-rootwrap /etc/cinder/rootwrap.conf qemu-img create -f qcow2 -o backing_file=/opt/stack/data/cinder/mnt/fb589b28bd46f70e5f1b2b4ebf3eda27/volume-72297284-1c85-4e2d-9fb3-027d132740f4,backing_fmt=qcow2 /opt/stack/data/cinder/mnt/fb589b28bd46f70e5f1b2b4ebf3eda27/volume-72297284-1c85-4e2d-9fb3-027d132740f4.cbb0fe18-2ca9-4909-9004-4e0a717d4d25 1G" returned: 0 in 0.652s {{(pid=86800) execute /opt/stack/data/venv/lib/python3.12/site-packages/oslo_concurrency/processutils.py:468}}
Sep 02 19:58:44 devstack cinder-volume[86800]: DEBUG oslo_concurrency.processutils [None req-297ad770-2013-4ee5-92fa-16919bad3836 tempest-GroupSnapshotsTest-1107255526 None] Running cmd (subprocess): sudo cinder-rootwrap /etc/cinder/rootwrap.conf qemu-img rebase -u -b volume-72297284-1c85-4e2d-9fb3-027d132740f4 -F qcow2 /opt/stack/data/cinder/mnt/fb589b28bd46f70e5f1b2b4ebf3eda27/volume-72297284-1c85-4e2d-9fb3-027d132740f4.cbb0fe18-2ca9-4909-9004-4e0a717d4d25 {{(pid=86800) execute /opt/stack/data/venv/lib/python3.12/site-packages/oslo_concurrency/processutils.py:440}}
Sep 02 19:58:44 devstack sudo[95507]: quobyte : PWD=/ ; USER=root ; COMMAND=/opt/stack/data/venv/bin/cinder-rootwrap /etc/cinder/rootwrap.conf qemu-img rebase -u -b volume-72297284-1c85-4e2d-9fb3-027d132740f4 -F qcow2 /opt/stack/data/cinder/mnt/fb589b28bd46f70e5f1b2b4ebf3eda27/volume-72297284-1c85-4e2d-9fb3-027d132740f4.cbb0fe18-2ca9-4909-9004-4e0a717d4d25
Sep 02 19:58:44 devstack sudo[95507]: pam_unix(sudo:session): session opened for user root(uid=0) by (uid=1000)
Sep 02 19:58:44 devstack sudo[95507]: pam_unix(sudo:session): session closed for user root
Sep 02 19:58:44 devstack cinder-volume[86800]: DEBUG oslo_concurrency.processutils [None req-297ad770-2013-4ee5-92fa-16919bad3836 tempest-GroupSnapshotsTest-1107255526 None] CMD "sudo cinder-rootwrap /etc/cinder/rootwrap.conf qemu-img rebase -u -b volume-72297284-1c85-4e2d-9fb3-027d132740f4 -F qcow2 /opt/stack/data/cinder/mnt/fb589b28bd46f70e5f1b2b4ebf3eda27/volume-72297284-1c85-4e2d-9fb3-027d132740f4.cbb0fe18-2ca9-4909-9004-4e0a717d4d25" returned: 0 in 0.503s {{(pid=86800) execute /opt/stack/data/venv/lib/python3.12/site-packages/oslo_concurrency/processutils.py:468}}
Sep 02 19:58:44 devstack cinder-volume[86800]: WARNING cinder.volume.drivers.remotefs [None req-297ad770-2013-4ee5-92fa-16919bad3836 tempest-GroupSnapshotsTest-1107255526 None] /opt/stack/data/cinder/mnt/fb589b28bd46f70e5f1b2b4ebf3eda27/volume-72297284-1c85-4e2d-9fb3-027d132740f4.cbb0fe18-2ca9-4909-9004-4e0a717d4d25 is being set with open permissions: ugo+rw: NotImplementedError
Sep 02 19:58:44 devstack cinder-volume[86800]: DEBUG oslo_concurrency.processutils [None req-297ad770-2013-4ee5-92fa-16919bad3836 tempest-GroupSnapshotsTest-1107255526 None] Running cmd (subprocess): sudo cinder-rootwrap /etc/cinder/rootwrap.conf chmod ugo+rw /opt/stack/data/cinder/mnt/fb589b28bd46f70e5f1b2b4ebf3eda27/volume-72297284-1c85-4e2d-9fb3-027d132740f4.cbb0fe18-2ca9-4909-9004-4e0a717d4d25 {{(pid=86800) execute /opt/stack/data/venv/lib/python3.12/site-packages/oslo_concurrency/processutils.py:440}}
Sep 02 19:58:45 devstack sudo[95512]: quobyte : PWD=/ ; USER=root ; COMMAND=/opt/stack/data/venv/bin/cinder-rootwrap /etc/cinder/rootwrap.conf chmod ugo+rw /opt/stack/data/cinder/mnt/fb589b28bd46f70e5f1b2b4ebf3eda27/volume-72297284-1c85-4e2d-9fb3-027d132740f4.cbb0fe18-2ca9-4909-9004-4e0a717d4d25
Sep 02 19:58:45 devstack sudo[95512]: pam_unix(sudo:session): session opened for user root(uid=0) by (uid=1000)
Sep 02 19:58:45 devstack sudo[95512]: pam_unix(sudo:session): session closed for user root
Sep 02 19:58:45 devstack cinder-volume[86800]: DEBUG oslo_concurrency.processutils [None req-297ad770-2013-4ee5-92fa-16919bad3836 tempest-GroupSnapshotsTest-1107255526 None] CMD "sudo cinder-rootwrap /etc/cinder/rootwrap.conf chmod ugo+rw /opt/stack/data/cinder/mnt/fb589b28bd46f70e5f1b2b4ebf3eda27/volume-72297284-1c85-4e2d-9fb3-027d132740f4.cbb0fe18-2ca9-4909-9004-4e0a717d4d25" returned: 0 in 0.334s {{(pid=86800) execute /opt/stack/data/venv/lib/python3.12/site-packages/oslo_concurrency/processutils.py:468}}
Sep 02 19:58:45 devstack cinder-volume[86800]: DEBUG oslo_concurrency.processutils [None req-297ad770-2013-4ee5-92fa-16919bad3836 tempest-GroupSnapshotsTest-1107255526 None] Running cmd (subprocess): sudo cinder-rootwrap /etc/cinder/rootwrap.conf truncate -s0 /opt/stack/data/cinder/mnt/fb589b28bd46f70e5f1b2b4ebf3eda27/volume-72297284-1c85-4e2d-9fb3-027d132740f4.info {{(pid=86800) execute /opt/stack/data/venv/lib/python3.12/site-packages/oslo_concurrency/processutils.py:440}}
Sep 02 19:58:45 devstack sudo[95515]: quobyte : PWD=/ ; USER=root ; COMMAND=/opt/stack/data/venv/bin/cinder-rootwrap /etc/cinder/rootwrap.conf truncate -s0 /opt/stack/data/cinder/mnt/fb589b28bd46f70e5f1b2b4ebf3eda27/volume-72297284-1c85-4e2d-9fb3-027d132740f4.info
Sep 02 19:58:45 devstack sudo[95515]: pam_unix(sudo:session): session opened for user root(uid=0) by (uid=1000)
Sep 02 19:58:45 devstack cinder-volume[86800]: DEBUG cinder.coordination [None req-02613dd4-baea-48cd-bcaf-0ea19d9495ec tempest-VolumesNegativeTest-2026767687 None] Acquiring lock "cinder-be91ccfd-f5f7-490e-821d-34c55fc5ef04-delete_volume" by "delete_volume" {{(pid=86800) __acquire /opt/stack/cinder/cinder/coordination.py:138}}
Sep 02 19:58:45 devstack cinder-volume[86800]: DEBUG cinder.coordination [None req-02613dd4-baea-48cd-bcaf-0ea19d9495ec tempest-VolumesNegativeTest-2026767687 None] Lock "cinder-be91ccfd-f5f7-490e-821d-34c55fc5ef04-delete_volume" acquired by "delete_volume" :: waited 0.029s {{(pid=86800) __acquire /opt/stack/cinder/cinder/coordination.py:141}}
Sep 02 19:58:45 devstack cinder-volume[86800]: DEBUG cinder.coordination [None req-02613dd4-baea-48cd-bcaf-0ea19d9495ec tempest-VolumesNegativeTest-2026767687 None] Acquiring lock "cinder-quobyte-be91ccfd-f5f7-490e-821d-34c55fc5ef04" by "delete_volume" {{(pid=86800) __acquire /opt/stack/cinder/cinder/coordination.py:138}}
Sep 02 19:58:45 devstack cinder-volume[86800]: DEBUG cinder.coordination [None req-02613dd4-baea-48cd-bcaf-0ea19d9495ec tempest-VolumesNegativeTest-2026767687 None] Lock "cinder-quobyte-be91ccfd-f5f7-490e-821d-34c55fc5ef04" acquired by "delete_volume" :: waited 0.022s {{(pid=86800) __acquire /opt/stack/cinder/cinder/coordination.py:141}}
Sep 02 19:58:45 devstack sudo[95515]: pam_unix(sudo:session): session closed for user root
Sep 02 19:58:45 devstack cinder-volume[86800]: DEBUG oslo_concurrency.processutils [None req-297ad770-2013-4ee5-92fa-16919bad3836 tempest-GroupSnapshotsTest-1107255526 None] CMD "sudo cinder-rootwrap /etc/cinder/rootwrap.conf truncate -s0 /opt/stack/data/cinder/mnt/fb589b28bd46f70e5f1b2b4ebf3eda27/volume-72297284-1c85-4e2d-9fb3-027d132740f4.info" returned: 0 in 0.437s {{(pid=86800) execute /opt/stack/data/venv/lib/python3.12/site-packages/oslo_concurrency/processutils.py:468}}
Sep 02 19:58:45 devstack cinder-volume[86800]: WARNING cinder.volume.drivers.remotefs [None req-297ad770-2013-4ee5-92fa-16919bad3836 tempest-GroupSnapshotsTest-1107255526 None] /opt/stack/data/cinder/mnt/fb589b28bd46f70e5f1b2b4ebf3eda27/volume-72297284-1c85-4e2d-9fb3-027d132740f4.info is being set with open permissions: ugo+rw: NotImplementedError
Sep 02 19:58:45 devstack cinder-volume[86800]: DEBUG oslo_concurrency.processutils [None req-297ad770-2013-4ee5-92fa-16919bad3836 tempest-GroupSnapshotsTest-1107255526 None] Running cmd (subprocess): sudo cinder-rootwrap /etc/cinder/rootwrap.conf chmod ugo+rw /opt/stack/data/cinder/mnt/fb589b28bd46f70e5f1b2b4ebf3eda27/volume-72297284-1c85-4e2d-9fb3-027d132740f4.info {{(pid=86800) execute /opt/stack/data/venv/lib/python3.12/site-packages/oslo_concurrency/processutils.py:440}}
Sep 02 19:58:45 devstack cinder-volume[86800]: DEBUG oslo.privsep.daemon [-] privsep: reply[75ad4ded-de75-45b5-846c-3c384213a435]: (4, 'qcow2') {{(pid=88480) _call_back /opt/stack/data/venv/lib/python3.12/site-packages/oslo_privsep/daemon.py:580}}
Sep 02 19:58:45 devstack cinder-volume[86800]: DEBUG oslo_concurrency.processutils [None req-02613dd4-baea-48cd-bcaf-0ea19d9495ec tempest-VolumesNegativeTest-2026767687 None] Running cmd (subprocess): /opt/stack/data/venv/bin/python3.12 -m oslo_concurrency.prlimit --as=1073741824 --cpu=60 -- sudo cinder-rootwrap /etc/cinder/rootwrap.conf env LC_ALL=C qemu-img info -f qcow2 --output=json --force-share /opt/stack/data/cinder/mnt/fb589b28bd46f70e5f1b2b4ebf3eda27/volume-be91ccfd-f5f7-490e-821d-34c55fc5ef04 {{(pid=86800) execute /opt/stack/data/venv/lib/python3.12/site-packages/oslo_concurrency/processutils.py:440}}
Sep 02 19:58:45 devstack sudo[95518]: quobyte : PWD=/ ; USER=root ; COMMAND=/opt/stack/data/venv/bin/cinder-rootwrap /etc/cinder/rootwrap.conf chmod ugo+rw /opt/stack/data/cinder/mnt/fb589b28bd46f70e5f1b2b4ebf3eda27/volume-72297284-1c85-4e2d-9fb3-027d132740f4.info
Sep 02 19:58:45 devstack sudo[95518]: pam_unix(sudo:session): session opened for user root(uid=0) by (uid=1000)
Sep 02 19:58:45 devstack sudo[95519]: quobyte : PWD=/ ; USER=root ; COMMAND=/opt/stack/data/venv/bin/cinder-rootwrap /etc/cinder/rootwrap.conf env LC_ALL=C qemu-img info -f qcow2 --output=json --force-share /opt/stack/data/cinder/mnt/fb589b28bd46f70e5f1b2b4ebf3eda27/volume-be91ccfd-f5f7-490e-821d-34c55fc5ef04
Sep 02 19:58:45 devstack sudo[95519]: pam_unix(sudo:session): session opened for user root(uid=0) by (uid=1000)
Sep 02 19:58:46 devstack sudo[95518]: pam_unix(sudo:session): session closed for user root
Sep 02 19:58:46 devstack cinder-volume[86800]: DEBUG oslo_concurrency.processutils [None req-297ad770-2013-4ee5-92fa-16919bad3836 tempest-GroupSnapshotsTest-1107255526 None] CMD "sudo cinder-rootwrap /etc/cinder/rootwrap.conf chmod ugo+rw /opt/stack/data/cinder/mnt/fb589b28bd46f70e5f1b2b4ebf3eda27/volume-72297284-1c85-4e2d-9fb3-027d132740f4.info" returned: 0 in 0.291s {{(pid=86800) execute /opt/stack/data/venv/lib/python3.12/site-packages/oslo_concurrency/processutils.py:468}}
Sep 02 19:58:46 devstack cinder-volume[86800]: DEBUG oslo_concurrency.lockutils [None req-297ad770-2013-4ee5-92fa-16919bad3836 tempest-GroupSnapshotsTest-1107255526 None] Lock "quobyte" "released" by "cinder.volume.drivers.quobyte.QuobyteDriver.create_snapshot" :: held 2.903s {{(pid=86800) inner /opt/stack/data/venv/lib/python3.12/site-packages/oslo_concurrency/lockutils.py:544}}
Sep 02 19:58:46 devstack cinder-volume[86800]: DEBUG oslo_concurrency.lockutils [None req-297ad770-2013-4ee5-92fa-16919bad3836 tempest-GroupSnapshotsTest-1107255526 None] Acquiring lock "quobyte" by "cinder.volume.drivers.quobyte.QuobyteDriver.create_snapshot" {{(pid=86800) inner /opt/stack/data/venv/lib/python3.12/site-packages/oslo_concurrency/lockutils.py:512}}
Sep 02 19:58:46 devstack cinder-volume[86800]: DEBUG oslo_concurrency.lockutils [None req-297ad770-2013-4ee5-92fa-16919bad3836 tempest-GroupSnapshotsTest-1107255526 None] Lock "quobyte" acquired by "cinder.volume.drivers.quobyte.QuobyteDriver.create_snapshot" :: waited 0.001s {{(pid=86800) inner /opt/stack/data/venv/lib/python3.12/site-packages/oslo_concurrency/lockutils.py:525}}
Sep 02 19:58:46 devstack cinder-volume[86800]: DEBUG cinder.volume.drivers.remotefs [None req-297ad770-2013-4ee5-92fa-16919bad3836 tempest-GroupSnapshotsTest-1107255526 None] Creating offline snapshot cf03413c-5215-41d6-bdf4-f4c9d68d1896 of volume 05d2ba29-d7ab-4f1c-bc9a-e936d88bb5ff {{(pid=86800) _create_snapshot /opt/stack/cinder/cinder/volume/drivers/remotefs.py:1816}}
Sep 02 19:58:46 devstack cinder-volume[86800]: DEBUG oslo.privsep.daemon [-] privsep: reply[e27f8773-da81-45b3-bb65-99e6365c1fa4]: (4, 'qcow2') {{(pid=88480) _call_back /opt/stack/data/venv/lib/python3.12/site-packages/oslo_privsep/daemon.py:580}}
Sep 02 19:58:46 devstack cinder-volume[86800]: DEBUG oslo_concurrency.processutils [None req-297ad770-2013-4ee5-92fa-16919bad3836 tempest-GroupSnapshotsTest-1107255526 None] Running cmd (subprocess): /opt/stack/data/venv/bin/python3.12 -m oslo_concurrency.prlimit --as=1073741824 --cpu=60 -- sudo cinder-rootwrap /etc/cinder/rootwrap.conf env LC_ALL=C qemu-img info -f qcow2 --output=json --force-share /opt/stack/data/cinder/mnt/fb589b28bd46f70e5f1b2b4ebf3eda27/volume-05d2ba29-d7ab-4f1c-bc9a-e936d88bb5ff {{(pid=86800) execute /opt/stack/data/venv/lib/python3.12/site-packages/oslo_concurrency/processutils.py:440}}
Sep 02 19:58:46 devstack sudo[95519]: pam_unix(sudo:session): session closed for user root
Sep 02 19:58:46 devstack cinder-volume[86800]: DEBUG oslo_concurrency.processutils [None req-02613dd4-baea-48cd-bcaf-0ea19d9495ec tempest-VolumesNegativeTest-2026767687 None] CMD "/opt/stack/data/venv/bin/python3.12 -m oslo_concurrency.prlimit --as=1073741824 --cpu=60 -- sudo cinder-rootwrap /etc/cinder/rootwrap.conf env LC_ALL=C qemu-img info -f qcow2 --output=json --force-share /opt/stack/data/cinder/mnt/fb589b28bd46f70e5f1b2b4ebf3eda27/volume-be91ccfd-f5f7-490e-821d-34c55fc5ef04" returned: 0 in 0.500s {{(pid=86800) execute /opt/stack/data/venv/lib/python3.12/site-packages/oslo_concurrency/processutils.py:468}}
Sep 02 19:58:46 devstack cinder-volume[86800]: DEBUG oslo_concurrency.processutils [None req-02613dd4-baea-48cd-bcaf-0ea19d9495ec tempest-VolumesNegativeTest-2026767687 None] Running cmd (subprocess): sudo cinder-rootwrap /etc/cinder/rootwrap.conf rm -f /opt/stack/data/cinder/mnt/fb589b28bd46f70e5f1b2b4ebf3eda27/volume-be91ccfd-f5f7-490e-821d-34c55fc5ef04 {{(pid=86800) execute /opt/stack/data/venv/lib/python3.12/site-packages/oslo_concurrency/processutils.py:440}}
Sep 02 19:58:46 devstack sudo[95523]: quobyte : PWD=/ ; USER=root ; COMMAND=/opt/stack/data/venv/bin/cinder-rootwrap /etc/cinder/rootwrap.conf env LC_ALL=C qemu-img info -f qcow2 --output=json --force-share /opt/stack/data/cinder/mnt/fb589b28bd46f70e5f1b2b4ebf3eda27/volume-05d2ba29-d7ab-4f1c-bc9a-e936d88bb5ff
Sep 02 19:58:46 devstack sudo[95523]: pam_unix(sudo:session): session opened for user root(uid=0) by (uid=1000)
Sep 02 19:58:46 devstack sudo[95529]: quobyte : PWD=/ ; USER=root ; COMMAND=/opt/stack/data/venv/bin/cinder-rootwrap /etc/cinder/rootwrap.conf rm -f /opt/stack/data/cinder/mnt/fb589b28bd46f70e5f1b2b4ebf3eda27/volume-be91ccfd-f5f7-490e-821d-34c55fc5ef04
Sep 02 19:58:46 devstack sudo[95529]: pam_unix(sudo:session): session opened for user root(uid=0) by (uid=1000)
Sep 02 19:58:46 devstack sudo[95529]: pam_unix(sudo:session): session closed for user root
Sep 02 19:58:46 devstack sudo[95523]: pam_unix(sudo:session): session closed for user root
Sep 02 19:58:46 devstack cinder-volume[86800]: DEBUG oslo_concurrency.processutils [None req-02613dd4-baea-48cd-bcaf-0ea19d9495ec tempest-VolumesNegativeTest-2026767687 None] CMD "sudo cinder-rootwrap /etc/cinder/rootwrap.conf rm -f /opt/stack/data/cinder/mnt/fb589b28bd46f70e5f1b2b4ebf3eda27/volume-be91ccfd-f5f7-490e-821d-34c55fc5ef04" returned: 0 in 0.325s {{(pid=86800) execute /opt/stack/data/venv/lib/python3.12/site-packages/oslo_concurrency/processutils.py:468}}
Sep 02 19:58:46 devstack cinder-volume[86800]: DEBUG oslo_concurrency.processutils [None req-297ad770-2013-4ee5-92fa-16919bad3836 tempest-GroupSnapshotsTest-1107255526 None] CMD "/opt/stack/data/venv/bin/python3.12 -m oslo_concurrency.prlimit --as=1073741824 --cpu=60 -- sudo cinder-rootwrap /etc/cinder/rootwrap.conf env LC_ALL=C qemu-img info -f qcow2 --output=json --force-share /opt/stack/data/cinder/mnt/fb589b28bd46f70e5f1b2b4ebf3eda27/volume-05d2ba29-d7ab-4f1c-bc9a-e936d88bb5ff" returned: 0 in 0.493s {{(pid=86800) execute /opt/stack/data/venv/lib/python3.12/site-packages/oslo_concurrency/processutils.py:468}}
Sep 02 19:58:46 devstack cinder-volume[86800]: DEBUG oslo_concurrency.processutils [None req-297ad770-2013-4ee5-92fa-16919bad3836 tempest-GroupSnapshotsTest-1107255526 None] Running cmd (subprocess): sudo cinder-rootwrap /etc/cinder/rootwrap.conf qemu-img create -f qcow2 -o backing_file=/opt/stack/data/cinder/mnt/fb589b28bd46f70e5f1b2b4ebf3eda27/volume-05d2ba29-d7ab-4f1c-bc9a-e936d88bb5ff,backing_fmt=qcow2 /opt/stack/data/cinder/mnt/fb589b28bd46f70e5f1b2b4ebf3eda27/volume-05d2ba29-d7ab-4f1c-bc9a-e936d88bb5ff.cf03413c-5215-41d6-bdf4-f4c9d68d1896 1G {{(pid=86800) execute /opt/stack/data/venv/lib/python3.12/site-packages/oslo_concurrency/processutils.py:440}}
Sep 02 19:58:46 devstack cinder-volume[86800]: DEBUG cinder.coordination [None req-02613dd4-baea-48cd-bcaf-0ea19d9495ec tempest-VolumesNegativeTest-2026767687 None] Lock "cinder-quobyte-be91ccfd-f5f7-490e-821d-34c55fc5ef04" released by "delete_volume" :: held 0.905s {{(pid=86800) __release /opt/stack/cinder/cinder/coordination.py:152}}
Sep 02 19:58:46 devstack sudo[95536]: quobyte : PWD=/ ; USER=root ; COMMAND=/opt/stack/data/venv/bin/cinder-rootwrap /etc/cinder/rootwrap.conf qemu-img create -f qcow2 -o backing_file=/opt/stack/data/cinder/mnt/fb589b28bd46f70e5f1b2b4ebf3eda27/volume-05d2ba29-d7ab-4f1c-bc9a-e936d88bb5ff,backing_fmt=qcow2 /opt/stack/data/cinder/mnt/fb589b28bd46f70e5f1b2b4ebf3eda27/volume-05d2ba29-d7ab-4f1c-bc9a-e936d88bb5ff.cf03413c-5215-41d6-bdf4-f4c9d68d1896 1G
Sep 02 19:58:46 devstack sudo[95536]: pam_unix(sudo:session): session opened for user root(uid=0) by (uid=1000)
Sep 02 19:58:46 devstack cinder-volume[86800]: DEBUG cinder.quota [None req-02613dd4-baea-48cd-bcaf-0ea19d9495ec tempest-VolumesNegativeTest-2026767687 None] Created reservations ['e4e4e760-43b5-4992-bfcb-79f804b5a689', '40de5302-699a-40f4-a87b-c5fe029379da', '33a810dc-8077-4051-b4f4-d8394d97feab', 'ff83f484-689d-4bd2-8050-fa617ee83d13'] {{(pid=86800) reserve /opt/stack/cinder/cinder/quota.py:752}}
Sep 02 19:58:46 devstack cinder-volume[86800]: DEBUG oslo_concurrency.lockutils [None req-02613dd4-baea-48cd-bcaf-0ea19d9495ec tempest-VolumesNegativeTest-2026767687 None] Acquiring lock "quobyte_ensure" by "cinder.volume.drivers.quobyte.QuobyteDriver._ensure_shares_mounted" {{(pid=86800) inner /opt/stack/data/venv/lib/python3.12/site-packages/oslo_concurrency/lockutils.py:512}}
Sep 02 19:58:46 devstack cinder-volume[86800]: DEBUG oslo_concurrency.lockutils [None req-02613dd4-baea-48cd-bcaf-0ea19d9495ec tempest-VolumesNegativeTest-2026767687 None] Lock "quobyte_ensure" acquired by "cinder.volume.drivers.quobyte.QuobyteDriver._ensure_shares_mounted" :: waited 0.001s {{(pid=86800) inner /opt/stack/data/venv/lib/python3.12/site-packages/oslo_concurrency/lockutils.py:525}}
Sep 02 19:58:46 devstack cinder-volume[86800]: DEBUG cinder.volume.drivers.quobyte [None req-02613dd4-baea-48cd-bcaf-0ea19d9495ec tempest-VolumesNegativeTest-2026767687 None] Quobyte Volume URL set to: {'osci02.corp.quobyte.com/cinder-vol-731b33c2-000f-4746-bfa3-de0fedd4fbd3': None} {{(pid=86800) _load_shares_config /opt/stack/cinder/cinder/volume/drivers/quobyte.py:662}}
Sep 02 19:58:46 devstack cinder-volume[86800]: DEBUG cinder.volume.drivers.quobyte [None req-02613dd4-baea-48cd-bcaf-0ea19d9495ec tempest-VolumesNegativeTest-2026767687 None] Available shares ['osci02.corp.quobyte.com/cinder-vol-731b33c2-000f-4746-bfa3-de0fedd4fbd3'] {{(pid=86800) _ensure_shares_mounted /opt/stack/cinder/cinder/volume/drivers/quobyte.py:692}}
Sep 02 19:58:46 devstack cinder-volume[86800]: DEBUG oslo_concurrency.lockutils [None req-02613dd4-baea-48cd-bcaf-0ea19d9495ec tempest-VolumesNegativeTest-2026767687 None] Lock "quobyte_ensure" "released" by "cinder.volume.drivers.quobyte.QuobyteDriver._ensure_shares_mounted" :: held 0.014s {{(pid=86800) inner /opt/stack/data/venv/lib/python3.12/site-packages/oslo_concurrency/lockutils.py:544}}
Sep 02 19:58:46 devstack cinder-volume[86800]: DEBUG oslo_concurrency.processutils [None req-02613dd4-baea-48cd-bcaf-0ea19d9495ec tempest-VolumesNegativeTest-2026767687 None] Running cmd (subprocess): sudo cinder-rootwrap /etc/cinder/rootwrap.conf df --portability --block-size 1 /opt/stack/data/cinder/mnt/fb589b28bd46f70e5f1b2b4ebf3eda27 {{(pid=86800) execute /opt/stack/data/venv/lib/python3.12/site-packages/oslo_concurrency/processutils.py:440}}
Sep 02 19:58:46 devstack sudo[95538]: quobyte : PWD=/ ; USER=root ; COMMAND=/opt/stack/data/venv/bin/cinder-rootwrap /etc/cinder/rootwrap.conf df --portability --block-size 1 /opt/stack/data/cinder/mnt/fb589b28bd46f70e5f1b2b4ebf3eda27
Sep 02 19:58:46 devstack sudo[95538]: pam_unix(sudo:session): session opened for user root(uid=0) by (uid=1000)
Sep 02 19:58:47 devstack sudo[95538]: pam_unix(sudo:session): session closed for user root
Sep 02 19:58:47 devstack cinder-volume[86800]: DEBUG oslo_concurrency.processutils [None req-02613dd4-baea-48cd-bcaf-0ea19d9495ec tempest-VolumesNegativeTest-2026767687 None] CMD "sudo cinder-rootwrap /etc/cinder/rootwrap.conf df --portability --block-size 1 /opt/stack/data/cinder/mnt/fb589b28bd46f70e5f1b2b4ebf3eda27" returned: 0 in 0.339s {{(pid=86800) execute /opt/stack/data/venv/lib/python3.12/site-packages/oslo_concurrency/processutils.py:468}}
Sep 02 19:58:47 devstack cinder-volume[86800]: DEBUG cinder.manager [None req-02613dd4-baea-48cd-bcaf-0ea19d9495ec tempest-VolumesNegativeTest-2026767687 None] Notifying Schedulers of capabilities ... {{(pid=86800) _publish_service_capabilities /opt/stack/cinder/cinder/manager.py:219}}
Sep 02 19:58:47 devstack cinder-volume[86800]: INFO cinder.volume.manager [None req-02613dd4-baea-48cd-bcaf-0ea19d9495ec tempest-VolumesNegativeTest-2026767687 None] Deleted volume successfully.
Sep 02 19:58:47 devstack cinder-volume[86800]: DEBUG cinder.coordination [None req-02613dd4-baea-48cd-bcaf-0ea19d9495ec tempest-VolumesNegativeTest-2026767687 None] Lock "cinder-be91ccfd-f5f7-490e-821d-34c55fc5ef04-delete_volume" released by "delete_volume" :: held 1.570s {{(pid=86800) __release /opt/stack/cinder/cinder/coordination.py:152}}
Sep 02 19:58:47 devstack sudo[95536]: pam_unix(sudo:session): session closed for user root
Sep 02 19:58:47 devstack cinder-volume[86800]: DEBUG oslo_concurrency.processutils [None req-297ad770-2013-4ee5-92fa-16919bad3836 tempest-GroupSnapshotsTest-1107255526 None] CMD "sudo cinder-rootwrap /etc/cinder/rootwrap.conf qemu-img create -f qcow2 -o backing_file=/opt/stack/data/cinder/mnt/fb589b28bd46f70e5f1b2b4ebf3eda27/volume-05d2ba29-d7ab-4f1c-bc9a-e936d88bb5ff,backing_fmt=qcow2 /opt/stack/data/cinder/mnt/fb589b28bd46f70e5f1b2b4ebf3eda27/volume-05d2ba29-d7ab-4f1c-bc9a-e936d88bb5ff.cf03413c-5215-41d6-bdf4-f4c9d68d1896 1G" returned: 0 in 0.782s {{(pid=86800) execute /opt/stack/data/venv/lib/python3.12/site-packages/oslo_concurrency/processutils.py:468}}
Sep 02 19:58:47 devstack cinder-volume[86800]: DEBUG oslo_concurrency.processutils [None req-297ad770-2013-4ee5-92fa-16919bad3836 tempest-GroupSnapshotsTest-1107255526 None] Running cmd (subprocess): sudo cinder-rootwrap /etc/cinder/rootwrap.conf qemu-img rebase -u -b volume-05d2ba29-d7ab-4f1c-bc9a-e936d88bb5ff -F qcow2 /opt/stack/data/cinder/mnt/fb589b28bd46f70e5f1b2b4ebf3eda27/volume-05d2ba29-d7ab-4f1c-bc9a-e936d88bb5ff.cf03413c-5215-41d6-bdf4-f4c9d68d1896 {{(pid=86800) execute /opt/stack/data/venv/lib/python3.12/site-packages/oslo_concurrency/processutils.py:440}}
Sep 02 19:58:47 devstack sudo[95545]: quobyte : PWD=/ ; USER=root ; COMMAND=/opt/stack/data/venv/bin/cinder-rootwrap /etc/cinder/rootwrap.conf qemu-img rebase -u -b volume-05d2ba29-d7ab-4f1c-bc9a-e936d88bb5ff -F qcow2 /opt/stack/data/cinder/mnt/fb589b28bd46f70e5f1b2b4ebf3eda27/volume-05d2ba29-d7ab-4f1c-bc9a-e936d88bb5ff.cf03413c-5215-41d6-bdf4-f4c9d68d1896
Sep 02 19:58:47 devstack sudo[95545]: pam_unix(sudo:session): session opened for user root(uid=0) by (uid=1000)
Sep 02 19:58:47 devstack sudo[95545]: pam_unix(sudo:session): session closed for user root
Sep 02 19:58:47 devstack cinder-volume[86800]: DEBUG oslo_concurrency.processutils [None req-297ad770-2013-4ee5-92fa-16919bad3836 tempest-GroupSnapshotsTest-1107255526 None] CMD "sudo cinder-rootwrap /etc/cinder/rootwrap.conf qemu-img rebase -u -b volume-05d2ba29-d7ab-4f1c-bc9a-e936d88bb5ff -F qcow2 /opt/stack/data/cinder/mnt/fb589b28bd46f70e5f1b2b4ebf3eda27/volume-05d2ba29-d7ab-4f1c-bc9a-e936d88bb5ff.cf03413c-5215-41d6-bdf4-f4c9d68d1896" returned: 0 in 0.350s {{(pid=86800) execute /opt/stack/data/venv/lib/python3.12/site-packages/oslo_concurrency/processutils.py:468}}
Sep 02 19:58:47 devstack cinder-volume[86800]: WARNING cinder.volume.drivers.remotefs [None req-297ad770-2013-4ee5-92fa-16919bad3836 tempest-GroupSnapshotsTest-1107255526 None] /opt/stack/data/cinder/mnt/fb589b28bd46f70e5f1b2b4ebf3eda27/volume-05d2ba29-d7ab-4f1c-bc9a-e936d88bb5ff.cf03413c-5215-41d6-bdf4-f4c9d68d1896 is being set with open permissions: ugo+rw: NotImplementedError
Sep 02 19:58:47 devstack cinder-volume[86800]: DEBUG oslo_concurrency.processutils [None req-297ad770-2013-4ee5-92fa-16919bad3836 tempest-GroupSnapshotsTest-1107255526 None] Running cmd (subprocess): sudo cinder-rootwrap /etc/cinder/rootwrap.conf chmod ugo+rw /opt/stack/data/cinder/mnt/fb589b28bd46f70e5f1b2b4ebf3eda27/volume-05d2ba29-d7ab-4f1c-bc9a-e936d88bb5ff.cf03413c-5215-41d6-bdf4-f4c9d68d1896 {{(pid=86800) execute /opt/stack/data/venv/lib/python3.12/site-packages/oslo_concurrency/processutils.py:440}}
Sep 02 19:58:47 devstack sudo[95551]: quobyte : PWD=/ ; USER=root ; COMMAND=/opt/stack/data/venv/bin/cinder-rootwrap /etc/cinder/rootwrap.conf chmod ugo+rw /opt/stack/data/cinder/mnt/fb589b28bd46f70e5f1b2b4ebf3eda27/volume-05d2ba29-d7ab-4f1c-bc9a-e936d88bb5ff.cf03413c-5215-41d6-bdf4-f4c9d68d1896
Sep 02 19:58:47 devstack sudo[95551]: pam_unix(sudo:session): session opened for user root(uid=0) by (uid=1000)
Sep 02 19:58:48 devstack sudo[95551]: pam_unix(sudo:session): session closed for user root
Sep 02 19:58:48 devstack cinder-volume[86800]: DEBUG oslo_concurrency.processutils [None req-297ad770-2013-4ee5-92fa-16919bad3836 tempest-GroupSnapshotsTest-1107255526 None] CMD "sudo cinder-rootwrap /etc/cinder/rootwrap.conf chmod ugo+rw /opt/stack/data/cinder/mnt/fb589b28bd46f70e5f1b2b4ebf3eda27/volume-05d2ba29-d7ab-4f1c-bc9a-e936d88bb5ff.cf03413c-5215-41d6-bdf4-f4c9d68d1896" returned: 0 in 0.470s {{(pid=86800) execute /opt/stack/data/venv/lib/python3.12/site-packages/oslo_concurrency/processutils.py:468}}
Sep 02 19:58:48 devstack cinder-volume[86800]: DEBUG oslo_concurrency.processutils [None req-297ad770-2013-4ee5-92fa-16919bad3836 tempest-GroupSnapshotsTest-1107255526 None] Running cmd (subprocess): sudo cinder-rootwrap /etc/cinder/rootwrap.conf truncate -s0 /opt/stack/data/cinder/mnt/fb589b28bd46f70e5f1b2b4ebf3eda27/volume-05d2ba29-d7ab-4f1c-bc9a-e936d88bb5ff.info {{(pid=86800) execute /opt/stack/data/venv/lib/python3.12/site-packages/oslo_concurrency/processutils.py:440}}
Sep 02 19:58:48 devstack sudo[95554]: quobyte : PWD=/ ; USER=root ; COMMAND=/opt/stack/data/venv/bin/cinder-rootwrap /etc/cinder/rootwrap.conf truncate -s0 /opt/stack/data/cinder/mnt/fb589b28bd46f70e5f1b2b4ebf3eda27/volume-05d2ba29-d7ab-4f1c-bc9a-e936d88bb5ff.info
Sep 02 19:58:48 devstack sudo[95554]: pam_unix(sudo:session): session opened for user root(uid=0) by (uid=1000)
Sep 02 19:58:48 devstack sudo[95554]: pam_unix(sudo:session): session closed for user root
Sep 02 19:58:48 devstack cinder-volume[86800]: DEBUG oslo_concurrency.processutils [None req-297ad770-2013-4ee5-92fa-16919bad3836 tempest-GroupSnapshotsTest-1107255526 None] CMD "sudo cinder-rootwrap /etc/cinder/rootwrap.conf truncate -s0 /opt/stack/data/cinder/mnt/fb589b28bd46f70e5f1b2b4ebf3eda27/volume-05d2ba29-d7ab-4f1c-bc9a-e936d88bb5ff.info" returned: 0 in 0.350s {{(pid=86800) execute /opt/stack/data/venv/lib/python3.12/site-packages/oslo_concurrency/processutils.py:468}}
Sep 02 19:58:48 devstack cinder-volume[86800]: WARNING cinder.volume.drivers.remotefs [None req-297ad770-2013-4ee5-92fa-16919bad3836 tempest-GroupSnapshotsTest-1107255526 None] /opt/stack/data/cinder/mnt/fb589b28bd46f70e5f1b2b4ebf3eda27/volume-05d2ba29-d7ab-4f1c-bc9a-e936d88bb5ff.info is being set with open permissions: ugo+rw: NotImplementedError
Sep 02 19:58:48 devstack cinder-volume[86800]: DEBUG oslo_concurrency.processutils [None req-297ad770-2013-4ee5-92fa-16919bad3836 tempest-GroupSnapshotsTest-1107255526 None] Running cmd (subprocess): sudo cinder-rootwrap /etc/cinder/rootwrap.conf chmod ugo+rw /opt/stack/data/cinder/mnt/fb589b28bd46f70e5f1b2b4ebf3eda27/volume-05d2ba29-d7ab-4f1c-bc9a-e936d88bb5ff.info {{(pid=86800) execute /opt/stack/data/venv/lib/python3.12/site-packages/oslo_concurrency/processutils.py:440}}
Sep 02 19:58:48 devstack sudo[95557]: quobyte : PWD=/ ; USER=root ; COMMAND=/opt/stack/data/venv/bin/cinder-rootwrap /etc/cinder/rootwrap.conf chmod ugo+rw /opt/stack/data/cinder/mnt/fb589b28bd46f70e5f1b2b4ebf3eda27/volume-05d2ba29-d7ab-4f1c-bc9a-e936d88bb5ff.info
Sep 02 19:58:48 devstack sudo[95557]: pam_unix(sudo:session): session opened for user root(uid=0) by (uid=1000)
Sep 02 19:58:49 devstack sudo[95557]: pam_unix(sudo:session): session closed for user root
Sep 02 19:58:49 devstack cinder-volume[86800]: DEBUG oslo_concurrency.processutils [None req-297ad770-2013-4ee5-92fa-16919bad3836 tempest-GroupSnapshotsTest-1107255526 None] CMD "sudo cinder-rootwrap /etc/cinder/rootwrap.conf chmod ugo+rw /opt/stack/data/cinder/mnt/fb589b28bd46f70e5f1b2b4ebf3eda27/volume-05d2ba29-d7ab-4f1c-bc9a-e936d88bb5ff.info" returned: 0 in 0.346s {{(pid=86800) execute /opt/stack/data/venv/lib/python3.12/site-packages/oslo_concurrency/processutils.py:468}}
Sep 02 19:58:49 devstack cinder-volume[86800]: DEBUG oslo_concurrency.lockutils [None req-297ad770-2013-4ee5-92fa-16919bad3836 tempest-GroupSnapshotsTest-1107255526 None] Lock "quobyte" "released" by "cinder.volume.drivers.quobyte.QuobyteDriver.create_snapshot" :: held 2.938s {{(pid=86800) inner /opt/stack/data/venv/lib/python3.12/site-packages/oslo_concurrency/lockutils.py:544}}
Sep 02 19:58:49 devstack cinder-volume[86800]: INFO cinder.volume.manager [None req-297ad770-2013-4ee5-92fa-16919bad3836 tempest-GroupSnapshotsTest-1107255526 None] group_snapshot e62fac40-2d09-49c5-9795-b8416375ef8a: created successfully
Sep 02 19:58:49 devstack cinder-volume[86800]: INFO cinder.volume.manager [None req-732744a6-f736-4aa0-b200-2c0e90e519d7 tempest-GroupSnapshotsTest-1107255526 None] group_snapshot e62fac40-2d09-49c5-9795-b8416375ef8a: deleting
Sep 02 19:58:49 devstack cinder-volume[86800]: DEBUG cinder.volume.manager [None req-732744a6-f736-4aa0-b200-2c0e90e519d7 tempest-GroupSnapshotsTest-1107255526 None] group_snapshot e62fac40-2d09-49c5-9795-b8416375ef8a: deleting {{(pid=86800) delete_group_snapshot /opt/stack/cinder/cinder/volume/manager.py:4364}}
Sep 02 19:58:49 devstack cinder-volume[86800]: DEBUG cinder.coordination [None req-732744a6-f736-4aa0-b200-2c0e90e519d7 tempest-GroupSnapshotsTest-1107255526 None] Acquiring lock "cinder-quobyte-72297284-1c85-4e2d-9fb3-027d132740f4" by "delete_snapshot" {{(pid=86800) __acquire /opt/stack/cinder/cinder/coordination.py:138}}
Sep 02 19:58:49 devstack cinder-volume[86800]: DEBUG cinder.coordination [None req-732744a6-f736-4aa0-b200-2c0e90e519d7 tempest-GroupSnapshotsTest-1107255526 None] Lock "cinder-quobyte-72297284-1c85-4e2d-9fb3-027d132740f4" acquired by "delete_snapshot" :: waited 0.027s {{(pid=86800) __acquire /opt/stack/cinder/cinder/coordination.py:141}}
Sep 02 19:58:49 devstack cinder-volume[86800]: DEBUG cinder.coordination [None req-732744a6-f736-4aa0-b200-2c0e90e519d7 tempest-GroupSnapshotsTest-1107255526 None] Acquiring lock "cinder-quobyte-cbb0fe18-2ca9-4909-9004-4e0a717d4d25" by "_delete_snapshot" {{(pid=86800) __acquire /opt/stack/cinder/cinder/coordination.py:138}}
Sep 02 19:58:49 devstack cinder-volume[86800]: DEBUG cinder.coordination [None req-732744a6-f736-4aa0-b200-2c0e90e519d7 tempest-GroupSnapshotsTest-1107255526 None] Lock "cinder-quobyte-cbb0fe18-2ca9-4909-9004-4e0a717d4d25" acquired by "_delete_snapshot" :: waited 0.038s {{(pid=86800) __acquire /opt/stack/cinder/cinder/coordination.py:141}}
Sep 02 19:58:49 devstack cinder-volume[86800]: DEBUG cinder.volume.drivers.remotefs [None req-732744a6-f736-4aa0-b200-2c0e90e519d7 tempest-GroupSnapshotsTest-1107255526 None] Deleting offline snapshot cbb0fe18-2ca9-4909-9004-4e0a717d4d25 of volume 72297284-1c85-4e2d-9fb3-027d132740f4 {{(pid=86800) _delete_snapshot /opt/stack/cinder/cinder/volume/drivers/remotefs.py:1288}}
Sep 02 19:58:49 devstack cinder-volume[86800]: DEBUG cinder.volume.drivers.remotefs [None req-732744a6-f736-4aa0-b200-2c0e90e519d7 tempest-GroupSnapshotsTest-1107255526 None] snapshot_file for this snap is: volume-72297284-1c85-4e2d-9fb3-027d132740f4.cbb0fe18-2ca9-4909-9004-4e0a717d4d25 {{(pid=86800) _delete_snapshot /opt/stack/cinder/cinder/volume/drivers/remotefs.py:1317}}
Sep 02 19:58:49 devstack cinder-volume[86800]: DEBUG oslo.privsep.daemon [-] privsep: reply[87124578-dc6d-4e6d-9588-3207c99b431c]: (4, 'qcow2') {{(pid=88480) _call_back /opt/stack/data/venv/lib/python3.12/site-packages/oslo_privsep/daemon.py:580}}
Sep 02 19:58:49 devstack cinder-volume[86800]: DEBUG oslo_concurrency.processutils [None req-732744a6-f736-4aa0-b200-2c0e90e519d7 tempest-GroupSnapshotsTest-1107255526 None] Running cmd (subprocess): /opt/stack/data/venv/bin/python3.12 -m oslo_concurrency.prlimit --as=1073741824 --cpu=60 -- sudo cinder-rootwrap /etc/cinder/rootwrap.conf env LC_ALL=C qemu-img info -f qcow2 --output=json --force-share /opt/stack/data/cinder/mnt/fb589b28bd46f70e5f1b2b4ebf3eda27/volume-72297284-1c85-4e2d-9fb3-027d132740f4.cbb0fe18-2ca9-4909-9004-4e0a717d4d25 {{(pid=86800) execute /opt/stack/data/venv/lib/python3.12/site-packages/oslo_concurrency/processutils.py:440}}
Sep 02 19:58:50 devstack sudo[95560]: quobyte : PWD=/ ; USER=root ; COMMAND=/opt/stack/data/venv/bin/cinder-rootwrap /etc/cinder/rootwrap.conf env LC_ALL=C qemu-img info -f qcow2 --output=json --force-share /opt/stack/data/cinder/mnt/fb589b28bd46f70e5f1b2b4ebf3eda27/volume-72297284-1c85-4e2d-9fb3-027d132740f4.cbb0fe18-2ca9-4909-9004-4e0a717d4d25
Sep 02 19:58:50 devstack sudo[95560]: pam_unix(sudo:session): session opened for user root(uid=0) by (uid=1000)
Sep 02 19:58:50 devstack sudo[95560]: pam_unix(sudo:session): session closed for user root
Sep 02 19:58:50 devstack cinder-volume[86800]: DEBUG oslo_concurrency.processutils [None req-732744a6-f736-4aa0-b200-2c0e90e519d7 tempest-GroupSnapshotsTest-1107255526 None] CMD "/opt/stack/data/venv/bin/python3.12 -m oslo_concurrency.prlimit --as=1073741824 --cpu=60 -- sudo cinder-rootwrap /etc/cinder/rootwrap.conf env LC_ALL=C qemu-img info -f qcow2 --output=json --force-share /opt/stack/data/cinder/mnt/fb589b28bd46f70e5f1b2b4ebf3eda27/volume-72297284-1c85-4e2d-9fb3-027d132740f4.cbb0fe18-2ca9-4909-9004-4e0a717d4d25" returned: 0 in 0.731s {{(pid=86800) execute /opt/stack/data/venv/lib/python3.12/site-packages/oslo_concurrency/processutils.py:468}}
Sep 02 19:58:50 devstack cinder-volume[86800]: DEBUG cinder.volume.drivers.remotefs [None req-732744a6-f736-4aa0-b200-2c0e90e519d7 tempest-GroupSnapshotsTest-1107255526 None] Fetching qemu-img info with special backing_file_template: (/opt/stack/data/cinder/mnt/[0-9a-f]+/)?(volume-72297284-1c85-4e2d-9fb3-027d132740f4(.(tmp-snap-)?[0-9a-f-]+)?|volume_from_snapshot_cache/(tmp-snap-)?[0-9a-f-]+(.(child-|parent-)[0-9a-f-]+)?)$ {{(pid=86800) _qemu_img_info_base /opt/stack/cinder/cinder/volume/drivers/remotefs.py:896}}
Sep 02 19:58:50 devstack cinder-volume[86800]: DEBUG oslo.privsep.daemon [-] privsep: reply[f0763294-71e8-4b3b-9a68-632f7b76dbe4]: (4, 'qcow2') {{(pid=88480) _call_back /opt/stack/data/venv/lib/python3.12/site-packages/oslo_privsep/daemon.py:580}}
