Apr 13 17:44:30 devstack cinder-volume[82736]: DEBUG cinder.volume.manager [None req-1bcaaa0f-a1cc-4efc-8744-6005806323aa tempest-GroupsV314Test-84703437 None] Flow 'volume_create_manager' (08afc962-3d50-49a6-8d5b-4c06cf714f75) transitioned into state 'SUCCESS' from state 'RUNNING' {{(pid=82736) _flow_receiver /opt/stack/data/venv/lib/python3.10/site-packages/taskflow/listeners/logging.py:145}}
Apr 13 17:44:30 devstack cinder-volume[82736]: INFO cinder.volume.manager [None req-1bcaaa0f-a1cc-4efc-8744-6005806323aa tempest-GroupsV314Test-84703437 None] Created volume successfully.
Apr 13 17:44:31 devstack cinder-volume[82736]: DEBUG oslo_concurrency.lockutils [None req-ddf77462-a422-4738-86f0-ed22b41c204d tempest-GroupsV314Test-84703437 None] Acquiring lock "quobyte" by "cinder.volume.drivers.quobyte.QuobyteDriver.create_cloned_volume" {{(pid=82736) inner /opt/stack/data/venv/lib/python3.10/site-packages/oslo_concurrency/lockutils.py:506}}
Apr 13 17:44:31 devstack cinder-volume[82736]: DEBUG oslo_concurrency.lockutils [None req-ddf77462-a422-4738-86f0-ed22b41c204d tempest-GroupsV314Test-84703437 None] Lock "quobyte" acquired by "cinder.volume.drivers.quobyte.QuobyteDriver.create_cloned_volume" :: waited 0.002s {{(pid=82736) inner /opt/stack/data/venv/lib/python3.10/site-packages/oslo_concurrency/lockutils.py:519}}
Apr 13 17:44:31 devstack cinder-volume[82736]: INFO cinder.volume.drivers.remotefs [None req-ddf77462-a422-4738-86f0-ed22b41c204d tempest-GroupsV314Test-84703437 None] Cloning volume 75675687-c373-4b72-ada7-a3221558c658 to volume 980b0b61-a40e-4c7f-bf57-a2a3bb6b9a59
Apr 13 17:44:31 devstack cinder-volume[82736]: DEBUG cinder.volume.drivers.remotefs [None req-ddf77462-a422-4738-86f0-ed22b41c204d tempest-GroupsV314Test-84703437 None] Creating offline snapshot 1848bd1c-c0f8-43fc-8f59-58aa62a67003 of volume 75675687-c373-4b72-ada7-a3221558c658 {{(pid=82736) _create_snapshot /opt/stack/cinder/cinder/volume/drivers/remotefs.py:1815}}
Apr 13 17:44:31 devstack cinder-volume[82736]: DEBUG oslo.privsep.daemon [-] privsep: reply[a3a23f03-88b4-48a7-8f23-bfa61b5ab0c8]: (4, 'qcow2') {{(pid=84160) _call_back /opt/stack/data/venv/lib/python3.10/site-packages/oslo_privsep/daemon.py:573}}
Apr 13 17:44:31 devstack cinder-volume[82736]: DEBUG oslo_concurrency.processutils [None req-ddf77462-a422-4738-86f0-ed22b41c204d tempest-GroupsV314Test-84703437 None] Running cmd (subprocess): /opt/stack/data/venv/bin/python3.10 -m oslo_concurrency.prlimit --as=1073741824 --cpu=60 -- sudo cinder-rootwrap /etc/cinder/rootwrap.conf env LC_ALL=C qemu-img info -f qcow2 --output=json --force-share /opt/stack/data/cinder/mnt/3e61a86634c3b7514c260b55f851b830/volume-75675687-c373-4b72-ada7-a3221558c658 {{(pid=82736) execute /opt/stack/data/venv/lib/python3.10/site-packages/oslo_concurrency/processutils.py:440}}
Apr 13 17:44:32 devstack sudo[85624]: quobyte : PWD=/ ; USER=root ; COMMAND=/opt/stack/data/venv/bin/cinder-rootwrap /etc/cinder/rootwrap.conf env LC_ALL=C qemu-img info -f qcow2 --output=json --force-share /opt/stack/data/cinder/mnt/3e61a86634c3b7514c260b55f851b830/volume-75675687-c373-4b72-ada7-a3221558c658
Apr 13 17:44:32 devstack sudo[85624]: pam_unix(sudo:session): session opened for user root(uid=0) by (uid=1000)
Apr 13 17:44:33 devstack sudo[85624]: pam_unix(sudo:session): session closed for user root
Apr 13 17:44:33 devstack cinder-volume[82736]: DEBUG oslo_concurrency.processutils [None req-ddf77462-a422-4738-86f0-ed22b41c204d tempest-GroupsV314Test-84703437 None] CMD "/opt/stack/data/venv/bin/python3.10 -m oslo_concurrency.prlimit --as=1073741824 --cpu=60 -- sudo cinder-rootwrap /etc/cinder/rootwrap.conf env LC_ALL=C qemu-img info -f qcow2 --output=json --force-share /opt/stack/data/cinder/mnt/3e61a86634c3b7514c260b55f851b830/volume-75675687-c373-4b72-ada7-a3221558c658" returned: 0 in 1.026s {{(pid=82736) execute /opt/stack/data/venv/lib/python3.10/site-packages/oslo_concurrency/processutils.py:468}}
Apr 13 17:44:33 devstack cinder-volume[82736]: DEBUG oslo_concurrency.processutils [None req-ddf77462-a422-4738-86f0-ed22b41c204d tempest-GroupsV314Test-84703437 None] Running cmd (subprocess): sudo cinder-rootwrap /etc/cinder/rootwrap.conf qemu-img create -f qcow2 -o backing_file=/opt/stack/data/cinder/mnt/3e61a86634c3b7514c260b55f851b830/volume-75675687-c373-4b72-ada7-a3221558c658,backing_fmt=qcow2 /opt/stack/data/cinder/mnt/3e61a86634c3b7514c260b55f851b830/volume-75675687-c373-4b72-ada7-a3221558c658.1848bd1c-c0f8-43fc-8f59-58aa62a67003 1G {{(pid=82736) execute /opt/stack/data/venv/lib/python3.10/site-packages/oslo_concurrency/processutils.py:440}}
Apr 13 17:44:33 devstack sudo[85632]: quobyte : PWD=/ ; USER=root ; COMMAND=/opt/stack/data/venv/bin/cinder-rootwrap /etc/cinder/rootwrap.conf qemu-img create -f qcow2 -o backing_file=/opt/stack/data/cinder/mnt/3e61a86634c3b7514c260b55f851b830/volume-75675687-c373-4b72-ada7-a3221558c658,backing_fmt=qcow2 /opt/stack/data/cinder/mnt/3e61a86634c3b7514c260b55f851b830/volume-75675687-c373-4b72-ada7-a3221558c658.1848bd1c-c0f8-43fc-8f59-58aa62a67003 1G
Apr 13 17:44:33 devstack sudo[85632]: pam_unix(sudo:session): session opened for user root(uid=0) by (uid=1000)
Apr 13 17:44:33 devstack sudo[85632]: pam_unix(sudo:session): session closed for user root
Apr 13 17:44:33 devstack cinder-volume[82736]: DEBUG oslo_concurrency.processutils [None req-ddf77462-a422-4738-86f0-ed22b41c204d tempest-GroupsV314Test-84703437 None] CMD "sudo cinder-rootwrap /etc/cinder/rootwrap.conf qemu-img create -f qcow2 -o backing_file=/opt/stack/data/cinder/mnt/3e61a86634c3b7514c260b55f851b830/volume-75675687-c373-4b72-ada7-a3221558c658,backing_fmt=qcow2 /opt/stack/data/cinder/mnt/3e61a86634c3b7514c260b55f851b830/volume-75675687-c373-4b72-ada7-a3221558c658.1848bd1c-c0f8-43fc-8f59-58aa62a67003 1G" returned: 0 in 0.872s {{(pid=82736) execute /opt/stack/data/venv/lib/python3.10/site-packages/oslo_concurrency/processutils.py:468}}
Apr 13 17:44:33 devstack cinder-volume[82736]: DEBUG oslo_concurrency.processutils [None req-ddf77462-a422-4738-86f0-ed22b41c204d tempest-GroupsV314Test-84703437 None] Running cmd (subprocess): sudo cinder-rootwrap /etc/cinder/rootwrap.conf qemu-img rebase -u -b volume-75675687-c373-4b72-ada7-a3221558c658 -F qcow2 /opt/stack/data/cinder/mnt/3e61a86634c3b7514c260b55f851b830/volume-75675687-c373-4b72-ada7-a3221558c658.1848bd1c-c0f8-43fc-8f59-58aa62a67003 {{(pid=82736) execute /opt/stack/data/venv/lib/python3.10/site-packages/oslo_concurrency/processutils.py:440}}
Apr 13 17:44:33 devstack sudo[85637]: quobyte : PWD=/ ; USER=root ; COMMAND=/opt/stack/data/venv/bin/cinder-rootwrap /etc/cinder/rootwrap.conf qemu-img rebase -u -b volume-75675687-c373-4b72-ada7-a3221558c658 -F qcow2 /opt/stack/data/cinder/mnt/3e61a86634c3b7514c260b55f851b830/volume-75675687-c373-4b72-ada7-a3221558c658.1848bd1c-c0f8-43fc-8f59-58aa62a67003
Apr 13 17:44:33 devstack sudo[85637]: pam_unix(sudo:session): session opened for user root(uid=0) by (uid=1000)
Apr 13 17:44:34 devstack sudo[85637]: pam_unix(sudo:session): session closed for user root
Apr 13 17:44:34 devstack cinder-volume[82736]: DEBUG oslo_concurrency.processutils [None req-ddf77462-a422-4738-86f0-ed22b41c204d tempest-GroupsV314Test-84703437 None] CMD "sudo cinder-rootwrap /etc/cinder/rootwrap.conf qemu-img rebase -u -b volume-75675687-c373-4b72-ada7-a3221558c658 -F qcow2 /opt/stack/data/cinder/mnt/3e61a86634c3b7514c260b55f851b830/volume-75675687-c373-4b72-ada7-a3221558c658.1848bd1c-c0f8-43fc-8f59-58aa62a67003" returned: 0 in 0.615s {{(pid=82736) execute /opt/stack/data/venv/lib/python3.10/site-packages/oslo_concurrency/processutils.py:468}}
Apr 13 17:44:34 devstack cinder-volume[82736]: WARNING cinder.volume.drivers.remotefs [None req-ddf77462-a422-4738-86f0-ed22b41c204d tempest-GroupsV314Test-84703437 None] /opt/stack/data/cinder/mnt/3e61a86634c3b7514c260b55f851b830/volume-75675687-c373-4b72-ada7-a3221558c658.1848bd1c-c0f8-43fc-8f59-58aa62a67003 is being set with open permissions: ugo+rw: NotImplementedError
Apr 13 17:44:34 devstack cinder-volume[82736]: DEBUG oslo_concurrency.processutils [None req-ddf77462-a422-4738-86f0-ed22b41c204d tempest-GroupsV314Test-84703437 None] Running cmd (subprocess): sudo cinder-rootwrap /etc/cinder/rootwrap.conf chmod ugo+rw /opt/stack/data/cinder/mnt/3e61a86634c3b7514c260b55f851b830/volume-75675687-c373-4b72-ada7-a3221558c658.1848bd1c-c0f8-43fc-8f59-58aa62a67003 {{(pid=82736) execute /opt/stack/data/venv/lib/python3.10/site-packages/oslo_concurrency/processutils.py:440}}
Apr 13 17:44:34 devstack sudo[85642]: quobyte : PWD=/ ; USER=root ; COMMAND=/opt/stack/data/venv/bin/cinder-rootwrap /etc/cinder/rootwrap.conf chmod ugo+rw /opt/stack/data/cinder/mnt/3e61a86634c3b7514c260b55f851b830/volume-75675687-c373-4b72-ada7-a3221558c658.1848bd1c-c0f8-43fc-8f59-58aa62a67003
Apr 13 17:44:34 devstack sudo[85642]: pam_unix(sudo:session): session opened for user root(uid=0) by (uid=1000)
Apr 13 17:44:35 devstack sudo[85642]: pam_unix(sudo:session): session closed for user root
Apr 13 17:44:35 devstack cinder-volume[82736]: DEBUG oslo_concurrency.processutils [None req-ddf77462-a422-4738-86f0-ed22b41c204d tempest-GroupsV314Test-84703437 None] CMD "sudo cinder-rootwrap /etc/cinder/rootwrap.conf chmod ugo+rw /opt/stack/data/cinder/mnt/3e61a86634c3b7514c260b55f851b830/volume-75675687-c373-4b72-ada7-a3221558c658.1848bd1c-c0f8-43fc-8f59-58aa62a67003" returned: 0 in 0.935s {{(pid=82736) execute /opt/stack/data/venv/lib/python3.10/site-packages/oslo_concurrency/processutils.py:468}}
Apr 13 17:44:35 devstack cinder-volume[82736]: DEBUG dbcounter [-] [82736] Writing DB stats cinder:UPDATE=155,cinder:SELECT=131,cinder:DELETE=12,cinder:INSERT=46 {{(pid=82736) stat_writer /opt/stack/data/venv/lib/python3.10/site-packages/dbcounter.py:115}}
Apr 13 17:44:35 devstack cinder-volume[82736]: DEBUG oslo_concurrency.processutils [None req-ddf77462-a422-4738-86f0-ed22b41c204d tempest-GroupsV314Test-84703437 None] Running cmd (subprocess): sudo cinder-rootwrap /etc/cinder/rootwrap.conf truncate -s0 /opt/stack/data/cinder/mnt/3e61a86634c3b7514c260b55f851b830/volume-75675687-c373-4b72-ada7-a3221558c658.info {{(pid=82736) execute /opt/stack/data/venv/lib/python3.10/site-packages/oslo_concurrency/processutils.py:440}}
Apr 13 17:44:35 devstack sudo[85701]: quobyte : PWD=/ ; USER=root ; COMMAND=/opt/stack/data/venv/bin/cinder-rootwrap /etc/cinder/rootwrap.conf truncate -s0 /opt/stack/data/cinder/mnt/3e61a86634c3b7514c260b55f851b830/volume-75675687-c373-4b72-ada7-a3221558c658.info
Apr 13 17:44:35 devstack sudo[85701]: pam_unix(sudo:session): session opened for user root(uid=0) by (uid=1000)
Apr 13 17:44:35 devstack cinder-volume[82736]: DEBUG cinder.volume.flows.manager.create_volume [None req-594b71b0-eced-4f6d-a44c-bd47238c8265 tempest-DeleteServersTestJSON-296117833 None] Volume reschedule parameters: True retry: {'num_attempts': 1, 'backends': ['devstack@QuobyteHD#QuobyteHD'], 'hosts': ['devstack@QuobyteHD#QuobyteHD']} {{(pid=82736) get_flow /opt/stack/cinder/cinder/volume/flows/manager/create_volume.py:1388}}
Apr 13 17:44:35 devstack cinder-volume[82736]: DEBUG cinder.volume.manager [None req-594b71b0-eced-4f6d-a44c-bd47238c8265 tempest-DeleteServersTestJSON-296117833 None] Flow 'volume_create_manager' (aa3cb760-94bc-4505-b501-9b0f6a35a731) transitioned into state 'RUNNING' from state 'PENDING' {{(pid=82736) _flow_receiver /opt/stack/data/venv/lib/python3.10/site-packages/taskflow/listeners/logging.py:145}}
Apr 13 17:44:35 devstack cinder-volume[82736]: DEBUG cinder.volume.manager [None req-594b71b0-eced-4f6d-a44c-bd47238c8265 tempest-DeleteServersTestJSON-296117833 None] Task 'cinder.volume.flows.manager.create_volume.ExtractVolumeRefTask;volume:create' (d7a2c7ad-4f28-4ae4-8154-95cf4b828b00) transitioned into state 'RUNNING' from state 'PENDING' {{(pid=82736) _task_receiver /opt/stack/data/venv/lib/python3.10/site-packages/taskflow/listeners/logging.py:194}}
Apr 13 17:44:35 devstack cinder-volume[82736]: DEBUG cinder.volume.manager [None req-594b71b0-eced-4f6d-a44c-bd47238c8265 tempest-DeleteServersTestJSON-296117833 None] Task 'cinder.volume.flows.manager.create_volume.ExtractVolumeRefTask;volume:create' (d7a2c7ad-4f28-4ae4-8154-95cf4b828b00) transitioned into state 'SUCCESS' from state 'RUNNING' with result 'Volume(_name_id=None,admin_metadata=,attach_status='detached',availability_zone='nova',bootable=False,cluster=,cluster_name=None,consistencygroup=,consistencygroup_id=None,created_at=2026-04-13T15:44:36Z,deleted=False,deleted_at=None,display_description=None,display_name='tempest-DeleteServersTestJSON-volume-1534436677',ec2_id=None,encryption_key_id=None,glance_metadata=,group=,group_id=None,host='devstack@QuobyteHD#QuobyteHD',id=771c367a-9323-45b9-a461-c01806b37fb0,launched_at=None,metadata={},migration_status=None,multiattach=False,previous_status=None,project_id='81db101f9f6e443abe423b9b9f7c029a',provider_auth=None,provider_geometry=None,provider_id=None,provider_location=None,replication_driver_data=None,replication_extended_status=None,replication_status=None,scheduled_at=2026-04-13T15:44:36Z,service_uuid=None,shared_targets=True,size=1,snapshot_id=None,snapshots=,source_volid=None,status='creating',terminated_at=None,updated_at=2026-04-13T15:44:36Z,use_quota=True,user_id='25f34581881e4c46bd21e35a6dbebbf7',volume_attachment=VolumeAttachmentList,volume_type=VolumeType(d1bf2174-bf87-4e55-bbdb-985ff01bfae2),volume_type_id=d1bf2174-bf87-4e55-bbdb-985ff01bfae2)' {{(pid=82736) _task_receiver /opt/stack/data/venv/lib/python3.10/site-packages/taskflow/listeners/logging.py:182}}
Apr 13 17:44:35 devstack cinder-volume[82736]: DEBUG cinder.volume.manager [None req-594b71b0-eced-4f6d-a44c-bd47238c8265 tempest-DeleteServersTestJSON-296117833 None] Task 'cinder.volume.flows.manager.create_volume.OnFailureRescheduleTask;volume:create' (ecf9167b-b96c-45b1-8c4e-18f797f19aff) transitioned into state 'RUNNING' from state 'PENDING' {{(pid=82736) _task_receiver /opt/stack/data/venv/lib/python3.10/site-packages/taskflow/listeners/logging.py:194}}
Apr 13 17:44:35 devstack cinder-volume[82736]: DEBUG cinder.volume.manager [None req-594b71b0-eced-4f6d-a44c-bd47238c8265 tempest-DeleteServersTestJSON-296117833 None] Task 'cinder.volume.flows.manager.create_volume.OnFailureRescheduleTask;volume:create' (ecf9167b-b96c-45b1-8c4e-18f797f19aff) transitioned into state 'SUCCESS' from state 'RUNNING' with result 'None' {{(pid=82736) _task_receiver /opt/stack/data/venv/lib/python3.10/site-packages/taskflow/listeners/logging.py:182}}
Apr 13 17:44:35 devstack cinder-volume[82736]: DEBUG cinder.volume.manager [None req-594b71b0-eced-4f6d-a44c-bd47238c8265 tempest-DeleteServersTestJSON-296117833 None] Task 'cinder.volume.flows.manager.create_volume.ExtractVolumeSpecTask;volume:create' (238bc498-e7ea-4a32-ad98-72ee07e5439c) transitioned into state 'RUNNING' from state 'PENDING' {{(pid=82736) _task_receiver /opt/stack/data/venv/lib/python3.10/site-packages/taskflow/listeners/logging.py:194}}
Apr 13 17:44:35 devstack cinder-volume[82736]: DEBUG cinder.volume.manager [None req-594b71b0-eced-4f6d-a44c-bd47238c8265 tempest-DeleteServersTestJSON-296117833 None] Task 'cinder.volume.flows.manager.create_volume.ExtractVolumeSpecTask;volume:create' (238bc498-e7ea-4a32-ad98-72ee07e5439c) transitioned into state 'SUCCESS' from state 'RUNNING' with result '{'status': 'creating', 'type': 'raw', 'volume_id': '771c367a-9323-45b9-a461-c01806b37fb0', 'volume_name': 'volume-771c367a-9323-45b9-a461-c01806b37fb0', 'volume_size': 1}' {{(pid=82736) _task_receiver /opt/stack/data/venv/lib/python3.10/site-packages/taskflow/listeners/logging.py:182}}
Apr 13 17:44:35 devstack cinder-volume[82736]: DEBUG cinder.volume.manager [None req-594b71b0-eced-4f6d-a44c-bd47238c8265 tempest-DeleteServersTestJSON-296117833 None] Task 'cinder.volume.flows.manager.create_volume.NotifyVolumeActionTask;volume:create, create.start' (2bc885b4-f4cd-4d5c-bf3c-7dd1ec00313a) transitioned into state 'RUNNING' from state 'PENDING' {{(pid=82736) _task_receiver /opt/stack/data/venv/lib/python3.10/site-packages/taskflow/listeners/logging.py:194}}
Apr 13 17:44:35 devstack cinder-volume[82736]: DEBUG cinder.volume.manager [None req-594b71b0-eced-4f6d-a44c-bd47238c8265 tempest-DeleteServersTestJSON-296117833 None] Task 'cinder.volume.flows.manager.create_volume.NotifyVolumeActionTask;volume:create, create.start' (2bc885b4-f4cd-4d5c-bf3c-7dd1ec00313a) transitioned into state 'SUCCESS' from state 'RUNNING' with result 'None' {{(pid=82736) _task_receiver /opt/stack/data/venv/lib/python3.10/site-packages/taskflow/listeners/logging.py:182}}
Apr 13 17:44:35 devstack cinder-volume[82736]: DEBUG cinder.volume.manager [None req-594b71b0-eced-4f6d-a44c-bd47238c8265 tempest-DeleteServersTestJSON-296117833 None] Task 'cinder.volume.flows.manager.create_volume.CreateVolumeFromSpecTask;volume:create' (d22e095e-2c30-491f-967b-27f1a41b75cd) transitioned into state 'RUNNING' from state 'PENDING' {{(pid=82736) _task_receiver /opt/stack/data/venv/lib/python3.10/site-packages/taskflow/listeners/logging.py:194}}
Apr 13 17:44:35 devstack cinder-volume[82736]: INFO cinder.volume.flows.manager.create_volume [None req-594b71b0-eced-4f6d-a44c-bd47238c8265 tempest-DeleteServersTestJSON-296117833 None] Volume 771c367a-9323-45b9-a461-c01806b37fb0: being created as raw with specification: {'status': 'creating', 'volume_name': 'volume-771c367a-9323-45b9-a461-c01806b37fb0', 'volume_size': 1}
Apr 13 17:44:35 devstack cinder-volume[82736]: DEBUG oslo_concurrency.lockutils [None req-594b71b0-eced-4f6d-a44c-bd47238c8265 tempest-DeleteServersTestJSON-296117833 None] Acquiring lock "quobyte" by "cinder.volume.drivers.quobyte.QuobyteDriver.create_volume" {{(pid=82736) inner /opt/stack/data/venv/lib/python3.10/site-packages/oslo_concurrency/lockutils.py:506}}
Apr 13 17:44:36 devstack sudo[85701]: pam_unix(sudo:session): session closed for user root
Apr 13 17:44:36 devstack cinder-volume[82736]: DEBUG oslo_concurrency.processutils [None req-ddf77462-a422-4738-86f0-ed22b41c204d tempest-GroupsV314Test-84703437 None] CMD "sudo cinder-rootwrap /etc/cinder/rootwrap.conf truncate -s0 /opt/stack/data/cinder/mnt/3e61a86634c3b7514c260b55f851b830/volume-75675687-c373-4b72-ada7-a3221558c658.info" returned: 0 in 0.612s {{(pid=82736) execute /opt/stack/data/venv/lib/python3.10/site-packages/oslo_concurrency/processutils.py:468}}
Apr 13 17:44:36 devstack cinder-volume[82736]: WARNING cinder.volume.drivers.remotefs [None req-ddf77462-a422-4738-86f0-ed22b41c204d tempest-GroupsV314Test-84703437 None] /opt/stack/data/cinder/mnt/3e61a86634c3b7514c260b55f851b830/volume-75675687-c373-4b72-ada7-a3221558c658.info is being set with open permissions: ugo+rw: NotImplementedError
Apr 13 17:44:36 devstack cinder-volume[82736]: DEBUG oslo_concurrency.processutils [None req-ddf77462-a422-4738-86f0-ed22b41c204d tempest-GroupsV314Test-84703437 None] Running cmd (subprocess): sudo cinder-rootwrap /etc/cinder/rootwrap.conf chmod ugo+rw /opt/stack/data/cinder/mnt/3e61a86634c3b7514c260b55f851b830/volume-75675687-c373-4b72-ada7-a3221558c658.info {{(pid=82736) execute /opt/stack/data/venv/lib/python3.10/site-packages/oslo_concurrency/processutils.py:440}}
Apr 13 17:44:36 devstack sudo[85706]: quobyte : PWD=/ ; USER=root ; COMMAND=/opt/stack/data/venv/bin/cinder-rootwrap /etc/cinder/rootwrap.conf chmod ugo+rw /opt/stack/data/cinder/mnt/3e61a86634c3b7514c260b55f851b830/volume-75675687-c373-4b72-ada7-a3221558c658.info
Apr 13 17:44:36 devstack sudo[85706]: pam_unix(sudo:session): session opened for user root(uid=0) by (uid=1000)
Apr 13 17:44:36 devstack sudo[85706]: pam_unix(sudo:session): session closed for user root
Apr 13 17:44:36 devstack cinder-volume[82736]: DEBUG oslo_concurrency.processutils [None req-ddf77462-a422-4738-86f0-ed22b41c204d tempest-GroupsV314Test-84703437 None] CMD "sudo cinder-rootwrap /etc/cinder/rootwrap.conf chmod ugo+rw /opt/stack/data/cinder/mnt/3e61a86634c3b7514c260b55f851b830/volume-75675687-c373-4b72-ada7-a3221558c658.info" returned: 0 in 0.562s {{(pid=82736) execute /opt/stack/data/venv/lib/python3.10/site-packages/oslo_concurrency/processutils.py:468}}
Apr 13 17:44:36 devstack cinder-volume[82736]: DEBUG cinder.coordination [None req-ddf77462-a422-4738-86f0-ed22b41c204d tempest-GroupsV314Test-84703437 None] Acquiring lock "cinder-quobyte-980b0b61-a40e-4c7f-bf57-a2a3bb6b9a59" by "_copy_volume_from_snapshot" {{(pid=82736) __acquire /opt/stack/cinder/cinder/coordination.py:138}}
Apr 13 17:44:36 devstack cinder-volume[82736]: DEBUG cinder.coordination [None req-ddf77462-a422-4738-86f0-ed22b41c204d tempest-GroupsV314Test-84703437 None] Lock "cinder-quobyte-980b0b61-a40e-4c7f-bf57-a2a3bb6b9a59" acquired by "_copy_volume_from_snapshot" :: waited 0.012s {{(pid=82736) __acquire /opt/stack/cinder/cinder/coordination.py:141}}
Apr 13 17:44:36 devstack cinder-volume[82736]: DEBUG cinder.volume.drivers.quobyte [None req-ddf77462-a422-4738-86f0-ed22b41c204d tempest-GroupsV314Test-84703437 None] snapshot: 1848bd1c-c0f8-43fc-8f59-58aa62a67003, volume: 980b0b61-a40e-4c7f-bf57-a2a3bb6b9a59, {{(pid=82736) _copy_volume_from_snapshot /opt/stack/cinder/cinder/volume/drivers/quobyte.py:401}}
Apr 13 17:44:36 devstack cinder-volume[82736]: DEBUG oslo_concurrency.lockutils [None req-ddf77462-a422-4738-86f0-ed22b41c204d tempest-GroupsV314Test-84703437 None] Acquiring lock "quobyte_ensure" by "cinder.volume.drivers.quobyte.QuobyteDriver._ensure_shares_mounted" {{(pid=82736) inner /opt/stack/data/venv/lib/python3.10/site-packages/oslo_concurrency/lockutils.py:506}}
Apr 13 17:44:36 devstack cinder-volume[82736]: DEBUG oslo_concurrency.lockutils [None req-ddf77462-a422-4738-86f0-ed22b41c204d tempest-GroupsV314Test-84703437 None] Lock "quobyte_ensure" acquired by "cinder.volume.drivers.quobyte.QuobyteDriver._ensure_shares_mounted" :: waited 0.001s {{(pid=82736) inner /opt/stack/data/venv/lib/python3.10/site-packages/oslo_concurrency/lockutils.py:519}}
Apr 13 17:44:36 devstack cinder-volume[82736]: DEBUG cinder.volume.drivers.quobyte [None req-ddf77462-a422-4738-86f0-ed22b41c204d tempest-GroupsV314Test-84703437 None] Quobyte Volume URL set to: {'osci02.corp.quobyte.com/cinder-vol-fbb1a169-bb0d-4ad3-b05c-6ee644807dea': None} {{(pid=82736) _load_shares_config /opt/stack/cinder/cinder/volume/drivers/quobyte.py:617}}
Apr 13 17:44:36 devstack cinder-volume[82736]: DEBUG cinder.volume.drivers.quobyte [None req-ddf77462-a422-4738-86f0-ed22b41c204d tempest-GroupsV314Test-84703437 None] Available shares ['osci02.corp.quobyte.com/cinder-vol-fbb1a169-bb0d-4ad3-b05c-6ee644807dea'] {{(pid=82736) _ensure_shares_mounted /opt/stack/cinder/cinder/volume/drivers/quobyte.py:647}}
Apr 13 17:44:36 devstack cinder-volume[82736]: DEBUG oslo_concurrency.lockutils [None req-ddf77462-a422-4738-86f0-ed22b41c204d tempest-GroupsV314Test-84703437 None] Lock "quobyte_ensure" "released" by "cinder.volume.drivers.quobyte.QuobyteDriver._ensure_shares_mounted" :: held 0.004s {{(pid=82736) inner /opt/stack/data/venv/lib/python3.10/site-packages/oslo_concurrency/lockutils.py:538}}
Apr 13 17:44:36 devstack cinder-volume[82736]: DEBUG oslo.privsep.daemon [-] privsep: reply[200774e0-ecc9-40cf-9c4c-25e8d7827ef1]: (4, 'qcow2') {{(pid=84160) _call_back /opt/stack/data/venv/lib/python3.10/site-packages/oslo_privsep/daemon.py:573}}
Apr 13 17:44:36 devstack cinder-volume[82736]: DEBUG oslo_concurrency.processutils [None req-ddf77462-a422-4738-86f0-ed22b41c204d tempest-GroupsV314Test-84703437 None] Running cmd (subprocess): /opt/stack/data/venv/bin/python3.10 -m oslo_concurrency.prlimit --as=1073741824 --cpu=60 -- sudo cinder-rootwrap /etc/cinder/rootwrap.conf env LC_ALL=C qemu-img info -f qcow2 --output=json --force-share /opt/stack/data/cinder/mnt/3e61a86634c3b7514c260b55f851b830/volume-75675687-c373-4b72-ada7-a3221558c658.1848bd1c-c0f8-43fc-8f59-58aa62a67003 {{(pid=82736) execute /opt/stack/data/venv/lib/python3.10/site-packages/oslo_concurrency/processutils.py:440}}
Apr 13 17:44:36 devstack sudo[85709]: quobyte : PWD=/ ; USER=root ; COMMAND=/opt/stack/data/venv/bin/cinder-rootwrap /etc/cinder/rootwrap.conf env LC_ALL=C qemu-img info -f qcow2 --output=json --force-share /opt/stack/data/cinder/mnt/3e61a86634c3b7514c260b55f851b830/volume-75675687-c373-4b72-ada7-a3221558c658.1848bd1c-c0f8-43fc-8f59-58aa62a67003
Apr 13 17:44:36 devstack sudo[85709]: pam_unix(sudo:session): session opened for user root(uid=0) by (uid=1000)
Apr 13 17:44:37 devstack sudo[85709]: pam_unix(sudo:session): session closed for user root
Apr 13 17:44:37 devstack cinder-volume[82736]: DEBUG oslo_concurrency.processutils [None req-ddf77462-a422-4738-86f0-ed22b41c204d tempest-GroupsV314Test-84703437 None] CMD "/opt/stack/data/venv/bin/python3.10 -m oslo_concurrency.prlimit --as=1073741824 --cpu=60 -- sudo cinder-rootwrap /etc/cinder/rootwrap.conf env LC_ALL=C qemu-img info -f qcow2 --output=json --force-share /opt/stack/data/cinder/mnt/3e61a86634c3b7514c260b55f851b830/volume-75675687-c373-4b72-ada7-a3221558c658.1848bd1c-c0f8-43fc-8f59-58aa62a67003" returned: 0 in 0.678s {{(pid=82736) execute /opt/stack/data/venv/lib/python3.10/site-packages/oslo_concurrency/processutils.py:468}}
Apr 13 17:44:37 devstack cinder-volume[82736]: DEBUG cinder.volume.drivers.remotefs [None req-ddf77462-a422-4738-86f0-ed22b41c204d tempest-GroupsV314Test-84703437 None] Fetching qemu-img info with special backing_file_template: (/opt/stack/data/cinder/mnt/[0-9a-f]+/)?(volume-75675687-c373-4b72-ada7-a3221558c658(.(tmp-snap-)?[0-9a-f-]+)?|volume_from_snapshot_cache/(tmp-snap-)?[0-9a-f-]+(.(child-|parent-)[0-9a-f-]+)?)$ {{(pid=82736) _qemu_img_info_base /opt/stack/cinder/cinder/volume/drivers/remotefs.py:896}}
Apr 13 17:44:37 devstack cinder-volume[82736]: DEBUG cinder.volume.drivers.quobyte [None req-ddf77462-a422-4738-86f0-ed22b41c204d tempest-GroupsV314Test-84703437 None] will copy from snapshot at /opt/stack/data/cinder/mnt/3e61a86634c3b7514c260b55f851b830/volume-75675687-c373-4b72-ada7-a3221558c658 {{(pid=82736) _copy_volume_from_snapshot /opt/stack/cinder/cinder/volume/drivers/quobyte.py:420}}
Apr 13 17:44:37 devstack cinder-volume[82736]: DEBUG cinder.volume.drivers.quobyte [None req-ddf77462-a422-4738-86f0-ed22b41c204d tempest-GroupsV314Test-84703437 None] Creating direct copy from snapshot {{(pid=82736) _copy_volume_from_snapshot /opt/stack/cinder/cinder/volume/drivers/quobyte.py:428}}
Apr 13 17:44:37 devstack cinder-volume[82736]: DEBUG oslo.privsep.daemon [-] privsep: reply[30c60897-c5de-4670-a99a-bd20a330c016]: (4, 'qcow2') {{(pid=84160) _call_back /opt/stack/data/venv/lib/python3.10/site-packages/oslo_privsep/daemon.py:573}}
Apr 13 17:44:37 devstack cinder-volume[82736]: DEBUG oslo_concurrency.processutils [None req-ddf77462-a422-4738-86f0-ed22b41c204d tempest-GroupsV314Test-84703437 None] Running cmd (subprocess): /opt/stack/data/venv/bin/python3.10 -m oslo_concurrency.prlimit --as=1073741824 --cpu=60 -- sudo cinder-rootwrap /etc/cinder/rootwrap.conf env LC_ALL=C qemu-img info -f qcow2 --output=json /opt/stack/data/cinder/mnt/3e61a86634c3b7514c260b55f851b830/volume-75675687-c373-4b72-ada7-a3221558c658 {{(pid=82736) execute /opt/stack/data/venv/lib/python3.10/site-packages/oslo_concurrency/processutils.py:440}}
Apr 13 17:44:37 devstack sudo[85736]: quobyte : PWD=/ ; USER=root ; COMMAND=/opt/stack/data/venv/bin/cinder-rootwrap /etc/cinder/rootwrap.conf env LC_ALL=C qemu-img info -f qcow2 --output=json /opt/stack/data/cinder/mnt/3e61a86634c3b7514c260b55f851b830/volume-75675687-c373-4b72-ada7-a3221558c658
Apr 13 17:44:37 devstack sudo[85736]: pam_unix(sudo:session): session opened for user root(uid=0) by (uid=1000)
Apr 13 17:44:37 devstack sudo[85736]: pam_unix(sudo:session): session closed for user root
Apr 13 17:44:37 devstack cinder-volume[82736]: DEBUG oslo_concurrency.processutils [None req-ddf77462-a422-4738-86f0-ed22b41c204d tempest-GroupsV314Test-84703437 None] CMD "/opt/stack/data/venv/bin/python3.10 -m oslo_concurrency.prlimit --as=1073741824 --cpu=60 -- sudo cinder-rootwrap /etc/cinder/rootwrap.conf env LC_ALL=C qemu-img info -f qcow2 --output=json /opt/stack/data/cinder/mnt/3e61a86634c3b7514c260b55f851b830/volume-75675687-c373-4b72-ada7-a3221558c658" returned: 0 in 0.563s {{(pid=82736) execute /opt/stack/data/venv/lib/python3.10/site-packages/oslo_concurrency/processutils.py:468}}
Apr 13 17:44:38 devstack cinder-volume[82736]: DEBUG cinder.utils [None req-ddf77462-a422-4738-86f0-ed22b41c204d tempest-GroupsV314Test-84703437 None] Path /opt/stack/data/cinder/mnt/3e61a86634c3b7514c260b55f851b830/volume-980b0b61-a40e-4c7f-bf57-a2a3bb6b9a59 not found in is_blk_device check {{(pid=82736) is_blk_device /opt/stack/cinder/cinder/utils.py:602}}
Apr 13 17:44:38 devstack cinder-volume[82736]: DEBUG oslo_concurrency.processutils [None req-ddf77462-a422-4738-86f0-ed22b41c204d tempest-GroupsV314Test-84703437 None] Running cmd (subprocess): sudo cinder-rootwrap /etc/cinder/rootwrap.conf qemu-img convert -O qcow2 /opt/stack/data/cinder/mnt/3e61a86634c3b7514c260b55f851b830/volume-75675687-c373-4b72-ada7-a3221558c658 /opt/stack/data/cinder/mnt/3e61a86634c3b7514c260b55f851b830/volume-980b0b61-a40e-4c7f-bf57-a2a3bb6b9a59 {{(pid=82736) execute /opt/stack/data/venv/lib/python3.10/site-packages/oslo_concurrency/processutils.py:440}}
Apr 13 17:44:38 devstack sudo[85744]: quobyte : PWD=/ ; USER=root ; COMMAND=/opt/stack/data/venv/bin/cinder-rootwrap /etc/cinder/rootwrap.conf qemu-img convert -O qcow2 /opt/stack/data/cinder/mnt/3e61a86634c3b7514c260b55f851b830/volume-75675687-c373-4b72-ada7-a3221558c658 /opt/stack/data/cinder/mnt/3e61a86634c3b7514c260b55f851b830/volume-980b0b61-a40e-4c7f-bf57-a2a3bb6b9a59
Apr 13 17:44:38 devstack sudo[85744]: pam_unix(sudo:session): session opened for user root(uid=0) by (uid=1000)
Apr 13 17:44:41 devstack sudo[85744]: pam_unix(sudo:session): session closed for user root
Apr 13 17:44:41 devstack cinder-volume[82736]: DEBUG oslo_concurrency.processutils [None req-ddf77462-a422-4738-86f0-ed22b41c204d tempest-GroupsV314Test-84703437 None] CMD "sudo cinder-rootwrap /etc/cinder/rootwrap.conf qemu-img convert -O qcow2 /opt/stack/data/cinder/mnt/3e61a86634c3b7514c260b55f851b830/volume-75675687-c373-4b72-ada7-a3221558c658 /opt/stack/data/cinder/mnt/3e61a86634c3b7514c260b55f851b830/volume-980b0b61-a40e-4c7f-bf57-a2a3bb6b9a59" returned: 0 in 3.580s {{(pid=82736) execute /opt/stack/data/venv/lib/python3.10/site-packages/oslo_concurrency/processutils.py:468}}
Apr 13 17:44:41 devstack cinder-volume[82736]: DEBUG oslo.privsep.daemon [-] privsep: reply[f8a2c18b-e111-4add-a9c8-7f14dd0afff2]: (4, 'qcow2') {{(pid=84160) _call_back /opt/stack/data/venv/lib/python3.10/site-packages/oslo_privsep/daemon.py:573}}
Apr 13 17:44:41 devstack cinder-volume[82736]: DEBUG oslo_concurrency.processutils [None req-ddf77462-a422-4738-86f0-ed22b41c204d tempest-GroupsV314Test-84703437 None] Running cmd (subprocess): /opt/stack/data/venv/bin/python3.10 -m oslo_concurrency.prlimit --as=1073741824 --cpu=60 -- sudo cinder-rootwrap /etc/cinder/rootwrap.conf env LC_ALL=C qemu-img info -f qcow2 --output=json /opt/stack/data/cinder/mnt/3e61a86634c3b7514c260b55f851b830/volume-75675687-c373-4b72-ada7-a3221558c658 {{(pid=82736) execute /opt/stack/data/venv/lib/python3.10/site-packages/oslo_concurrency/processutils.py:440}}
Apr 13 17:44:41 devstack sudo[85798]: quobyte : PWD=/ ; USER=root ; COMMAND=/opt/stack/data/venv/bin/cinder-rootwrap /etc/cinder/rootwrap.conf env LC_ALL=C qemu-img info -f qcow2 --output=json /opt/stack/data/cinder/mnt/3e61a86634c3b7514c260b55f851b830/volume-75675687-c373-4b72-ada7-a3221558c658
Apr 13 17:44:41 devstack sudo[85798]: pam_unix(sudo:session): session opened for user root(uid=0) by (uid=1000)
Apr 13 17:44:42 devstack sudo[85798]: pam_unix(sudo:session): session closed for user root
Apr 13 17:44:42 devstack cinder-volume[82736]: DEBUG oslo_concurrency.processutils [None req-ddf77462-a422-4738-86f0-ed22b41c204d tempest-GroupsV314Test-84703437 None] CMD "/opt/stack/data/venv/bin/python3.10 -m oslo_concurrency.prlimit --as=1073741824 --cpu=60 -- sudo cinder-rootwrap /etc/cinder/rootwrap.conf env LC_ALL=C qemu-img info -f qcow2 --output=json /opt/stack/data/cinder/mnt/3e61a86634c3b7514c260b55f851b830/volume-75675687-c373-4b72-ada7-a3221558c658" returned: 0 in 1.212s {{(pid=82736) execute /opt/stack/data/venv/lib/python3.10/site-packages/oslo_concurrency/processutils.py:468}}
Apr 13 17:44:42 devstack cinder-volume[82736]: DEBUG cinder.image.image_utils [None req-ddf77462-a422-4738-86f0-ed22b41c204d tempest-GroupsV314Test-84703437 None] Image conversion details: src /opt/stack/data/cinder/mnt/3e61a86634c3b7514c260b55f851b830/volume-75675687-c373-4b72-ada7-a3221558c658, size 1024.00 MB, duration 3.58 sec, destination /opt/stack/data/cinder/mnt/3e61a86634c3b7514c260b55f851b830/volume-980b0b61-a40e-4c7f-bf57-a2a3bb6b9a59 {{(pid=82736) _convert_image /opt/stack/cinder/cinder/image/image_utils.py:533}}
Apr 13 17:44:42 devstack cinder-volume[82736]: INFO cinder.image.image_utils [None req-ddf77462-a422-4738-86f0-ed22b41c204d tempest-GroupsV314Test-84703437 None] Converted 1024.00 MB image at 285.97 MB/s
Apr 13 17:44:42 devstack cinder-volume[82736]: WARNING cinder.volume.drivers.remotefs [None req-ddf77462-a422-4738-86f0-ed22b41c204d tempest-GroupsV314Test-84703437 None] /opt/stack/data/cinder/mnt/3e61a86634c3b7514c260b55f851b830/volume-980b0b61-a40e-4c7f-bf57-a2a3bb6b9a59 is being set with open permissions: ugo+rw: NotImplementedError
Apr 13 17:44:42 devstack cinder-volume[82736]: DEBUG oslo_concurrency.processutils [None req-ddf77462-a422-4738-86f0-ed22b41c204d tempest-GroupsV314Test-84703437 None] Running cmd (subprocess): sudo cinder-rootwrap /etc/cinder/rootwrap.conf chmod ugo+rw /opt/stack/data/cinder/mnt/3e61a86634c3b7514c260b55f851b830/volume-980b0b61-a40e-4c7f-bf57-a2a3bb6b9a59 {{(pid=82736) execute /opt/stack/data/venv/lib/python3.10/site-packages/oslo_concurrency/processutils.py:440}}
Apr 13 17:44:42 devstack sudo[85832]: quobyte : PWD=/ ; USER=root ; COMMAND=/opt/stack/data/venv/bin/cinder-rootwrap /etc/cinder/rootwrap.conf chmod ugo+rw /opt/stack/data/cinder/mnt/3e61a86634c3b7514c260b55f851b830/volume-980b0b61-a40e-4c7f-bf57-a2a3bb6b9a59
Apr 13 17:44:42 devstack sudo[85832]: pam_unix(sudo:session): session opened for user root(uid=0) by (uid=1000)
Apr 13 17:44:43 devstack sudo[85832]: pam_unix(sudo:session): session closed for user root
Apr 13 17:44:43 devstack cinder-volume[82736]: DEBUG oslo_concurrency.processutils [None req-ddf77462-a422-4738-86f0-ed22b41c204d tempest-GroupsV314Test-84703437 None] CMD "sudo cinder-rootwrap /etc/cinder/rootwrap.conf chmod ugo+rw /opt/stack/data/cinder/mnt/3e61a86634c3b7514c260b55f851b830/volume-980b0b61-a40e-4c7f-bf57-a2a3bb6b9a59" returned: 0 in 0.687s {{(pid=82736) execute /opt/stack/data/venv/lib/python3.10/site-packages/oslo_concurrency/processutils.py:468}}
Apr 13 17:44:43 devstack cinder-volume[82736]: DEBUG cinder.coordination [None req-ddf77462-a422-4738-86f0-ed22b41c204d tempest-GroupsV314Test-84703437 None] Lock "cinder-quobyte-980b0b61-a40e-4c7f-bf57-a2a3bb6b9a59" released by "_copy_volume_from_snapshot" :: held 6.808s {{(pid=82736) __release /opt/stack/cinder/cinder/coordination.py:152}}
Apr 13 17:44:43 devstack cinder-volume[82736]: DEBUG cinder.coordination [None req-ddf77462-a422-4738-86f0-ed22b41c204d tempest-GroupsV314Test-84703437 None] Acquiring lock "cinder-quobyte-1848bd1c-c0f8-43fc-8f59-58aa62a67003" by "_delete_snapshot" {{(pid=82736) __acquire /opt/stack/cinder/cinder/coordination.py:138}}
Apr 13 17:44:43 devstack cinder-volume[82736]: DEBUG cinder.coordination [None req-ddf77462-a422-4738-86f0-ed22b41c204d tempest-GroupsV314Test-84703437 None] Lock "cinder-quobyte-1848bd1c-c0f8-43fc-8f59-58aa62a67003" acquired by "_delete_snapshot" :: waited 0.015s {{(pid=82736) __acquire /opt/stack/cinder/cinder/coordination.py:141}}
Apr 13 17:44:43 devstack cinder-volume[82736]: DEBUG cinder.volume.drivers.remotefs [None req-ddf77462-a422-4738-86f0-ed22b41c204d tempest-GroupsV314Test-84703437 None] Deleting offline snapshot 1848bd1c-c0f8-43fc-8f59-58aa62a67003 of volume 75675687-c373-4b72-ada7-a3221558c658 {{(pid=82736) _delete_snapshot /opt/stack/cinder/cinder/volume/drivers/remotefs.py:1288}}
Apr 13 17:44:43 devstack cinder-volume[82736]: DEBUG cinder.volume.drivers.remotefs [None req-ddf77462-a422-4738-86f0-ed22b41c204d tempest-GroupsV314Test-84703437 None] snapshot_file for this snap is: volume-75675687-c373-4b72-ada7-a3221558c658.1848bd1c-c0f8-43fc-8f59-58aa62a67003 {{(pid=82736) _delete_snapshot /opt/stack/cinder/cinder/volume/drivers/remotefs.py:1317}}
Apr 13 17:44:43 devstack cinder-volume[82736]: DEBUG oslo.privsep.daemon [-] privsep: reply[2873f754-117a-4ae2-b5d9-c7a4bf26fc24]: (4, 'qcow2') {{(pid=84160) _call_back /opt/stack/data/venv/lib/python3.10/site-packages/oslo_privsep/daemon.py:573}}
Apr 13 17:44:43 devstack cinder-volume[82736]: DEBUG oslo_concurrency.processutils [None req-ddf77462-a422-4738-86f0-ed22b41c204d tempest-GroupsV314Test-84703437 None] Running cmd (subprocess): /opt/stack/data/venv/bin/python3.10 -m oslo_concurrency.prlimit --as=1073741824 --cpu=60 -- sudo cinder-rootwrap /etc/cinder/rootwrap.conf env LC_ALL=C qemu-img info -f qcow2 --output=json --force-share /opt/stack/data/cinder/mnt/3e61a86634c3b7514c260b55f851b830/volume-75675687-c373-4b72-ada7-a3221558c658.1848bd1c-c0f8-43fc-8f59-58aa62a67003 {{(pid=82736) execute /opt/stack/data/venv/lib/python3.10/site-packages/oslo_concurrency/processutils.py:440}}
Apr 13 17:44:43 devstack cinder-volume[82736]: DEBUG cinder.volume.flows.manager.create_volume [None req-83e12bd1-4c1c-4d6a-8e8c-5d07475f67da tempest-VolumesListAdminTestJSON-1972293897 None] Volume reschedule parameters: True retry: {'num_attempts': 1, 'backends': ['devstack@QuobyteHD#QuobyteHD'], 'hosts': ['devstack@QuobyteHD#QuobyteHD']} {{(pid=82736) get_flow /opt/stack/cinder/cinder/volume/flows/manager/create_volume.py:1388}}
Apr 13 17:44:43 devstack cinder-volume[82736]: DEBUG cinder.volume.manager [None req-83e12bd1-4c1c-4d6a-8e8c-5d07475f67da tempest-VolumesListAdminTestJSON-1972293897 None] Flow 'volume_create_manager' (fb490e42-b4a3-47ba-a8e5-7e82632a6655) transitioned into state 'RUNNING' from state 'PENDING' {{(pid=82736) _flow_receiver /opt/stack/data/venv/lib/python3.10/site-packages/taskflow/listeners/logging.py:145}}
Apr 13 17:44:43 devstack cinder-volume[82736]: DEBUG cinder.volume.manager [None req-83e12bd1-4c1c-4d6a-8e8c-5d07475f67da tempest-VolumesListAdminTestJSON-1972293897 None] Task 'cinder.volume.flows.manager.create_volume.ExtractVolumeRefTask;volume:create' (085d8726-59d6-434c-8a89-851100433ed0) transitioned into state 'RUNNING' from state 'PENDING' {{(pid=82736) _task_receiver /opt/stack/data/venv/lib/python3.10/site-packages/taskflow/listeners/logging.py:194}}
Apr 13 17:44:43 devstack cinder-volume[82736]: DEBUG cinder.volume.manager [None req-83e12bd1-4c1c-4d6a-8e8c-5d07475f67da tempest-VolumesListAdminTestJSON-1972293897 None] Task 'cinder.volume.flows.manager.create_volume.ExtractVolumeRefTask;volume:create' (085d8726-59d6-434c-8a89-851100433ed0) transitioned into state 'SUCCESS' from state 'RUNNING' with result 'Volume(_name_id=None,admin_metadata=,attach_status='detached',availability_zone='nova',bootable=False,cluster=,cluster_name=None,consistencygroup=,consistencygroup_id=None,created_at=2026-04-13T15:44:44Z,deleted=False,deleted_at=None,display_description=None,display_name='tempest-VolumesListAdminTestJSON-Volume-1472506964',ec2_id=None,encryption_key_id=None,glance_metadata=,group=,group_id=None,host='devstack@QuobyteHD#QuobyteHD',id=5a819067-861f-4829-913d-a0358800b6ef,launched_at=None,metadata={},migration_status=None,multiattach=False,previous_status=None,project_id='1b16ffa496e44458ba9b273d36172b25',provider_auth=None,provider_geometry=None,provider_id=None,provider_location=None,replication_driver_data=None,replication_extended_status=None,replication_status=None,scheduled_at=2026-04-13T15:44:44Z,service_uuid=None,shared_targets=True,size=1,snapshot_id=None,snapshots=,source_volid=None,status='creating',terminated_at=None,updated_at=2026-04-13T15:44:44Z,use_quota=True,user_id='0e4053b4cdc34f38b0a3f059b48d178f',volume_attachment=VolumeAttachmentList,volume_type=VolumeType(d1bf2174-bf87-4e55-bbdb-985ff01bfae2),volume_type_id=d1bf2174-bf87-4e55-bbdb-985ff01bfae2)' {{(pid=82736) _task_receiver /opt/stack/data/venv/lib/python3.10/site-packages/taskflow/listeners/logging.py:182}}
Apr 13 17:44:43 devstack cinder-volume[82736]: DEBUG cinder.volume.manager [None req-83e12bd1-4c1c-4d6a-8e8c-5d07475f67da tempest-VolumesListAdminTestJSON-1972293897 None] Task 'cinder.volume.flows.manager.create_volume.OnFailureRescheduleTask;volume:create' (b8857b18-0859-414c-b8fe-8ed8f4167a2b) transitioned into state 'RUNNING' from state 'PENDING' {{(pid=82736) _task_receiver /opt/stack/data/venv/lib/python3.10/site-packages/taskflow/listeners/logging.py:194}}
Apr 13 17:44:43 devstack sudo[85836]: quobyte : PWD=/ ; USER=root ; COMMAND=/opt/stack/data/venv/bin/cinder-rootwrap /etc/cinder/rootwrap.conf env LC_ALL=C qemu-img info -f qcow2 --output=json --force-share /opt/stack/data/cinder/mnt/3e61a86634c3b7514c260b55f851b830/volume-75675687-c373-4b72-ada7-a3221558c658.1848bd1c-c0f8-43fc-8f59-58aa62a67003
Apr 13 17:44:43 devstack cinder-volume[82736]: DEBUG cinder.volume.manager [None req-83e12bd1-4c1c-4d6a-8e8c-5d07475f67da tempest-VolumesListAdminTestJSON-1972293897 None] Task 'cinder.volume.flows.manager.create_volume.OnFailureRescheduleTask;volume:create' (b8857b18-0859-414c-b8fe-8ed8f4167a2b) transitioned into state 'SUCCESS' from state 'RUNNING' with result 'None' {{(pid=82736) _task_receiver /opt/stack/data/venv/lib/python3.10/site-packages/taskflow/listeners/logging.py:182}}
Apr 13 17:44:43 devstack sudo[85836]: pam_unix(sudo:session): session opened for user root(uid=0) by (uid=1000)
Apr 13 17:44:43 devstack cinder-volume[82736]: DEBUG cinder.volume.manager [None req-83e12bd1-4c1c-4d6a-8e8c-5d07475f67da tempest-VolumesListAdminTestJSON-1972293897 None] Task 'cinder.volume.flows.manager.create_volume.ExtractVolumeSpecTask;volume:create' (48747084-75f3-48a9-b0ad-ceb6607bff47) transitioned into state 'RUNNING' from state 'PENDING' {{(pid=82736) _task_receiver /opt/stack/data/venv/lib/python3.10/site-packages/taskflow/listeners/logging.py:194}}
Apr 13 17:44:43 devstack cinder-volume[82736]: DEBUG cinder.volume.manager [None req-83e12bd1-4c1c-4d6a-8e8c-5d07475f67da tempest-VolumesListAdminTestJSON-1972293897 None] Task 'cinder.volume.flows.manager.create_volume.ExtractVolumeSpecTask;volume:create' (48747084-75f3-48a9-b0ad-ceb6607bff47) transitioned into state 'SUCCESS' from state 'RUNNING' with result '{'status': 'creating', 'type': 'raw', 'volume_id': '5a819067-861f-4829-913d-a0358800b6ef', 'volume_name': 'volume-5a819067-861f-4829-913d-a0358800b6ef', 'volume_size': 1}' {{(pid=82736) _task_receiver /opt/stack/data/venv/lib/python3.10/site-packages/taskflow/listeners/logging.py:182}}
Apr 13 17:44:43 devstack cinder-volume[82736]: DEBUG cinder.volume.manager [None req-83e12bd1-4c1c-4d6a-8e8c-5d07475f67da tempest-VolumesListAdminTestJSON-1972293897 None] Task 'cinder.volume.flows.manager.create_volume.NotifyVolumeActionTask;volume:create, create.start' (d41a844a-66b6-40e1-9bbd-43ab95ed29a0) transitioned into state 'RUNNING' from state 'PENDING' {{(pid=82736) _task_receiver /opt/stack/data/venv/lib/python3.10/site-packages/taskflow/listeners/logging.py:194}}
Apr 13 17:44:43 devstack cinder-volume[82736]: DEBUG cinder.volume.manager [None req-83e12bd1-4c1c-4d6a-8e8c-5d07475f67da tempest-VolumesListAdminTestJSON-1972293897 None] Task 'cinder.volume.flows.manager.create_volume.NotifyVolumeActionTask;volume:create, create.start' (d41a844a-66b6-40e1-9bbd-43ab95ed29a0) transitioned into state 'SUCCESS' from state 'RUNNING' with result 'None' {{(pid=82736) _task_receiver /opt/stack/data/venv/lib/python3.10/site-packages/taskflow/listeners/logging.py:182}}
Apr 13 17:44:43 devstack cinder-volume[82736]: DEBUG cinder.volume.manager [None req-83e12bd1-4c1c-4d6a-8e8c-5d07475f67da tempest-VolumesListAdminTestJSON-1972293897 None] Task 'cinder.volume.flows.manager.create_volume.CreateVolumeFromSpecTask;volume:create' (17ea2949-3f7c-450e-9d75-1885289843fc) transitioned into state 'RUNNING' from state 'PENDING' {{(pid=82736) _task_receiver /opt/stack/data/venv/lib/python3.10/site-packages/taskflow/listeners/logging.py:194}}
Apr 13 17:44:43 devstack cinder-volume[82736]: INFO cinder.volume.flows.manager.create_volume [None req-83e12bd1-4c1c-4d6a-8e8c-5d07475f67da tempest-VolumesListAdminTestJSON-1972293897 None] Volume 5a819067-861f-4829-913d-a0358800b6ef: being created as raw with specification: {'status': 'creating', 'volume_name': 'volume-5a819067-861f-4829-913d-a0358800b6ef', 'volume_size': 1}
Apr 13 17:44:43 devstack cinder-volume[82736]: DEBUG oslo_concurrency.lockutils [None req-83e12bd1-4c1c-4d6a-8e8c-5d07475f67da tempest-VolumesListAdminTestJSON-1972293897 None] Acquiring lock "quobyte" by "cinder.volume.drivers.quobyte.QuobyteDriver.create_volume" {{(pid=82736) inner /opt/stack/data/venv/lib/python3.10/site-packages/oslo_concurrency/lockutils.py:506}}
Apr 13 17:44:44 devstack sudo[85836]: pam_unix(sudo:session): session closed for user root
Apr 13 17:44:44 devstack cinder-volume[82736]: DEBUG oslo_concurrency.processutils [None req-ddf77462-a422-4738-86f0-ed22b41c204d tempest-GroupsV314Test-84703437 None] CMD "/opt/stack/data/venv/bin/python3.10 -m oslo_concurrency.prlimit --as=1073741824 --cpu=60 -- sudo cinder-rootwrap /etc/cinder/rootwrap.conf env LC_ALL=C qemu-img info -f qcow2 --output=json --force-share /opt/stack/data/cinder/mnt/3e61a86634c3b7514c260b55f851b830/volume-75675687-c373-4b72-ada7-a3221558c658.1848bd1c-c0f8-43fc-8f59-58aa62a67003" returned: 0 in 0.604s {{(pid=82736) execute /opt/stack/data/venv/lib/python3.10/site-packages/oslo_concurrency/processutils.py:468}}
Apr 13 17:44:44 devstack cinder-volume[82736]: DEBUG cinder.volume.drivers.remotefs [None req-ddf77462-a422-4738-86f0-ed22b41c204d tempest-GroupsV314Test-84703437 None] Fetching qemu-img info with special backing_file_template: (/opt/stack/data/cinder/mnt/[0-9a-f]+/)?(volume-75675687-c373-4b72-ada7-a3221558c658(.(tmp-snap-)?[0-9a-f-]+)?|volume_from_snapshot_cache/(tmp-snap-)?[0-9a-f-]+(.(child-|parent-)[0-9a-f-]+)?)$ {{(pid=82736) _qemu_img_info_base /opt/stack/cinder/cinder/volume/drivers/remotefs.py:896}}
Apr 13 17:44:44 devstack cinder-volume[82736]: DEBUG oslo.privsep.daemon [-] privsep: reply[55fdd48b-8920-4003-b334-e2b63216fdd4]: (4, 'qcow2') {{(pid=84160) _call_back /opt/stack/data/venv/lib/python3.10/site-packages/oslo_privsep/daemon.py:573}}
Apr 13 17:44:44 devstack cinder-volume[82736]: DEBUG oslo_concurrency.processutils [None req-ddf77462-a422-4738-86f0-ed22b41c204d tempest-GroupsV314Test-84703437 None] Running cmd (subprocess): /opt/stack/data/venv/bin/python3.10 -m oslo_concurrency.prlimit --as=1073741824 --cpu=60 -- sudo cinder-rootwrap /etc/cinder/rootwrap.conf env LC_ALL=C qemu-img info -f qcow2 --output=json --force-share /opt/stack/data/cinder/mnt/3e61a86634c3b7514c260b55f851b830/volume-75675687-c373-4b72-ada7-a3221558c658 {{(pid=82736) execute /opt/stack/data/venv/lib/python3.10/site-packages/oslo_concurrency/processutils.py:440}}
Apr 13 17:44:44 devstack sudo[85842]: quobyte : PWD=/ ; USER=root ; COMMAND=/opt/stack/data/venv/bin/cinder-rootwrap /etc/cinder/rootwrap.conf env LC_ALL=C qemu-img info -f qcow2 --output=json --force-share /opt/stack/data/cinder/mnt/3e61a86634c3b7514c260b55f851b830/volume-75675687-c373-4b72-ada7-a3221558c658
Apr 13 17:44:44 devstack sudo[85842]: pam_unix(sudo:session): session opened for user root(uid=0) by (uid=1000)
Apr 13 17:44:44 devstack sudo[85842]: pam_unix(sudo:session): session closed for user root
Apr 13 17:44:44 devstack cinder-volume[82736]: DEBUG oslo_concurrency.processutils [None req-ddf77462-a422-4738-86f0-ed22b41c204d tempest-GroupsV314Test-84703437 None] CMD "/opt/stack/data/venv/bin/python3.10 -m oslo_concurrency.prlimit --as=1073741824 --cpu=60 -- sudo cinder-rootwrap /etc/cinder/rootwrap.conf env LC_ALL=C qemu-img info -f qcow2 --output=json --force-share /opt/stack/data/cinder/mnt/3e61a86634c3b7514c260b55f851b830/volume-75675687-c373-4b72-ada7-a3221558c658" returned: 0 in 0.534s {{(pid=82736) execute /opt/stack/data/venv/lib/python3.10/site-packages/oslo_concurrency/processutils.py:468}}
Apr 13 17:44:44 devstack cinder-volume[82736]: DEBUG oslo_concurrency.processutils [None req-ddf77462-a422-4738-86f0-ed22b41c204d tempest-GroupsV314Test-84703437 None] Running cmd (subprocess): sudo cinder-rootwrap /etc/cinder/rootwrap.conf qemu-img commit -d /opt/stack/data/cinder/mnt/3e61a86634c3b7514c260b55f851b830/volume-75675687-c373-4b72-ada7-a3221558c658.1848bd1c-c0f8-43fc-8f59-58aa62a67003 {{(pid=82736) execute /opt/stack/data/venv/lib/python3.10/site-packages/oslo_concurrency/processutils.py:440}}
Apr 13 17:44:44 devstack sudo[85847]: quobyte : PWD=/ ; USER=root ; COMMAND=/opt/stack/data/venv/bin/cinder-rootwrap /etc/cinder/rootwrap.conf qemu-img commit -d /opt/stack/data/cinder/mnt/3e61a86634c3b7514c260b55f851b830/volume-75675687-c373-4b72-ada7-a3221558c658.1848bd1c-c0f8-43fc-8f59-58aa62a67003
Apr 13 17:44:44 devstack sudo[85847]: pam_unix(sudo:session): session opened for user root(uid=0) by (uid=1000)
Apr 13 17:44:45 devstack sudo[85847]: pam_unix(sudo:session): session closed for user root
Apr 13 17:44:45 devstack cinder-volume[82736]: DEBUG oslo_concurrency.processutils [None req-ddf77462-a422-4738-86f0-ed22b41c204d tempest-GroupsV314Test-84703437 None] CMD "sudo cinder-rootwrap /etc/cinder/rootwrap.conf qemu-img commit -d /opt/stack/data/cinder/mnt/3e61a86634c3b7514c260b55f851b830/volume-75675687-c373-4b72-ada7-a3221558c658.1848bd1c-c0f8-43fc-8f59-58aa62a67003" returned: 0 in 0.471s {{(pid=82736) execute /opt/stack/data/venv/lib/python3.10/site-packages/oslo_concurrency/processutils.py:468}}
