Aug 31 21:16:24 devstack sudo[94305]: quobyte : PWD=/ ; USER=root ; COMMAND=/opt/stack/data/venv/bin/cinder-rootwrap /etc/cinder/rootwrap.conf qemu-img create -f qcow2 -o preallocation=metadata /opt/stack/data/cinder/mnt/0a3dcfdf2ea52b5e0bd3e567ffd509e4/volume-a92ebf8a-55f0-4574-95b1-8fe54836c829 1073741824
Aug 31 21:16:24 devstack sudo[94305]: pam_unix(sudo:session): session opened for user root(uid=0) by (uid=1000)
Aug 31 21:16:24 devstack cinder-volume[87138]: INFO cinder.volume.manager [None req-213ed057-4a53-43ff-a9ad-a9f58663d3ad tempest-GroupSnapshotsTest-1106056862 None] Update group completed successfully.
Aug 31 21:16:25 devstack sudo[94305]: pam_unix(sudo:session): session closed for user root
Aug 31 21:16:25 devstack cinder-volume[87138]: DEBUG oslo_concurrency.processutils [None req-d3d8035a-6932-4233-ae1b-cf60fdb93602 tempest-VolumesDeleteCascade-747577587 None] CMD "sudo cinder-rootwrap /etc/cinder/rootwrap.conf qemu-img create -f qcow2 -o preallocation=metadata /opt/stack/data/cinder/mnt/0a3dcfdf2ea52b5e0bd3e567ffd509e4/volume-a92ebf8a-55f0-4574-95b1-8fe54836c829 1073741824" returned: 0 in 0.580s {{(pid=87138) execute /opt/stack/data/venv/lib/python3.12/site-packages/oslo_concurrency/processutils.py:468}}
Aug 31 21:16:25 devstack cinder-volume[87138]: DEBUG oslo_concurrency.processutils [None req-d3d8035a-6932-4233-ae1b-cf60fdb93602 tempest-VolumesDeleteCascade-747577587 None] Running cmd (subprocess): sudo cinder-rootwrap /etc/cinder/rootwrap.conf chmod ugo+rw /opt/stack/data/cinder/mnt/0a3dcfdf2ea52b5e0bd3e567ffd509e4/volume-a92ebf8a-55f0-4574-95b1-8fe54836c829 {{(pid=87138) execute /opt/stack/data/venv/lib/python3.12/site-packages/oslo_concurrency/processutils.py:440}}
Aug 31 21:16:25 devstack sudo[94311]: quobyte : PWD=/ ; USER=root ; COMMAND=/opt/stack/data/venv/bin/cinder-rootwrap /etc/cinder/rootwrap.conf chmod ugo+rw /opt/stack/data/cinder/mnt/0a3dcfdf2ea52b5e0bd3e567ffd509e4/volume-a92ebf8a-55f0-4574-95b1-8fe54836c829
Aug 31 21:16:25 devstack sudo[94311]: pam_unix(sudo:session): session opened for user root(uid=0) by (uid=1000)
Aug 31 21:16:25 devstack sudo[94311]: pam_unix(sudo:session): session closed for user root
Aug 31 21:16:25 devstack cinder-volume[87138]: DEBUG oslo_concurrency.processutils [None req-d3d8035a-6932-4233-ae1b-cf60fdb93602 tempest-VolumesDeleteCascade-747577587 None] CMD "sudo cinder-rootwrap /etc/cinder/rootwrap.conf chmod ugo+rw /opt/stack/data/cinder/mnt/0a3dcfdf2ea52b5e0bd3e567ffd509e4/volume-a92ebf8a-55f0-4574-95b1-8fe54836c829" returned: 0 in 0.642s {{(pid=87138) execute /opt/stack/data/venv/lib/python3.12/site-packages/oslo_concurrency/processutils.py:468}}
Aug 31 21:16:25 devstack cinder-volume[87138]: DEBUG cinder.volume.drivers.quobyte [None req-d3d8035a-6932-4233-ae1b-cf60fdb93602 tempest-VolumesDeleteCascade-747577587 None] <== create_volume: return (1279ms) {'provider_location': 'osci02.corp.quobyte.com/cinder-vol-bf9e20f0-6d92-4d2b-8dac-4474cfc26314'} {{(pid=87138) trace_logging_wrapper /opt/stack/cinder/cinder/volume/volume_utils.py:1522}}
Aug 31 21:16:25 devstack cinder-volume[87138]: DEBUG oslo_concurrency.lockutils [None req-d3d8035a-6932-4233-ae1b-cf60fdb93602 tempest-VolumesDeleteCascade-747577587 None] Lock "quobyte" "released" by "cinder.volume.drivers.quobyte.QuobyteDriver.create_volume" :: held 1.290s {{(pid=87138) inner /opt/stack/data/venv/lib/python3.12/site-packages/oslo_concurrency/lockutils.py:544}}
Aug 31 21:16:25 devstack cinder-volume[87138]: DEBUG cinder.volume.manager [None req-d3d8035a-6932-4233-ae1b-cf60fdb93602 tempest-VolumesDeleteCascade-747577587 None] Task 'cinder.volume.flows.manager.create_volume.CreateVolumeFromSpecTask;volume:create' (dccec70c-dca1-43a0-b59a-678060016e09) transitioned into state 'SUCCESS' from state 'RUNNING' with result '{'status': 'creating', 'volume_name': 'volume-a92ebf8a-55f0-4574-95b1-8fe54836c829', 'volume_size': 1}' {{(pid=87138) _task_receiver /opt/stack/data/venv/lib/python3.12/site-packages/taskflow/listeners/logging.py:218}}
Aug 31 21:16:25 devstack cinder-volume[87138]: DEBUG cinder.volume.manager [None req-d3d8035a-6932-4233-ae1b-cf60fdb93602 tempest-VolumesDeleteCascade-747577587 None] Task 'cinder.volume.flows.manager.create_volume.CreateVolumeOnFinishTask;volume:create, create.end' (c34655b1-c1bf-467f-b1d8-78cfef5006d3) transitioned into state 'RUNNING' from state 'PENDING' {{(pid=87138) _task_receiver /opt/stack/data/venv/lib/python3.12/site-packages/taskflow/listeners/logging.py:242}}
Aug 31 21:16:25 devstack cinder-volume[87138]: INFO cinder.volume.flows.manager.create_volume [None req-d3d8035a-6932-4233-ae1b-cf60fdb93602 tempest-VolumesDeleteCascade-747577587 None] Volume volume-a92ebf8a-55f0-4574-95b1-8fe54836c829 (a92ebf8a-55f0-4574-95b1-8fe54836c829): created successfully
Aug 31 21:16:26 devstack cinder-volume[87138]: DEBUG cinder.volume.manager [None req-d3d8035a-6932-4233-ae1b-cf60fdb93602 tempest-VolumesDeleteCascade-747577587 None] Task 'cinder.volume.flows.manager.create_volume.CreateVolumeOnFinishTask;volume:create, create.end' (c34655b1-c1bf-467f-b1d8-78cfef5006d3) transitioned into state 'SUCCESS' from state 'RUNNING' with result 'None' {{(pid=87138) _task_receiver /opt/stack/data/venv/lib/python3.12/site-packages/taskflow/listeners/logging.py:218}}
Aug 31 21:16:26 devstack cinder-volume[87138]: DEBUG cinder.volume.manager [None req-d3d8035a-6932-4233-ae1b-cf60fdb93602 tempest-VolumesDeleteCascade-747577587 None] Flow 'volume_create_manager' (85f916ed-a2f1-4fd3-a69d-31219cdce572) transitioned into state 'SUCCESS' from state 'RUNNING' {{(pid=87138) _flow_receiver /opt/stack/data/venv/lib/python3.12/site-packages/taskflow/listeners/logging.py:160}}
Aug 31 21:16:26 devstack cinder-volume[87138]: INFO cinder.volume.manager [None req-d3d8035a-6932-4233-ae1b-cf60fdb93602 tempest-VolumesDeleteCascade-747577587 None] Created volume successfully.
Aug 31 21:16:26 devstack cinder-volume[87138]: INFO cinder.volume.manager [None req-57453881-b90d-45a3-a955-7705eb4acc30 tempest-GroupSnapshotsTest-1106056862 None] Update group completed successfully.
Aug 31 21:16:26 devstack cinder-volume[87138]: DEBUG oslo_concurrency.lockutils [None req-c92259c8-4ba5-4d51-9084-7aad31ac59b4 tempest-VolumesDeleteCascade-747577587 None] Acquiring lock "quobyte" by "cinder.volume.drivers.quobyte.QuobyteDriver.create_snapshot" {{(pid=87138) inner /opt/stack/data/venv/lib/python3.12/site-packages/oslo_concurrency/lockutils.py:512}}
Aug 31 21:16:26 devstack cinder-volume[87138]: DEBUG oslo_concurrency.lockutils [None req-c92259c8-4ba5-4d51-9084-7aad31ac59b4 tempest-VolumesDeleteCascade-747577587 None] Lock "quobyte" acquired by "cinder.volume.drivers.quobyte.QuobyteDriver.create_snapshot" :: waited 0.001s {{(pid=87138) inner /opt/stack/data/venv/lib/python3.12/site-packages/oslo_concurrency/lockutils.py:525}}
Aug 31 21:16:26 devstack cinder-volume[87138]: DEBUG cinder.volume.drivers.remotefs [None req-c92259c8-4ba5-4d51-9084-7aad31ac59b4 tempest-VolumesDeleteCascade-747577587 None] Creating offline snapshot caf98a0a-9312-436f-a5f8-6178e1f40702 of volume a92ebf8a-55f0-4574-95b1-8fe54836c829 {{(pid=87138) _create_snapshot /opt/stack/cinder/cinder/volume/drivers/remotefs.py:1816}}
Aug 31 21:16:26 devstack cinder-volume[87138]: DEBUG oslo.privsep.daemon [-] privsep: reply[466f2719-0de6-486f-8c89-6b952b8932da]: (4, 'qcow2') {{(pid=88812) _call_back /opt/stack/data/venv/lib/python3.12/site-packages/oslo_privsep/daemon.py:580}}
Aug 31 21:16:26 devstack cinder-volume[87138]: DEBUG oslo_concurrency.processutils [None req-c92259c8-4ba5-4d51-9084-7aad31ac59b4 tempest-VolumesDeleteCascade-747577587 None] Running cmd (subprocess): /opt/stack/data/venv/bin/python3.12 -m oslo_concurrency.prlimit --as=1073741824 --cpu=60 -- sudo cinder-rootwrap /etc/cinder/rootwrap.conf env LC_ALL=C qemu-img info -f qcow2 --output=json --force-share /opt/stack/data/cinder/mnt/0a3dcfdf2ea52b5e0bd3e567ffd509e4/volume-a92ebf8a-55f0-4574-95b1-8fe54836c829 {{(pid=87138) execute /opt/stack/data/venv/lib/python3.12/site-packages/oslo_concurrency/processutils.py:440}}
Aug 31 21:16:27 devstack sudo[94388]: quobyte : PWD=/ ; USER=root ; COMMAND=/opt/stack/data/venv/bin/cinder-rootwrap /etc/cinder/rootwrap.conf env LC_ALL=C qemu-img info -f qcow2 --output=json --force-share /opt/stack/data/cinder/mnt/0a3dcfdf2ea52b5e0bd3e567ffd509e4/volume-a92ebf8a-55f0-4574-95b1-8fe54836c829
Aug 31 21:16:27 devstack sudo[94388]: pam_unix(sudo:session): session opened for user root(uid=0) by (uid=1000)
Aug 31 21:16:27 devstack sudo[94388]: pam_unix(sudo:session): session closed for user root
Aug 31 21:16:27 devstack cinder-volume[87138]: DEBUG oslo_concurrency.processutils [None req-c92259c8-4ba5-4d51-9084-7aad31ac59b4 tempest-VolumesDeleteCascade-747577587 None] CMD "/opt/stack/data/venv/bin/python3.12 -m oslo_concurrency.prlimit --as=1073741824 --cpu=60 -- sudo cinder-rootwrap /etc/cinder/rootwrap.conf env LC_ALL=C qemu-img info -f qcow2 --output=json --force-share /opt/stack/data/cinder/mnt/0a3dcfdf2ea52b5e0bd3e567ffd509e4/volume-a92ebf8a-55f0-4574-95b1-8fe54836c829" returned: 0 in 0.557s {{(pid=87138) execute /opt/stack/data/venv/lib/python3.12/site-packages/oslo_concurrency/processutils.py:468}}
Aug 31 21:16:27 devstack cinder-volume[87138]: DEBUG oslo_concurrency.processutils [None req-c92259c8-4ba5-4d51-9084-7aad31ac59b4 tempest-VolumesDeleteCascade-747577587 None] Running cmd (subprocess): sudo cinder-rootwrap /etc/cinder/rootwrap.conf qemu-img create -f qcow2 -o backing_file=/opt/stack/data/cinder/mnt/0a3dcfdf2ea52b5e0bd3e567ffd509e4/volume-a92ebf8a-55f0-4574-95b1-8fe54836c829,backing_fmt=qcow2 /opt/stack/data/cinder/mnt/0a3dcfdf2ea52b5e0bd3e567ffd509e4/volume-a92ebf8a-55f0-4574-95b1-8fe54836c829.caf98a0a-9312-436f-a5f8-6178e1f40702 1G {{(pid=87138) execute /opt/stack/data/venv/lib/python3.12/site-packages/oslo_concurrency/processutils.py:440}}
Aug 31 21:16:27 devstack sudo[94396]: quobyte : PWD=/ ; USER=root ; COMMAND=/opt/stack/data/venv/bin/cinder-rootwrap /etc/cinder/rootwrap.conf qemu-img create -f qcow2 -o backing_file=/opt/stack/data/cinder/mnt/0a3dcfdf2ea52b5e0bd3e567ffd509e4/volume-a92ebf8a-55f0-4574-95b1-8fe54836c829,backing_fmt=qcow2 /opt/stack/data/cinder/mnt/0a3dcfdf2ea52b5e0bd3e567ffd509e4/volume-a92ebf8a-55f0-4574-95b1-8fe54836c829.caf98a0a-9312-436f-a5f8-6178e1f40702 1G
Aug 31 21:16:27 devstack sudo[94396]: pam_unix(sudo:session): session opened for user root(uid=0) by (uid=1000)
Aug 31 21:16:28 devstack sudo[94396]: pam_unix(sudo:session): session closed for user root
Aug 31 21:16:28 devstack cinder-volume[87138]: DEBUG oslo_concurrency.processutils [None req-c92259c8-4ba5-4d51-9084-7aad31ac59b4 tempest-VolumesDeleteCascade-747577587 None] CMD "sudo cinder-rootwrap /etc/cinder/rootwrap.conf qemu-img create -f qcow2 -o backing_file=/opt/stack/data/cinder/mnt/0a3dcfdf2ea52b5e0bd3e567ffd509e4/volume-a92ebf8a-55f0-4574-95b1-8fe54836c829,backing_fmt=qcow2 /opt/stack/data/cinder/mnt/0a3dcfdf2ea52b5e0bd3e567ffd509e4/volume-a92ebf8a-55f0-4574-95b1-8fe54836c829.caf98a0a-9312-436f-a5f8-6178e1f40702 1G" returned: 0 in 0.801s {{(pid=87138) execute /opt/stack/data/venv/lib/python3.12/site-packages/oslo_concurrency/processutils.py:468}}
Aug 31 21:16:28 devstack cinder-volume[87138]: DEBUG oslo_concurrency.processutils [None req-c92259c8-4ba5-4d51-9084-7aad31ac59b4 tempest-VolumesDeleteCascade-747577587 None] Running cmd (subprocess): sudo cinder-rootwrap /etc/cinder/rootwrap.conf qemu-img rebase -u -b volume-a92ebf8a-55f0-4574-95b1-8fe54836c829 -F qcow2 /opt/stack/data/cinder/mnt/0a3dcfdf2ea52b5e0bd3e567ffd509e4/volume-a92ebf8a-55f0-4574-95b1-8fe54836c829.caf98a0a-9312-436f-a5f8-6178e1f40702 {{(pid=87138) execute /opt/stack/data/venv/lib/python3.12/site-packages/oslo_concurrency/processutils.py:440}}
Aug 31 21:16:28 devstack cinder-volume[87138]: INFO cinder.volume.manager [None req-164e6d8c-e7d0-497f-9bcf-f5641e6dc429 tempest-GroupSnapshotsTest-1106056862 None] GroupSnapshot ac8decdf-64f5-44c5-adc1-a8e3208809db: creating.
Aug 31 21:16:28 devstack sudo[94402]: quobyte : PWD=/ ; USER=root ; COMMAND=/opt/stack/data/venv/bin/cinder-rootwrap /etc/cinder/rootwrap.conf qemu-img rebase -u -b volume-a92ebf8a-55f0-4574-95b1-8fe54836c829 -F qcow2 /opt/stack/data/cinder/mnt/0a3dcfdf2ea52b5e0bd3e567ffd509e4/volume-a92ebf8a-55f0-4574-95b1-8fe54836c829.caf98a0a-9312-436f-a5f8-6178e1f40702
Aug 31 21:16:28 devstack sudo[94402]: pam_unix(sudo:session): session opened for user root(uid=0) by (uid=1000)
Aug 31 21:16:28 devstack cinder-volume[87138]: DEBUG cinder.volume.manager [None req-164e6d8c-e7d0-497f-9bcf-f5641e6dc429 tempest-GroupSnapshotsTest-1106056862 None] Group snapshot ac8decdf-64f5-44c5-adc1-a8e3208809db: creating. {{(pid=87138) create_group_snapshot /opt/stack/cinder/cinder/volume/manager.py:4176}}
Aug 31 21:16:28 devstack cinder-volume[87138]: DEBUG oslo_concurrency.lockutils [None req-164e6d8c-e7d0-497f-9bcf-f5641e6dc429 tempest-GroupSnapshotsTest-1106056862 None] Acquiring lock "quobyte" by "cinder.volume.drivers.quobyte.QuobyteDriver.create_snapshot" {{(pid=87138) inner /opt/stack/data/venv/lib/python3.12/site-packages/oslo_concurrency/lockutils.py:512}}
Aug 31 21:16:28 devstack sudo[94402]: pam_unix(sudo:session): session closed for user root
Aug 31 21:16:28 devstack cinder-volume[87138]: DEBUG oslo_concurrency.processutils [None req-c92259c8-4ba5-4d51-9084-7aad31ac59b4 tempest-VolumesDeleteCascade-747577587 None] CMD "sudo cinder-rootwrap /etc/cinder/rootwrap.conf qemu-img rebase -u -b volume-a92ebf8a-55f0-4574-95b1-8fe54836c829 -F qcow2 /opt/stack/data/cinder/mnt/0a3dcfdf2ea52b5e0bd3e567ffd509e4/volume-a92ebf8a-55f0-4574-95b1-8fe54836c829.caf98a0a-9312-436f-a5f8-6178e1f40702" returned: 0 in 0.434s {{(pid=87138) execute /opt/stack/data/venv/lib/python3.12/site-packages/oslo_concurrency/processutils.py:468}}
Aug 31 21:16:28 devstack cinder-volume[87138]: WARNING cinder.volume.drivers.remotefs [None req-c92259c8-4ba5-4d51-9084-7aad31ac59b4 tempest-VolumesDeleteCascade-747577587 None] /opt/stack/data/cinder/mnt/0a3dcfdf2ea52b5e0bd3e567ffd509e4/volume-a92ebf8a-55f0-4574-95b1-8fe54836c829.caf98a0a-9312-436f-a5f8-6178e1f40702 is being set with open permissions: ugo+rw
Aug 31 21:16:28 devstack cinder-volume[87138]: DEBUG oslo_concurrency.processutils [None req-c92259c8-4ba5-4d51-9084-7aad31ac59b4 tempest-VolumesDeleteCascade-747577587 None] Running cmd (subprocess): sudo cinder-rootwrap /etc/cinder/rootwrap.conf chmod ugo+rw /opt/stack/data/cinder/mnt/0a3dcfdf2ea52b5e0bd3e567ffd509e4/volume-a92ebf8a-55f0-4574-95b1-8fe54836c829.caf98a0a-9312-436f-a5f8-6178e1f40702 {{(pid=87138) execute /opt/stack/data/venv/lib/python3.12/site-packages/oslo_concurrency/processutils.py:440}}
Aug 31 21:16:28 devstack sudo[94407]: quobyte : PWD=/ ; USER=root ; COMMAND=/opt/stack/data/venv/bin/cinder-rootwrap /etc/cinder/rootwrap.conf chmod ugo+rw /opt/stack/data/cinder/mnt/0a3dcfdf2ea52b5e0bd3e567ffd509e4/volume-a92ebf8a-55f0-4574-95b1-8fe54836c829.caf98a0a-9312-436f-a5f8-6178e1f40702
Aug 31 21:16:28 devstack sudo[94407]: pam_unix(sudo:session): session opened for user root(uid=0) by (uid=1000)
Aug 31 21:16:29 devstack sudo[94407]: pam_unix(sudo:session): session closed for user root
Aug 31 21:16:29 devstack cinder-volume[87138]: DEBUG oslo_concurrency.processutils [None req-c92259c8-4ba5-4d51-9084-7aad31ac59b4 tempest-VolumesDeleteCascade-747577587 None] CMD "sudo cinder-rootwrap /etc/cinder/rootwrap.conf chmod ugo+rw /opt/stack/data/cinder/mnt/0a3dcfdf2ea52b5e0bd3e567ffd509e4/volume-a92ebf8a-55f0-4574-95b1-8fe54836c829.caf98a0a-9312-436f-a5f8-6178e1f40702" returned: 0 in 0.345s {{(pid=87138) execute /opt/stack/data/venv/lib/python3.12/site-packages/oslo_concurrency/processutils.py:468}}
Aug 31 21:16:29 devstack cinder-volume[87138]: DEBUG oslo_concurrency.processutils [None req-c92259c8-4ba5-4d51-9084-7aad31ac59b4 tempest-VolumesDeleteCascade-747577587 None] Running cmd (subprocess): sudo cinder-rootwrap /etc/cinder/rootwrap.conf truncate -s0 /opt/stack/data/cinder/mnt/0a3dcfdf2ea52b5e0bd3e567ffd509e4/volume-a92ebf8a-55f0-4574-95b1-8fe54836c829.info {{(pid=87138) execute /opt/stack/data/venv/lib/python3.12/site-packages/oslo_concurrency/processutils.py:440}}
Aug 31 21:16:29 devstack sudo[94410]: quobyte : PWD=/ ; USER=root ; COMMAND=/opt/stack/data/venv/bin/cinder-rootwrap /etc/cinder/rootwrap.conf truncate -s0 /opt/stack/data/cinder/mnt/0a3dcfdf2ea52b5e0bd3e567ffd509e4/volume-a92ebf8a-55f0-4574-95b1-8fe54836c829.info
Aug 31 21:16:29 devstack sudo[94410]: pam_unix(sudo:session): session opened for user root(uid=0) by (uid=1000)
Aug 31 21:16:29 devstack sudo[94410]: pam_unix(sudo:session): session closed for user root
Aug 31 21:16:29 devstack cinder-volume[87138]: DEBUG oslo_concurrency.processutils [None req-c92259c8-4ba5-4d51-9084-7aad31ac59b4 tempest-VolumesDeleteCascade-747577587 None] CMD "sudo cinder-rootwrap /etc/cinder/rootwrap.conf truncate -s0 /opt/stack/data/cinder/mnt/0a3dcfdf2ea52b5e0bd3e567ffd509e4/volume-a92ebf8a-55f0-4574-95b1-8fe54836c829.info" returned: 0 in 0.353s {{(pid=87138) execute /opt/stack/data/venv/lib/python3.12/site-packages/oslo_concurrency/processutils.py:468}}
Aug 31 21:16:29 devstack cinder-volume[87138]: WARNING cinder.volume.drivers.remotefs [None req-c92259c8-4ba5-4d51-9084-7aad31ac59b4 tempest-VolumesDeleteCascade-747577587 None] /opt/stack/data/cinder/mnt/0a3dcfdf2ea52b5e0bd3e567ffd509e4/volume-a92ebf8a-55f0-4574-95b1-8fe54836c829.info is being set with open permissions: ugo+rw
Aug 31 21:16:29 devstack cinder-volume[87138]: DEBUG oslo_concurrency.processutils [None req-c92259c8-4ba5-4d51-9084-7aad31ac59b4 tempest-VolumesDeleteCascade-747577587 None] Running cmd (subprocess): sudo cinder-rootwrap /etc/cinder/rootwrap.conf chmod ugo+rw /opt/stack/data/cinder/mnt/0a3dcfdf2ea52b5e0bd3e567ffd509e4/volume-a92ebf8a-55f0-4574-95b1-8fe54836c829.info {{(pid=87138) execute /opt/stack/data/venv/lib/python3.12/site-packages/oslo_concurrency/processutils.py:440}}
Aug 31 21:16:29 devstack sudo[94413]: quobyte : PWD=/ ; USER=root ; COMMAND=/opt/stack/data/venv/bin/cinder-rootwrap /etc/cinder/rootwrap.conf chmod ugo+rw /opt/stack/data/cinder/mnt/0a3dcfdf2ea52b5e0bd3e567ffd509e4/volume-a92ebf8a-55f0-4574-95b1-8fe54836c829.info
Aug 31 21:16:29 devstack sudo[94413]: pam_unix(sudo:session): session opened for user root(uid=0) by (uid=1000)
Aug 31 21:16:29 devstack sudo[94413]: pam_unix(sudo:session): session closed for user root
Aug 31 21:16:29 devstack cinder-volume[87138]: DEBUG oslo_concurrency.processutils [None req-c92259c8-4ba5-4d51-9084-7aad31ac59b4 tempest-VolumesDeleteCascade-747577587 None] CMD "sudo cinder-rootwrap /etc/cinder/rootwrap.conf chmod ugo+rw /opt/stack/data/cinder/mnt/0a3dcfdf2ea52b5e0bd3e567ffd509e4/volume-a92ebf8a-55f0-4574-95b1-8fe54836c829.info" returned: 0 in 0.305s {{(pid=87138) execute /opt/stack/data/venv/lib/python3.12/site-packages/oslo_concurrency/processutils.py:468}}
Aug 31 21:16:29 devstack cinder-volume[87138]: DEBUG oslo_concurrency.lockutils [None req-c92259c8-4ba5-4d51-9084-7aad31ac59b4 tempest-VolumesDeleteCascade-747577587 None] Lock "quobyte" "released" by "cinder.volume.drivers.quobyte.QuobyteDriver.create_snapshot" :: held 2.926s {{(pid=87138) inner /opt/stack/data/venv/lib/python3.12/site-packages/oslo_concurrency/lockutils.py:544}}
Aug 31 21:16:29 devstack cinder-volume[87138]: DEBUG oslo_concurrency.lockutils [None req-164e6d8c-e7d0-497f-9bcf-f5641e6dc429 tempest-GroupSnapshotsTest-1106056862 None] Lock "quobyte" acquired by "cinder.volume.drivers.quobyte.QuobyteDriver.create_snapshot" :: waited 1.443s {{(pid=87138) inner /opt/stack/data/venv/lib/python3.12/site-packages/oslo_concurrency/lockutils.py:525}}
Aug 31 21:16:29 devstack cinder-volume[87138]: DEBUG cinder.volume.drivers.remotefs [None req-164e6d8c-e7d0-497f-9bcf-f5641e6dc429 tempest-GroupSnapshotsTest-1106056862 None] Creating offline snapshot 7cbee68b-185d-47b2-94ae-50cffd6c333b of volume 8baf2465-1f62-4243-ba14-e5bc0c2f1adf {{(pid=87138) _create_snapshot /opt/stack/cinder/cinder/volume/drivers/remotefs.py:1816}}
Aug 31 21:16:29 devstack cinder-volume[87138]: INFO cinder.volume.manager [None req-c92259c8-4ba5-4d51-9084-7aad31ac59b4 tempest-VolumesDeleteCascade-747577587 None] Create snapshot completed successfully
Aug 31 21:16:29 devstack cinder-volume[87138]: DEBUG oslo.privsep.daemon [-] privsep: reply[2f6506f0-c24a-4ab9-b052-58032ed4d21b]: (4, 'qcow2') {{(pid=88812) _call_back /opt/stack/data/venv/lib/python3.12/site-packages/oslo_privsep/daemon.py:580}}
Aug 31 21:16:29 devstack cinder-volume[87138]: DEBUG oslo_concurrency.processutils [None req-164e6d8c-e7d0-497f-9bcf-f5641e6dc429 tempest-GroupSnapshotsTest-1106056862 None] Running cmd (subprocess): /opt/stack/data/venv/bin/python3.12 -m oslo_concurrency.prlimit --as=1073741824 --cpu=60 -- sudo cinder-rootwrap /etc/cinder/rootwrap.conf env LC_ALL=C qemu-img info -f qcow2 --output=json --force-share /opt/stack/data/cinder/mnt/0a3dcfdf2ea52b5e0bd3e567ffd509e4/volume-8baf2465-1f62-4243-ba14-e5bc0c2f1adf {{(pid=87138) execute /opt/stack/data/venv/lib/python3.12/site-packages/oslo_concurrency/processutils.py:440}}
Aug 31 21:16:30 devstack sudo[94416]: quobyte : PWD=/ ; USER=root ; COMMAND=/opt/stack/data/venv/bin/cinder-rootwrap /etc/cinder/rootwrap.conf env LC_ALL=C qemu-img info -f qcow2 --output=json --force-share /opt/stack/data/cinder/mnt/0a3dcfdf2ea52b5e0bd3e567ffd509e4/volume-8baf2465-1f62-4243-ba14-e5bc0c2f1adf
Aug 31 21:16:30 devstack sudo[94416]: pam_unix(sudo:session): session opened for user root(uid=0) by (uid=1000)
Aug 31 21:16:30 devstack sudo[94416]: pam_unix(sudo:session): session closed for user root
Aug 31 21:16:30 devstack cinder-volume[87138]: DEBUG oslo_concurrency.processutils [None req-164e6d8c-e7d0-497f-9bcf-f5641e6dc429 tempest-GroupSnapshotsTest-1106056862 None] CMD "/opt/stack/data/venv/bin/python3.12 -m oslo_concurrency.prlimit --as=1073741824 --cpu=60 -- sudo cinder-rootwrap /etc/cinder/rootwrap.conf env LC_ALL=C qemu-img info -f qcow2 --output=json --force-share /opt/stack/data/cinder/mnt/0a3dcfdf2ea52b5e0bd3e567ffd509e4/volume-8baf2465-1f62-4243-ba14-e5bc0c2f1adf" returned: 0 in 0.922s {{(pid=87138) execute /opt/stack/data/venv/lib/python3.12/site-packages/oslo_concurrency/processutils.py:468}}
Aug 31 21:16:30 devstack cinder-volume[87138]: DEBUG oslo_concurrency.processutils [None req-164e6d8c-e7d0-497f-9bcf-f5641e6dc429 tempest-GroupSnapshotsTest-1106056862 None] Running cmd (subprocess): sudo cinder-rootwrap /etc/cinder/rootwrap.conf qemu-img create -f qcow2 -o backing_file=/opt/stack/data/cinder/mnt/0a3dcfdf2ea52b5e0bd3e567ffd509e4/volume-8baf2465-1f62-4243-ba14-e5bc0c2f1adf,backing_fmt=qcow2 /opt/stack/data/cinder/mnt/0a3dcfdf2ea52b5e0bd3e567ffd509e4/volume-8baf2465-1f62-4243-ba14-e5bc0c2f1adf.7cbee68b-185d-47b2-94ae-50cffd6c333b 1G {{(pid=87138) execute /opt/stack/data/venv/lib/python3.12/site-packages/oslo_concurrency/processutils.py:440}}
Aug 31 21:16:30 devstack sudo[94421]: quobyte : PWD=/ ; USER=root ; COMMAND=/opt/stack/data/venv/bin/cinder-rootwrap /etc/cinder/rootwrap.conf qemu-img create -f qcow2 -o backing_file=/opt/stack/data/cinder/mnt/0a3dcfdf2ea52b5e0bd3e567ffd509e4/volume-8baf2465-1f62-4243-ba14-e5bc0c2f1adf,backing_fmt=qcow2 /opt/stack/data/cinder/mnt/0a3dcfdf2ea52b5e0bd3e567ffd509e4/volume-8baf2465-1f62-4243-ba14-e5bc0c2f1adf.7cbee68b-185d-47b2-94ae-50cffd6c333b 1G
Aug 31 21:16:30 devstack sudo[94421]: pam_unix(sudo:session): session opened for user root(uid=0) by (uid=1000)
Aug 31 21:16:31 devstack cinder-volume[87138]: DEBUG cinder.volume.flows.manager.create_volume [None req-b094e06b-a604-420e-97df-66f84dbebafa tempest-VolumesDeleteCascade-747577587 None] Volume reschedule parameters: True retry: {'num_attempts': 1, 'backends': ['devstack@QuobyteHD#QuobyteHD'], 'hosts': ['devstack@QuobyteHD#QuobyteHD']} {{(pid=87138) get_flow /opt/stack/cinder/cinder/volume/flows/manager/create_volume.py:1397}}
Aug 31 21:16:31 devstack cinder-volume[87138]: DEBUG cinder.volume.manager [None req-b094e06b-a604-420e-97df-66f84dbebafa tempest-VolumesDeleteCascade-747577587 None] Flow 'volume_create_manager' (023ad35e-5a0d-481e-993f-1a5b06e5b898) transitioned into state 'RUNNING' from state 'PENDING' {{(pid=87138) _flow_receiver /opt/stack/data/venv/lib/python3.12/site-packages/taskflow/listeners/logging.py:160}}
Aug 31 21:16:31 devstack cinder-volume[87138]: DEBUG cinder.volume.manager [None req-b094e06b-a604-420e-97df-66f84dbebafa tempest-VolumesDeleteCascade-747577587 None] Task 'cinder.volume.flows.manager.create_volume.ExtractVolumeRefTask;volume:create' (ee459bf8-6549-4777-a2ea-9d5f18e2f692) transitioned into state 'RUNNING' from state 'PENDING' {{(pid=87138) _task_receiver /opt/stack/data/venv/lib/python3.12/site-packages/taskflow/listeners/logging.py:242}}
Aug 31 21:16:31 devstack cinder-volume[87138]: DEBUG cinder.volume.manager [None req-b094e06b-a604-420e-97df-66f84dbebafa tempest-VolumesDeleteCascade-747577587 None] Task 'cinder.volume.flows.manager.create_volume.ExtractVolumeRefTask;volume:create' (ee459bf8-6549-4777-a2ea-9d5f18e2f692) transitioned into state 'SUCCESS' from state 'RUNNING' with result 'Volume(_name_id=None,admin_metadata=,attach_status='detached',availability_zone='nova',bootable=False,cluster=,cluster_name=None,consistencygroup=,consistencygroup_id=None,created_at=2026-08-31T19:16:31Z,deleted=False,deleted_at=None,display_description=None,display_name='tempest-VolumesDeleteCascade-Volume-1785422271',ec2_id=None,encryption_key_id=None,glance_metadata=,group=,group_id=None,host='devstack@QuobyteHD#QuobyteHD',id=bbcb65c0-7a94-46eb-b0c6-fb2505aee04f,launched_at=None,metadata={},migration_status=None,multiattach=False,previous_status=None,project_id='1de1c8f0531440618037c6fe4082f680',provider_auth=None,provider_geometry=None,provider_id=None,provider_location=None,replication_driver_data=None,replication_extended_status=None,replication_status=None,scheduled_at=2026-08-31T19:16:31Z,service_uuid=None,shared_targets=True,size=1,snapshot_id=caf98a0a-9312-436f-a5f8-6178e1f40702,snapshots=,source_volid=None,status='creating',terminated_at=None,updated_at=2026-08-31T19:16:31Z,use_quota=True,user_id='bff598881503450fb4a59dacbd7ed497',volume_attachment=VolumeAttachmentList,volume_type=VolumeType(940968d5-9f84-40a4-89da-586ab77a0dc4),volume_type_id=940968d5-9f84-40a4-89da-586ab77a0dc4)' {{(pid=87138) _task_receiver /opt/stack/data/venv/lib/python3.12/site-packages/taskflow/listeners/logging.py:218}}
Aug 31 21:16:31 devstack cinder-volume[87138]: DEBUG cinder.volume.manager [None req-b094e06b-a604-420e-97df-66f84dbebafa tempest-VolumesDeleteCascade-747577587 None] Task 'cinder.volume.flows.manager.create_volume.OnFailureRescheduleTask;volume:create' (ec50f2c5-b30a-400c-bb4f-42523f752f0a) transitioned into state 'RUNNING' from state 'PENDING' {{(pid=87138) _task_receiver /opt/stack/data/venv/lib/python3.12/site-packages/taskflow/listeners/logging.py:242}}
Aug 31 21:16:31 devstack cinder-volume[87138]: DEBUG cinder.volume.manager [None req-b094e06b-a604-420e-97df-66f84dbebafa tempest-VolumesDeleteCascade-747577587 None] Task 'cinder.volume.flows.manager.create_volume.OnFailureRescheduleTask;volume:create' (ec50f2c5-b30a-400c-bb4f-42523f752f0a) transitioned into state 'SUCCESS' from state 'RUNNING' with result 'None' {{(pid=87138) _task_receiver /opt/stack/data/venv/lib/python3.12/site-packages/taskflow/listeners/logging.py:218}}
Aug 31 21:16:31 devstack cinder-volume[87138]: DEBUG cinder.volume.manager [None req-b094e06b-a604-420e-97df-66f84dbebafa tempest-VolumesDeleteCascade-747577587 None] Task 'cinder.volume.flows.manager.create_volume.ExtractVolumeSpecTask;volume:create' (ca1be737-d6f6-4004-8647-c27bd1228e9e) transitioned into state 'RUNNING' from state 'PENDING' {{(pid=87138) _task_receiver /opt/stack/data/venv/lib/python3.12/site-packages/taskflow/listeners/logging.py:242}}
Aug 31 21:16:31 devstack cinder-volume[87138]: DEBUG cinder.volume.manager [None req-b094e06b-a604-420e-97df-66f84dbebafa tempest-VolumesDeleteCascade-747577587 None] Task 'cinder.volume.flows.manager.create_volume.ExtractVolumeSpecTask;volume:create' (ca1be737-d6f6-4004-8647-c27bd1228e9e) transitioned into state 'SUCCESS' from state 'RUNNING' with result '{'status': 'creating', 'type': 'snap', 'volume_id': 'bbcb65c0-7a94-46eb-b0c6-fb2505aee04f', 'volume_name': 'volume-bbcb65c0-7a94-46eb-b0c6-fb2505aee04f', 'volume_size': 1, 'snapshot_id': 'caf98a0a-9312-436f-a5f8-6178e1f40702'}' {{(pid=87138) _task_receiver /opt/stack/data/venv/lib/python3.12/site-packages/taskflow/listeners/logging.py:218}}
Aug 31 21:16:31 devstack cinder-volume[87138]: DEBUG cinder.volume.manager [None req-b094e06b-a604-420e-97df-66f84dbebafa tempest-VolumesDeleteCascade-747577587 None] Task 'cinder.volume.flows.manager.create_volume.NotifyVolumeActionTask;volume:create, create.start' (68446634-0160-4fc2-922b-6955cb3a98f7) transitioned into state 'RUNNING' from state 'PENDING' {{(pid=87138) _task_receiver /opt/stack/data/venv/lib/python3.12/site-packages/taskflow/listeners/logging.py:242}}
Aug 31 21:16:31 devstack cinder-volume[87138]: DEBUG cinder.volume.manager [None req-b094e06b-a604-420e-97df-66f84dbebafa tempest-VolumesDeleteCascade-747577587 None] Task 'cinder.volume.flows.manager.create_volume.NotifyVolumeActionTask;volume:create, create.start' (68446634-0160-4fc2-922b-6955cb3a98f7) transitioned into state 'SUCCESS' from state 'RUNNING' with result 'None' {{(pid=87138) _task_receiver /opt/stack/data/venv/lib/python3.12/site-packages/taskflow/listeners/logging.py:218}}
Aug 31 21:16:31 devstack cinder-volume[87138]: DEBUG cinder.volume.manager [None req-b094e06b-a604-420e-97df-66f84dbebafa tempest-VolumesDeleteCascade-747577587 None] Task 'cinder.volume.flows.manager.create_volume.CreateVolumeFromSpecTask;volume:create' (1fa63b48-cd43-47d8-86fc-2a989c7dbdeb) transitioned into state 'RUNNING' from state 'PENDING' {{(pid=87138) _task_receiver /opt/stack/data/venv/lib/python3.12/site-packages/taskflow/listeners/logging.py:242}}
Aug 31 21:16:31 devstack cinder-volume[87138]: INFO cinder.volume.flows.manager.create_volume [None req-b094e06b-a604-420e-97df-66f84dbebafa tempest-VolumesDeleteCascade-747577587 None] Volume bbcb65c0-7a94-46eb-b0c6-fb2505aee04f: being created as snap with specification: {'status': 'creating', 'volume_name': 'volume-bbcb65c0-7a94-46eb-b0c6-fb2505aee04f', 'volume_size': 1, 'snapshot_id': 'caf98a0a-9312-436f-a5f8-6178e1f40702'}
Aug 31 21:16:31 devstack cinder-volume[87138]: DEBUG oslo_concurrency.lockutils [None req-b094e06b-a604-420e-97df-66f84dbebafa tempest-VolumesDeleteCascade-747577587 None] Acquiring lock "quobyte" by "cinder.volume.drivers.quobyte.QuobyteDriver.create_volume_from_snapshot" {{(pid=87138) inner /opt/stack/data/venv/lib/python3.12/site-packages/oslo_concurrency/lockutils.py:512}}
Aug 31 21:16:31 devstack sudo[94421]: pam_unix(sudo:session): session closed for user root
Aug 31 21:16:31 devstack cinder-volume[87138]: DEBUG oslo_concurrency.processutils [None req-164e6d8c-e7d0-497f-9bcf-f5641e6dc429 tempest-GroupSnapshotsTest-1106056862 None] CMD "sudo cinder-rootwrap /etc/cinder/rootwrap.conf qemu-img create -f qcow2 -o backing_file=/opt/stack/data/cinder/mnt/0a3dcfdf2ea52b5e0bd3e567ffd509e4/volume-8baf2465-1f62-4243-ba14-e5bc0c2f1adf,backing_fmt=qcow2 /opt/stack/data/cinder/mnt/0a3dcfdf2ea52b5e0bd3e567ffd509e4/volume-8baf2465-1f62-4243-ba14-e5bc0c2f1adf.7cbee68b-185d-47b2-94ae-50cffd6c333b 1G" returned: 0 in 0.835s {{(pid=87138) execute /opt/stack/data/venv/lib/python3.12/site-packages/oslo_concurrency/processutils.py:468}}
Aug 31 21:16:31 devstack cinder-volume[87138]: DEBUG oslo_concurrency.processutils [None req-164e6d8c-e7d0-497f-9bcf-f5641e6dc429 tempest-GroupSnapshotsTest-1106056862 None] Running cmd (subprocess): sudo cinder-rootwrap /etc/cinder/rootwrap.conf qemu-img rebase -u -b volume-8baf2465-1f62-4243-ba14-e5bc0c2f1adf -F qcow2 /opt/stack/data/cinder/mnt/0a3dcfdf2ea52b5e0bd3e567ffd509e4/volume-8baf2465-1f62-4243-ba14-e5bc0c2f1adf.7cbee68b-185d-47b2-94ae-50cffd6c333b {{(pid=87138) execute /opt/stack/data/venv/lib/python3.12/site-packages/oslo_concurrency/processutils.py:440}}
Aug 31 21:16:31 devstack sudo[94426]: quobyte : PWD=/ ; USER=root ; COMMAND=/opt/stack/data/venv/bin/cinder-rootwrap /etc/cinder/rootwrap.conf qemu-img rebase -u -b volume-8baf2465-1f62-4243-ba14-e5bc0c2f1adf -F qcow2 /opt/stack/data/cinder/mnt/0a3dcfdf2ea52b5e0bd3e567ffd509e4/volume-8baf2465-1f62-4243-ba14-e5bc0c2f1adf.7cbee68b-185d-47b2-94ae-50cffd6c333b
Aug 31 21:16:31 devstack sudo[94426]: pam_unix(sudo:session): session opened for user root(uid=0) by (uid=1000)
Aug 31 21:16:32 devstack sudo[94426]: pam_unix(sudo:session): session closed for user root
Aug 31 21:16:32 devstack cinder-volume[87138]: DEBUG oslo_concurrency.processutils [None req-164e6d8c-e7d0-497f-9bcf-f5641e6dc429 tempest-GroupSnapshotsTest-1106056862 None] CMD "sudo cinder-rootwrap /etc/cinder/rootwrap.conf qemu-img rebase -u -b volume-8baf2465-1f62-4243-ba14-e5bc0c2f1adf -F qcow2 /opt/stack/data/cinder/mnt/0a3dcfdf2ea52b5e0bd3e567ffd509e4/volume-8baf2465-1f62-4243-ba14-e5bc0c2f1adf.7cbee68b-185d-47b2-94ae-50cffd6c333b" returned: 0 in 0.533s {{(pid=87138) execute /opt/stack/data/venv/lib/python3.12/site-packages/oslo_concurrency/processutils.py:468}}
Aug 31 21:16:32 devstack cinder-volume[87138]: WARNING cinder.volume.drivers.remotefs [None req-164e6d8c-e7d0-497f-9bcf-f5641e6dc429 tempest-GroupSnapshotsTest-1106056862 None] /opt/stack/data/cinder/mnt/0a3dcfdf2ea52b5e0bd3e567ffd509e4/volume-8baf2465-1f62-4243-ba14-e5bc0c2f1adf.7cbee68b-185d-47b2-94ae-50cffd6c333b is being set with open permissions: ugo+rw: NotImplementedError
Aug 31 21:16:32 devstack cinder-volume[87138]: DEBUG oslo_concurrency.processutils [None req-164e6d8c-e7d0-497f-9bcf-f5641e6dc429 tempest-GroupSnapshotsTest-1106056862 None] Running cmd (subprocess): sudo cinder-rootwrap /etc/cinder/rootwrap.conf chmod ugo+rw /opt/stack/data/cinder/mnt/0a3dcfdf2ea52b5e0bd3e567ffd509e4/volume-8baf2465-1f62-4243-ba14-e5bc0c2f1adf.7cbee68b-185d-47b2-94ae-50cffd6c333b {{(pid=87138) execute /opt/stack/data/venv/lib/python3.12/site-packages/oslo_concurrency/processutils.py:440}}
Aug 31 21:16:32 devstack sudo[94431]: quobyte : PWD=/ ; USER=root ; COMMAND=/opt/stack/data/venv/bin/cinder-rootwrap /etc/cinder/rootwrap.conf chmod ugo+rw /opt/stack/data/cinder/mnt/0a3dcfdf2ea52b5e0bd3e567ffd509e4/volume-8baf2465-1f62-4243-ba14-e5bc0c2f1adf.7cbee68b-185d-47b2-94ae-50cffd6c333b
Aug 31 21:16:32 devstack sudo[94431]: pam_unix(sudo:session): session opened for user root(uid=0) by (uid=1000)
Aug 31 21:16:32 devstack sudo[94431]: pam_unix(sudo:session): session closed for user root
Aug 31 21:16:32 devstack cinder-volume[87138]: DEBUG oslo_concurrency.processutils [None req-164e6d8c-e7d0-497f-9bcf-f5641e6dc429 tempest-GroupSnapshotsTest-1106056862 None] CMD "sudo cinder-rootwrap /etc/cinder/rootwrap.conf chmod ugo+rw /opt/stack/data/cinder/mnt/0a3dcfdf2ea52b5e0bd3e567ffd509e4/volume-8baf2465-1f62-4243-ba14-e5bc0c2f1adf.7cbee68b-185d-47b2-94ae-50cffd6c333b" returned: 0 in 0.431s {{(pid=87138) execute /opt/stack/data/venv/lib/python3.12/site-packages/oslo_concurrency/processutils.py:468}}
Aug 31 21:16:32 devstack cinder-volume[87138]: DEBUG oslo_concurrency.processutils [None req-164e6d8c-e7d0-497f-9bcf-f5641e6dc429 tempest-GroupSnapshotsTest-1106056862 None] Running cmd (subprocess): sudo cinder-rootwrap /etc/cinder/rootwrap.conf truncate -s0 /opt/stack/data/cinder/mnt/0a3dcfdf2ea52b5e0bd3e567ffd509e4/volume-8baf2465-1f62-4243-ba14-e5bc0c2f1adf.info {{(pid=87138) execute /opt/stack/data/venv/lib/python3.12/site-packages/oslo_concurrency/processutils.py:440}}
Aug 31 21:16:32 devstack sudo[94435]: quobyte : PWD=/ ; USER=root ; COMMAND=/opt/stack/data/venv/bin/cinder-rootwrap /etc/cinder/rootwrap.conf truncate -s0 /opt/stack/data/cinder/mnt/0a3dcfdf2ea52b5e0bd3e567ffd509e4/volume-8baf2465-1f62-4243-ba14-e5bc0c2f1adf.info
Aug 31 21:16:32 devstack sudo[94435]: pam_unix(sudo:session): session opened for user root(uid=0) by (uid=1000)
Aug 31 21:16:33 devstack sudo[94435]: pam_unix(sudo:session): session closed for user root
Aug 31 21:16:33 devstack cinder-volume[87138]: DEBUG oslo_concurrency.processutils [None req-164e6d8c-e7d0-497f-9bcf-f5641e6dc429 tempest-GroupSnapshotsTest-1106056862 None] CMD "sudo cinder-rootwrap /etc/cinder/rootwrap.conf truncate -s0 /opt/stack/data/cinder/mnt/0a3dcfdf2ea52b5e0bd3e567ffd509e4/volume-8baf2465-1f62-4243-ba14-e5bc0c2f1adf.info" returned: 0 in 0.497s {{(pid=87138) execute /opt/stack/data/venv/lib/python3.12/site-packages/oslo_concurrency/processutils.py:468}}
Aug 31 21:16:33 devstack cinder-volume[87138]: WARNING cinder.volume.drivers.remotefs [None req-164e6d8c-e7d0-497f-9bcf-f5641e6dc429 tempest-GroupSnapshotsTest-1106056862 None] /opt/stack/data/cinder/mnt/0a3dcfdf2ea52b5e0bd3e567ffd509e4/volume-8baf2465-1f62-4243-ba14-e5bc0c2f1adf.info is being set with open permissions: ugo+rw: NotImplementedError
Aug 31 21:16:33 devstack cinder-volume[87138]: DEBUG oslo_concurrency.processutils [None req-164e6d8c-e7d0-497f-9bcf-f5641e6dc429 tempest-GroupSnapshotsTest-1106056862 None] Running cmd (subprocess): sudo cinder-rootwrap /etc/cinder/rootwrap.conf chmod ugo+rw /opt/stack/data/cinder/mnt/0a3dcfdf2ea52b5e0bd3e567ffd509e4/volume-8baf2465-1f62-4243-ba14-e5bc0c2f1adf.info {{(pid=87138) execute /opt/stack/data/venv/lib/python3.12/site-packages/oslo_concurrency/processutils.py:440}}
Aug 31 21:16:33 devstack sudo[94439]: quobyte : PWD=/ ; USER=root ; COMMAND=/opt/stack/data/venv/bin/cinder-rootwrap /etc/cinder/rootwrap.conf chmod ugo+rw /opt/stack/data/cinder/mnt/0a3dcfdf2ea52b5e0bd3e567ffd509e4/volume-8baf2465-1f62-4243-ba14-e5bc0c2f1adf.info
Aug 31 21:16:33 devstack sudo[94439]: pam_unix(sudo:session): session opened for user root(uid=0) by (uid=1000)
Aug 31 21:16:33 devstack sudo[94439]: pam_unix(sudo:session): session closed for user root
Aug 31 21:16:33 devstack cinder-volume[87138]: DEBUG oslo_concurrency.processutils [None req-164e6d8c-e7d0-497f-9bcf-f5641e6dc429 tempest-GroupSnapshotsTest-1106056862 None] CMD "sudo cinder-rootwrap /etc/cinder/rootwrap.conf chmod ugo+rw /opt/stack/data/cinder/mnt/0a3dcfdf2ea52b5e0bd3e567ffd509e4/volume-8baf2465-1f62-4243-ba14-e5bc0c2f1adf.info" returned: 0 in 0.425s {{(pid=87138) execute /opt/stack/data/venv/lib/python3.12/site-packages/oslo_concurrency/processutils.py:468}}
Aug 31 21:16:33 devstack cinder-volume[87138]: DEBUG oslo_concurrency.lockutils [None req-164e6d8c-e7d0-497f-9bcf-f5641e6dc429 tempest-GroupSnapshotsTest-1106056862 None] Lock "quobyte" "released" by "cinder.volume.drivers.quobyte.QuobyteDriver.create_snapshot" :: held 3.836s {{(pid=87138) inner /opt/stack/data/venv/lib/python3.12/site-packages/oslo_concurrency/lockutils.py:544}}
Aug 31 21:16:33 devstack cinder-volume[87138]: DEBUG oslo_concurrency.lockutils [None req-164e6d8c-e7d0-497f-9bcf-f5641e6dc429 tempest-GroupSnapshotsTest-1106056862 None] Acquiring lock "quobyte" by "cinder.volume.drivers.quobyte.QuobyteDriver.create_snapshot" {{(pid=87138) inner /opt/stack/data/venv/lib/python3.12/site-packages/oslo_concurrency/lockutils.py:512}}
Aug 31 21:16:33 devstack cinder-volume[87138]: DEBUG oslo_concurrency.lockutils [None req-164e6d8c-e7d0-497f-9bcf-f5641e6dc429 tempest-GroupSnapshotsTest-1106056862 None] Lock "quobyte" acquired by "cinder.volume.drivers.quobyte.QuobyteDriver.create_snapshot" :: waited 0.000s {{(pid=87138) inner /opt/stack/data/venv/lib/python3.12/site-packages/oslo_concurrency/lockutils.py:525}}
Aug 31 21:16:33 devstack cinder-volume[87138]: DEBUG cinder.volume.drivers.remotefs [None req-164e6d8c-e7d0-497f-9bcf-f5641e6dc429 tempest-GroupSnapshotsTest-1106056862 None] Creating offline snapshot 8032d7ec-44aa-44fa-ae7c-2d6e64119c41 of volume 4eb7bb3e-bdd4-4e12-8434-f280d6c8d6a4 {{(pid=87138) _create_snapshot /opt/stack/cinder/cinder/volume/drivers/remotefs.py:1816}}
Aug 31 21:16:33 devstack cinder-volume[87138]: DEBUG oslo.privsep.daemon [-] privsep: reply[559e0e91-8ce4-4b0d-8f9f-1e3f1992c4ba]: (4, 'qcow2') {{(pid=88812) _call_back /opt/stack/data/venv/lib/python3.12/site-packages/oslo_privsep/daemon.py:580}}
Aug 31 21:16:33 devstack cinder-volume[87138]: DEBUG oslo_concurrency.processutils [None req-164e6d8c-e7d0-497f-9bcf-f5641e6dc429 tempest-GroupSnapshotsTest-1106056862 None] Running cmd (subprocess): /opt/stack/data/venv/bin/python3.12 -m oslo_concurrency.prlimit --as=1073741824 --cpu=60 -- sudo cinder-rootwrap /etc/cinder/rootwrap.conf env LC_ALL=C qemu-img info -f qcow2 --output=json --force-share /opt/stack/data/cinder/mnt/0a3dcfdf2ea52b5e0bd3e567ffd509e4/volume-4eb7bb3e-bdd4-4e12-8434-f280d6c8d6a4 {{(pid=87138) execute /opt/stack/data/venv/lib/python3.12/site-packages/oslo_concurrency/processutils.py:440}}
Aug 31 21:16:33 devstack sudo[94442]: quobyte : PWD=/ ; USER=root ; COMMAND=/opt/stack/data/venv/bin/cinder-rootwrap /etc/cinder/rootwrap.conf env LC_ALL=C qemu-img info -f qcow2 --output=json --force-share /opt/stack/data/cinder/mnt/0a3dcfdf2ea52b5e0bd3e567ffd509e4/volume-4eb7bb3e-bdd4-4e12-8434-f280d6c8d6a4
Aug 31 21:16:33 devstack sudo[94442]: pam_unix(sudo:session): session opened for user root(uid=0) by (uid=1000)
Aug 31 21:16:34 devstack sudo[94442]: pam_unix(sudo:session): session closed for user root
Aug 31 21:16:34 devstack cinder-volume[87138]: DEBUG oslo_concurrency.processutils [None req-164e6d8c-e7d0-497f-9bcf-f5641e6dc429 tempest-GroupSnapshotsTest-1106056862 None] CMD "/opt/stack/data/venv/bin/python3.12 -m oslo_concurrency.prlimit --as=1073741824 --cpu=60 -- sudo cinder-rootwrap /etc/cinder/rootwrap.conf env LC_ALL=C qemu-img info -f qcow2 --output=json --force-share /opt/stack/data/cinder/mnt/0a3dcfdf2ea52b5e0bd3e567ffd509e4/volume-4eb7bb3e-bdd4-4e12-8434-f280d6c8d6a4" returned: 0 in 0.533s {{(pid=87138) execute /opt/stack/data/venv/lib/python3.12/site-packages/oslo_concurrency/processutils.py:468}}
Aug 31 21:16:34 devstack cinder-volume[87138]: DEBUG oslo_concurrency.processutils [None req-164e6d8c-e7d0-497f-9bcf-f5641e6dc429 tempest-GroupSnapshotsTest-1106056862 None] Running cmd (subprocess): sudo cinder-rootwrap /etc/cinder/rootwrap.conf qemu-img create -f qcow2 -o backing_file=/opt/stack/data/cinder/mnt/0a3dcfdf2ea52b5e0bd3e567ffd509e4/volume-4eb7bb3e-bdd4-4e12-8434-f280d6c8d6a4,backing_fmt=qcow2 /opt/stack/data/cinder/mnt/0a3dcfdf2ea52b5e0bd3e567ffd509e4/volume-4eb7bb3e-bdd4-4e12-8434-f280d6c8d6a4.8032d7ec-44aa-44fa-ae7c-2d6e64119c41 1G {{(pid=87138) execute /opt/stack/data/venv/lib/python3.12/site-packages/oslo_concurrency/processutils.py:440}}
Aug 31 21:16:34 devstack sudo[94448]: quobyte : PWD=/ ; USER=root ; COMMAND=/opt/stack/data/venv/bin/cinder-rootwrap /etc/cinder/rootwrap.conf qemu-img create -f qcow2 -o backing_file=/opt/stack/data/cinder/mnt/0a3dcfdf2ea52b5e0bd3e567ffd509e4/volume-4eb7bb3e-bdd4-4e12-8434-f280d6c8d6a4,backing_fmt=qcow2 /opt/stack/data/cinder/mnt/0a3dcfdf2ea52b5e0bd3e567ffd509e4/volume-4eb7bb3e-bdd4-4e12-8434-f280d6c8d6a4.8032d7ec-44aa-44fa-ae7c-2d6e64119c41 1G
Aug 31 21:16:34 devstack sudo[94448]: pam_unix(sudo:session): session opened for user root(uid=0) by (uid=1000)
Aug 31 21:16:35 devstack sudo[94448]: pam_unix(sudo:session): session closed for user root
Aug 31 21:16:35 devstack cinder-volume[87138]: DEBUG oslo_concurrency.processutils [None req-164e6d8c-e7d0-497f-9bcf-f5641e6dc429 tempest-GroupSnapshotsTest-1106056862 None] CMD "sudo cinder-rootwrap /etc/cinder/rootwrap.conf qemu-img create -f qcow2 -o backing_file=/opt/stack/data/cinder/mnt/0a3dcfdf2ea52b5e0bd3e567ffd509e4/volume-4eb7bb3e-bdd4-4e12-8434-f280d6c8d6a4,backing_fmt=qcow2 /opt/stack/data/cinder/mnt/0a3dcfdf2ea52b5e0bd3e567ffd509e4/volume-4eb7bb3e-bdd4-4e12-8434-f280d6c8d6a4.8032d7ec-44aa-44fa-ae7c-2d6e64119c41 1G" returned: 0 in 0.772s {{(pid=87138) execute /opt/stack/data/venv/lib/python3.12/site-packages/oslo_concurrency/processutils.py:468}}
Aug 31 21:16:35 devstack cinder-volume[87138]: DEBUG oslo_concurrency.processutils [None req-164e6d8c-e7d0-497f-9bcf-f5641e6dc429 tempest-GroupSnapshotsTest-1106056862 None] Running cmd (subprocess): sudo cinder-rootwrap /etc/cinder/rootwrap.conf qemu-img rebase -u -b volume-4eb7bb3e-bdd4-4e12-8434-f280d6c8d6a4 -F qcow2 /opt/stack/data/cinder/mnt/0a3dcfdf2ea52b5e0bd3e567ffd509e4/volume-4eb7bb3e-bdd4-4e12-8434-f280d6c8d6a4.8032d7ec-44aa-44fa-ae7c-2d6e64119c41 {{(pid=87138) execute /opt/stack/data/venv/lib/python3.12/site-packages/oslo_concurrency/processutils.py:440}}
Aug 31 21:16:35 devstack sudo[94454]: quobyte : PWD=/ ; USER=root ; COMMAND=/opt/stack/data/venv/bin/cinder-rootwrap /etc/cinder/rootwrap.conf qemu-img rebase -u -b volume-4eb7bb3e-bdd4-4e12-8434-f280d6c8d6a4 -F qcow2 /opt/stack/data/cinder/mnt/0a3dcfdf2ea52b5e0bd3e567ffd509e4/volume-4eb7bb3e-bdd4-4e12-8434-f280d6c8d6a4.8032d7ec-44aa-44fa-ae7c-2d6e64119c41
Aug 31 21:16:35 devstack sudo[94454]: pam_unix(sudo:session): session opened for user root(uid=0) by (uid=1000)
Aug 31 21:16:35 devstack sudo[94454]: pam_unix(sudo:session): session closed for user root
Aug 31 21:16:35 devstack cinder-volume[87138]: DEBUG oslo_concurrency.processutils [None req-164e6d8c-e7d0-497f-9bcf-f5641e6dc429 tempest-GroupSnapshotsTest-1106056862 None] CMD "sudo cinder-rootwrap /etc/cinder/rootwrap.conf qemu-img rebase -u -b volume-4eb7bb3e-bdd4-4e12-8434-f280d6c8d6a4 -F qcow2 /opt/stack/data/cinder/mnt/0a3dcfdf2ea52b5e0bd3e567ffd509e4/volume-4eb7bb3e-bdd4-4e12-8434-f280d6c8d6a4.8032d7ec-44aa-44fa-ae7c-2d6e64119c41" returned: 0 in 0.369s {{(pid=87138) execute /opt/stack/data/venv/lib/python3.12/site-packages/oslo_concurrency/processutils.py:468}}
Aug 31 21:16:35 devstack cinder-volume[87138]: WARNING cinder.volume.drivers.remotefs [None req-164e6d8c-e7d0-497f-9bcf-f5641e6dc429 tempest-GroupSnapshotsTest-1106056862 None] /opt/stack/data/cinder/mnt/0a3dcfdf2ea52b5e0bd3e567ffd509e4/volume-4eb7bb3e-bdd4-4e12-8434-f280d6c8d6a4.8032d7ec-44aa-44fa-ae7c-2d6e64119c41 is being set with open permissions: ugo+rw: NotImplementedError
Aug 31 21:16:35 devstack cinder-volume[87138]: DEBUG oslo_concurrency.processutils [None req-164e6d8c-e7d0-497f-9bcf-f5641e6dc429 tempest-GroupSnapshotsTest-1106056862 None] Running cmd (subprocess): sudo cinder-rootwrap /etc/cinder/rootwrap.conf chmod ugo+rw /opt/stack/data/cinder/mnt/0a3dcfdf2ea52b5e0bd3e567ffd509e4/volume-4eb7bb3e-bdd4-4e12-8434-f280d6c8d6a4.8032d7ec-44aa-44fa-ae7c-2d6e64119c41 {{(pid=87138) execute /opt/stack/data/venv/lib/python3.12/site-packages/oslo_concurrency/processutils.py:440}}
Aug 31 21:16:35 devstack sudo[94459]: quobyte : PWD=/ ; USER=root ; COMMAND=/opt/stack/data/venv/bin/cinder-rootwrap /etc/cinder/rootwrap.conf chmod ugo+rw /opt/stack/data/cinder/mnt/0a3dcfdf2ea52b5e0bd3e567ffd509e4/volume-4eb7bb3e-bdd4-4e12-8434-f280d6c8d6a4.8032d7ec-44aa-44fa-ae7c-2d6e64119c41
Aug 31 21:16:35 devstack sudo[94459]: pam_unix(sudo:session): session opened for user root(uid=0) by (uid=1000)
Aug 31 21:16:35 devstack sudo[94459]: pam_unix(sudo:session): session closed for user root
Aug 31 21:16:35 devstack cinder-volume[87138]: DEBUG oslo_concurrency.processutils [None req-164e6d8c-e7d0-497f-9bcf-f5641e6dc429 tempest-GroupSnapshotsTest-1106056862 None] CMD "sudo cinder-rootwrap /etc/cinder/rootwrap.conf chmod ugo+rw /opt/stack/data/cinder/mnt/0a3dcfdf2ea52b5e0bd3e567ffd509e4/volume-4eb7bb3e-bdd4-4e12-8434-f280d6c8d6a4.8032d7ec-44aa-44fa-ae7c-2d6e64119c41" returned: 0 in 0.299s {{(pid=87138) execute /opt/stack/data/venv/lib/python3.12/site-packages/oslo_concurrency/processutils.py:468}}
Aug 31 21:16:35 devstack cinder-volume[87138]: DEBUG oslo_concurrency.processutils [None req-164e6d8c-e7d0-497f-9bcf-f5641e6dc429 tempest-GroupSnapshotsTest-1106056862 None] Running cmd (subprocess): sudo cinder-rootwrap /etc/cinder/rootwrap.conf truncate -s0 /opt/stack/data/cinder/mnt/0a3dcfdf2ea52b5e0bd3e567ffd509e4/volume-4eb7bb3e-bdd4-4e12-8434-f280d6c8d6a4.info {{(pid=87138) execute /opt/stack/data/venv/lib/python3.12/site-packages/oslo_concurrency/processutils.py:440}}
Aug 31 21:16:35 devstack sudo[94462]: quobyte : PWD=/ ; USER=root ; COMMAND=/opt/stack/data/venv/bin/cinder-rootwrap /etc/cinder/rootwrap.conf truncate -s0 /opt/stack/data/cinder/mnt/0a3dcfdf2ea52b5e0bd3e567ffd509e4/volume-4eb7bb3e-bdd4-4e12-8434-f280d6c8d6a4.info
Aug 31 21:16:35 devstack sudo[94462]: pam_unix(sudo:session): session opened for user root(uid=0) by (uid=1000)
Aug 31 21:16:36 devstack sudo[94462]: pam_unix(sudo:session): session closed for user root
Aug 31 21:16:36 devstack cinder-volume[87138]: DEBUG oslo_concurrency.processutils [None req-164e6d8c-e7d0-497f-9bcf-f5641e6dc429 tempest-GroupSnapshotsTest-1106056862 None] CMD "sudo cinder-rootwrap /etc/cinder/rootwrap.conf truncate -s0 /opt/stack/data/cinder/mnt/0a3dcfdf2ea52b5e0bd3e567ffd509e4/volume-4eb7bb3e-bdd4-4e12-8434-f280d6c8d6a4.info" returned: 0 in 0.298s {{(pid=87138) execute /opt/stack/data/venv/lib/python3.12/site-packages/oslo_concurrency/processutils.py:468}}
Aug 31 21:16:36 devstack cinder-volume[87138]: WARNING cinder.volume.drivers.remotefs [None req-164e6d8c-e7d0-497f-9bcf-f5641e6dc429 tempest-GroupSnapshotsTest-1106056862 None] /opt/stack/data/cinder/mnt/0a3dcfdf2ea52b5e0bd3e567ffd509e4/volume-4eb7bb3e-bdd4-4e12-8434-f280d6c8d6a4.info is being set with open permissions: ugo+rw: NotImplementedError
Aug 31 21:16:36 devstack cinder-volume[87138]: DEBUG oslo_concurrency.processutils [None req-164e6d8c-e7d0-497f-9bcf-f5641e6dc429 tempest-GroupSnapshotsTest-1106056862 None] Running cmd (subprocess): sudo cinder-rootwrap /etc/cinder/rootwrap.conf chmod ugo+rw /opt/stack/data/cinder/mnt/0a3dcfdf2ea52b5e0bd3e567ffd509e4/volume-4eb7bb3e-bdd4-4e12-8434-f280d6c8d6a4.info {{(pid=87138) execute /opt/stack/data/venv/lib/python3.12/site-packages/oslo_concurrency/processutils.py:440}}
