Apr 29 17:09:33 devstack cinder-volume[84519]: DEBUG oslo_concurrency.processutils [req-dc37e804-6291-454c-b430-79ff959219a8 req-3f9d6ede-7ef2-48c6-a6ed-47f4fa128dd0 tempest-ServerBootFromVolumeStableRescueTest-1210798390 None] CMD "sudo cinder-rootwrap /etc/cinder/rootwrap.conf qemu-img convert -O raw -f qcow2 /opt/stack/data/cinder/conversion/image_fetch_7ee164d0-9b61-41c8-9a82-6b3374bb0063_bo7om8lydevstack@QuobyteHD /opt/stack/data/cinder/mnt/df712915172d9b85ae858c7138fa8948/volume-d040ecde-a717-4d21-8843-0240f1c446ec" returned: 0 in 2.676s {{(pid=84519) execute /opt/stack/data/venv/lib/python3.12/site-packages/oslo_concurrency/processutils.py:468}}
Apr 29 17:09:33 devstack cinder-volume[84519]: DEBUG cinder.image.image_utils [req-dc37e804-6291-454c-b430-79ff959219a8 req-3f9d6ede-7ef2-48c6-a6ed-47f4fa128dd0 tempest-ServerBootFromVolumeStableRescueTest-1210798390 None] Image conversion details: src /opt/stack/data/cinder/conversion/image_fetch_7ee164d0-9b61-41c8-9a82-6b3374bb0063_bo7om8lydevstack@QuobyteHD, size 112.00 MB, duration 2.68 sec, destination /opt/stack/data/cinder/mnt/df712915172d9b85ae858c7138fa8948/volume-d040ecde-a717-4d21-8843-0240f1c446ec {{(pid=84519) _convert_image /opt/stack/cinder/cinder/image/image_utils.py:533}}
Apr 29 17:09:33 devstack cinder-volume[84519]: INFO cinder.image.image_utils [req-dc37e804-6291-454c-b430-79ff959219a8 req-3f9d6ede-7ef2-48c6-a6ed-47f4fa128dd0 tempest-ServerBootFromVolumeStableRescueTest-1210798390 None] Converted 112.00 MB image at 41.84 MB/s
Apr 29 17:09:33 devstack cinder-volume[84519]: DEBUG oslo_concurrency.processutils [req-dc37e804-6291-454c-b430-79ff959219a8 req-3f9d6ede-7ef2-48c6-a6ed-47f4fa128dd0 tempest-ServerBootFromVolumeStableRescueTest-1210798390 None] Running cmd (subprocess): sudo cinder-rootwrap /etc/cinder/rootwrap.conf qemu-img resize /opt/stack/data/cinder/mnt/df712915172d9b85ae858c7138fa8948/volume-d040ecde-a717-4d21-8843-0240f1c446ec 1G {{(pid=84519) execute /opt/stack/data/venv/lib/python3.12/site-packages/oslo_concurrency/processutils.py:440}}
Apr 29 17:09:33 devstack sudo[88140]: quobyte : PWD=/ ; USER=root ; COMMAND=/opt/stack/data/venv/bin/cinder-rootwrap /etc/cinder/rootwrap.conf qemu-img resize /opt/stack/data/cinder/mnt/df712915172d9b85ae858c7138fa8948/volume-d040ecde-a717-4d21-8843-0240f1c446ec 1G
Apr 29 17:09:33 devstack sudo[88140]: pam_unix(sudo:session): session opened for user root(uid=0) by (uid=1000)
Apr 29 17:09:34 devstack cinder-volume[84519]: INFO cinder.volume.manager [None req-2f87fba5-d7cd-4ceb-89e5-e4183506b11d tempest-GroupSnapshotsTest-1245207496 None] Update group completed successfully.
Apr 29 17:09:34 devstack sudo[88140]: pam_unix(sudo:session): session closed for user root
Apr 29 17:09:34 devstack cinder-volume[84519]: DEBUG oslo_concurrency.processutils [req-dc37e804-6291-454c-b430-79ff959219a8 req-3f9d6ede-7ef2-48c6-a6ed-47f4fa128dd0 tempest-ServerBootFromVolumeStableRescueTest-1210798390 None] CMD "sudo cinder-rootwrap /etc/cinder/rootwrap.conf qemu-img resize /opt/stack/data/cinder/mnt/df712915172d9b85ae858c7138fa8948/volume-d040ecde-a717-4d21-8843-0240f1c446ec 1G" returned: 0 in 0.762s {{(pid=84519) execute /opt/stack/data/venv/lib/python3.12/site-packages/oslo_concurrency/processutils.py:468}}
Apr 29 17:09:34 devstack cinder-volume[84519]: DEBUG oslo.privsep.daemon [-] privsep: reply[64908860-2370-4600-8916-6fa34f2dc707]: (4, 'raw') {{(pid=85898) _call_back /opt/stack/data/venv/lib/python3.12/site-packages/oslo_privsep/daemon.py:573}}
Apr 29 17:09:34 devstack cinder-volume[84519]: DEBUG oslo_concurrency.processutils [req-dc37e804-6291-454c-b430-79ff959219a8 req-3f9d6ede-7ef2-48c6-a6ed-47f4fa128dd0 tempest-ServerBootFromVolumeStableRescueTest-1210798390 None] Running cmd (subprocess): /opt/stack/data/venv/bin/python3.12 -m oslo_concurrency.prlimit --as=1073741824 --cpu=60 -- sudo cinder-rootwrap /etc/cinder/rootwrap.conf env LC_ALL=C qemu-img info -f raw --output=json /opt/stack/data/cinder/mnt/df712915172d9b85ae858c7138fa8948/volume-d040ecde-a717-4d21-8843-0240f1c446ec {{(pid=84519) execute /opt/stack/data/venv/lib/python3.12/site-packages/oslo_concurrency/processutils.py:440}}
Apr 29 17:09:34 devstack sudo[88145]: quobyte : PWD=/ ; USER=root ; COMMAND=/opt/stack/data/venv/bin/cinder-rootwrap /etc/cinder/rootwrap.conf env LC_ALL=C qemu-img info -f raw --output=json /opt/stack/data/cinder/mnt/df712915172d9b85ae858c7138fa8948/volume-d040ecde-a717-4d21-8843-0240f1c446ec
Apr 29 17:09:34 devstack sudo[88145]: pam_unix(sudo:session): session opened for user root(uid=0) by (uid=1000)
Apr 29 17:09:35 devstack sudo[88145]: pam_unix(sudo:session): session closed for user root
Apr 29 17:09:35 devstack cinder-volume[84519]: DEBUG oslo_concurrency.processutils [req-dc37e804-6291-454c-b430-79ff959219a8 req-3f9d6ede-7ef2-48c6-a6ed-47f4fa128dd0 tempest-ServerBootFromVolumeStableRescueTest-1210798390 None] CMD "/opt/stack/data/venv/bin/python3.12 -m oslo_concurrency.prlimit --as=1073741824 --cpu=60 -- sudo cinder-rootwrap /etc/cinder/rootwrap.conf env LC_ALL=C qemu-img info -f raw --output=json /opt/stack/data/cinder/mnt/df712915172d9b85ae858c7138fa8948/volume-d040ecde-a717-4d21-8843-0240f1c446ec" returned: 0 in 0.858s {{(pid=84519) execute /opt/stack/data/venv/lib/python3.12/site-packages/oslo_concurrency/processutils.py:468}}
Apr 29 17:09:35 devstack cinder-volume[84519]: DEBUG oslo_concurrency.processutils [req-dc37e804-6291-454c-b430-79ff959219a8 req-3f9d6ede-7ef2-48c6-a6ed-47f4fa128dd0 tempest-ServerBootFromVolumeStableRescueTest-1210798390 None] Running cmd (subprocess): /opt/stack/data/venv/bin/python3.12 -m oslo_concurrency.prlimit --as=1073741824 --cpu=60 -- sudo cinder-rootwrap /etc/cinder/rootwrap.conf env LC_ALL=C qemu-img info -f luks --output=json /opt/stack/data/cinder/mnt/df712915172d9b85ae858c7138fa8948/volume-d040ecde-a717-4d21-8843-0240f1c446ec {{(pid=84519) execute /opt/stack/data/venv/lib/python3.12/site-packages/oslo_concurrency/processutils.py:440}}
Apr 29 17:09:35 devstack sudo[88149]: quobyte : PWD=/ ; USER=root ; COMMAND=/opt/stack/data/venv/bin/cinder-rootwrap /etc/cinder/rootwrap.conf env LC_ALL=C qemu-img info -f luks --output=json /opt/stack/data/cinder/mnt/df712915172d9b85ae858c7138fa8948/volume-d040ecde-a717-4d21-8843-0240f1c446ec
Apr 29 17:09:35 devstack sudo[88149]: pam_unix(sudo:session): session opened for user root(uid=0) by (uid=1000)
Apr 29 17:09:35 devstack cinder-volume[84519]: INFO cinder.volume.manager [None req-4ac6cc12-e755-4e9a-91e9-a7606d4fe8af tempest-GroupSnapshotsTest-1245207496 None] Update group completed successfully.
Apr 29 17:09:36 devstack sudo[88149]: pam_unix(sudo:session): session closed for user root
Apr 29 17:09:36 devstack cinder-volume[84519]: DEBUG oslo_concurrency.processutils [req-dc37e804-6291-454c-b430-79ff959219a8 req-3f9d6ede-7ef2-48c6-a6ed-47f4fa128dd0 tempest-ServerBootFromVolumeStableRescueTest-1210798390 None] CMD "/opt/stack/data/venv/bin/python3.12 -m oslo_concurrency.prlimit --as=1073741824 --cpu=60 -- sudo cinder-rootwrap /etc/cinder/rootwrap.conf env LC_ALL=C qemu-img info -f luks --output=json /opt/stack/data/cinder/mnt/df712915172d9b85ae858c7138fa8948/volume-d040ecde-a717-4d21-8843-0240f1c446ec" returned: 1 in 0.854s {{(pid=84519) execute /opt/stack/data/venv/lib/python3.12/site-packages/oslo_concurrency/processutils.py:468}}
Apr 29 17:09:36 devstack cinder-volume[84519]: DEBUG oslo_concurrency.processutils [req-dc37e804-6291-454c-b430-79ff959219a8 req-3f9d6ede-7ef2-48c6-a6ed-47f4fa128dd0 tempest-ServerBootFromVolumeStableRescueTest-1210798390 None] '/opt/stack/data/venv/bin/python3.12 -m oslo_concurrency.prlimit --as=1073741824 --cpu=60 -- sudo cinder-rootwrap /etc/cinder/rootwrap.conf env LC_ALL=C qemu-img info -f luks --output=json /opt/stack/data/cinder/mnt/df712915172d9b85ae858c7138fa8948/volume-d040ecde-a717-4d21-8843-0240f1c446ec' failed. Not Retrying. {{(pid=84519) execute /opt/stack/data/venv/lib/python3.12/site-packages/oslo_concurrency/processutils.py:543}}
Apr 29 17:09:36 devstack cinder-volume[84519]: DEBUG cinder.volume.volume_utils [req-dc37e804-6291-454c-b430-79ff959219a8 req-3f9d6ede-7ef2-48c6-a6ed-47f4fa128dd0 tempest-ServerBootFromVolumeStableRescueTest-1210798390 None] Downloaded image 7ee164d0-9b61-41c8-9a82-6b3374bb0063 ((None, [{'url': 'file:///opt/stack/data/glance/images/7ee164d0-9b61-41c8-9a82-6b3374bb0063', 'metadata': {}}])) to volume d040ecde-a717-4d21-8843-0240f1c446ec successfully. {{(pid=84519) copy_image_to_volume /opt/stack/cinder/cinder/volume/volume_utils.py:1234}}
Apr 29 17:09:36 devstack cinder-volume[84519]: DEBUG cinder.image.image_utils [req-dc37e804-6291-454c-b430-79ff959219a8 req-3f9d6ede-7ef2-48c6-a6ed-47f4fa128dd0 tempest-ServerBootFromVolumeStableRescueTest-1210798390 None] Temporary image 7ee164d0-9b61-41c8-9a82-6b3374bb0063 for user 220caa2626254d79878089d586e7030a is deleted. {{(pid=84519) fetch /opt/stack/cinder/cinder/image/image_utils.py:1435}}
Apr 29 17:09:36 devstack cinder-volume[84519]: DEBUG cinder.volume.volume_utils [req-dc37e804-6291-454c-b430-79ff959219a8 req-3f9d6ede-7ef2-48c6-a6ed-47f4fa128dd0 tempest-ServerBootFromVolumeStableRescueTest-1210798390 None] Marking volume d040ecde-a717-4d21-8843-0240f1c446ec as bootable. {{(pid=84519) enable_bootable_flag /opt/stack/cinder/cinder/volume/volume_utils.py:1138}}
Apr 29 17:09:36 devstack cinder-volume[84519]: DEBUG cinder.volume.flows.manager.create_volume [req-dc37e804-6291-454c-b430-79ff959219a8 req-3f9d6ede-7ef2-48c6-a6ed-47f4fa128dd0 tempest-ServerBootFromVolumeStableRescueTest-1210798390 None] Copying metadata from image 7ee164d0-9b61-41c8-9a82-6b3374bb0063 to d040ecde-a717-4d21-8843-0240f1c446ec. {{(pid=84519) _handle_bootable_volume_glance_meta /opt/stack/cinder/cinder/volume/flows/manager/create_volume.py:450}}
Apr 29 17:09:36 devstack cinder-volume[84519]: DEBUG cinder.volume.flows.manager.create_volume [req-dc37e804-6291-454c-b430-79ff959219a8 req-3f9d6ede-7ef2-48c6-a6ed-47f4fa128dd0 tempest-ServerBootFromVolumeStableRescueTest-1210798390 None] Creating volume glance metadata for volume d040ecde-a717-4d21-8843-0240f1c446ec backed by image 7ee164d0-9b61-41c8-9a82-6b3374bb0063 with: {'hw_rng_model': 'virtio', 'owner_specified.openstack.md5': '', 'owner_specified.openstack.object': 'images/cirros-0.6.3-x86_64-disk', 'owner_specified.openstack.sha256': '', 'image_id': '7ee164d0-9b61-41c8-9a82-6b3374bb0063', 'image_name': 'cirros-0.6.3-x86_64-disk', 'checksum': '87617e24a5e30cb3b87fda8c0764838f', 'container_format': 'bare', 'disk_format': 'qcow2', 'min_disk': 0, 'min_ram': 0, 'size': 21692416}. {{(pid=84519) _capture_volume_image_metadata /opt/stack/cinder/cinder/volume/flows/manager/create_volume.py:682}}
Apr 29 17:09:36 devstack cinder-volume[84519]: DEBUG cinder.volume.manager [req-dc37e804-6291-454c-b430-79ff959219a8 req-3f9d6ede-7ef2-48c6-a6ed-47f4fa128dd0 tempest-ServerBootFromVolumeStableRescueTest-1210798390 None] Task 'cinder.volume.flows.manager.create_volume.CreateVolumeFromSpecTask;volume:create' (e79a2806-7529-45a2-a4f2-5f9d6b8acd73) transitioned into state 'SUCCESS' from state 'RUNNING' with result '{'status': 'creating', 'volume_name': 'volume-d040ecde-a717-4d21-8843-0240f1c446ec', 'volume_size': 1, 'image_id': '7ee164d0-9b61-41c8-9a82-6b3374bb0063', 'image_location': (None, [{'url': 'file:///opt/stack/data/glance/images/7ee164d0-9b61-41c8-9a82-6b3374bb0063', 'metadata': {}}]), 'image_meta': {'name': 'cirros-0.6.3-x86_64-disk', 'disk_format': 'qcow2', 'container_format': 'bare', 'visibility': 'public', 'size': 21692416, 'virtual_size': 117440512, 'status': 'active', 'checksum': '87617e24a5e30cb3b87fda8c0764838f', 'protected': False, 'min_ram': 0, 'min_disk': 0, 'owner': '598c8b0f182c4552a1b90202e996da71', 'os_hidden': False, 'os_hash_algo': 'sha512', 'os_hash_value': '9a9bce0083a00939ec17c11febbfc767aa211aaa54f51e75c5a8b271a9b5637c77205a518b7a2007cb391d23cceb01e0e4e8d64832317151bc85b734b92a7be0', 'id': '7ee164d0-9b61-41c8-9a82-6b3374bb0063', 'created_at': datetime.datetime(2026, 4, 29, 15, 2, 51, tzinfo=datetime.timezone.utc), 'updated_at': datetime.datetime(2026, 4, 29, 15, 2, 53, tzinfo=datetime.timezone.utc), 'tags': [], 'file': '/v2/images/7ee164d0-9b61-41c8-9a82-6b3374bb0063/file', 'properties': {'hw_rng_model': 'virtio', 'owner_specified.openstack.md5': '', 'owner_specified.openstack.object': 'images/cirros-0.6.3-x86_64-disk', 'owner_specified.openstack.sha256': ''}}, 'image_service': }' {{(pid=84519) _task_receiver /opt/stack/data/venv/lib/python3.12/site-packages/taskflow/listeners/logging.py:182}}
Apr 29 17:09:36 devstack cinder-volume[84519]: DEBUG cinder.volume.manager [req-dc37e804-6291-454c-b430-79ff959219a8 req-3f9d6ede-7ef2-48c6-a6ed-47f4fa128dd0 tempest-ServerBootFromVolumeStableRescueTest-1210798390 None] Task 'cinder.volume.flows.manager.create_volume.CreateVolumeOnFinishTask;volume:create, create.end' (d910b094-579b-40d7-b13e-6e49ae87be8a) transitioned into state 'RUNNING' from state 'PENDING' {{(pid=84519) _task_receiver /opt/stack/data/venv/lib/python3.12/site-packages/taskflow/listeners/logging.py:194}}
Apr 29 17:09:36 devstack cinder-volume[84519]: INFO cinder.volume.flows.manager.create_volume [req-dc37e804-6291-454c-b430-79ff959219a8 req-3f9d6ede-7ef2-48c6-a6ed-47f4fa128dd0 tempest-ServerBootFromVolumeStableRescueTest-1210798390 None] Volume volume-d040ecde-a717-4d21-8843-0240f1c446ec (d040ecde-a717-4d21-8843-0240f1c446ec): created successfully
Apr 29 17:09:36 devstack cinder-volume[84519]: DEBUG cinder.volume.manager [req-dc37e804-6291-454c-b430-79ff959219a8 req-3f9d6ede-7ef2-48c6-a6ed-47f4fa128dd0 tempest-ServerBootFromVolumeStableRescueTest-1210798390 None] Task 'cinder.volume.flows.manager.create_volume.CreateVolumeOnFinishTask;volume:create, create.end' (d910b094-579b-40d7-b13e-6e49ae87be8a) transitioned into state 'SUCCESS' from state 'RUNNING' with result 'None' {{(pid=84519) _task_receiver /opt/stack/data/venv/lib/python3.12/site-packages/taskflow/listeners/logging.py:182}}
Apr 29 17:09:36 devstack cinder-volume[84519]: DEBUG cinder.volume.manager [req-dc37e804-6291-454c-b430-79ff959219a8 req-3f9d6ede-7ef2-48c6-a6ed-47f4fa128dd0 tempest-ServerBootFromVolumeStableRescueTest-1210798390 None] Flow 'volume_create_manager' (77e4dba9-f087-417d-8989-b0b069710505) transitioned into state 'SUCCESS' from state 'RUNNING' {{(pid=84519) _flow_receiver /opt/stack/data/venv/lib/python3.12/site-packages/taskflow/listeners/logging.py:145}}
Apr 29 17:09:36 devstack cinder-volume[84519]: INFO cinder.volume.manager [req-dc37e804-6291-454c-b430-79ff959219a8 req-3f9d6ede-7ef2-48c6-a6ed-47f4fa128dd0 tempest-ServerBootFromVolumeStableRescueTest-1210798390 None] Created volume successfully.
Apr 29 17:09:37 devstack cinder-volume[84519]: INFO cinder.volume.manager [None req-81a4d535-48c3-46af-9412-4c6440eafd1b tempest-GroupSnapshotsTest-1245207496 None] GroupSnapshot d17f1afd-f79a-4b1a-aff8-d35c0ade925a: creating.
Apr 29 17:09:37 devstack cinder-volume[84519]: DEBUG cinder.volume.manager [None req-81a4d535-48c3-46af-9412-4c6440eafd1b tempest-GroupSnapshotsTest-1245207496 None] Group snapshot d17f1afd-f79a-4b1a-aff8-d35c0ade925a: creating. {{(pid=84519) create_group_snapshot /opt/stack/cinder/cinder/volume/manager.py:4175}}
Apr 29 17:09:37 devstack cinder-volume[84519]: DEBUG oslo_concurrency.lockutils [None req-81a4d535-48c3-46af-9412-4c6440eafd1b tempest-GroupSnapshotsTest-1245207496 None] Acquiring lock "quobyte" by "cinder.volume.drivers.quobyte.QuobyteDriver.create_snapshot" {{(pid=84519) inner /opt/stack/data/venv/lib/python3.12/site-packages/oslo_concurrency/lockutils.py:506}}
Apr 29 17:09:37 devstack cinder-volume[84519]: DEBUG oslo_concurrency.lockutils [None req-81a4d535-48c3-46af-9412-4c6440eafd1b tempest-GroupSnapshotsTest-1245207496 None] Lock "quobyte" acquired by "cinder.volume.drivers.quobyte.QuobyteDriver.create_snapshot" :: waited 0.001s {{(pid=84519) inner /opt/stack/data/venv/lib/python3.12/site-packages/oslo_concurrency/lockutils.py:519}}
Apr 29 17:09:37 devstack cinder-volume[84519]: DEBUG cinder.volume.drivers.remotefs [None req-81a4d535-48c3-46af-9412-4c6440eafd1b tempest-GroupSnapshotsTest-1245207496 None] Creating offline snapshot 531c1306-1785-4ede-8d01-749c7328d90f of volume 7f851f22-8872-4878-9fd0-fefab45e8e48 {{(pid=84519) _create_snapshot /opt/stack/cinder/cinder/volume/drivers/remotefs.py:1815}}
Apr 29 17:09:37 devstack cinder-volume[84519]: DEBUG oslo.privsep.daemon [-] privsep: reply[da3db3b1-505d-4078-8757-7859e9881df4]: (4, 'qcow2') {{(pid=85898) _call_back /opt/stack/data/venv/lib/python3.12/site-packages/oslo_privsep/daemon.py:573}}
Apr 29 17:09:37 devstack cinder-volume[84519]: DEBUG oslo_concurrency.processutils [None req-81a4d535-48c3-46af-9412-4c6440eafd1b tempest-GroupSnapshotsTest-1245207496 None] Running cmd (subprocess): /opt/stack/data/venv/bin/python3.12 -m oslo_concurrency.prlimit --as=1073741824 --cpu=60 -- sudo cinder-rootwrap /etc/cinder/rootwrap.conf env LC_ALL=C qemu-img info -f qcow2 --output=json --force-share /opt/stack/data/cinder/mnt/df712915172d9b85ae858c7138fa8948/volume-7f851f22-8872-4878-9fd0-fefab45e8e48 {{(pid=84519) execute /opt/stack/data/venv/lib/python3.12/site-packages/oslo_concurrency/processutils.py:440}}
Apr 29 17:09:37 devstack sudo[88154]: quobyte : PWD=/ ; USER=root ; COMMAND=/opt/stack/data/venv/bin/cinder-rootwrap /etc/cinder/rootwrap.conf env LC_ALL=C qemu-img info -f qcow2 --output=json --force-share /opt/stack/data/cinder/mnt/df712915172d9b85ae858c7138fa8948/volume-7f851f22-8872-4878-9fd0-fefab45e8e48
Apr 29 17:09:37 devstack sudo[88154]: pam_unix(sudo:session): session opened for user root(uid=0) by (uid=1000)
Apr 29 17:09:38 devstack sudo[88154]: pam_unix(sudo:session): session closed for user root
Apr 29 17:09:38 devstack cinder-volume[84519]: DEBUG oslo_concurrency.processutils [None req-81a4d535-48c3-46af-9412-4c6440eafd1b tempest-GroupSnapshotsTest-1245207496 None] CMD "/opt/stack/data/venv/bin/python3.12 -m oslo_concurrency.prlimit --as=1073741824 --cpu=60 -- sudo cinder-rootwrap /etc/cinder/rootwrap.conf env LC_ALL=C qemu-img info -f qcow2 --output=json --force-share /opt/stack/data/cinder/mnt/df712915172d9b85ae858c7138fa8948/volume-7f851f22-8872-4878-9fd0-fefab45e8e48" returned: 0 in 0.883s {{(pid=84519) execute /opt/stack/data/venv/lib/python3.12/site-packages/oslo_concurrency/processutils.py:468}}
Apr 29 17:09:38 devstack cinder-volume[84519]: DEBUG oslo_concurrency.processutils [None req-81a4d535-48c3-46af-9412-4c6440eafd1b tempest-GroupSnapshotsTest-1245207496 None] Running cmd (subprocess): sudo cinder-rootwrap /etc/cinder/rootwrap.conf qemu-img create -f qcow2 -o backing_file=/opt/stack/data/cinder/mnt/df712915172d9b85ae858c7138fa8948/volume-7f851f22-8872-4878-9fd0-fefab45e8e48,backing_fmt=qcow2 /opt/stack/data/cinder/mnt/df712915172d9b85ae858c7138fa8948/volume-7f851f22-8872-4878-9fd0-fefab45e8e48.531c1306-1785-4ede-8d01-749c7328d90f 1G {{(pid=84519) execute /opt/stack/data/venv/lib/python3.12/site-packages/oslo_concurrency/processutils.py:440}}
Apr 29 17:09:38 devstack sudo[88159]: quobyte : PWD=/ ; USER=root ; COMMAND=/opt/stack/data/venv/bin/cinder-rootwrap /etc/cinder/rootwrap.conf qemu-img create -f qcow2 -o backing_file=/opt/stack/data/cinder/mnt/df712915172d9b85ae858c7138fa8948/volume-7f851f22-8872-4878-9fd0-fefab45e8e48,backing_fmt=qcow2 /opt/stack/data/cinder/mnt/df712915172d9b85ae858c7138fa8948/volume-7f851f22-8872-4878-9fd0-fefab45e8e48.531c1306-1785-4ede-8d01-749c7328d90f 1G
Apr 29 17:09:38 devstack sudo[88159]: pam_unix(sudo:session): session opened for user root(uid=0) by (uid=1000)
Apr 29 17:09:38 devstack cinder-volume[84519]: DEBUG cinder.volume.flows.manager.create_volume [None req-0b5c2ac8-334f-4eb0-8a5e-9aedb09d31b6 tempest-SnapshotsActionsTest-1775871938 None] Volume reschedule parameters: True retry: {'num_attempts': 1, 'backends': ['devstack@QuobyteHD#QuobyteHD'], 'hosts': ['devstack@QuobyteHD#QuobyteHD']} {{(pid=84519) get_flow /opt/stack/cinder/cinder/volume/flows/manager/create_volume.py:1388}}
Apr 29 17:09:38 devstack cinder-volume[84519]: DEBUG cinder.volume.manager [None req-0b5c2ac8-334f-4eb0-8a5e-9aedb09d31b6 tempest-SnapshotsActionsTest-1775871938 None] Flow 'volume_create_manager' (1179d51c-1e08-4c63-945f-3418138162cb) transitioned into state 'RUNNING' from state 'PENDING' {{(pid=84519) _flow_receiver /opt/stack/data/venv/lib/python3.12/site-packages/taskflow/listeners/logging.py:145}}
Apr 29 17:09:38 devstack cinder-volume[84519]: DEBUG cinder.volume.manager [None req-0b5c2ac8-334f-4eb0-8a5e-9aedb09d31b6 tempest-SnapshotsActionsTest-1775871938 None] Task 'cinder.volume.flows.manager.create_volume.ExtractVolumeRefTask;volume:create' (348f6d82-61c9-4dd1-8ed3-3c56337a2cb7) transitioned into state 'RUNNING' from state 'PENDING' {{(pid=84519) _task_receiver /opt/stack/data/venv/lib/python3.12/site-packages/taskflow/listeners/logging.py:194}}
Apr 29 17:09:38 devstack cinder-volume[84519]: DEBUG cinder.volume.manager [None req-0b5c2ac8-334f-4eb0-8a5e-9aedb09d31b6 tempest-SnapshotsActionsTest-1775871938 None] Task 'cinder.volume.flows.manager.create_volume.ExtractVolumeRefTask;volume:create' (348f6d82-61c9-4dd1-8ed3-3c56337a2cb7) transitioned into state 'SUCCESS' from state 'RUNNING' with result 'Volume(_name_id=None,admin_metadata=,attach_status='detached',availability_zone='nova',bootable=False,cluster=,cluster_name=None,consistencygroup=,consistencygroup_id=None,created_at=2026-04-29T15:09:38Z,deleted=False,deleted_at=None,display_description=None,display_name='tempest-SnapshotsActionsTest-Volume-649675466',ec2_id=None,encryption_key_id=None,glance_metadata=,group=,group_id=None,host='devstack@QuobyteHD#QuobyteHD',id=28d145f5-1e4f-4bdc-992f-cf906f9ffb1b,launched_at=None,metadata={},migration_status=None,multiattach=False,previous_status=None,project_id='94a7b8f16c3b4070b01abdb82a54afce',provider_auth=None,provider_geometry=None,provider_id=None,provider_location=None,replication_driver_data=None,replication_extended_status=None,replication_status=None,scheduled_at=2026-04-29T15:09:38Z,service_uuid=None,shared_targets=True,size=1,snapshot_id=None,snapshots=,source_volid=None,status='creating',terminated_at=None,updated_at=2026-04-29T15:09:38Z,use_quota=True,user_id='c7dbf9189b834a7c9d7aa07cbc051f68',volume_attachment=VolumeAttachmentList,volume_type=VolumeType(26099e00-a4fa-4607-81ea-f19f8e45bdd5),volume_type_id=26099e00-a4fa-4607-81ea-f19f8e45bdd5)' {{(pid=84519) _task_receiver /opt/stack/data/venv/lib/python3.12/site-packages/taskflow/listeners/logging.py:182}}
Apr 29 17:09:38 devstack cinder-volume[84519]: DEBUG cinder.volume.manager [None req-0b5c2ac8-334f-4eb0-8a5e-9aedb09d31b6 tempest-SnapshotsActionsTest-1775871938 None] Task 'cinder.volume.flows.manager.create_volume.OnFailureRescheduleTask;volume:create' (33fa7e95-785c-4119-a7eb-81d5b45db881) transitioned into state 'RUNNING' from state 'PENDING' {{(pid=84519) _task_receiver /opt/stack/data/venv/lib/python3.12/site-packages/taskflow/listeners/logging.py:194}}
Apr 29 17:09:38 devstack cinder-volume[84519]: DEBUG cinder.volume.manager [None req-0b5c2ac8-334f-4eb0-8a5e-9aedb09d31b6 tempest-SnapshotsActionsTest-1775871938 None] Task 'cinder.volume.flows.manager.create_volume.OnFailureRescheduleTask;volume:create' (33fa7e95-785c-4119-a7eb-81d5b45db881) transitioned into state 'SUCCESS' from state 'RUNNING' with result 'None' {{(pid=84519) _task_receiver /opt/stack/data/venv/lib/python3.12/site-packages/taskflow/listeners/logging.py:182}}
Apr 29 17:09:38 devstack cinder-volume[84519]: DEBUG cinder.volume.manager [None req-0b5c2ac8-334f-4eb0-8a5e-9aedb09d31b6 tempest-SnapshotsActionsTest-1775871938 None] Task 'cinder.volume.flows.manager.create_volume.ExtractVolumeSpecTask;volume:create' (254bcd0f-4a65-444e-9817-a9ecc94d500c) transitioned into state 'RUNNING' from state 'PENDING' {{(pid=84519) _task_receiver /opt/stack/data/venv/lib/python3.12/site-packages/taskflow/listeners/logging.py:194}}
Apr 29 17:09:38 devstack cinder-volume[84519]: DEBUG cinder.volume.manager [None req-0b5c2ac8-334f-4eb0-8a5e-9aedb09d31b6 tempest-SnapshotsActionsTest-1775871938 None] Task 'cinder.volume.flows.manager.create_volume.ExtractVolumeSpecTask;volume:create' (254bcd0f-4a65-444e-9817-a9ecc94d500c) transitioned into state 'SUCCESS' from state 'RUNNING' with result '{'status': 'creating', 'type': 'raw', 'volume_id': '28d145f5-1e4f-4bdc-992f-cf906f9ffb1b', 'volume_name': 'volume-28d145f5-1e4f-4bdc-992f-cf906f9ffb1b', 'volume_size': 1}' {{(pid=84519) _task_receiver /opt/stack/data/venv/lib/python3.12/site-packages/taskflow/listeners/logging.py:182}}
Apr 29 17:09:38 devstack cinder-volume[84519]: DEBUG cinder.volume.manager [None req-0b5c2ac8-334f-4eb0-8a5e-9aedb09d31b6 tempest-SnapshotsActionsTest-1775871938 None] Task 'cinder.volume.flows.manager.create_volume.NotifyVolumeActionTask;volume:create, create.start' (ef589d17-2a3b-4217-b3b9-2722db6c71c4) transitioned into state 'RUNNING' from state 'PENDING' {{(pid=84519) _task_receiver /opt/stack/data/venv/lib/python3.12/site-packages/taskflow/listeners/logging.py:194}}
Apr 29 17:09:38 devstack cinder-volume[84519]: DEBUG cinder.volume.manager [None req-0b5c2ac8-334f-4eb0-8a5e-9aedb09d31b6 tempest-SnapshotsActionsTest-1775871938 None] Task 'cinder.volume.flows.manager.create_volume.NotifyVolumeActionTask;volume:create, create.start' (ef589d17-2a3b-4217-b3b9-2722db6c71c4) transitioned into state 'SUCCESS' from state 'RUNNING' with result 'None' {{(pid=84519) _task_receiver /opt/stack/data/venv/lib/python3.12/site-packages/taskflow/listeners/logging.py:182}}
Apr 29 17:09:38 devstack cinder-volume[84519]: DEBUG cinder.volume.manager [None req-0b5c2ac8-334f-4eb0-8a5e-9aedb09d31b6 tempest-SnapshotsActionsTest-1775871938 None] Task 'cinder.volume.flows.manager.create_volume.CreateVolumeFromSpecTask;volume:create' (4ab26606-c9bb-49d9-b3d6-224d7f846ee5) transitioned into state 'RUNNING' from state 'PENDING' {{(pid=84519) _task_receiver /opt/stack/data/venv/lib/python3.12/site-packages/taskflow/listeners/logging.py:194}}
Apr 29 17:09:38 devstack cinder-volume[84519]: INFO cinder.volume.flows.manager.create_volume [None req-0b5c2ac8-334f-4eb0-8a5e-9aedb09d31b6 tempest-SnapshotsActionsTest-1775871938 None] Volume 28d145f5-1e4f-4bdc-992f-cf906f9ffb1b: being created as raw with specification: {'status': 'creating', 'volume_name': 'volume-28d145f5-1e4f-4bdc-992f-cf906f9ffb1b', 'volume_size': 1}
Apr 29 17:09:38 devstack cinder-volume[84519]: DEBUG oslo_concurrency.lockutils [None req-0b5c2ac8-334f-4eb0-8a5e-9aedb09d31b6 tempest-SnapshotsActionsTest-1775871938 None] Acquiring lock "quobyte" by "cinder.volume.drivers.quobyte.QuobyteDriver.create_volume" {{(pid=84519) inner /opt/stack/data/venv/lib/python3.12/site-packages/oslo_concurrency/lockutils.py:506}}
Apr 29 17:09:38 devstack cinder-volume[84519]: DEBUG oslo_concurrency.lockutils [req-dc37e804-6291-454c-b430-79ff959219a8 req-56d9743d-4d5d-496f-b45d-fe2332a2802e tempest-ServerBootFromVolumeStableRescueTest-1210798390 None] Acquiring lock "quobyte" by "cinder.volume.drivers.quobyte.QuobyteDriver.initialize_connection" {{(pid=84519) inner /opt/stack/data/venv/lib/python3.12/site-packages/oslo_concurrency/lockutils.py:506}}
Apr 29 17:09:39 devstack sudo[88159]: pam_unix(sudo:session): session closed for user root
Apr 29 17:09:39 devstack cinder-volume[84519]: DEBUG oslo_concurrency.processutils [None req-81a4d535-48c3-46af-9412-4c6440eafd1b tempest-GroupSnapshotsTest-1245207496 None] CMD "sudo cinder-rootwrap /etc/cinder/rootwrap.conf qemu-img create -f qcow2 -o backing_file=/opt/stack/data/cinder/mnt/df712915172d9b85ae858c7138fa8948/volume-7f851f22-8872-4878-9fd0-fefab45e8e48,backing_fmt=qcow2 /opt/stack/data/cinder/mnt/df712915172d9b85ae858c7138fa8948/volume-7f851f22-8872-4878-9fd0-fefab45e8e48.531c1306-1785-4ede-8d01-749c7328d90f 1G" returned: 0 in 0.992s {{(pid=84519) execute /opt/stack/data/venv/lib/python3.12/site-packages/oslo_concurrency/processutils.py:468}}
Apr 29 17:09:39 devstack cinder-volume[84519]: DEBUG oslo_concurrency.processutils [None req-81a4d535-48c3-46af-9412-4c6440eafd1b tempest-GroupSnapshotsTest-1245207496 None] Running cmd (subprocess): sudo cinder-rootwrap /etc/cinder/rootwrap.conf qemu-img rebase -u -b volume-7f851f22-8872-4878-9fd0-fefab45e8e48 -F qcow2 /opt/stack/data/cinder/mnt/df712915172d9b85ae858c7138fa8948/volume-7f851f22-8872-4878-9fd0-fefab45e8e48.531c1306-1785-4ede-8d01-749c7328d90f {{(pid=84519) execute /opt/stack/data/venv/lib/python3.12/site-packages/oslo_concurrency/processutils.py:440}}
Apr 29 17:09:39 devstack sudo[88173]: quobyte : PWD=/ ; USER=root ; COMMAND=/opt/stack/data/venv/bin/cinder-rootwrap /etc/cinder/rootwrap.conf qemu-img rebase -u -b volume-7f851f22-8872-4878-9fd0-fefab45e8e48 -F qcow2 /opt/stack/data/cinder/mnt/df712915172d9b85ae858c7138fa8948/volume-7f851f22-8872-4878-9fd0-fefab45e8e48.531c1306-1785-4ede-8d01-749c7328d90f
Apr 29 17:09:39 devstack sudo[88173]: pam_unix(sudo:session): session opened for user root(uid=0) by (uid=1000)
Apr 29 17:09:39 devstack sudo[88173]: pam_unix(sudo:session): session closed for user root
Apr 29 17:09:39 devstack cinder-volume[84519]: DEBUG oslo_concurrency.processutils [None req-81a4d535-48c3-46af-9412-4c6440eafd1b tempest-GroupSnapshotsTest-1245207496 None] CMD "sudo cinder-rootwrap /etc/cinder/rootwrap.conf qemu-img rebase -u -b volume-7f851f22-8872-4878-9fd0-fefab45e8e48 -F qcow2 /opt/stack/data/cinder/mnt/df712915172d9b85ae858c7138fa8948/volume-7f851f22-8872-4878-9fd0-fefab45e8e48.531c1306-1785-4ede-8d01-749c7328d90f" returned: 0 in 0.736s {{(pid=84519) execute /opt/stack/data/venv/lib/python3.12/site-packages/oslo_concurrency/processutils.py:468}}
Apr 29 17:09:39 devstack cinder-volume[84519]: WARNING cinder.volume.drivers.remotefs [None req-81a4d535-48c3-46af-9412-4c6440eafd1b tempest-GroupSnapshotsTest-1245207496 None] /opt/stack/data/cinder/mnt/df712915172d9b85ae858c7138fa8948/volume-7f851f22-8872-4878-9fd0-fefab45e8e48.531c1306-1785-4ede-8d01-749c7328d90f is being set with open permissions: ugo+rw: NotImplementedError
Apr 29 17:09:39 devstack cinder-volume[84519]: DEBUG oslo_concurrency.processutils [None req-81a4d535-48c3-46af-9412-4c6440eafd1b tempest-GroupSnapshotsTest-1245207496 None] Running cmd (subprocess): sudo cinder-rootwrap /etc/cinder/rootwrap.conf chmod ugo+rw /opt/stack/data/cinder/mnt/df712915172d9b85ae858c7138fa8948/volume-7f851f22-8872-4878-9fd0-fefab45e8e48.531c1306-1785-4ede-8d01-749c7328d90f {{(pid=84519) execute /opt/stack/data/venv/lib/python3.12/site-packages/oslo_concurrency/processutils.py:440}}
Apr 29 17:09:39 devstack sudo[88178]: quobyte : PWD=/ ; USER=root ; COMMAND=/opt/stack/data/venv/bin/cinder-rootwrap /etc/cinder/rootwrap.conf chmod ugo+rw /opt/stack/data/cinder/mnt/df712915172d9b85ae858c7138fa8948/volume-7f851f22-8872-4878-9fd0-fefab45e8e48.531c1306-1785-4ede-8d01-749c7328d90f
Apr 29 17:09:39 devstack sudo[88178]: pam_unix(sudo:session): session opened for user root(uid=0) by (uid=1000)
Apr 29 17:09:40 devstack sudo[88178]: pam_unix(sudo:session): session closed for user root
Apr 29 17:09:40 devstack cinder-volume[84519]: DEBUG oslo_concurrency.processutils [None req-81a4d535-48c3-46af-9412-4c6440eafd1b tempest-GroupSnapshotsTest-1245207496 None] CMD "sudo cinder-rootwrap /etc/cinder/rootwrap.conf chmod ugo+rw /opt/stack/data/cinder/mnt/df712915172d9b85ae858c7138fa8948/volume-7f851f22-8872-4878-9fd0-fefab45e8e48.531c1306-1785-4ede-8d01-749c7328d90f" returned: 0 in 0.668s {{(pid=84519) execute /opt/stack/data/venv/lib/python3.12/site-packages/oslo_concurrency/processutils.py:468}}
Apr 29 17:09:40 devstack cinder-volume[84519]: DEBUG oslo_concurrency.processutils [None req-81a4d535-48c3-46af-9412-4c6440eafd1b tempest-GroupSnapshotsTest-1245207496 None] Running cmd (subprocess): sudo cinder-rootwrap /etc/cinder/rootwrap.conf truncate -s0 /opt/stack/data/cinder/mnt/df712915172d9b85ae858c7138fa8948/volume-7f851f22-8872-4878-9fd0-fefab45e8e48.info {{(pid=84519) execute /opt/stack/data/venv/lib/python3.12/site-packages/oslo_concurrency/processutils.py:440}}
Apr 29 17:09:40 devstack sudo[88182]: quobyte : PWD=/ ; USER=root ; COMMAND=/opt/stack/data/venv/bin/cinder-rootwrap /etc/cinder/rootwrap.conf truncate -s0 /opt/stack/data/cinder/mnt/df712915172d9b85ae858c7138fa8948/volume-7f851f22-8872-4878-9fd0-fefab45e8e48.info
Apr 29 17:09:40 devstack sudo[88182]: pam_unix(sudo:session): session opened for user root(uid=0) by (uid=1000)
Apr 29 17:09:41 devstack sudo[88182]: pam_unix(sudo:session): session closed for user root
Apr 29 17:09:41 devstack cinder-volume[84519]: DEBUG oslo_concurrency.processutils [None req-81a4d535-48c3-46af-9412-4c6440eafd1b tempest-GroupSnapshotsTest-1245207496 None] CMD "sudo cinder-rootwrap /etc/cinder/rootwrap.conf truncate -s0 /opt/stack/data/cinder/mnt/df712915172d9b85ae858c7138fa8948/volume-7f851f22-8872-4878-9fd0-fefab45e8e48.info" returned: 0 in 0.729s {{(pid=84519) execute /opt/stack/data/venv/lib/python3.12/site-packages/oslo_concurrency/processutils.py:468}}
Apr 29 17:09:41 devstack cinder-volume[84519]: WARNING cinder.volume.drivers.remotefs [None req-81a4d535-48c3-46af-9412-4c6440eafd1b tempest-GroupSnapshotsTest-1245207496 None] /opt/stack/data/cinder/mnt/df712915172d9b85ae858c7138fa8948/volume-7f851f22-8872-4878-9fd0-fefab45e8e48.info is being set with open permissions: ugo+rw: NotImplementedError
Apr 29 17:09:41 devstack cinder-volume[84519]: DEBUG oslo_concurrency.processutils [None req-81a4d535-48c3-46af-9412-4c6440eafd1b tempest-GroupSnapshotsTest-1245207496 None] Running cmd (subprocess): sudo cinder-rootwrap /etc/cinder/rootwrap.conf chmod ugo+rw /opt/stack/data/cinder/mnt/df712915172d9b85ae858c7138fa8948/volume-7f851f22-8872-4878-9fd0-fefab45e8e48.info {{(pid=84519) execute /opt/stack/data/venv/lib/python3.12/site-packages/oslo_concurrency/processutils.py:440}}
Apr 29 17:09:41 devstack sudo[88185]: quobyte : PWD=/ ; USER=root ; COMMAND=/opt/stack/data/venv/bin/cinder-rootwrap /etc/cinder/rootwrap.conf chmod ugo+rw /opt/stack/data/cinder/mnt/df712915172d9b85ae858c7138fa8948/volume-7f851f22-8872-4878-9fd0-fefab45e8e48.info
Apr 29 17:09:41 devstack sudo[88185]: pam_unix(sudo:session): session opened for user root(uid=0) by (uid=1000)
Apr 29 17:09:41 devstack sudo[88185]: pam_unix(sudo:session): session closed for user root
Apr 29 17:09:41 devstack cinder-volume[84519]: DEBUG oslo_concurrency.processutils [None req-81a4d535-48c3-46af-9412-4c6440eafd1b tempest-GroupSnapshotsTest-1245207496 None] CMD "sudo cinder-rootwrap /etc/cinder/rootwrap.conf chmod ugo+rw /opt/stack/data/cinder/mnt/df712915172d9b85ae858c7138fa8948/volume-7f851f22-8872-4878-9fd0-fefab45e8e48.info" returned: 0 in 0.682s {{(pid=84519) execute /opt/stack/data/venv/lib/python3.12/site-packages/oslo_concurrency/processutils.py:468}}
Apr 29 17:09:41 devstack cinder-volume[84519]: DEBUG oslo_concurrency.lockutils [None req-81a4d535-48c3-46af-9412-4c6440eafd1b tempest-GroupSnapshotsTest-1245207496 None] Lock "quobyte" "released" by "cinder.volume.drivers.quobyte.QuobyteDriver.create_snapshot" :: held 4.788s {{(pid=84519) inner /opt/stack/data/venv/lib/python3.12/site-packages/oslo_concurrency/lockutils.py:538}}
Apr 29 17:09:41 devstack cinder-volume[84519]: DEBUG oslo_concurrency.lockutils [None req-81a4d535-48c3-46af-9412-4c6440eafd1b tempest-GroupSnapshotsTest-1245207496 None] Acquiring lock "quobyte" by "cinder.volume.drivers.quobyte.QuobyteDriver.create_snapshot" {{(pid=84519) inner /opt/stack/data/venv/lib/python3.12/site-packages/oslo_concurrency/lockutils.py:506}}
Apr 29 17:09:41 devstack cinder-volume[84519]: DEBUG oslo_concurrency.lockutils [None req-81a4d535-48c3-46af-9412-4c6440eafd1b tempest-GroupSnapshotsTest-1245207496 None] Lock "quobyte" acquired by "cinder.volume.drivers.quobyte.QuobyteDriver.create_snapshot" :: waited 0.001s {{(pid=84519) inner /opt/stack/data/venv/lib/python3.12/site-packages/oslo_concurrency/lockutils.py:519}}
Apr 29 17:09:42 devstack cinder-volume[84519]: DEBUG cinder.volume.drivers.remotefs [None req-81a4d535-48c3-46af-9412-4c6440eafd1b tempest-GroupSnapshotsTest-1245207496 None] Creating offline snapshot a7a4eb20-7257-4d3e-a62c-d5b4f853d2f2 of volume e2de66fc-58f2-4c02-bf7a-782b92d7dfc0 {{(pid=84519) _create_snapshot /opt/stack/cinder/cinder/volume/drivers/remotefs.py:1815}}
Apr 29 17:09:42 devstack cinder-volume[84519]: DEBUG oslo.privsep.daemon [-] privsep: reply[1b85b370-e7b7-4403-8385-2ae33cbe3119]: (4, 'qcow2') {{(pid=85898) _call_back /opt/stack/data/venv/lib/python3.12/site-packages/oslo_privsep/daemon.py:573}}
Apr 29 17:09:42 devstack cinder-volume[84519]: DEBUG oslo_concurrency.processutils [None req-81a4d535-48c3-46af-9412-4c6440eafd1b tempest-GroupSnapshotsTest-1245207496 None] Running cmd (subprocess): /opt/stack/data/venv/bin/python3.12 -m oslo_concurrency.prlimit --as=1073741824 --cpu=60 -- sudo cinder-rootwrap /etc/cinder/rootwrap.conf env LC_ALL=C qemu-img info -f qcow2 --output=json --force-share /opt/stack/data/cinder/mnt/df712915172d9b85ae858c7138fa8948/volume-e2de66fc-58f2-4c02-bf7a-782b92d7dfc0 {{(pid=84519) execute /opt/stack/data/venv/lib/python3.12/site-packages/oslo_concurrency/processutils.py:440}}
Apr 29 17:09:42 devstack sudo[88188]: quobyte : PWD=/ ; USER=root ; COMMAND=/opt/stack/data/venv/bin/cinder-rootwrap /etc/cinder/rootwrap.conf env LC_ALL=C qemu-img info -f qcow2 --output=json --force-share /opt/stack/data/cinder/mnt/df712915172d9b85ae858c7138fa8948/volume-e2de66fc-58f2-4c02-bf7a-782b92d7dfc0
Apr 29 17:09:42 devstack sudo[88188]: pam_unix(sudo:session): session opened for user root(uid=0) by (uid=1000)
Apr 29 17:09:42 devstack sudo[88188]: pam_unix(sudo:session): session closed for user root
Apr 29 17:09:42 devstack cinder-volume[84519]: DEBUG oslo_concurrency.processutils [None req-81a4d535-48c3-46af-9412-4c6440eafd1b tempest-GroupSnapshotsTest-1245207496 None] CMD "/opt/stack/data/venv/bin/python3.12 -m oslo_concurrency.prlimit --as=1073741824 --cpu=60 -- sudo cinder-rootwrap /etc/cinder/rootwrap.conf env LC_ALL=C qemu-img info -f qcow2 --output=json --force-share /opt/stack/data/cinder/mnt/df712915172d9b85ae858c7138fa8948/volume-e2de66fc-58f2-4c02-bf7a-782b92d7dfc0" returned: 0 in 0.796s {{(pid=84519) execute /opt/stack/data/venv/lib/python3.12/site-packages/oslo_concurrency/processutils.py:468}}
Apr 29 17:09:42 devstack cinder-volume[84519]: DEBUG oslo_concurrency.processutils [None req-81a4d535-48c3-46af-9412-4c6440eafd1b tempest-GroupSnapshotsTest-1245207496 None] Running cmd (subprocess): sudo cinder-rootwrap /etc/cinder/rootwrap.conf qemu-img create -f qcow2 -o backing_file=/opt/stack/data/cinder/mnt/df712915172d9b85ae858c7138fa8948/volume-e2de66fc-58f2-4c02-bf7a-782b92d7dfc0,backing_fmt=qcow2 /opt/stack/data/cinder/mnt/df712915172d9b85ae858c7138fa8948/volume-e2de66fc-58f2-4c02-bf7a-782b92d7dfc0.a7a4eb20-7257-4d3e-a62c-d5b4f853d2f2 1G {{(pid=84519) execute /opt/stack/data/venv/lib/python3.12/site-packages/oslo_concurrency/processutils.py:440}}
Apr 29 17:09:42 devstack sudo[88193]: quobyte : PWD=/ ; USER=root ; COMMAND=/opt/stack/data/venv/bin/cinder-rootwrap /etc/cinder/rootwrap.conf qemu-img create -f qcow2 -o backing_file=/opt/stack/data/cinder/mnt/df712915172d9b85ae858c7138fa8948/volume-e2de66fc-58f2-4c02-bf7a-782b92d7dfc0,backing_fmt=qcow2 /opt/stack/data/cinder/mnt/df712915172d9b85ae858c7138fa8948/volume-e2de66fc-58f2-4c02-bf7a-782b92d7dfc0.a7a4eb20-7257-4d3e-a62c-d5b4f853d2f2 1G
Apr 29 17:09:42 devstack sudo[88193]: pam_unix(sudo:session): session opened for user root(uid=0) by (uid=1000)
Apr 29 17:09:43 devstack sudo[88193]: pam_unix(sudo:session): session closed for user root
Apr 29 17:09:43 devstack cinder-volume[84519]: DEBUG oslo_concurrency.processutils [None req-81a4d535-48c3-46af-9412-4c6440eafd1b tempest-GroupSnapshotsTest-1245207496 None] CMD "sudo cinder-rootwrap /etc/cinder/rootwrap.conf qemu-img create -f qcow2 -o backing_file=/opt/stack/data/cinder/mnt/df712915172d9b85ae858c7138fa8948/volume-e2de66fc-58f2-4c02-bf7a-782b92d7dfc0,backing_fmt=qcow2 /opt/stack/data/cinder/mnt/df712915172d9b85ae858c7138fa8948/volume-e2de66fc-58f2-4c02-bf7a-782b92d7dfc0.a7a4eb20-7257-4d3e-a62c-d5b4f853d2f2 1G" returned: 0 in 0.915s {{(pid=84519) execute /opt/stack/data/venv/lib/python3.12/site-packages/oslo_concurrency/processutils.py:468}}
Apr 29 17:09:43 devstack cinder-volume[84519]: DEBUG oslo_concurrency.processutils [None req-81a4d535-48c3-46af-9412-4c6440eafd1b tempest-GroupSnapshotsTest-1245207496 None] Running cmd (subprocess): sudo cinder-rootwrap /etc/cinder/rootwrap.conf qemu-img rebase -u -b volume-e2de66fc-58f2-4c02-bf7a-782b92d7dfc0 -F qcow2 /opt/stack/data/cinder/mnt/df712915172d9b85ae858c7138fa8948/volume-e2de66fc-58f2-4c02-bf7a-782b92d7dfc0.a7a4eb20-7257-4d3e-a62c-d5b4f853d2f2 {{(pid=84519) execute /opt/stack/data/venv/lib/python3.12/site-packages/oslo_concurrency/processutils.py:440}}
Apr 29 17:09:43 devstack sudo[88199]: quobyte : PWD=/ ; USER=root ; COMMAND=/opt/stack/data/venv/bin/cinder-rootwrap /etc/cinder/rootwrap.conf qemu-img rebase -u -b volume-e2de66fc-58f2-4c02-bf7a-782b92d7dfc0 -F qcow2 /opt/stack/data/cinder/mnt/df712915172d9b85ae858c7138fa8948/volume-e2de66fc-58f2-4c02-bf7a-782b92d7dfc0.a7a4eb20-7257-4d3e-a62c-d5b4f853d2f2
Apr 29 17:09:43 devstack sudo[88199]: pam_unix(sudo:session): session opened for user root(uid=0) by (uid=1000)
Apr 29 17:09:44 devstack sudo[88199]: pam_unix(sudo:session): session closed for user root
Apr 29 17:09:44 devstack cinder-volume[84519]: DEBUG oslo_concurrency.processutils [None req-81a4d535-48c3-46af-9412-4c6440eafd1b tempest-GroupSnapshotsTest-1245207496 None] CMD "sudo cinder-rootwrap /etc/cinder/rootwrap.conf qemu-img rebase -u -b volume-e2de66fc-58f2-4c02-bf7a-782b92d7dfc0 -F qcow2 /opt/stack/data/cinder/mnt/df712915172d9b85ae858c7138fa8948/volume-e2de66fc-58f2-4c02-bf7a-782b92d7dfc0.a7a4eb20-7257-4d3e-a62c-d5b4f853d2f2" returned: 0 in 0.762s {{(pid=84519) execute /opt/stack/data/venv/lib/python3.12/site-packages/oslo_concurrency/processutils.py:468}}
Apr 29 17:09:44 devstack cinder-volume[84519]: WARNING cinder.volume.drivers.remotefs [None req-81a4d535-48c3-46af-9412-4c6440eafd1b tempest-GroupSnapshotsTest-1245207496 None] /opt/stack/data/cinder/mnt/df712915172d9b85ae858c7138fa8948/volume-e2de66fc-58f2-4c02-bf7a-782b92d7dfc0.a7a4eb20-7257-4d3e-a62c-d5b4f853d2f2 is being set with open permissions: ugo+rw: NotImplementedError
Apr 29 17:09:44 devstack cinder-volume[84519]: DEBUG oslo_concurrency.processutils [None req-81a4d535-48c3-46af-9412-4c6440eafd1b tempest-GroupSnapshotsTest-1245207496 None] Running cmd (subprocess): sudo cinder-rootwrap /etc/cinder/rootwrap.conf chmod ugo+rw /opt/stack/data/cinder/mnt/df712915172d9b85ae858c7138fa8948/volume-e2de66fc-58f2-4c02-bf7a-782b92d7dfc0.a7a4eb20-7257-4d3e-a62c-d5b4f853d2f2 {{(pid=84519) execute /opt/stack/data/venv/lib/python3.12/site-packages/oslo_concurrency/processutils.py:440}}
Apr 29 17:09:44 devstack sudo[88204]: quobyte : PWD=/ ; USER=root ; COMMAND=/opt/stack/data/venv/bin/cinder-rootwrap /etc/cinder/rootwrap.conf chmod ugo+rw /opt/stack/data/cinder/mnt/df712915172d9b85ae858c7138fa8948/volume-e2de66fc-58f2-4c02-bf7a-782b92d7dfc0.a7a4eb20-7257-4d3e-a62c-d5b4f853d2f2
Apr 29 17:09:44 devstack sudo[88204]: pam_unix(sudo:session): session opened for user root(uid=0) by (uid=1000)
Apr 29 17:09:45 devstack sudo[88204]: pam_unix(sudo:session): session closed for user root
Apr 29 17:09:45 devstack cinder-volume[84519]: DEBUG oslo_concurrency.processutils [None req-81a4d535-48c3-46af-9412-4c6440eafd1b tempest-GroupSnapshotsTest-1245207496 None] CMD "sudo cinder-rootwrap /etc/cinder/rootwrap.conf chmod ugo+rw /opt/stack/data/cinder/mnt/df712915172d9b85ae858c7138fa8948/volume-e2de66fc-58f2-4c02-bf7a-782b92d7dfc0.a7a4eb20-7257-4d3e-a62c-d5b4f853d2f2" returned: 0 in 0.604s {{(pid=84519) execute /opt/stack/data/venv/lib/python3.12/site-packages/oslo_concurrency/processutils.py:468}}
Apr 29 17:09:45 devstack cinder-volume[84519]: DEBUG oslo_concurrency.processutils [None req-81a4d535-48c3-46af-9412-4c6440eafd1b tempest-GroupSnapshotsTest-1245207496 None] Running cmd (subprocess): sudo cinder-rootwrap /etc/cinder/rootwrap.conf truncate -s0 /opt/stack/data/cinder/mnt/df712915172d9b85ae858c7138fa8948/volume-e2de66fc-58f2-4c02-bf7a-782b92d7dfc0.info {{(pid=84519) execute /opt/stack/data/venv/lib/python3.12/site-packages/oslo_concurrency/processutils.py:440}}
Apr 29 17:09:45 devstack sudo[88207]: quobyte : PWD=/ ; USER=root ; COMMAND=/opt/stack/data/venv/bin/cinder-rootwrap /etc/cinder/rootwrap.conf truncate -s0 /opt/stack/data/cinder/mnt/df712915172d9b85ae858c7138fa8948/volume-e2de66fc-58f2-4c02-bf7a-782b92d7dfc0.info
Apr 29 17:09:45 devstack sudo[88207]: pam_unix(sudo:session): session opened for user root(uid=0) by (uid=1000)
Apr 29 17:09:45 devstack sudo[88207]: pam_unix(sudo:session): session closed for user root
Apr 29 17:09:45 devstack cinder-volume[84519]: DEBUG oslo_concurrency.processutils [None req-81a4d535-48c3-46af-9412-4c6440eafd1b tempest-GroupSnapshotsTest-1245207496 None] CMD "sudo cinder-rootwrap /etc/cinder/rootwrap.conf truncate -s0 /opt/stack/data/cinder/mnt/df712915172d9b85ae858c7138fa8948/volume-e2de66fc-58f2-4c02-bf7a-782b92d7dfc0.info" returned: 0 in 0.652s {{(pid=84519) execute /opt/stack/data/venv/lib/python3.12/site-packages/oslo_concurrency/processutils.py:468}}
Apr 29 17:09:45 devstack cinder-volume[84519]: WARNING cinder.volume.drivers.remotefs [None req-81a4d535-48c3-46af-9412-4c6440eafd1b tempest-GroupSnapshotsTest-1245207496 None] /opt/stack/data/cinder/mnt/df712915172d9b85ae858c7138fa8948/volume-e2de66fc-58f2-4c02-bf7a-782b92d7dfc0.info is being set with open permissions: ugo+rw: NotImplementedError
Apr 29 17:09:45 devstack cinder-volume[84519]: DEBUG oslo_concurrency.processutils [None req-81a4d535-48c3-46af-9412-4c6440eafd1b tempest-GroupSnapshotsTest-1245207496 None] Running cmd (subprocess): sudo cinder-rootwrap /etc/cinder/rootwrap.conf chmod ugo+rw /opt/stack/data/cinder/mnt/df712915172d9b85ae858c7138fa8948/volume-e2de66fc-58f2-4c02-bf7a-782b92d7dfc0.info {{(pid=84519) execute /opt/stack/data/venv/lib/python3.12/site-packages/oslo_concurrency/processutils.py:440}}
Apr 29 17:09:45 devstack sudo[88210]: quobyte : PWD=/ ; USER=root ; COMMAND=/opt/stack/data/venv/bin/cinder-rootwrap /etc/cinder/rootwrap.conf chmod ugo+rw /opt/stack/data/cinder/mnt/df712915172d9b85ae858c7138fa8948/volume-e2de66fc-58f2-4c02-bf7a-782b92d7dfc0.info
Apr 29 17:09:45 devstack sudo[88210]: pam_unix(sudo:session): session opened for user root(uid=0) by (uid=1000)
Apr 29 17:09:46 devstack sudo[88210]: pam_unix(sudo:session): session closed for user root
Apr 29 17:09:46 devstack cinder-volume[84519]: DEBUG oslo_concurrency.processutils [None req-81a4d535-48c3-46af-9412-4c6440eafd1b tempest-GroupSnapshotsTest-1245207496 None] CMD "sudo cinder-rootwrap /etc/cinder/rootwrap.conf chmod ugo+rw /opt/stack/data/cinder/mnt/df712915172d9b85ae858c7138fa8948/volume-e2de66fc-58f2-4c02-bf7a-782b92d7dfc0.info" returned: 0 in 0.804s {{(pid=84519) execute /opt/stack/data/venv/lib/python3.12/site-packages/oslo_concurrency/processutils.py:468}}
Apr 29 17:09:46 devstack cinder-volume[84519]: DEBUG oslo_concurrency.lockutils [None req-81a4d535-48c3-46af-9412-4c6440eafd1b tempest-GroupSnapshotsTest-1245207496 None] Lock "quobyte" "released" by "cinder.volume.drivers.quobyte.QuobyteDriver.create_snapshot" :: held 4.665s {{(pid=84519) inner /opt/stack/data/venv/lib/python3.12/site-packages/oslo_concurrency/lockutils.py:538}}
Apr 29 17:09:46 devstack cinder-volume[84519]: DEBUG oslo_concurrency.lockutils [req-dc37e804-6291-454c-b430-79ff959219a8 req-56d9743d-4d5d-496f-b45d-fe2332a2802e tempest-ServerBootFromVolumeStableRescueTest-1210798390 None] Lock "quobyte" acquired by "cinder.volume.drivers.quobyte.QuobyteDriver.initialize_connection" :: waited 7.873s {{(pid=84519) inner /opt/stack/data/venv/lib/python3.12/site-packages/oslo_concurrency/lockutils.py:519}}
Apr 29 17:09:46 devstack cinder-volume[84519]: DEBUG oslo.privsep.daemon [-] privsep: reply[82d161c2-ad94-4cf9-a486-5f3ead44e1b3]: (4, 'raw') {{(pid=85898) _call_back /opt/stack/data/venv/lib/python3.12/site-packages/oslo_privsep/daemon.py:573}}
Apr 29 17:09:46 devstack cinder-volume[84519]: DEBUG oslo_concurrency.processutils [req-dc37e804-6291-454c-b430-79ff959219a8 req-56d9743d-4d5d-496f-b45d-fe2332a2802e tempest-ServerBootFromVolumeStableRescueTest-1210798390 None] Running cmd (subprocess): /opt/stack/data/venv/bin/python3.12 -m oslo_concurrency.prlimit --as=1073741824 --cpu=60 -- sudo cinder-rootwrap /etc/cinder/rootwrap.conf env LC_ALL=C qemu-img info -f raw --output=json --force-share /opt/stack/data/cinder/mnt/df712915172d9b85ae858c7138fa8948/volume-d040ecde-a717-4d21-8843-0240f1c446ec {{(pid=84519) execute /opt/stack/data/venv/lib/python3.12/site-packages/oslo_concurrency/processutils.py:440}}
Apr 29 17:09:46 devstack cinder-volume[84519]: INFO cinder.volume.manager [None req-81a4d535-48c3-46af-9412-4c6440eafd1b tempest-GroupSnapshotsTest-1245207496 None] group_snapshot d17f1afd-f79a-4b1a-aff8-d35c0ade925a: created successfully
Apr 29 17:09:46 devstack sudo[88213]: quobyte : PWD=/ ; USER=root ; COMMAND=/opt/stack/data/venv/bin/cinder-rootwrap /etc/cinder/rootwrap.conf env LC_ALL=C qemu-img info -f raw --output=json --force-share /opt/stack/data/cinder/mnt/df712915172d9b85ae858c7138fa8948/volume-d040ecde-a717-4d21-8843-0240f1c446ec
Apr 29 17:09:46 devstack sudo[88213]: pam_unix(sudo:session): session opened for user root(uid=0) by (uid=1000)
Apr 29 17:09:47 devstack sudo[88213]: pam_unix(sudo:session): session closed for user root
