Jul 23 03:20:39 devstack sudo[92990]: pam_unix(sudo:session): session opened for user root(uid=0) by (uid=1000)
Jul 23 03:20:39 devstack sudo[92990]: pam_unix(sudo:session): session closed for user root
Jul 23 03:20:39 devstack cinder-volume[88466]: DEBUG oslo_concurrency.processutils [None req-e0a0759a-be06-48c2-8a39-c8ffacf4b6a2 tempest-GroupSnapshotsTest-1316974458 None] CMD "sudo cinder-rootwrap /etc/cinder/rootwrap.conf qemu-img create -f qcow2 -o backing_file=/opt/stack/data/cinder/mnt/541ea4a3ea1ab98362e54644cbd6e86f/volume-6de1dd73-3ca3-42f4-8601-d2fa04ba6fc4,backing_fmt=qcow2 /opt/stack/data/cinder/mnt/541ea4a3ea1ab98362e54644cbd6e86f/volume-6de1dd73-3ca3-42f4-8601-d2fa04ba6fc4.1528e8ba-3040-45c9-a4a8-62f25d17e115 1G" returned: 0 in 0.508s {{(pid=88466) execute /opt/stack/data/venv/lib/python3.12/site-packages/oslo_concurrency/processutils.py:468}}
Jul 23 03:20:39 devstack cinder-volume[88466]: DEBUG oslo_concurrency.processutils [None req-e0a0759a-be06-48c2-8a39-c8ffacf4b6a2 tempest-GroupSnapshotsTest-1316974458 None] Running cmd (subprocess): sudo cinder-rootwrap /etc/cinder/rootwrap.conf qemu-img rebase -u -b volume-6de1dd73-3ca3-42f4-8601-d2fa04ba6fc4 -F qcow2 /opt/stack/data/cinder/mnt/541ea4a3ea1ab98362e54644cbd6e86f/volume-6de1dd73-3ca3-42f4-8601-d2fa04ba6fc4.1528e8ba-3040-45c9-a4a8-62f25d17e115 {{(pid=88466) execute /opt/stack/data/venv/lib/python3.12/site-packages/oslo_concurrency/processutils.py:440}}
Jul 23 03:20:39 devstack sudo[92995]: quobyte : PWD=/ ; USER=root ; COMMAND=/opt/stack/data/venv/bin/cinder-rootwrap /etc/cinder/rootwrap.conf qemu-img rebase -u -b volume-6de1dd73-3ca3-42f4-8601-d2fa04ba6fc4 -F qcow2 /opt/stack/data/cinder/mnt/541ea4a3ea1ab98362e54644cbd6e86f/volume-6de1dd73-3ca3-42f4-8601-d2fa04ba6fc4.1528e8ba-3040-45c9-a4a8-62f25d17e115
Jul 23 03:20:39 devstack sudo[92995]: pam_unix(sudo:session): session opened for user root(uid=0) by (uid=1000)
Jul 23 03:20:40 devstack sudo[92995]: pam_unix(sudo:session): session closed for user root
Jul 23 03:20:40 devstack cinder-volume[88466]: DEBUG oslo_concurrency.processutils [None req-e0a0759a-be06-48c2-8a39-c8ffacf4b6a2 tempest-GroupSnapshotsTest-1316974458 None] CMD "sudo cinder-rootwrap /etc/cinder/rootwrap.conf qemu-img rebase -u -b volume-6de1dd73-3ca3-42f4-8601-d2fa04ba6fc4 -F qcow2 /opt/stack/data/cinder/mnt/541ea4a3ea1ab98362e54644cbd6e86f/volume-6de1dd73-3ca3-42f4-8601-d2fa04ba6fc4.1528e8ba-3040-45c9-a4a8-62f25d17e115" returned: 0 in 0.355s {{(pid=88466) execute /opt/stack/data/venv/lib/python3.12/site-packages/oslo_concurrency/processutils.py:468}}
Jul 23 03:20:40 devstack cinder-volume[88466]: WARNING cinder.volume.drivers.remotefs [None req-e0a0759a-be06-48c2-8a39-c8ffacf4b6a2 tempest-GroupSnapshotsTest-1316974458 None] /opt/stack/data/cinder/mnt/541ea4a3ea1ab98362e54644cbd6e86f/volume-6de1dd73-3ca3-42f4-8601-d2fa04ba6fc4.1528e8ba-3040-45c9-a4a8-62f25d17e115 is being set with open permissions: ugo+rw: NotImplementedError
Jul 23 03:20:40 devstack cinder-volume[88466]: DEBUG oslo_concurrency.processutils [None req-e0a0759a-be06-48c2-8a39-c8ffacf4b6a2 tempest-GroupSnapshotsTest-1316974458 None] Running cmd (subprocess): sudo cinder-rootwrap /etc/cinder/rootwrap.conf chmod ugo+rw /opt/stack/data/cinder/mnt/541ea4a3ea1ab98362e54644cbd6e86f/volume-6de1dd73-3ca3-42f4-8601-d2fa04ba6fc4.1528e8ba-3040-45c9-a4a8-62f25d17e115 {{(pid=88466) execute /opt/stack/data/venv/lib/python3.12/site-packages/oslo_concurrency/processutils.py:440}}
Jul 23 03:20:40 devstack sudo[93000]: quobyte : PWD=/ ; USER=root ; COMMAND=/opt/stack/data/venv/bin/cinder-rootwrap /etc/cinder/rootwrap.conf chmod ugo+rw /opt/stack/data/cinder/mnt/541ea4a3ea1ab98362e54644cbd6e86f/volume-6de1dd73-3ca3-42f4-8601-d2fa04ba6fc4.1528e8ba-3040-45c9-a4a8-62f25d17e115
Jul 23 03:20:40 devstack sudo[93000]: pam_unix(sudo:session): session opened for user root(uid=0) by (uid=1000)
Jul 23 03:20:40 devstack sudo[93000]: pam_unix(sudo:session): session closed for user root
Jul 23 03:20:40 devstack cinder-volume[88466]: DEBUG oslo_concurrency.processutils [None req-e0a0759a-be06-48c2-8a39-c8ffacf4b6a2 tempest-GroupSnapshotsTest-1316974458 None] CMD "sudo cinder-rootwrap /etc/cinder/rootwrap.conf chmod ugo+rw /opt/stack/data/cinder/mnt/541ea4a3ea1ab98362e54644cbd6e86f/volume-6de1dd73-3ca3-42f4-8601-d2fa04ba6fc4.1528e8ba-3040-45c9-a4a8-62f25d17e115" returned: 0 in 0.260s {{(pid=88466) execute /opt/stack/data/venv/lib/python3.12/site-packages/oslo_concurrency/processutils.py:468}}
Jul 23 03:20:40 devstack cinder-volume[88466]: DEBUG oslo_concurrency.processutils [None req-e0a0759a-be06-48c2-8a39-c8ffacf4b6a2 tempest-GroupSnapshotsTest-1316974458 None] Running cmd (subprocess): sudo cinder-rootwrap /etc/cinder/rootwrap.conf truncate -s0 /opt/stack/data/cinder/mnt/541ea4a3ea1ab98362e54644cbd6e86f/volume-6de1dd73-3ca3-42f4-8601-d2fa04ba6fc4.info {{(pid=88466) execute /opt/stack/data/venv/lib/python3.12/site-packages/oslo_concurrency/processutils.py:440}}
Jul 23 03:20:40 devstack sudo[93003]: quobyte : PWD=/ ; USER=root ; COMMAND=/opt/stack/data/venv/bin/cinder-rootwrap /etc/cinder/rootwrap.conf truncate -s0 /opt/stack/data/cinder/mnt/541ea4a3ea1ab98362e54644cbd6e86f/volume-6de1dd73-3ca3-42f4-8601-d2fa04ba6fc4.info
Jul 23 03:20:40 devstack sudo[93003]: pam_unix(sudo:session): session opened for user root(uid=0) by (uid=1000)
Jul 23 03:20:40 devstack sudo[93003]: pam_unix(sudo:session): session closed for user root
Jul 23 03:20:40 devstack cinder-volume[88466]: DEBUG oslo_concurrency.processutils [None req-e0a0759a-be06-48c2-8a39-c8ffacf4b6a2 tempest-GroupSnapshotsTest-1316974458 None] CMD "sudo cinder-rootwrap /etc/cinder/rootwrap.conf truncate -s0 /opt/stack/data/cinder/mnt/541ea4a3ea1ab98362e54644cbd6e86f/volume-6de1dd73-3ca3-42f4-8601-d2fa04ba6fc4.info" returned: 0 in 0.305s {{(pid=88466) execute /opt/stack/data/venv/lib/python3.12/site-packages/oslo_concurrency/processutils.py:468}}
Jul 23 03:20:40 devstack cinder-volume[88466]: WARNING cinder.volume.drivers.remotefs [None req-e0a0759a-be06-48c2-8a39-c8ffacf4b6a2 tempest-GroupSnapshotsTest-1316974458 None] /opt/stack/data/cinder/mnt/541ea4a3ea1ab98362e54644cbd6e86f/volume-6de1dd73-3ca3-42f4-8601-d2fa04ba6fc4.info is being set with open permissions: ugo+rw: NotImplementedError
Jul 23 03:20:40 devstack cinder-volume[88466]: DEBUG oslo_concurrency.processutils [None req-e0a0759a-be06-48c2-8a39-c8ffacf4b6a2 tempest-GroupSnapshotsTest-1316974458 None] Running cmd (subprocess): sudo cinder-rootwrap /etc/cinder/rootwrap.conf chmod ugo+rw /opt/stack/data/cinder/mnt/541ea4a3ea1ab98362e54644cbd6e86f/volume-6de1dd73-3ca3-42f4-8601-d2fa04ba6fc4.info {{(pid=88466) execute /opt/stack/data/venv/lib/python3.12/site-packages/oslo_concurrency/processutils.py:440}}
Jul 23 03:20:40 devstack sudo[93006]: quobyte : PWD=/ ; USER=root ; COMMAND=/opt/stack/data/venv/bin/cinder-rootwrap /etc/cinder/rootwrap.conf chmod ugo+rw /opt/stack/data/cinder/mnt/541ea4a3ea1ab98362e54644cbd6e86f/volume-6de1dd73-3ca3-42f4-8601-d2fa04ba6fc4.info
Jul 23 03:20:40 devstack sudo[93006]: pam_unix(sudo:session): session opened for user root(uid=0) by (uid=1000)
Jul 23 03:20:41 devstack sudo[93006]: pam_unix(sudo:session): session closed for user root
Jul 23 03:20:41 devstack cinder-volume[88466]: DEBUG oslo_concurrency.processutils [None req-e0a0759a-be06-48c2-8a39-c8ffacf4b6a2 tempest-GroupSnapshotsTest-1316974458 None] CMD "sudo cinder-rootwrap /etc/cinder/rootwrap.conf chmod ugo+rw /opt/stack/data/cinder/mnt/541ea4a3ea1ab98362e54644cbd6e86f/volume-6de1dd73-3ca3-42f4-8601-d2fa04ba6fc4.info" returned: 0 in 0.318s {{(pid=88466) execute /opt/stack/data/venv/lib/python3.12/site-packages/oslo_concurrency/processutils.py:468}}
Jul 23 03:20:41 devstack cinder-volume[88466]: DEBUG oslo_concurrency.lockutils [None req-e0a0759a-be06-48c2-8a39-c8ffacf4b6a2 tempest-GroupSnapshotsTest-1316974458 None] Lock "quobyte" "released" by "cinder.volume.drivers.quobyte.QuobyteDriver.create_snapshot" :: held 2.301s {{(pid=88466) inner /opt/stack/data/venv/lib/python3.12/site-packages/oslo_concurrency/lockutils.py:544}}
Jul 23 03:20:41 devstack cinder-volume[88466]: DEBUG oslo_concurrency.lockutils [None req-e0a0759a-be06-48c2-8a39-c8ffacf4b6a2 tempest-GroupSnapshotsTest-1316974458 None] Acquiring lock "quobyte" by "cinder.volume.drivers.quobyte.QuobyteDriver.create_snapshot" {{(pid=88466) inner /opt/stack/data/venv/lib/python3.12/site-packages/oslo_concurrency/lockutils.py:512}}
Jul 23 03:20:41 devstack cinder-volume[88466]: DEBUG oslo_concurrency.lockutils [None req-e0a0759a-be06-48c2-8a39-c8ffacf4b6a2 tempest-GroupSnapshotsTest-1316974458 None] Lock "quobyte" acquired by "cinder.volume.drivers.quobyte.QuobyteDriver.create_snapshot" :: waited 0.000s {{(pid=88466) inner /opt/stack/data/venv/lib/python3.12/site-packages/oslo_concurrency/lockutils.py:525}}
Jul 23 03:20:41 devstack cinder-volume[88466]: DEBUG cinder.volume.drivers.remotefs [None req-e0a0759a-be06-48c2-8a39-c8ffacf4b6a2 tempest-GroupSnapshotsTest-1316974458 None] Creating offline snapshot aca77a96-9b4d-420c-96ca-78870ebaf4f8 of volume 07afc1de-68dc-4f93-84cd-8d635766fbd0 {{(pid=88466) _create_snapshot /opt/stack/cinder/cinder/volume/drivers/remotefs.py:1869}}
Jul 23 03:20:41 devstack cinder-volume[88466]: DEBUG oslo.privsep.daemon [-] privsep: reply[8116a350-5561-41c4-a223-f899b2cfd88e]: (4, 'qcow2') {{(pid=90379) _call_back /opt/stack/data/venv/lib/python3.12/site-packages/oslo_privsep/daemon.py:580}}
Jul 23 03:20:41 devstack cinder-volume[88466]: DEBUG oslo_concurrency.processutils [None req-e0a0759a-be06-48c2-8a39-c8ffacf4b6a2 tempest-GroupSnapshotsTest-1316974458 None] Running cmd (subprocess): /opt/stack/data/venv/bin/python3.12 -m oslo_concurrency.prlimit --as=1073741824 --cpu=60 -- sudo cinder-rootwrap /etc/cinder/rootwrap.conf env LC_ALL=C qemu-img info -f qcow2 --output=json --force-share /opt/stack/data/cinder/mnt/541ea4a3ea1ab98362e54644cbd6e86f/volume-07afc1de-68dc-4f93-84cd-8d635766fbd0 {{(pid=88466) execute /opt/stack/data/venv/lib/python3.12/site-packages/oslo_concurrency/processutils.py:440}}
Jul 23 03:20:41 devstack sudo[93009]: quobyte : PWD=/ ; USER=root ; COMMAND=/opt/stack/data/venv/bin/cinder-rootwrap /etc/cinder/rootwrap.conf env LC_ALL=C qemu-img info -f qcow2 --output=json --force-share /opt/stack/data/cinder/mnt/541ea4a3ea1ab98362e54644cbd6e86f/volume-07afc1de-68dc-4f93-84cd-8d635766fbd0
Jul 23 03:20:41 devstack sudo[93009]: pam_unix(sudo:session): session opened for user root(uid=0) by (uid=1000)
Jul 23 03:20:41 devstack cinder-volume[88466]: DEBUG cinder.volume.flows.manager.create_volume [None req-7bc493af-7bf0-4a46-b90f-8254abaa3b54 tempest-VolumesTestJSON-1963050597 None] Volume reschedule parameters: True retry: {'num_attempts': 1, 'backends': ['devstack@QuobyteHD#QuobyteHD'], 'hosts': ['devstack@QuobyteHD#QuobyteHD']} {{(pid=88466) get_flow /opt/stack/cinder/cinder/volume/flows/manager/create_volume.py:1397}}
Jul 23 03:20:41 devstack sudo[93009]: pam_unix(sudo:session): session closed for user root
Jul 23 03:20:41 devstack cinder-volume[88466]: DEBUG cinder.volume.manager [None req-7bc493af-7bf0-4a46-b90f-8254abaa3b54 tempest-VolumesTestJSON-1963050597 None] Flow 'volume_create_manager' (042c9c69-9348-44ed-82cf-e4f58745525f) transitioned into state 'RUNNING' from state 'PENDING' {{(pid=88466) _flow_receiver /opt/stack/data/venv/lib/python3.12/site-packages/taskflow/listeners/logging.py:160}}
Jul 23 03:20:41 devstack cinder-volume[88466]: DEBUG cinder.volume.manager [None req-7bc493af-7bf0-4a46-b90f-8254abaa3b54 tempest-VolumesTestJSON-1963050597 None] Task 'cinder.volume.flows.manager.create_volume.ExtractVolumeRefTask;volume:create' (b02ef7a3-93c0-45f3-994d-ffc222b3b1fa) transitioned into state 'RUNNING' from state 'PENDING' {{(pid=88466) _task_receiver /opt/stack/data/venv/lib/python3.12/site-packages/taskflow/listeners/logging.py:242}}
Jul 23 03:20:41 devstack cinder-volume[88466]: DEBUG oslo_concurrency.processutils [None req-e0a0759a-be06-48c2-8a39-c8ffacf4b6a2 tempest-GroupSnapshotsTest-1316974458 None] CMD "/opt/stack/data/venv/bin/python3.12 -m oslo_concurrency.prlimit --as=1073741824 --cpu=60 -- sudo cinder-rootwrap /etc/cinder/rootwrap.conf env LC_ALL=C qemu-img info -f qcow2 --output=json --force-share /opt/stack/data/cinder/mnt/541ea4a3ea1ab98362e54644cbd6e86f/volume-07afc1de-68dc-4f93-84cd-8d635766fbd0" returned: 0 in 0.602s {{(pid=88466) execute /opt/stack/data/venv/lib/python3.12/site-packages/oslo_concurrency/processutils.py:468}}
Jul 23 03:20:41 devstack cinder-volume[88466]: DEBUG oslo_concurrency.processutils [None req-e0a0759a-be06-48c2-8a39-c8ffacf4b6a2 tempest-GroupSnapshotsTest-1316974458 None] Running cmd (subprocess): sudo cinder-rootwrap /etc/cinder/rootwrap.conf qemu-img create -f qcow2 -o backing_file=/opt/stack/data/cinder/mnt/541ea4a3ea1ab98362e54644cbd6e86f/volume-07afc1de-68dc-4f93-84cd-8d635766fbd0,backing_fmt=qcow2 /opt/stack/data/cinder/mnt/541ea4a3ea1ab98362e54644cbd6e86f/volume-07afc1de-68dc-4f93-84cd-8d635766fbd0.aca77a96-9b4d-420c-96ca-78870ebaf4f8 1G {{(pid=88466) execute /opt/stack/data/venv/lib/python3.12/site-packages/oslo_concurrency/processutils.py:440}}
Jul 23 03:20:41 devstack cinder-volume[88466]: DEBUG cinder.volume.manager [None req-7bc493af-7bf0-4a46-b90f-8254abaa3b54 tempest-VolumesTestJSON-1963050597 None] Task 'cinder.volume.flows.manager.create_volume.ExtractVolumeRefTask;volume:create' (b02ef7a3-93c0-45f3-994d-ffc222b3b1fa) transitioned into state 'SUCCESS' from state 'RUNNING' with result 'Volume(_name_id=None,admin_metadata=,attach_status='detached',availability_zone='nova',bootable=False,cluster=,cluster_name=None,consistencygroup=,consistencygroup_id=None,created_at=2026-07-23T01:20:41Z,deleted=False,deleted_at=None,display_description=None,display_name='tempest-VolumesTestJSON-volume-1209196426',ec2_id=None,encryption_key_id=None,glance_metadata=,group=,group_id=None,host='devstack@QuobyteHD#QuobyteHD',id=3f97939e-7af7-4154-b39a-c4f218864232,launched_at=None,metadata={Type='work'},migration_status=None,multiattach=False,previous_status=None,project_id='2d5ab309dc61405ebdd943406a0eabf2',provider_auth=None,provider_geometry=None,provider_id=None,provider_location=None,replication_driver_data=None,replication_extended_status=None,replication_status=None,scheduled_at=2026-07-23T01:20:42Z,service_uuid=None,shared_targets=True,size=1,snapshot_id=None,snapshots=,source_volid=None,status='creating',terminated_at=None,updated_at=2026-07-23T01:20:42Z,use_quota=True,user_id='2a7de6ed38d54041a4545c9ba058a46c',volume_attachment=VolumeAttachmentList,volume_type=VolumeType(7617df6b-13f7-4311-afe6-4f4b9b858522),volume_type_id=7617df6b-13f7-4311-afe6-4f4b9b858522)' {{(pid=88466) _task_receiver /opt/stack/data/venv/lib/python3.12/site-packages/taskflow/listeners/logging.py:218}}
Jul 23 03:20:41 devstack cinder-volume[88466]: DEBUG cinder.volume.manager [None req-7bc493af-7bf0-4a46-b90f-8254abaa3b54 tempest-VolumesTestJSON-1963050597 None] Task 'cinder.volume.flows.manager.create_volume.OnFailureRescheduleTask;volume:create' (9f5a0488-3f53-495e-af61-79b21fbcedee) transitioned into state 'RUNNING' from state 'PENDING' {{(pid=88466) _task_receiver /opt/stack/data/venv/lib/python3.12/site-packages/taskflow/listeners/logging.py:242}}
Jul 23 03:20:41 devstack sudo[93014]: quobyte : PWD=/ ; USER=root ; COMMAND=/opt/stack/data/venv/bin/cinder-rootwrap /etc/cinder/rootwrap.conf qemu-img create -f qcow2 -o backing_file=/opt/stack/data/cinder/mnt/541ea4a3ea1ab98362e54644cbd6e86f/volume-07afc1de-68dc-4f93-84cd-8d635766fbd0,backing_fmt=qcow2 /opt/stack/data/cinder/mnt/541ea4a3ea1ab98362e54644cbd6e86f/volume-07afc1de-68dc-4f93-84cd-8d635766fbd0.aca77a96-9b4d-420c-96ca-78870ebaf4f8 1G
Jul 23 03:20:41 devstack sudo[93014]: pam_unix(sudo:session): session opened for user root(uid=0) by (uid=1000)
Jul 23 03:20:41 devstack cinder-volume[88466]: DEBUG cinder.volume.manager [None req-7bc493af-7bf0-4a46-b90f-8254abaa3b54 tempest-VolumesTestJSON-1963050597 None] Task 'cinder.volume.flows.manager.create_volume.OnFailureRescheduleTask;volume:create' (9f5a0488-3f53-495e-af61-79b21fbcedee) transitioned into state 'SUCCESS' from state 'RUNNING' with result 'None' {{(pid=88466) _task_receiver /opt/stack/data/venv/lib/python3.12/site-packages/taskflow/listeners/logging.py:218}}
Jul 23 03:20:41 devstack cinder-volume[88466]: DEBUG cinder.volume.manager [None req-7bc493af-7bf0-4a46-b90f-8254abaa3b54 tempest-VolumesTestJSON-1963050597 None] Task 'cinder.volume.flows.manager.create_volume.ExtractVolumeSpecTask;volume:create' (b0c72850-1ce3-47a2-8067-8213411330ce) transitioned into state 'RUNNING' from state 'PENDING' {{(pid=88466) _task_receiver /opt/stack/data/venv/lib/python3.12/site-packages/taskflow/listeners/logging.py:242}}
Jul 23 03:20:41 devstack cinder-volume[88466]: DEBUG cinder.volume.manager [None req-7bc493af-7bf0-4a46-b90f-8254abaa3b54 tempest-VolumesTestJSON-1963050597 None] Task 'cinder.volume.flows.manager.create_volume.ExtractVolumeSpecTask;volume:create' (b0c72850-1ce3-47a2-8067-8213411330ce) transitioned into state 'SUCCESS' from state 'RUNNING' with result '{'status': 'creating', 'type': 'raw', 'volume_id': '3f97939e-7af7-4154-b39a-c4f218864232', 'volume_name': 'volume-3f97939e-7af7-4154-b39a-c4f218864232', 'volume_size': 1}' {{(pid=88466) _task_receiver /opt/stack/data/venv/lib/python3.12/site-packages/taskflow/listeners/logging.py:218}}
Jul 23 03:20:41 devstack cinder-volume[88466]: DEBUG cinder.volume.manager [None req-7bc493af-7bf0-4a46-b90f-8254abaa3b54 tempest-VolumesTestJSON-1963050597 None] Task 'cinder.volume.flows.manager.create_volume.NotifyVolumeActionTask;volume:create, create.start' (aa046098-7d82-4674-b2c1-4720e57cca82) transitioned into state 'RUNNING' from state 'PENDING' {{(pid=88466) _task_receiver /opt/stack/data/venv/lib/python3.12/site-packages/taskflow/listeners/logging.py:242}}
Jul 23 03:20:41 devstack cinder-volume[88466]: DEBUG cinder.volume.manager [None req-7bc493af-7bf0-4a46-b90f-8254abaa3b54 tempest-VolumesTestJSON-1963050597 None] Task 'cinder.volume.flows.manager.create_volume.NotifyVolumeActionTask;volume:create, create.start' (aa046098-7d82-4674-b2c1-4720e57cca82) transitioned into state 'SUCCESS' from state 'RUNNING' with result 'None' {{(pid=88466) _task_receiver /opt/stack/data/venv/lib/python3.12/site-packages/taskflow/listeners/logging.py:218}}
Jul 23 03:20:41 devstack cinder-volume[88466]: DEBUG cinder.volume.manager [None req-7bc493af-7bf0-4a46-b90f-8254abaa3b54 tempest-VolumesTestJSON-1963050597 None] Task 'cinder.volume.flows.manager.create_volume.CreateVolumeFromSpecTask;volume:create' (389cfbb6-a88f-48b8-b3b5-62a639e087cd) transitioned into state 'RUNNING' from state 'PENDING' {{(pid=88466) _task_receiver /opt/stack/data/venv/lib/python3.12/site-packages/taskflow/listeners/logging.py:242}}
Jul 23 03:20:41 devstack cinder-volume[88466]: INFO cinder.volume.flows.manager.create_volume [None req-7bc493af-7bf0-4a46-b90f-8254abaa3b54 tempest-VolumesTestJSON-1963050597 None] Volume 3f97939e-7af7-4154-b39a-c4f218864232: being created as raw with specification: {'status': 'creating', 'volume_name': 'volume-3f97939e-7af7-4154-b39a-c4f218864232', 'volume_size': 1}
Jul 23 03:20:41 devstack cinder-volume[88466]: DEBUG oslo_concurrency.lockutils [None req-7bc493af-7bf0-4a46-b90f-8254abaa3b54 tempest-VolumesTestJSON-1963050597 None] Acquiring lock "quobyte" by "cinder.volume.drivers.quobyte.QuobyteDriver.create_volume" {{(pid=88466) inner /opt/stack/data/venv/lib/python3.12/site-packages/oslo_concurrency/lockutils.py:512}}
Jul 23 03:20:42 devstack sudo[93014]: pam_unix(sudo:session): session closed for user root
Jul 23 03:20:42 devstack cinder-volume[88466]: DEBUG oslo_concurrency.processutils [None req-e0a0759a-be06-48c2-8a39-c8ffacf4b6a2 tempest-GroupSnapshotsTest-1316974458 None] CMD "sudo cinder-rootwrap /etc/cinder/rootwrap.conf qemu-img create -f qcow2 -o backing_file=/opt/stack/data/cinder/mnt/541ea4a3ea1ab98362e54644cbd6e86f/volume-07afc1de-68dc-4f93-84cd-8d635766fbd0,backing_fmt=qcow2 /opt/stack/data/cinder/mnt/541ea4a3ea1ab98362e54644cbd6e86f/volume-07afc1de-68dc-4f93-84cd-8d635766fbd0.aca77a96-9b4d-420c-96ca-78870ebaf4f8 1G" returned: 0 in 0.603s {{(pid=88466) execute /opt/stack/data/venv/lib/python3.12/site-packages/oslo_concurrency/processutils.py:468}}
Jul 23 03:20:42 devstack cinder-volume[88466]: DEBUG oslo_concurrency.processutils [None req-e0a0759a-be06-48c2-8a39-c8ffacf4b6a2 tempest-GroupSnapshotsTest-1316974458 None] Running cmd (subprocess): sudo cinder-rootwrap /etc/cinder/rootwrap.conf qemu-img rebase -u -b volume-07afc1de-68dc-4f93-84cd-8d635766fbd0 -F qcow2 /opt/stack/data/cinder/mnt/541ea4a3ea1ab98362e54644cbd6e86f/volume-07afc1de-68dc-4f93-84cd-8d635766fbd0.aca77a96-9b4d-420c-96ca-78870ebaf4f8 {{(pid=88466) execute /opt/stack/data/venv/lib/python3.12/site-packages/oslo_concurrency/processutils.py:440}}
Jul 23 03:20:42 devstack sudo[93020]: quobyte : PWD=/ ; USER=root ; COMMAND=/opt/stack/data/venv/bin/cinder-rootwrap /etc/cinder/rootwrap.conf qemu-img rebase -u -b volume-07afc1de-68dc-4f93-84cd-8d635766fbd0 -F qcow2 /opt/stack/data/cinder/mnt/541ea4a3ea1ab98362e54644cbd6e86f/volume-07afc1de-68dc-4f93-84cd-8d635766fbd0.aca77a96-9b4d-420c-96ca-78870ebaf4f8
Jul 23 03:20:42 devstack sudo[93020]: pam_unix(sudo:session): session opened for user root(uid=0) by (uid=1000)
Jul 23 03:20:42 devstack sudo[93020]: pam_unix(sudo:session): session closed for user root
Jul 23 03:20:42 devstack cinder-volume[88466]: DEBUG oslo_concurrency.processutils [None req-e0a0759a-be06-48c2-8a39-c8ffacf4b6a2 tempest-GroupSnapshotsTest-1316974458 None] CMD "sudo cinder-rootwrap /etc/cinder/rootwrap.conf qemu-img rebase -u -b volume-07afc1de-68dc-4f93-84cd-8d635766fbd0 -F qcow2 /opt/stack/data/cinder/mnt/541ea4a3ea1ab98362e54644cbd6e86f/volume-07afc1de-68dc-4f93-84cd-8d635766fbd0.aca77a96-9b4d-420c-96ca-78870ebaf4f8" returned: 0 in 0.338s {{(pid=88466) execute /opt/stack/data/venv/lib/python3.12/site-packages/oslo_concurrency/processutils.py:468}}
Jul 23 03:20:42 devstack cinder-volume[88466]: WARNING cinder.volume.drivers.remotefs [None req-e0a0759a-be06-48c2-8a39-c8ffacf4b6a2 tempest-GroupSnapshotsTest-1316974458 None] /opt/stack/data/cinder/mnt/541ea4a3ea1ab98362e54644cbd6e86f/volume-07afc1de-68dc-4f93-84cd-8d635766fbd0.aca77a96-9b4d-420c-96ca-78870ebaf4f8 is being set with open permissions: ugo+rw: NotImplementedError
Jul 23 03:20:42 devstack cinder-volume[88466]: DEBUG oslo_concurrency.processutils [None req-e0a0759a-be06-48c2-8a39-c8ffacf4b6a2 tempest-GroupSnapshotsTest-1316974458 None] Running cmd (subprocess): sudo cinder-rootwrap /etc/cinder/rootwrap.conf chmod ugo+rw /opt/stack/data/cinder/mnt/541ea4a3ea1ab98362e54644cbd6e86f/volume-07afc1de-68dc-4f93-84cd-8d635766fbd0.aca77a96-9b4d-420c-96ca-78870ebaf4f8 {{(pid=88466) execute /opt/stack/data/venv/lib/python3.12/site-packages/oslo_concurrency/processutils.py:440}}
Jul 23 03:20:42 devstack sudo[93025]: quobyte : PWD=/ ; USER=root ; COMMAND=/opt/stack/data/venv/bin/cinder-rootwrap /etc/cinder/rootwrap.conf chmod ugo+rw /opt/stack/data/cinder/mnt/541ea4a3ea1ab98362e54644cbd6e86f/volume-07afc1de-68dc-4f93-84cd-8d635766fbd0.aca77a96-9b4d-420c-96ca-78870ebaf4f8
Jul 23 03:20:42 devstack sudo[93025]: pam_unix(sudo:session): session opened for user root(uid=0) by (uid=1000)
Jul 23 03:20:43 devstack sudo[93025]: pam_unix(sudo:session): session closed for user root
Jul 23 03:20:43 devstack cinder-volume[88466]: DEBUG oslo_concurrency.processutils [None req-e0a0759a-be06-48c2-8a39-c8ffacf4b6a2 tempest-GroupSnapshotsTest-1316974458 None] CMD "sudo cinder-rootwrap /etc/cinder/rootwrap.conf chmod ugo+rw /opt/stack/data/cinder/mnt/541ea4a3ea1ab98362e54644cbd6e86f/volume-07afc1de-68dc-4f93-84cd-8d635766fbd0.aca77a96-9b4d-420c-96ca-78870ebaf4f8" returned: 0 in 0.267s {{(pid=88466) execute /opt/stack/data/venv/lib/python3.12/site-packages/oslo_concurrency/processutils.py:468}}
Jul 23 03:20:43 devstack cinder-volume[88466]: DEBUG oslo_concurrency.processutils [None req-e0a0759a-be06-48c2-8a39-c8ffacf4b6a2 tempest-GroupSnapshotsTest-1316974458 None] Running cmd (subprocess): sudo cinder-rootwrap /etc/cinder/rootwrap.conf truncate -s0 /opt/stack/data/cinder/mnt/541ea4a3ea1ab98362e54644cbd6e86f/volume-07afc1de-68dc-4f93-84cd-8d635766fbd0.info {{(pid=88466) execute /opt/stack/data/venv/lib/python3.12/site-packages/oslo_concurrency/processutils.py:440}}
Jul 23 03:20:43 devstack sudo[93028]: quobyte : PWD=/ ; USER=root ; COMMAND=/opt/stack/data/venv/bin/cinder-rootwrap /etc/cinder/rootwrap.conf truncate -s0 /opt/stack/data/cinder/mnt/541ea4a3ea1ab98362e54644cbd6e86f/volume-07afc1de-68dc-4f93-84cd-8d635766fbd0.info
Jul 23 03:20:43 devstack sudo[93028]: pam_unix(sudo:session): session opened for user root(uid=0) by (uid=1000)
Jul 23 03:20:43 devstack sudo[93028]: pam_unix(sudo:session): session closed for user root
Jul 23 03:20:43 devstack cinder-volume[88466]: DEBUG oslo_concurrency.processutils [None req-e0a0759a-be06-48c2-8a39-c8ffacf4b6a2 tempest-GroupSnapshotsTest-1316974458 None] CMD "sudo cinder-rootwrap /etc/cinder/rootwrap.conf truncate -s0 /opt/stack/data/cinder/mnt/541ea4a3ea1ab98362e54644cbd6e86f/volume-07afc1de-68dc-4f93-84cd-8d635766fbd0.info" returned: 0 in 0.257s {{(pid=88466) execute /opt/stack/data/venv/lib/python3.12/site-packages/oslo_concurrency/processutils.py:468}}
Jul 23 03:20:43 devstack cinder-volume[88466]: WARNING cinder.volume.drivers.remotefs [None req-e0a0759a-be06-48c2-8a39-c8ffacf4b6a2 tempest-GroupSnapshotsTest-1316974458 None] /opt/stack/data/cinder/mnt/541ea4a3ea1ab98362e54644cbd6e86f/volume-07afc1de-68dc-4f93-84cd-8d635766fbd0.info is being set with open permissions: ugo+rw: NotImplementedError
Jul 23 03:20:43 devstack cinder-volume[88466]: DEBUG oslo_concurrency.processutils [None req-e0a0759a-be06-48c2-8a39-c8ffacf4b6a2 tempest-GroupSnapshotsTest-1316974458 None] Running cmd (subprocess): sudo cinder-rootwrap /etc/cinder/rootwrap.conf chmod ugo+rw /opt/stack/data/cinder/mnt/541ea4a3ea1ab98362e54644cbd6e86f/volume-07afc1de-68dc-4f93-84cd-8d635766fbd0.info {{(pid=88466) execute /opt/stack/data/venv/lib/python3.12/site-packages/oslo_concurrency/processutils.py:440}}
Jul 23 03:20:43 devstack sudo[93031]: quobyte : PWD=/ ; USER=root ; COMMAND=/opt/stack/data/venv/bin/cinder-rootwrap /etc/cinder/rootwrap.conf chmod ugo+rw /opt/stack/data/cinder/mnt/541ea4a3ea1ab98362e54644cbd6e86f/volume-07afc1de-68dc-4f93-84cd-8d635766fbd0.info
Jul 23 03:20:43 devstack sudo[93031]: pam_unix(sudo:session): session opened for user root(uid=0) by (uid=1000)
Jul 23 03:20:43 devstack sudo[93031]: pam_unix(sudo:session): session closed for user root
Jul 23 03:20:43 devstack cinder-volume[88466]: DEBUG oslo_concurrency.processutils [None req-e0a0759a-be06-48c2-8a39-c8ffacf4b6a2 tempest-GroupSnapshotsTest-1316974458 None] CMD "sudo cinder-rootwrap /etc/cinder/rootwrap.conf chmod ugo+rw /opt/stack/data/cinder/mnt/541ea4a3ea1ab98362e54644cbd6e86f/volume-07afc1de-68dc-4f93-84cd-8d635766fbd0.info" returned: 0 in 0.235s {{(pid=88466) execute /opt/stack/data/venv/lib/python3.12/site-packages/oslo_concurrency/processutils.py:468}}
Jul 23 03:20:43 devstack cinder-volume[88466]: DEBUG oslo_concurrency.lockutils [None req-e0a0759a-be06-48c2-8a39-c8ffacf4b6a2 tempest-GroupSnapshotsTest-1316974458 None] Lock "quobyte" "released" by "cinder.volume.drivers.quobyte.QuobyteDriver.create_snapshot" :: held 2.396s {{(pid=88466) inner /opt/stack/data/venv/lib/python3.12/site-packages/oslo_concurrency/lockutils.py:544}}
Jul 23 03:20:43 devstack cinder-volume[88466]: DEBUG oslo_concurrency.lockutils [None req-7bc493af-7bf0-4a46-b90f-8254abaa3b54 tempest-VolumesTestJSON-1963050597 None] Lock "quobyte" acquired by "cinder.volume.drivers.quobyte.QuobyteDriver.create_volume" :: waited 1.691s {{(pid=88466) inner /opt/stack/data/venv/lib/python3.12/site-packages/oslo_concurrency/lockutils.py:525}}
Jul 23 03:20:43 devstack cinder-volume[88466]: DEBUG cinder.volume.drivers.quobyte [None req-7bc493af-7bf0-4a46-b90f-8254abaa3b54 tempest-VolumesTestJSON-1963050597 None] ==> create_volume: call "{'self': , 'volume': Volume(_name_id=None,admin_metadata=,attach_status='detached',availability_zone='nova',bootable=False,cluster=,cluster_name=None,consistencygroup=,consistencygroup_id=None,created_at=2026-07-23T01:20:41Z,deleted=False,deleted_at=None,display_description=None,display_name='tempest-VolumesTestJSON-volume-1209196426',ec2_id=None,encryption_key_id=None,glance_metadata=,group=,group_id=None,host='devstack@QuobyteHD#QuobyteHD',id=3f97939e-7af7-4154-b39a-c4f218864232,launched_at=None,metadata={Type='work'},migration_status=None,multiattach=False,previous_status=None,project_id='2d5ab309dc61405ebdd943406a0eabf2',provider_auth=None,provider_geometry=None,provider_id=None,provider_location=None,replication_driver_data=None,replication_extended_status=None,replication_status=None,scheduled_at=2026-07-23T01:20:42Z,service_uuid=None,shared_targets=True,size=1,snapshot_id=None,snapshots=,source_volid=None,status='creating',terminated_at=None,updated_at=2026-07-23T01:20:42Z,use_quota=True,user_id='2a7de6ed38d54041a4545c9ba058a46c',volume_attachment=VolumeAttachmentList,volume_type=VolumeType(7617df6b-13f7-4311-afe6-4f4b9b858522),volume_type_id=7617df6b-13f7-4311-afe6-4f4b9b858522)}" {{(pid=88466) trace_logging_wrapper /opt/stack/cinder/cinder/volume/volume_utils.py:1497}}
Jul 23 03:20:43 devstack cinder-volume[88466]: DEBUG cinder.volume.drivers.remotefs [None req-7bc493af-7bf0-4a46-b90f-8254abaa3b54 tempest-VolumesTestJSON-1963050597 None] Creating volume 3f97939e-7af7-4154-b39a-c4f218864232 {{(pid=88466) create_volume /opt/stack/cinder/cinder/volume/drivers/remotefs.py:292}}
Jul 23 03:20:43 devstack cinder-volume[88466]: DEBUG oslo_concurrency.lockutils [None req-7bc493af-7bf0-4a46-b90f-8254abaa3b54 tempest-VolumesTestJSON-1963050597 None] Acquiring lock "quobyte_ensure" by "cinder.volume.drivers.quobyte.QuobyteDriver._ensure_shares_mounted" {{(pid=88466) inner /opt/stack/data/venv/lib/python3.12/site-packages/oslo_concurrency/lockutils.py:512}}
Jul 23 03:20:43 devstack cinder-volume[88466]: DEBUG oslo_concurrency.lockutils [None req-7bc493af-7bf0-4a46-b90f-8254abaa3b54 tempest-VolumesTestJSON-1963050597 None] Lock "quobyte_ensure" acquired by "cinder.volume.drivers.quobyte.QuobyteDriver._ensure_shares_mounted" :: waited 0.001s {{(pid=88466) inner /opt/stack/data/venv/lib/python3.12/site-packages/oslo_concurrency/lockutils.py:525}}
Jul 23 03:20:43 devstack cinder-volume[88466]: DEBUG cinder.volume.drivers.quobyte [None req-7bc493af-7bf0-4a46-b90f-8254abaa3b54 tempest-VolumesTestJSON-1963050597 None] Quobyte Volume URL set to: {'osci02.corp.quobyte.com/cinder-vol-b53e093b-95f4-4916-85d8-2972f4206bd8': None} {{(pid=88466) _load_shares_config /opt/stack/cinder/cinder/volume/drivers/quobyte.py:651}}
Jul 23 03:20:43 devstack cinder-volume[88466]: DEBUG cinder.volume.drivers.quobyte [None req-7bc493af-7bf0-4a46-b90f-8254abaa3b54 tempest-VolumesTestJSON-1963050597 None] Available shares ['osci02.corp.quobyte.com/cinder-vol-b53e093b-95f4-4916-85d8-2972f4206bd8'] {{(pid=88466) _ensure_shares_mounted /opt/stack/cinder/cinder/volume/drivers/quobyte.py:681}}
Jul 23 03:20:43 devstack cinder-volume[88466]: DEBUG oslo_concurrency.lockutils [None req-7bc493af-7bf0-4a46-b90f-8254abaa3b54 tempest-VolumesTestJSON-1963050597 None] Lock "quobyte_ensure" "released" by "cinder.volume.drivers.quobyte.QuobyteDriver._ensure_shares_mounted" :: held 0.007s {{(pid=88466) inner /opt/stack/data/venv/lib/python3.12/site-packages/oslo_concurrency/lockutils.py:544}}
Jul 23 03:20:43 devstack cinder-volume[88466]: DEBUG cinder.volume.drivers.quobyte [None req-7bc493af-7bf0-4a46-b90f-8254abaa3b54 tempest-VolumesTestJSON-1963050597 None] Selected osci02.corp.quobyte.com/cinder-vol-b53e093b-95f4-4916-85d8-2972f4206bd8 as target Quobyte volume. {{(pid=88466) _find_share /opt/stack/cinder/cinder/volume/drivers/quobyte.py:702}}
Jul 23 03:20:43 devstack cinder-volume[88466]: INFO cinder.volume.drivers.remotefs [None req-7bc493af-7bf0-4a46-b90f-8254abaa3b54 tempest-VolumesTestJSON-1963050597 None] casted to osci02.corp.quobyte.com/cinder-vol-b53e093b-95f4-4916-85d8-2972f4206bd8
Jul 23 03:20:43 devstack cinder-volume[88466]: DEBUG oslo_concurrency.processutils [None req-7bc493af-7bf0-4a46-b90f-8254abaa3b54 tempest-VolumesTestJSON-1963050597 None] Running cmd (subprocess): sudo cinder-rootwrap /etc/cinder/rootwrap.conf qemu-img create -f qcow2 -o preallocation=metadata /opt/stack/data/cinder/mnt/541ea4a3ea1ab98362e54644cbd6e86f/volume-3f97939e-7af7-4154-b39a-c4f218864232 1073741824 {{(pid=88466) execute /opt/stack/data/venv/lib/python3.12/site-packages/oslo_concurrency/processutils.py:440}}
Jul 23 03:20:43 devstack sudo[93034]: quobyte : PWD=/ ; USER=root ; COMMAND=/opt/stack/data/venv/bin/cinder-rootwrap /etc/cinder/rootwrap.conf qemu-img create -f qcow2 -o preallocation=metadata /opt/stack/data/cinder/mnt/541ea4a3ea1ab98362e54644cbd6e86f/volume-3f97939e-7af7-4154-b39a-c4f218864232 1073741824
Jul 23 03:20:43 devstack sudo[93034]: pam_unix(sudo:session): session opened for user root(uid=0) by (uid=1000)
Jul 23 03:20:43 devstack cinder-volume[88466]: INFO cinder.volume.manager [None req-e0a0759a-be06-48c2-8a39-c8ffacf4b6a2 tempest-GroupSnapshotsTest-1316974458 None] group_snapshot 28339e44-3c70-48e0-a835-260e2ce88816: created successfully
Jul 23 03:20:44 devstack sudo[93034]: pam_unix(sudo:session): session closed for user root
Jul 23 03:20:44 devstack cinder-volume[88466]: DEBUG oslo_concurrency.processutils [None req-7bc493af-7bf0-4a46-b90f-8254abaa3b54 tempest-VolumesTestJSON-1963050597 None] CMD "sudo cinder-rootwrap /etc/cinder/rootwrap.conf qemu-img create -f qcow2 -o preallocation=metadata /opt/stack/data/cinder/mnt/541ea4a3ea1ab98362e54644cbd6e86f/volume-3f97939e-7af7-4154-b39a-c4f218864232 1073741824" returned: 0 in 0.485s {{(pid=88466) execute /opt/stack/data/venv/lib/python3.12/site-packages/oslo_concurrency/processutils.py:468}}
Jul 23 03:20:44 devstack cinder-volume[88466]: DEBUG oslo_concurrency.processutils [None req-7bc493af-7bf0-4a46-b90f-8254abaa3b54 tempest-VolumesTestJSON-1963050597 None] Running cmd (subprocess): sudo cinder-rootwrap /etc/cinder/rootwrap.conf chmod ugo+rw /opt/stack/data/cinder/mnt/541ea4a3ea1ab98362e54644cbd6e86f/volume-3f97939e-7af7-4154-b39a-c4f218864232 {{(pid=88466) execute /opt/stack/data/venv/lib/python3.12/site-packages/oslo_concurrency/processutils.py:440}}
Jul 23 03:20:44 devstack sudo[93040]: quobyte : PWD=/ ; USER=root ; COMMAND=/opt/stack/data/venv/bin/cinder-rootwrap /etc/cinder/rootwrap.conf chmod ugo+rw /opt/stack/data/cinder/mnt/541ea4a3ea1ab98362e54644cbd6e86f/volume-3f97939e-7af7-4154-b39a-c4f218864232
Jul 23 03:20:44 devstack sudo[93040]: pam_unix(sudo:session): session opened for user root(uid=0) by (uid=1000)
Jul 23 03:20:44 devstack cinder-volume[88466]: INFO cinder.volume.manager [None req-ac79c67d-2689-464a-849c-2d449e02b973 tempest-GroupSnapshotsTest-1316974458 None] group_snapshot 28339e44-3c70-48e0-a835-260e2ce88816: deleting
Jul 23 03:20:44 devstack cinder-volume[88466]: DEBUG cinder.volume.manager [None req-ac79c67d-2689-464a-849c-2d449e02b973 tempest-GroupSnapshotsTest-1316974458 None] group_snapshot 28339e44-3c70-48e0-a835-260e2ce88816: deleting {{(pid=88466) delete_group_snapshot /opt/stack/cinder/cinder/volume/manager.py:4350}}
Jul 23 03:20:44 devstack cinder-volume[88466]: DEBUG cinder.coordination [None req-ac79c67d-2689-464a-849c-2d449e02b973 tempest-GroupSnapshotsTest-1316974458 None] Acquiring lock "cinder-quobyte-6de1dd73-3ca3-42f4-8601-d2fa04ba6fc4" by "delete_snapshot" {{(pid=88466) __acquire /opt/stack/cinder/cinder/coordination.py:138}}
Jul 23 03:20:44 devstack sudo[93040]: pam_unix(sudo:session): session closed for user root
Jul 23 03:20:44 devstack cinder-volume[88466]: DEBUG oslo_concurrency.processutils [None req-7bc493af-7bf0-4a46-b90f-8254abaa3b54 tempest-VolumesTestJSON-1963050597 None] CMD "sudo cinder-rootwrap /etc/cinder/rootwrap.conf chmod ugo+rw /opt/stack/data/cinder/mnt/541ea4a3ea1ab98362e54644cbd6e86f/volume-3f97939e-7af7-4154-b39a-c4f218864232" returned: 0 in 0.275s {{(pid=88466) execute /opt/stack/data/venv/lib/python3.12/site-packages/oslo_concurrency/processutils.py:468}}
Jul 23 03:20:44 devstack cinder-volume[88466]: DEBUG cinder.volume.drivers.quobyte [None req-7bc493af-7bf0-4a46-b90f-8254abaa3b54 tempest-VolumesTestJSON-1963050597 None] <== create_volume: return (805ms) {'provider_location': 'osci02.corp.quobyte.com/cinder-vol-b53e093b-95f4-4916-85d8-2972f4206bd8'} {{(pid=88466) trace_logging_wrapper /opt/stack/cinder/cinder/volume/volume_utils.py:1522}}
Jul 23 03:20:44 devstack cinder-volume[88466]: DEBUG oslo_concurrency.lockutils [None req-7bc493af-7bf0-4a46-b90f-8254abaa3b54 tempest-VolumesTestJSON-1963050597 None] Lock "quobyte" "released" by "cinder.volume.drivers.quobyte.QuobyteDriver.create_volume" :: held 0.809s {{(pid=88466) inner /opt/stack/data/venv/lib/python3.12/site-packages/oslo_concurrency/lockutils.py:544}}
Jul 23 03:20:44 devstack cinder-volume[88466]: DEBUG cinder.coordination [None req-ac79c67d-2689-464a-849c-2d449e02b973 tempest-GroupSnapshotsTest-1316974458 None] Lock "cinder-quobyte-6de1dd73-3ca3-42f4-8601-d2fa04ba6fc4" acquired by "delete_snapshot" :: waited 0.028s {{(pid=88466) __acquire /opt/stack/cinder/cinder/coordination.py:141}}
Jul 23 03:20:44 devstack cinder-volume[88466]: DEBUG cinder.coordination [None req-ac79c67d-2689-464a-849c-2d449e02b973 tempest-GroupSnapshotsTest-1316974458 None] Acquiring lock "cinder-quobyte-1528e8ba-3040-45c9-a4a8-62f25d17e115" by "_delete_snapshot" {{(pid=88466) __acquire /opt/stack/cinder/cinder/coordination.py:138}}
Jul 23 03:20:44 devstack cinder-volume[88466]: DEBUG cinder.volume.manager [None req-7bc493af-7bf0-4a46-b90f-8254abaa3b54 tempest-VolumesTestJSON-1963050597 None] Task 'cinder.volume.flows.manager.create_volume.CreateVolumeFromSpecTask;volume:create' (389cfbb6-a88f-48b8-b3b5-62a639e087cd) transitioned into state 'SUCCESS' from state 'RUNNING' with result '{'status': 'creating', 'volume_name': 'volume-3f97939e-7af7-4154-b39a-c4f218864232', 'volume_size': 1}' {{(pid=88466) _task_receiver /opt/stack/data/venv/lib/python3.12/site-packages/taskflow/listeners/logging.py:218}}
Jul 23 03:20:44 devstack cinder-volume[88466]: DEBUG cinder.volume.manager [None req-7bc493af-7bf0-4a46-b90f-8254abaa3b54 tempest-VolumesTestJSON-1963050597 None] Task 'cinder.volume.flows.manager.create_volume.CreateVolumeOnFinishTask;volume:create, create.end' (2d6354cd-7828-426a-aee5-c2fe746b1229) transitioned into state 'RUNNING' from state 'PENDING' {{(pid=88466) _task_receiver /opt/stack/data/venv/lib/python3.12/site-packages/taskflow/listeners/logging.py:242}}
Jul 23 03:20:44 devstack cinder-volume[88466]: INFO cinder.volume.flows.manager.create_volume [None req-7bc493af-7bf0-4a46-b90f-8254abaa3b54 tempest-VolumesTestJSON-1963050597 None] Volume volume-3f97939e-7af7-4154-b39a-c4f218864232 (3f97939e-7af7-4154-b39a-c4f218864232): created successfully
Jul 23 03:20:44 devstack cinder-volume[88466]: DEBUG cinder.volume.manager [None req-7bc493af-7bf0-4a46-b90f-8254abaa3b54 tempest-VolumesTestJSON-1963050597 None] Task 'cinder.volume.flows.manager.create_volume.CreateVolumeOnFinishTask;volume:create, create.end' (2d6354cd-7828-426a-aee5-c2fe746b1229) transitioned into state 'SUCCESS' from state 'RUNNING' with result 'None' {{(pid=88466) _task_receiver /opt/stack/data/venv/lib/python3.12/site-packages/taskflow/listeners/logging.py:218}}
Jul 23 03:20:44 devstack cinder-volume[88466]: DEBUG cinder.volume.manager [None req-7bc493af-7bf0-4a46-b90f-8254abaa3b54 tempest-VolumesTestJSON-1963050597 None] Flow 'volume_create_manager' (042c9c69-9348-44ed-82cf-e4f58745525f) transitioned into state 'SUCCESS' from state 'RUNNING' {{(pid=88466) _flow_receiver /opt/stack/data/venv/lib/python3.12/site-packages/taskflow/listeners/logging.py:160}}
Jul 23 03:20:44 devstack cinder-volume[88466]: DEBUG cinder.coordination [None req-ac79c67d-2689-464a-849c-2d449e02b973 tempest-GroupSnapshotsTest-1316974458 None] Lock "cinder-quobyte-1528e8ba-3040-45c9-a4a8-62f25d17e115" acquired by "_delete_snapshot" :: waited 0.049s {{(pid=88466) __acquire /opt/stack/cinder/cinder/coordination.py:141}}
Jul 23 03:20:44 devstack cinder-volume[88466]: DEBUG cinder.volume.drivers.remotefs [None req-ac79c67d-2689-464a-849c-2d449e02b973 tempest-GroupSnapshotsTest-1316974458 None] Deleting offline snapshot 1528e8ba-3040-45c9-a4a8-62f25d17e115 of volume 6de1dd73-3ca3-42f4-8601-d2fa04ba6fc4 {{(pid=88466) _delete_snapshot /opt/stack/cinder/cinder/volume/drivers/remotefs.py:1288}}
Jul 23 03:20:44 devstack cinder-volume[88466]: DEBUG cinder.volume.drivers.remotefs [None req-ac79c67d-2689-464a-849c-2d449e02b973 tempest-GroupSnapshotsTest-1316974458 None] snapshot_file for this snap is: volume-6de1dd73-3ca3-42f4-8601-d2fa04ba6fc4.1528e8ba-3040-45c9-a4a8-62f25d17e115 {{(pid=88466) _delete_snapshot /opt/stack/cinder/cinder/volume/drivers/remotefs.py:1322}}
Jul 23 03:20:44 devstack cinder-volume[88466]: DEBUG oslo.privsep.daemon [-] privsep: reply[c92c5058-2f3a-4a1f-b275-fc22ddbeabf3]: (4, 'qcow2') {{(pid=90379) _call_back /opt/stack/data/venv/lib/python3.12/site-packages/oslo_privsep/daemon.py:580}}
Jul 23 03:20:44 devstack cinder-volume[88466]: DEBUG oslo_concurrency.processutils [None req-ac79c67d-2689-464a-849c-2d449e02b973 tempest-GroupSnapshotsTest-1316974458 None] Running cmd (subprocess): /opt/stack/data/venv/bin/python3.12 -m oslo_concurrency.prlimit --as=1073741824 --cpu=60 -- sudo cinder-rootwrap /etc/cinder/rootwrap.conf env LC_ALL=C qemu-img info -f qcow2 --output=json --force-share /opt/stack/data/cinder/mnt/541ea4a3ea1ab98362e54644cbd6e86f/volume-6de1dd73-3ca3-42f4-8601-d2fa04ba6fc4.1528e8ba-3040-45c9-a4a8-62f25d17e115 {{(pid=88466) execute /opt/stack/data/venv/lib/python3.12/site-packages/oslo_concurrency/processutils.py:440}}
Jul 23 03:20:44 devstack cinder-volume[88466]: INFO cinder.volume.manager [None req-7bc493af-7bf0-4a46-b90f-8254abaa3b54 tempest-VolumesTestJSON-1963050597 None] Created volume successfully.
Jul 23 03:20:44 devstack sudo[93043]: quobyte : PWD=/ ; USER=root ; COMMAND=/opt/stack/data/venv/bin/cinder-rootwrap /etc/cinder/rootwrap.conf env LC_ALL=C qemu-img info -f qcow2 --output=json --force-share /opt/stack/data/cinder/mnt/541ea4a3ea1ab98362e54644cbd6e86f/volume-6de1dd73-3ca3-42f4-8601-d2fa04ba6fc4.1528e8ba-3040-45c9-a4a8-62f25d17e115
Jul 23 03:20:44 devstack sudo[93043]: pam_unix(sudo:session): session opened for user root(uid=0) by (uid=1000)
Jul 23 03:20:44 devstack sudo[93043]: pam_unix(sudo:session): session closed for user root
Jul 23 03:20:44 devstack cinder-volume[88466]: DEBUG oslo_concurrency.processutils [None req-ac79c67d-2689-464a-849c-2d449e02b973 tempest-GroupSnapshotsTest-1316974458 None] CMD "/opt/stack/data/venv/bin/python3.12 -m oslo_concurrency.prlimit --as=1073741824 --cpu=60 -- sudo cinder-rootwrap /etc/cinder/rootwrap.conf env LC_ALL=C qemu-img info -f qcow2 --output=json --force-share /opt/stack/data/cinder/mnt/541ea4a3ea1ab98362e54644cbd6e86f/volume-6de1dd73-3ca3-42f4-8601-d2fa04ba6fc4.1528e8ba-3040-45c9-a4a8-62f25d17e115" returned: 0 in 0.410s {{(pid=88466) execute /opt/stack/data/venv/lib/python3.12/site-packages/oslo_concurrency/processutils.py:468}}
Jul 23 03:20:44 devstack cinder-volume[88466]: DEBUG cinder.volume.drivers.remotefs [None req-ac79c67d-2689-464a-849c-2d449e02b973 tempest-GroupSnapshotsTest-1316974458 None] Fetching qemu-img info with special backing_file_template: (/opt/stack/data/cinder/mnt/[0-9a-f]+/)?(volume-6de1dd73-3ca3-42f4-8601-d2fa04ba6fc4(.(tmp-snap-)?[0-9a-f-]+)?|volume_from_snapshot_cache/(tmp-snap-)?[0-9a-f-]+(.(child-|parent-)[0-9a-f-]+)?)$ {{(pid=88466) _qemu_img_info_base /opt/stack/cinder/cinder/volume/drivers/remotefs.py:896}}
Jul 23 03:20:44 devstack cinder-volume[88466]: DEBUG oslo.privsep.daemon [-] privsep: reply[b88cc079-0154-4814-9f99-b5cf5e5e1ec7]: (4, 'qcow2') {{(pid=90379) _call_back /opt/stack/data/venv/lib/python3.12/site-packages/oslo_privsep/daemon.py:580}}
Jul 23 03:20:44 devstack cinder-volume[88466]: DEBUG oslo_concurrency.processutils [None req-ac79c67d-2689-464a-849c-2d449e02b973 tempest-GroupSnapshotsTest-1316974458 None] Running cmd (subprocess): /opt/stack/data/venv/bin/python3.12 -m oslo_concurrency.prlimit --as=1073741824 --cpu=60 -- sudo cinder-rootwrap /etc/cinder/rootwrap.conf env LC_ALL=C qemu-img info -f qcow2 --output=json --force-share /opt/stack/data/cinder/mnt/541ea4a3ea1ab98362e54644cbd6e86f/volume-6de1dd73-3ca3-42f4-8601-d2fa04ba6fc4 {{(pid=88466) execute /opt/stack/data/venv/lib/python3.12/site-packages/oslo_concurrency/processutils.py:440}}
Jul 23 03:20:45 devstack sudo[93051]: quobyte : PWD=/ ; USER=root ; COMMAND=/opt/stack/data/venv/bin/cinder-rootwrap /etc/cinder/rootwrap.conf env LC_ALL=C qemu-img info -f qcow2 --output=json --force-share /opt/stack/data/cinder/mnt/541ea4a3ea1ab98362e54644cbd6e86f/volume-6de1dd73-3ca3-42f4-8601-d2fa04ba6fc4
Jul 23 03:20:45 devstack sudo[93051]: pam_unix(sudo:session): session opened for user root(uid=0) by (uid=1000)
Jul 23 03:20:45 devstack sudo[93051]: pam_unix(sudo:session): session closed for user root
Jul 23 03:20:45 devstack cinder-volume[88466]: DEBUG oslo_concurrency.processutils [None req-ac79c67d-2689-464a-849c-2d449e02b973 tempest-GroupSnapshotsTest-1316974458 None] CMD "/opt/stack/data/venv/bin/python3.12 -m oslo_concurrency.prlimit --as=1073741824 --cpu=60 -- sudo cinder-rootwrap /etc/cinder/rootwrap.conf env LC_ALL=C qemu-img info -f qcow2 --output=json --force-share /opt/stack/data/cinder/mnt/541ea4a3ea1ab98362e54644cbd6e86f/volume-6de1dd73-3ca3-42f4-8601-d2fa04ba6fc4" returned: 0 in 0.461s {{(pid=88466) execute /opt/stack/data/venv/lib/python3.12/site-packages/oslo_concurrency/processutils.py:468}}
Jul 23 03:20:45 devstack cinder-volume[88466]: DEBUG oslo_concurrency.processutils [None req-ac79c67d-2689-464a-849c-2d449e02b973 tempest-GroupSnapshotsTest-1316974458 None] Running cmd (subprocess): sudo cinder-rootwrap /etc/cinder/rootwrap.conf qemu-img commit -d /opt/stack/data/cinder/mnt/541ea4a3ea1ab98362e54644cbd6e86f/volume-6de1dd73-3ca3-42f4-8601-d2fa04ba6fc4.1528e8ba-3040-45c9-a4a8-62f25d17e115 {{(pid=88466) execute /opt/stack/data/venv/lib/python3.12/site-packages/oslo_concurrency/processutils.py:440}}
Jul 23 03:20:45 devstack sudo[93056]: quobyte : PWD=/ ; USER=root ; COMMAND=/opt/stack/data/venv/bin/cinder-rootwrap /etc/cinder/rootwrap.conf qemu-img commit -d /opt/stack/data/cinder/mnt/541ea4a3ea1ab98362e54644cbd6e86f/volume-6de1dd73-3ca3-42f4-8601-d2fa04ba6fc4.1528e8ba-3040-45c9-a4a8-62f25d17e115
Jul 23 03:20:45 devstack sudo[93056]: pam_unix(sudo:session): session opened for user root(uid=0) by (uid=1000)
Jul 23 03:20:45 devstack cinder-volume[88466]: DEBUG cinder.volume.flows.manager.create_volume [None req-68479a93-eb25-4fde-b1f8-0b17050ad7e4 tempest-AttachVolumeShelveTestJSON-1841244794 None] Volume reschedule parameters: True retry: {'num_attempts': 1, 'backends': ['devstack@QuobyteHD#QuobyteHD'], 'hosts': ['devstack@QuobyteHD#QuobyteHD']} {{(pid=88466) get_flow /opt/stack/cinder/cinder/volume/flows/manager/create_volume.py:1397}}
Jul 23 03:20:45 devstack cinder-volume[88466]: DEBUG cinder.volume.manager [None req-68479a93-eb25-4fde-b1f8-0b17050ad7e4 tempest-AttachVolumeShelveTestJSON-1841244794 None] Flow 'volume_create_manager' (4766cf3c-d30b-4fc4-b34c-e8ec1e7f46e2) transitioned into state 'RUNNING' from state 'PENDING' {{(pid=88466) _flow_receiver /opt/stack/data/venv/lib/python3.12/site-packages/taskflow/listeners/logging.py:160}}
Jul 23 03:20:45 devstack cinder-volume[88466]: DEBUG cinder.volume.manager [None req-68479a93-eb25-4fde-b1f8-0b17050ad7e4 tempest-AttachVolumeShelveTestJSON-1841244794 None] Task 'cinder.volume.flows.manager.create_volume.ExtractVolumeRefTask;volume:create' (dd762dcb-71ab-41d3-972e-7a39d684acd4) transitioned into state 'RUNNING' from state 'PENDING' {{(pid=88466) _task_receiver /opt/stack/data/venv/lib/python3.12/site-packages/taskflow/listeners/logging.py:242}}
Jul 23 03:20:45 devstack cinder-volume[88466]: DEBUG cinder.volume.manager [None req-68479a93-eb25-4fde-b1f8-0b17050ad7e4 tempest-AttachVolumeShelveTestJSON-1841244794 None] Task 'cinder.volume.flows.manager.create_volume.ExtractVolumeRefTask;volume:create' (dd762dcb-71ab-41d3-972e-7a39d684acd4) transitioned into state 'SUCCESS' from state 'RUNNING' with result 'Volume(_name_id=None,admin_metadata=,attach_status='detached',availability_zone='nova',bootable=False,cluster=,cluster_name=None,consistencygroup=,consistencygroup_id=None,created_at=2026-07-23T01:20:45Z,deleted=False,deleted_at=None,display_description=None,display_name='tempest-AttachVolumeShelveTestJSON-volume-959242611',ec2_id=None,encryption_key_id=None,glance_metadata=,group=,group_id=None,host='devstack@QuobyteHD#QuobyteHD',id=9b06aca5-60dd-45c4-b138-73d13dfa64cf,launched_at=None,metadata={},migration_status=None,multiattach=False,previous_status=None,project_id='242d57ef7729407f956cd8f4b9cebedd',provider_auth=None,provider_geometry=None,provider_id=None,provider_location=None,replication_driver_data=None,replication_extended_status=None,replication_status=None,scheduled_at=2026-07-23T01:20:46Z,service_uuid=None,shared_targets=True,size=1,snapshot_id=None,snapshots=,source_volid=None,status='creating',terminated_at=None,updated_at=2026-07-23T01:20:46Z,use_quota=True,user_id='2aaf6d3f94c44547bc2018b0059b9304',volume_attachment=VolumeAttachmentList,volume_type=VolumeType(7617df6b-13f7-4311-afe6-4f4b9b858522),volume_type_id=7617df6b-13f7-4311-afe6-4f4b9b858522)' {{(pid=88466) _task_receiver /opt/stack/data/venv/lib/python3.12/site-packages/taskflow/listeners/logging.py:218}}
