Jul 23 03:22:19 devstack cinder-volume[88466]: DEBUG oslo_concurrency.processutils [None req-7360a1b9-1ee6-4fe4-8127-6f9d1f15f07e tempest-SnapshotsActionsTest-589646433 None] Running cmd (subprocess): /opt/stack/data/venv/bin/python3.12 -m oslo_concurrency.prlimit --as=1073741824 --cpu=60 -- sudo cinder-rootwrap /etc/cinder/rootwrap.conf env LC_ALL=C qemu-img info -f qcow2 --output=json --force-share /opt/stack/data/cinder/mnt/541ea4a3ea1ab98362e54644cbd6e86f/volume-7bf904f2-124d-4d97-be8e-f0321b5750c7.30ab7053-52c5-455f-992b-6bb1b09d541e {{(pid=88466) execute /opt/stack/data/venv/lib/python3.12/site-packages/oslo_concurrency/processutils.py:440}}
Jul 23 03:22:19 devstack sudo[94609]: quobyte : PWD=/ ; USER=root ; COMMAND=/opt/stack/data/venv/bin/cinder-rootwrap /etc/cinder/rootwrap.conf env LC_ALL=C qemu-img info -f qcow2 --output=json --force-share /opt/stack/data/cinder/mnt/541ea4a3ea1ab98362e54644cbd6e86f/volume-7bf904f2-124d-4d97-be8e-f0321b5750c7.30ab7053-52c5-455f-992b-6bb1b09d541e
Jul 23 03:22:19 devstack sudo[94609]: pam_unix(sudo:session): session opened for user root(uid=0) by (uid=1000)
Jul 23 03:22:20 devstack sudo[94609]: pam_unix(sudo:session): session closed for user root
Jul 23 03:22:20 devstack cinder-volume[88466]: DEBUG oslo_concurrency.processutils [None req-7360a1b9-1ee6-4fe4-8127-6f9d1f15f07e tempest-SnapshotsActionsTest-589646433 None] CMD "/opt/stack/data/venv/bin/python3.12 -m oslo_concurrency.prlimit --as=1073741824 --cpu=60 -- sudo cinder-rootwrap /etc/cinder/rootwrap.conf env LC_ALL=C qemu-img info -f qcow2 --output=json --force-share /opt/stack/data/cinder/mnt/541ea4a3ea1ab98362e54644cbd6e86f/volume-7bf904f2-124d-4d97-be8e-f0321b5750c7.30ab7053-52c5-455f-992b-6bb1b09d541e" returned: 0 in 0.560s {{(pid=88466) execute /opt/stack/data/venv/lib/python3.12/site-packages/oslo_concurrency/processutils.py:468}}
Jul 23 03:22:20 devstack cinder-volume[88466]: DEBUG cinder.volume.drivers.remotefs [None req-7360a1b9-1ee6-4fe4-8127-6f9d1f15f07e tempest-SnapshotsActionsTest-589646433 None] Fetching qemu-img info with special backing_file_template: (/opt/stack/data/cinder/mnt/[0-9a-f]+/)?(volume-7bf904f2-124d-4d97-be8e-f0321b5750c7(.(tmp-snap-)?[0-9a-f-]+)?|volume_from_snapshot_cache/(tmp-snap-)?[0-9a-f-]+(.(child-|parent-)[0-9a-f-]+)?)$ {{(pid=88466) _qemu_img_info_base /opt/stack/cinder/cinder/volume/drivers/remotefs.py:896}}
Jul 23 03:22:20 devstack cinder-volume[88466]: DEBUG oslo_concurrency.processutils [None req-7360a1b9-1ee6-4fe4-8127-6f9d1f15f07e tempest-SnapshotsActionsTest-589646433 None] Running cmd (subprocess): sudo cinder-rootwrap /etc/cinder/rootwrap.conf qemu-img commit -d /opt/stack/data/cinder/mnt/541ea4a3ea1ab98362e54644cbd6e86f/volume-7bf904f2-124d-4d97-be8e-f0321b5750c7.f2975528-dc8f-4e74-a559-36c6d3c9607d {{(pid=88466) execute /opt/stack/data/venv/lib/python3.12/site-packages/oslo_concurrency/processutils.py:440}}
Jul 23 03:22:20 devstack sudo[94614]: quobyte : PWD=/ ; USER=root ; COMMAND=/opt/stack/data/venv/bin/cinder-rootwrap /etc/cinder/rootwrap.conf qemu-img commit -d /opt/stack/data/cinder/mnt/541ea4a3ea1ab98362e54644cbd6e86f/volume-7bf904f2-124d-4d97-be8e-f0321b5750c7.f2975528-dc8f-4e74-a559-36c6d3c9607d
Jul 23 03:22:20 devstack sudo[94614]: pam_unix(sudo:session): session opened for user root(uid=0) by (uid=1000)
Jul 23 03:22:21 devstack sudo[94614]: pam_unix(sudo:session): session closed for user root
Jul 23 03:22:21 devstack cinder-volume[88466]: DEBUG oslo_concurrency.processutils [None req-7360a1b9-1ee6-4fe4-8127-6f9d1f15f07e tempest-SnapshotsActionsTest-589646433 None] CMD "sudo cinder-rootwrap /etc/cinder/rootwrap.conf qemu-img commit -d /opt/stack/data/cinder/mnt/541ea4a3ea1ab98362e54644cbd6e86f/volume-7bf904f2-124d-4d97-be8e-f0321b5750c7.f2975528-dc8f-4e74-a559-36c6d3c9607d" returned: 0 in 0.783s {{(pid=88466) execute /opt/stack/data/venv/lib/python3.12/site-packages/oslo_concurrency/processutils.py:468}}
Jul 23 03:22:21 devstack cinder-volume[88466]: DEBUG oslo_concurrency.processutils [None req-7360a1b9-1ee6-4fe4-8127-6f9d1f15f07e tempest-SnapshotsActionsTest-589646433 None] Running cmd (subprocess): sudo cinder-rootwrap /etc/cinder/rootwrap.conf rm -f /opt/stack/data/cinder/mnt/541ea4a3ea1ab98362e54644cbd6e86f/volume-7bf904f2-124d-4d97-be8e-f0321b5750c7.f2975528-dc8f-4e74-a559-36c6d3c9607d {{(pid=88466) execute /opt/stack/data/venv/lib/python3.12/site-packages/oslo_concurrency/processutils.py:440}}
Jul 23 03:22:21 devstack sudo[94634]: quobyte : PWD=/ ; USER=root ; COMMAND=/opt/stack/data/venv/bin/cinder-rootwrap /etc/cinder/rootwrap.conf rm -f /opt/stack/data/cinder/mnt/541ea4a3ea1ab98362e54644cbd6e86f/volume-7bf904f2-124d-4d97-be8e-f0321b5750c7.f2975528-dc8f-4e74-a559-36c6d3c9607d
Jul 23 03:22:21 devstack sudo[94634]: pam_unix(sudo:session): session opened for user root(uid=0) by (uid=1000)
Jul 23 03:22:21 devstack sudo[94634]: pam_unix(sudo:session): session closed for user root
Jul 23 03:22:21 devstack cinder-volume[88466]: DEBUG oslo_concurrency.processutils [None req-7360a1b9-1ee6-4fe4-8127-6f9d1f15f07e tempest-SnapshotsActionsTest-589646433 None] CMD "sudo cinder-rootwrap /etc/cinder/rootwrap.conf rm -f /opt/stack/data/cinder/mnt/541ea4a3ea1ab98362e54644cbd6e86f/volume-7bf904f2-124d-4d97-be8e-f0321b5750c7.f2975528-dc8f-4e74-a559-36c6d3c9607d" returned: 0 in 0.382s {{(pid=88466) execute /opt/stack/data/venv/lib/python3.12/site-packages/oslo_concurrency/processutils.py:468}}
Jul 23 03:22:21 devstack cinder-volume[88466]: DEBUG cinder.coordination [None req-7360a1b9-1ee6-4fe4-8127-6f9d1f15f07e tempest-SnapshotsActionsTest-589646433 None] Lock "cinder-quobyte-f2975528-dc8f-4e74-a559-36c6d3c9607d" released by "_delete_snapshot" :: held 2.396s {{(pid=88466) __release /opt/stack/cinder/cinder/coordination.py:152}}
Jul 23 03:22:21 devstack cinder-volume[88466]: DEBUG cinder.coordination [None req-7360a1b9-1ee6-4fe4-8127-6f9d1f15f07e tempest-SnapshotsActionsTest-589646433 None] Lock "cinder-quobyte-7bf904f2-124d-4d97-be8e-f0321b5750c7" released by "delete_snapshot" :: held 2.437s {{(pid=88466) __release /opt/stack/cinder/cinder/coordination.py:152}}
Jul 23 03:22:21 devstack cinder-volume[88466]: WARNING cinder.quota [None req-7360a1b9-1ee6-4fe4-8127-6f9d1f15f07e tempest-SnapshotsActionsTest-589646433 None] Deprecated: Default quota for resource: snapshots_QuobyteHD is set by the default quota flag: quota_snapshots_QuobyteHD, it is now deprecated. Please use the default quota class for default quota.
Jul 23 03:22:21 devstack cinder-volume[88466]: DEBUG cinder.quota [None req-7360a1b9-1ee6-4fe4-8127-6f9d1f15f07e tempest-SnapshotsActionsTest-589646433 None] Created reservations ['651c9340-6298-45ed-a4c9-de4c263d0fe2', '12761fa9-ece3-49b4-a9f7-0dfb40088f71', 'b273a5ea-0d6e-4a39-a236-6a10fa774239', '83ae0e79-a9c6-4b36-91f1-4a1c9210bc6c'] {{(pid=88466) reserve /opt/stack/cinder/cinder/quota.py:752}}
Jul 23 03:22:21 devstack cinder-volume[88466]: INFO cinder.volume.manager [None req-7360a1b9-1ee6-4fe4-8127-6f9d1f15f07e tempest-SnapshotsActionsTest-589646433 None] Delete snapshot completed successfully.
Jul 23 03:22:21 devstack cinder-volume[88466]: DEBUG cinder.coordination [None req-7360a1b9-1ee6-4fe4-8127-6f9d1f15f07e tempest-SnapshotsActionsTest-589646433 None] Lock "cinder-f2975528-dc8f-4e74-a559-36c6d3c9607d-delete_snapshot" released by "delete_snapshot" :: held 2.742s {{(pid=88466) __release /opt/stack/cinder/cinder/coordination.py:152}}
Jul 23 03:22:22 devstack cinder-volume[88466]: DEBUG oslo_concurrency.lockutils [None req-6ac4fda2-661d-4872-9381-9558f3968999 tempest-SnapshotsActionsTest-425046865 None] Acquiring lock "quobyte" by "cinder.volume.drivers.quobyte.QuobyteDriver.create_snapshot" {{(pid=88466) inner /opt/stack/data/venv/lib/python3.12/site-packages/oslo_concurrency/lockutils.py:512}}
Jul 23 03:22:22 devstack cinder-volume[88466]: DEBUG oslo_concurrency.lockutils [None req-6ac4fda2-661d-4872-9381-9558f3968999 tempest-SnapshotsActionsTest-425046865 None] Lock "quobyte" acquired by "cinder.volume.drivers.quobyte.QuobyteDriver.create_snapshot" :: waited 0.003s {{(pid=88466) inner /opt/stack/data/venv/lib/python3.12/site-packages/oslo_concurrency/lockutils.py:525}}
Jul 23 03:22:22 devstack cinder-volume[88466]: DEBUG cinder.volume.drivers.remotefs [None req-6ac4fda2-661d-4872-9381-9558f3968999 tempest-SnapshotsActionsTest-425046865 None] Creating offline snapshot f84388e1-4f2f-4d39-8d01-5fdc71f2b89b of volume 7bf904f2-124d-4d97-be8e-f0321b5750c7 {{(pid=88466) _create_snapshot /opt/stack/cinder/cinder/volume/drivers/remotefs.py:1869}}
Jul 23 03:22:23 devstack cinder-volume[88466]: DEBUG oslo.privsep.daemon [-] privsep: reply[b7c3e759-8675-4abd-9e7b-0c14717217bb]: (4, 'qcow2') {{(pid=90379) _call_back /opt/stack/data/venv/lib/python3.12/site-packages/oslo_privsep/daemon.py:580}}
Jul 23 03:22:23 devstack cinder-volume[88466]: DEBUG oslo_concurrency.processutils [None req-6ac4fda2-661d-4872-9381-9558f3968999 tempest-SnapshotsActionsTest-425046865 None] Running cmd (subprocess): /opt/stack/data/venv/bin/python3.12 -m oslo_concurrency.prlimit --as=1073741824 --cpu=60 -- sudo cinder-rootwrap /etc/cinder/rootwrap.conf env LC_ALL=C qemu-img info -f qcow2 --output=json --force-share /opt/stack/data/cinder/mnt/541ea4a3ea1ab98362e54644cbd6e86f/volume-7bf904f2-124d-4d97-be8e-f0321b5750c7.30ab7053-52c5-455f-992b-6bb1b09d541e {{(pid=88466) execute /opt/stack/data/venv/lib/python3.12/site-packages/oslo_concurrency/processutils.py:440}}
Jul 23 03:22:23 devstack sudo[94660]: quobyte : PWD=/ ; USER=root ; COMMAND=/opt/stack/data/venv/bin/cinder-rootwrap /etc/cinder/rootwrap.conf env LC_ALL=C qemu-img info -f qcow2 --output=json --force-share /opt/stack/data/cinder/mnt/541ea4a3ea1ab98362e54644cbd6e86f/volume-7bf904f2-124d-4d97-be8e-f0321b5750c7.30ab7053-52c5-455f-992b-6bb1b09d541e
Jul 23 03:22:23 devstack sudo[94660]: pam_unix(sudo:session): session opened for user root(uid=0) by (uid=1000)
Jul 23 03:22:23 devstack sudo[94660]: pam_unix(sudo:session): session closed for user root
Jul 23 03:22:23 devstack cinder-volume[88466]: DEBUG oslo_concurrency.processutils [None req-6ac4fda2-661d-4872-9381-9558f3968999 tempest-SnapshotsActionsTest-425046865 None] CMD "/opt/stack/data/venv/bin/python3.12 -m oslo_concurrency.prlimit --as=1073741824 --cpu=60 -- sudo cinder-rootwrap /etc/cinder/rootwrap.conf env LC_ALL=C qemu-img info -f qcow2 --output=json --force-share /opt/stack/data/cinder/mnt/541ea4a3ea1ab98362e54644cbd6e86f/volume-7bf904f2-124d-4d97-be8e-f0321b5750c7.30ab7053-52c5-455f-992b-6bb1b09d541e" returned: 0 in 0.498s {{(pid=88466) execute /opt/stack/data/venv/lib/python3.12/site-packages/oslo_concurrency/processutils.py:468}}
Jul 23 03:22:23 devstack cinder-volume[88466]: DEBUG cinder.volume.drivers.remotefs [None req-6ac4fda2-661d-4872-9381-9558f3968999 tempest-SnapshotsActionsTest-425046865 None] Fetching qemu-img info with special backing_file_template: (/opt/stack/data/cinder/mnt/[0-9a-f]+/)?(volume-7bf904f2-124d-4d97-be8e-f0321b5750c7(.(tmp-snap-)?[0-9a-f-]+)?|volume_from_snapshot_cache/(tmp-snap-)?[0-9a-f-]+(.(child-|parent-)[0-9a-f-]+)?)$ {{(pid=88466) _qemu_img_info_base /opt/stack/cinder/cinder/volume/drivers/remotefs.py:896}}
Jul 23 03:22:23 devstack cinder-volume[88466]: DEBUG oslo_concurrency.processutils [None req-6ac4fda2-661d-4872-9381-9558f3968999 tempest-SnapshotsActionsTest-425046865 None] Running cmd (subprocess): sudo cinder-rootwrap /etc/cinder/rootwrap.conf qemu-img create -f qcow2 -o backing_file=/opt/stack/data/cinder/mnt/541ea4a3ea1ab98362e54644cbd6e86f/volume-7bf904f2-124d-4d97-be8e-f0321b5750c7.30ab7053-52c5-455f-992b-6bb1b09d541e,backing_fmt=qcow2 /opt/stack/data/cinder/mnt/541ea4a3ea1ab98362e54644cbd6e86f/volume-7bf904f2-124d-4d97-be8e-f0321b5750c7.f84388e1-4f2f-4d39-8d01-5fdc71f2b89b 1G {{(pid=88466) execute /opt/stack/data/venv/lib/python3.12/site-packages/oslo_concurrency/processutils.py:440}}
Jul 23 03:22:23 devstack sudo[94665]: quobyte : PWD=/ ; USER=root ; COMMAND=/opt/stack/data/venv/bin/cinder-rootwrap /etc/cinder/rootwrap.conf qemu-img create -f qcow2 -o backing_file=/opt/stack/data/cinder/mnt/541ea4a3ea1ab98362e54644cbd6e86f/volume-7bf904f2-124d-4d97-be8e-f0321b5750c7.30ab7053-52c5-455f-992b-6bb1b09d541e,backing_fmt=qcow2 /opt/stack/data/cinder/mnt/541ea4a3ea1ab98362e54644cbd6e86f/volume-7bf904f2-124d-4d97-be8e-f0321b5750c7.f84388e1-4f2f-4d39-8d01-5fdc71f2b89b 1G
Jul 23 03:22:23 devstack sudo[94665]: pam_unix(sudo:session): session opened for user root(uid=0) by (uid=1000)
Jul 23 03:22:24 devstack sudo[94665]: pam_unix(sudo:session): session closed for user root
Jul 23 03:22:24 devstack cinder-volume[88466]: DEBUG oslo_concurrency.processutils [None req-6ac4fda2-661d-4872-9381-9558f3968999 tempest-SnapshotsActionsTest-425046865 None] CMD "sudo cinder-rootwrap /etc/cinder/rootwrap.conf qemu-img create -f qcow2 -o backing_file=/opt/stack/data/cinder/mnt/541ea4a3ea1ab98362e54644cbd6e86f/volume-7bf904f2-124d-4d97-be8e-f0321b5750c7.30ab7053-52c5-455f-992b-6bb1b09d541e,backing_fmt=qcow2 /opt/stack/data/cinder/mnt/541ea4a3ea1ab98362e54644cbd6e86f/volume-7bf904f2-124d-4d97-be8e-f0321b5750c7.f84388e1-4f2f-4d39-8d01-5fdc71f2b89b 1G" returned: 0 in 0.690s {{(pid=88466) execute /opt/stack/data/venv/lib/python3.12/site-packages/oslo_concurrency/processutils.py:468}}
Jul 23 03:22:24 devstack cinder-volume[88466]: DEBUG oslo_concurrency.processutils [None req-6ac4fda2-661d-4872-9381-9558f3968999 tempest-SnapshotsActionsTest-425046865 None] Running cmd (subprocess): sudo cinder-rootwrap /etc/cinder/rootwrap.conf qemu-img rebase -u -b volume-7bf904f2-124d-4d97-be8e-f0321b5750c7.30ab7053-52c5-455f-992b-6bb1b09d541e -F qcow2 /opt/stack/data/cinder/mnt/541ea4a3ea1ab98362e54644cbd6e86f/volume-7bf904f2-124d-4d97-be8e-f0321b5750c7.f84388e1-4f2f-4d39-8d01-5fdc71f2b89b {{(pid=88466) execute /opt/stack/data/venv/lib/python3.12/site-packages/oslo_concurrency/processutils.py:440}}
Jul 23 03:22:24 devstack sudo[94671]: quobyte : PWD=/ ; USER=root ; COMMAND=/opt/stack/data/venv/bin/cinder-rootwrap /etc/cinder/rootwrap.conf qemu-img rebase -u -b volume-7bf904f2-124d-4d97-be8e-f0321b5750c7.30ab7053-52c5-455f-992b-6bb1b09d541e -F qcow2 /opt/stack/data/cinder/mnt/541ea4a3ea1ab98362e54644cbd6e86f/volume-7bf904f2-124d-4d97-be8e-f0321b5750c7.f84388e1-4f2f-4d39-8d01-5fdc71f2b89b
Jul 23 03:22:24 devstack sudo[94671]: pam_unix(sudo:session): session opened for user root(uid=0) by (uid=1000)
Jul 23 03:22:24 devstack sudo[94671]: pam_unix(sudo:session): session closed for user root
Jul 23 03:22:24 devstack cinder-volume[88466]: DEBUG oslo_concurrency.processutils [None req-6ac4fda2-661d-4872-9381-9558f3968999 tempest-SnapshotsActionsTest-425046865 None] CMD "sudo cinder-rootwrap /etc/cinder/rootwrap.conf qemu-img rebase -u -b volume-7bf904f2-124d-4d97-be8e-f0321b5750c7.30ab7053-52c5-455f-992b-6bb1b09d541e -F qcow2 /opt/stack/data/cinder/mnt/541ea4a3ea1ab98362e54644cbd6e86f/volume-7bf904f2-124d-4d97-be8e-f0321b5750c7.f84388e1-4f2f-4d39-8d01-5fdc71f2b89b" returned: 0 in 0.335s {{(pid=88466) execute /opt/stack/data/venv/lib/python3.12/site-packages/oslo_concurrency/processutils.py:468}}
Jul 23 03:22:24 devstack cinder-volume[88466]: WARNING cinder.volume.drivers.remotefs [None req-6ac4fda2-661d-4872-9381-9558f3968999 tempest-SnapshotsActionsTest-425046865 None] /opt/stack/data/cinder/mnt/541ea4a3ea1ab98362e54644cbd6e86f/volume-7bf904f2-124d-4d97-be8e-f0321b5750c7.f84388e1-4f2f-4d39-8d01-5fdc71f2b89b is being set with open permissions: ugo+rw
Jul 23 03:22:24 devstack cinder-volume[88466]: DEBUG oslo_concurrency.processutils [None req-6ac4fda2-661d-4872-9381-9558f3968999 tempest-SnapshotsActionsTest-425046865 None] Running cmd (subprocess): sudo cinder-rootwrap /etc/cinder/rootwrap.conf chmod ugo+rw /opt/stack/data/cinder/mnt/541ea4a3ea1ab98362e54644cbd6e86f/volume-7bf904f2-124d-4d97-be8e-f0321b5750c7.f84388e1-4f2f-4d39-8d01-5fdc71f2b89b {{(pid=88466) execute /opt/stack/data/venv/lib/python3.12/site-packages/oslo_concurrency/processutils.py:440}}
Jul 23 03:22:24 devstack sudo[94676]: quobyte : PWD=/ ; USER=root ; COMMAND=/opt/stack/data/venv/bin/cinder-rootwrap /etc/cinder/rootwrap.conf chmod ugo+rw /opt/stack/data/cinder/mnt/541ea4a3ea1ab98362e54644cbd6e86f/volume-7bf904f2-124d-4d97-be8e-f0321b5750c7.f84388e1-4f2f-4d39-8d01-5fdc71f2b89b
Jul 23 03:22:24 devstack sudo[94676]: pam_unix(sudo:session): session opened for user root(uid=0) by (uid=1000)
Jul 23 03:22:24 devstack sudo[94676]: pam_unix(sudo:session): session closed for user root
Jul 23 03:22:24 devstack cinder-volume[88466]: DEBUG oslo_concurrency.processutils [None req-6ac4fda2-661d-4872-9381-9558f3968999 tempest-SnapshotsActionsTest-425046865 None] CMD "sudo cinder-rootwrap /etc/cinder/rootwrap.conf chmod ugo+rw /opt/stack/data/cinder/mnt/541ea4a3ea1ab98362e54644cbd6e86f/volume-7bf904f2-124d-4d97-be8e-f0321b5750c7.f84388e1-4f2f-4d39-8d01-5fdc71f2b89b" returned: 0 in 0.393s {{(pid=88466) execute /opt/stack/data/venv/lib/python3.12/site-packages/oslo_concurrency/processutils.py:468}}
Jul 23 03:22:25 devstack cinder-volume[88466]: DEBUG oslo_concurrency.lockutils [None req-6ac4fda2-661d-4872-9381-9558f3968999 tempest-SnapshotsActionsTest-425046865 None] Lock "quobyte" "released" by "cinder.volume.drivers.quobyte.QuobyteDriver.create_snapshot" :: held 2.137s {{(pid=88466) inner /opt/stack/data/venv/lib/python3.12/site-packages/oslo_concurrency/lockutils.py:544}}
Jul 23 03:22:25 devstack cinder-volume[88466]: INFO cinder.volume.manager [None req-6ac4fda2-661d-4872-9381-9558f3968999 tempest-SnapshotsActionsTest-425046865 None] Create snapshot completed successfully
Jul 23 03:22:26 devstack cinder-volume[88466]: DEBUG cinder.coordination [None req-d20b49c3-a5dc-468b-8d47-7af57ea79021 tempest-SnapshotsActionsTest-589646433 None] Acquiring lock "cinder-f84388e1-4f2f-4d39-8d01-5fdc71f2b89b-delete_snapshot" by "delete_snapshot" {{(pid=88466) __acquire /opt/stack/cinder/cinder/coordination.py:138}}
Jul 23 03:22:26 devstack cinder-volume[88466]: DEBUG cinder.coordination [None req-d20b49c3-a5dc-468b-8d47-7af57ea79021 tempest-SnapshotsActionsTest-589646433 None] Lock "cinder-f84388e1-4f2f-4d39-8d01-5fdc71f2b89b-delete_snapshot" acquired by "delete_snapshot" :: waited 0.048s {{(pid=88466) __acquire /opt/stack/cinder/cinder/coordination.py:141}}
Jul 23 03:22:26 devstack cinder-volume[88466]: DEBUG cinder.coordination [None req-d20b49c3-a5dc-468b-8d47-7af57ea79021 tempest-SnapshotsActionsTest-589646433 None] Acquiring lock "cinder-quobyte-7bf904f2-124d-4d97-be8e-f0321b5750c7" by "delete_snapshot" {{(pid=88466) __acquire /opt/stack/cinder/cinder/coordination.py:138}}
Jul 23 03:22:26 devstack cinder-volume[88466]: DEBUG cinder.coordination [None req-d20b49c3-a5dc-468b-8d47-7af57ea79021 tempest-SnapshotsActionsTest-589646433 None] Lock "cinder-quobyte-7bf904f2-124d-4d97-be8e-f0321b5750c7" acquired by "delete_snapshot" :: waited 0.058s {{(pid=88466) __acquire /opt/stack/cinder/cinder/coordination.py:141}}
Jul 23 03:22:26 devstack cinder-volume[88466]: DEBUG cinder.coordination [None req-d20b49c3-a5dc-468b-8d47-7af57ea79021 tempest-SnapshotsActionsTest-589646433 None] Acquiring lock "cinder-quobyte-f84388e1-4f2f-4d39-8d01-5fdc71f2b89b" by "_delete_snapshot" {{(pid=88466) __acquire /opt/stack/cinder/cinder/coordination.py:138}}
Jul 23 03:22:26 devstack cinder-volume[88466]: DEBUG cinder.coordination [None req-d20b49c3-a5dc-468b-8d47-7af57ea79021 tempest-SnapshotsActionsTest-589646433 None] Lock "cinder-quobyte-f84388e1-4f2f-4d39-8d01-5fdc71f2b89b" acquired by "_delete_snapshot" :: waited 0.085s {{(pid=88466) __acquire /opt/stack/cinder/cinder/coordination.py:141}}
Jul 23 03:22:26 devstack cinder-volume[88466]: DEBUG cinder.volume.drivers.remotefs [None req-d20b49c3-a5dc-468b-8d47-7af57ea79021 tempest-SnapshotsActionsTest-589646433 None] Deleting offline snapshot f84388e1-4f2f-4d39-8d01-5fdc71f2b89b of volume 7bf904f2-124d-4d97-be8e-f0321b5750c7 {{(pid=88466) _delete_snapshot /opt/stack/cinder/cinder/volume/drivers/remotefs.py:1288}}
Jul 23 03:22:26 devstack cinder-volume[88466]: DEBUG cinder.volume.drivers.remotefs [None req-d20b49c3-a5dc-468b-8d47-7af57ea79021 tempest-SnapshotsActionsTest-589646433 None] snapshot_file for this snap is: volume-7bf904f2-124d-4d97-be8e-f0321b5750c7.f84388e1-4f2f-4d39-8d01-5fdc71f2b89b {{(pid=88466) _delete_snapshot /opt/stack/cinder/cinder/volume/drivers/remotefs.py:1322}}
Jul 23 03:22:26 devstack cinder-volume[88466]: DEBUG oslo.privsep.daemon [-] privsep: reply[05988463-83d9-48e3-a3f4-17f0bbd7e5ab]: (4, 'qcow2') {{(pid=90379) _call_back /opt/stack/data/venv/lib/python3.12/site-packages/oslo_privsep/daemon.py:580}}
Jul 23 03:22:26 devstack cinder-volume[88466]: DEBUG oslo_concurrency.processutils [None req-d20b49c3-a5dc-468b-8d47-7af57ea79021 tempest-SnapshotsActionsTest-589646433 None] Running cmd (subprocess): /opt/stack/data/venv/bin/python3.12 -m oslo_concurrency.prlimit --as=1073741824 --cpu=60 -- sudo cinder-rootwrap /etc/cinder/rootwrap.conf env LC_ALL=C qemu-img info -f qcow2 --output=json --force-share /opt/stack/data/cinder/mnt/541ea4a3ea1ab98362e54644cbd6e86f/volume-7bf904f2-124d-4d97-be8e-f0321b5750c7.f84388e1-4f2f-4d39-8d01-5fdc71f2b89b {{(pid=88466) execute /opt/stack/data/venv/lib/python3.12/site-packages/oslo_concurrency/processutils.py:440}}
Jul 23 03:22:27 devstack sudo[94744]: quobyte : PWD=/ ; USER=root ; COMMAND=/opt/stack/data/venv/bin/cinder-rootwrap /etc/cinder/rootwrap.conf env LC_ALL=C qemu-img info -f qcow2 --output=json --force-share /opt/stack/data/cinder/mnt/541ea4a3ea1ab98362e54644cbd6e86f/volume-7bf904f2-124d-4d97-be8e-f0321b5750c7.f84388e1-4f2f-4d39-8d01-5fdc71f2b89b
Jul 23 03:22:27 devstack sudo[94744]: pam_unix(sudo:session): session opened for user root(uid=0) by (uid=1000)
Jul 23 03:22:27 devstack sudo[94744]: pam_unix(sudo:session): session closed for user root
Jul 23 03:22:27 devstack cinder-volume[88466]: DEBUG oslo_concurrency.processutils [None req-d20b49c3-a5dc-468b-8d47-7af57ea79021 tempest-SnapshotsActionsTest-589646433 None] CMD "/opt/stack/data/venv/bin/python3.12 -m oslo_concurrency.prlimit --as=1073741824 --cpu=60 -- sudo cinder-rootwrap /etc/cinder/rootwrap.conf env LC_ALL=C qemu-img info -f qcow2 --output=json --force-share /opt/stack/data/cinder/mnt/541ea4a3ea1ab98362e54644cbd6e86f/volume-7bf904f2-124d-4d97-be8e-f0321b5750c7.f84388e1-4f2f-4d39-8d01-5fdc71f2b89b" returned: 0 in 0.747s {{(pid=88466) execute /opt/stack/data/venv/lib/python3.12/site-packages/oslo_concurrency/processutils.py:468}}
Jul 23 03:22:27 devstack cinder-volume[88466]: DEBUG cinder.volume.drivers.remotefs [None req-d20b49c3-a5dc-468b-8d47-7af57ea79021 tempest-SnapshotsActionsTest-589646433 None] Fetching qemu-img info with special backing_file_template: (/opt/stack/data/cinder/mnt/[0-9a-f]+/)?(volume-7bf904f2-124d-4d97-be8e-f0321b5750c7(.(tmp-snap-)?[0-9a-f-]+)?|volume_from_snapshot_cache/(tmp-snap-)?[0-9a-f-]+(.(child-|parent-)[0-9a-f-]+)?)$ {{(pid=88466) _qemu_img_info_base /opt/stack/cinder/cinder/volume/drivers/remotefs.py:896}}
Jul 23 03:22:27 devstack cinder-volume[88466]: DEBUG oslo.privsep.daemon [-] privsep: reply[4d7e9d95-321d-4016-a353-7c9b6d876f3b]: (4, 'qcow2') {{(pid=90379) _call_back /opt/stack/data/venv/lib/python3.12/site-packages/oslo_privsep/daemon.py:580}}
Jul 23 03:22:27 devstack cinder-volume[88466]: DEBUG oslo_concurrency.processutils [None req-d20b49c3-a5dc-468b-8d47-7af57ea79021 tempest-SnapshotsActionsTest-589646433 None] Running cmd (subprocess): /opt/stack/data/venv/bin/python3.12 -m oslo_concurrency.prlimit --as=1073741824 --cpu=60 -- sudo cinder-rootwrap /etc/cinder/rootwrap.conf env LC_ALL=C qemu-img info -f qcow2 --output=json --force-share /opt/stack/data/cinder/mnt/541ea4a3ea1ab98362e54644cbd6e86f/volume-7bf904f2-124d-4d97-be8e-f0321b5750c7.30ab7053-52c5-455f-992b-6bb1b09d541e {{(pid=88466) execute /opt/stack/data/venv/lib/python3.12/site-packages/oslo_concurrency/processutils.py:440}}
Jul 23 03:22:27 devstack sudo[94790]: quobyte : PWD=/ ; USER=root ; COMMAND=/opt/stack/data/venv/bin/cinder-rootwrap /etc/cinder/rootwrap.conf env LC_ALL=C qemu-img info -f qcow2 --output=json --force-share /opt/stack/data/cinder/mnt/541ea4a3ea1ab98362e54644cbd6e86f/volume-7bf904f2-124d-4d97-be8e-f0321b5750c7.30ab7053-52c5-455f-992b-6bb1b09d541e
Jul 23 03:22:27 devstack sudo[94790]: pam_unix(sudo:session): session opened for user root(uid=0) by (uid=1000)
Jul 23 03:22:28 devstack sudo[94790]: pam_unix(sudo:session): session closed for user root
Jul 23 03:22:28 devstack cinder-volume[88466]: DEBUG oslo_concurrency.processutils [None req-d20b49c3-a5dc-468b-8d47-7af57ea79021 tempest-SnapshotsActionsTest-589646433 None] CMD "/opt/stack/data/venv/bin/python3.12 -m oslo_concurrency.prlimit --as=1073741824 --cpu=60 -- sudo cinder-rootwrap /etc/cinder/rootwrap.conf env LC_ALL=C qemu-img info -f qcow2 --output=json --force-share /opt/stack/data/cinder/mnt/541ea4a3ea1ab98362e54644cbd6e86f/volume-7bf904f2-124d-4d97-be8e-f0321b5750c7.30ab7053-52c5-455f-992b-6bb1b09d541e" returned: 0 in 0.572s {{(pid=88466) execute /opt/stack/data/venv/lib/python3.12/site-packages/oslo_concurrency/processutils.py:468}}
Jul 23 03:22:28 devstack cinder-volume[88466]: DEBUG cinder.volume.drivers.remotefs [None req-d20b49c3-a5dc-468b-8d47-7af57ea79021 tempest-SnapshotsActionsTest-589646433 None] Fetching qemu-img info with special backing_file_template: (/opt/stack/data/cinder/mnt/[0-9a-f]+/)?(volume-7bf904f2-124d-4d97-be8e-f0321b5750c7(.(tmp-snap-)?[0-9a-f-]+)?|volume_from_snapshot_cache/(tmp-snap-)?[0-9a-f-]+(.(child-|parent-)[0-9a-f-]+)?)$ {{(pid=88466) _qemu_img_info_base /opt/stack/cinder/cinder/volume/drivers/remotefs.py:896}}
Jul 23 03:22:28 devstack cinder-volume[88466]: DEBUG oslo_concurrency.processutils [None req-d20b49c3-a5dc-468b-8d47-7af57ea79021 tempest-SnapshotsActionsTest-589646433 None] Running cmd (subprocess): sudo cinder-rootwrap /etc/cinder/rootwrap.conf qemu-img commit -d /opt/stack/data/cinder/mnt/541ea4a3ea1ab98362e54644cbd6e86f/volume-7bf904f2-124d-4d97-be8e-f0321b5750c7.f84388e1-4f2f-4d39-8d01-5fdc71f2b89b {{(pid=88466) execute /opt/stack/data/venv/lib/python3.12/site-packages/oslo_concurrency/processutils.py:440}}
Jul 23 03:22:28 devstack sudo[94815]: quobyte : PWD=/ ; USER=root ; COMMAND=/opt/stack/data/venv/bin/cinder-rootwrap /etc/cinder/rootwrap.conf qemu-img commit -d /opt/stack/data/cinder/mnt/541ea4a3ea1ab98362e54644cbd6e86f/volume-7bf904f2-124d-4d97-be8e-f0321b5750c7.f84388e1-4f2f-4d39-8d01-5fdc71f2b89b
Jul 23 03:22:28 devstack sudo[94815]: pam_unix(sudo:session): session opened for user root(uid=0) by (uid=1000)
Jul 23 03:22:28 devstack sudo[94815]: pam_unix(sudo:session): session closed for user root
Jul 23 03:22:28 devstack cinder-volume[88466]: DEBUG oslo_concurrency.processutils [None req-d20b49c3-a5dc-468b-8d47-7af57ea79021 tempest-SnapshotsActionsTest-589646433 None] CMD "sudo cinder-rootwrap /etc/cinder/rootwrap.conf qemu-img commit -d /opt/stack/data/cinder/mnt/541ea4a3ea1ab98362e54644cbd6e86f/volume-7bf904f2-124d-4d97-be8e-f0321b5750c7.f84388e1-4f2f-4d39-8d01-5fdc71f2b89b" returned: 0 in 0.822s {{(pid=88466) execute /opt/stack/data/venv/lib/python3.12/site-packages/oslo_concurrency/processutils.py:468}}
Jul 23 03:22:28 devstack cinder-volume[88466]: DEBUG oslo_concurrency.processutils [None req-d20b49c3-a5dc-468b-8d47-7af57ea79021 tempest-SnapshotsActionsTest-589646433 None] Running cmd (subprocess): sudo cinder-rootwrap /etc/cinder/rootwrap.conf rm -f /opt/stack/data/cinder/mnt/541ea4a3ea1ab98362e54644cbd6e86f/volume-7bf904f2-124d-4d97-be8e-f0321b5750c7.f84388e1-4f2f-4d39-8d01-5fdc71f2b89b {{(pid=88466) execute /opt/stack/data/venv/lib/python3.12/site-packages/oslo_concurrency/processutils.py:440}}
Jul 23 03:22:29 devstack sudo[94852]: quobyte : PWD=/ ; USER=root ; COMMAND=/opt/stack/data/venv/bin/cinder-rootwrap /etc/cinder/rootwrap.conf rm -f /opt/stack/data/cinder/mnt/541ea4a3ea1ab98362e54644cbd6e86f/volume-7bf904f2-124d-4d97-be8e-f0321b5750c7.f84388e1-4f2f-4d39-8d01-5fdc71f2b89b
Jul 23 03:22:29 devstack sudo[94852]: pam_unix(sudo:session): session opened for user root(uid=0) by (uid=1000)
Jul 23 03:22:29 devstack sudo[94852]: pam_unix(sudo:session): session closed for user root
Jul 23 03:22:29 devstack cinder-volume[88466]: DEBUG oslo_concurrency.processutils [None req-d20b49c3-a5dc-468b-8d47-7af57ea79021 tempest-SnapshotsActionsTest-589646433 None] CMD "sudo cinder-rootwrap /etc/cinder/rootwrap.conf rm -f /opt/stack/data/cinder/mnt/541ea4a3ea1ab98362e54644cbd6e86f/volume-7bf904f2-124d-4d97-be8e-f0321b5750c7.f84388e1-4f2f-4d39-8d01-5fdc71f2b89b" returned: 0 in 0.308s {{(pid=88466) execute /opt/stack/data/venv/lib/python3.12/site-packages/oslo_concurrency/processutils.py:468}}
Jul 23 03:22:29 devstack cinder-volume[88466]: DEBUG cinder.coordination [None req-d20b49c3-a5dc-468b-8d47-7af57ea79021 tempest-SnapshotsActionsTest-589646433 None] Lock "cinder-quobyte-f84388e1-4f2f-4d39-8d01-5fdc71f2b89b" released by "_delete_snapshot" :: held 2.680s {{(pid=88466) __release /opt/stack/cinder/cinder/coordination.py:152}}
Jul 23 03:22:29 devstack cinder-volume[88466]: DEBUG cinder.coordination [None req-d20b49c3-a5dc-468b-8d47-7af57ea79021 tempest-SnapshotsActionsTest-589646433 None] Lock "cinder-quobyte-7bf904f2-124d-4d97-be8e-f0321b5750c7" released by "delete_snapshot" :: held 2.788s {{(pid=88466) __release /opt/stack/cinder/cinder/coordination.py:152}}
Jul 23 03:22:29 devstack cinder-volume[88466]: DEBUG cinder.quota [None req-d20b49c3-a5dc-468b-8d47-7af57ea79021 tempest-SnapshotsActionsTest-589646433 None] Created reservations ['81c93000-5f50-4eb4-bfae-194d4df60149', 'f101ce9f-eb75-4767-b3dc-8a3738a608d2', '12b32f5b-0019-4623-8568-92f6a3716365', '11a8e938-eff7-4c0a-a9b4-013e95c9aed8'] {{(pid=88466) reserve /opt/stack/cinder/cinder/quota.py:752}}
Jul 23 03:22:29 devstack cinder-volume[88466]: INFO cinder.volume.manager [None req-d20b49c3-a5dc-468b-8d47-7af57ea79021 tempest-SnapshotsActionsTest-589646433 None] Delete snapshot completed successfully.
Jul 23 03:22:29 devstack cinder-volume[88466]: DEBUG cinder.coordination [None req-d20b49c3-a5dc-468b-8d47-7af57ea79021 tempest-SnapshotsActionsTest-589646433 None] Lock "cinder-f84388e1-4f2f-4d39-8d01-5fdc71f2b89b-delete_snapshot" released by "delete_snapshot" :: held 3.043s {{(pid=88466) __release /opt/stack/cinder/cinder/coordination.py:152}}
Jul 23 03:22:30 devstack cinder-volume[88466]: DEBUG oslo_concurrency.lockutils [None req-fd679cfd-be30-4122-b7f3-ab3c78285b38 tempest-SnapshotsActionsTest-425046865 None] Acquiring lock "quobyte" by "cinder.volume.drivers.quobyte.QuobyteDriver.create_snapshot" {{(pid=88466) inner /opt/stack/data/venv/lib/python3.12/site-packages/oslo_concurrency/lockutils.py:512}}
Jul 23 03:22:30 devstack cinder-volume[88466]: DEBUG oslo_concurrency.lockutils [None req-fd679cfd-be30-4122-b7f3-ab3c78285b38 tempest-SnapshotsActionsTest-425046865 None] Lock "quobyte" acquired by "cinder.volume.drivers.quobyte.QuobyteDriver.create_snapshot" :: waited 0.004s {{(pid=88466) inner /opt/stack/data/venv/lib/python3.12/site-packages/oslo_concurrency/lockutils.py:525}}
Jul 23 03:22:30 devstack cinder-volume[88466]: DEBUG cinder.volume.drivers.remotefs [None req-fd679cfd-be30-4122-b7f3-ab3c78285b38 tempest-SnapshotsActionsTest-425046865 None] Creating offline snapshot 190b4736-bd06-4324-b494-806c5a934786 of volume 7bf904f2-124d-4d97-be8e-f0321b5750c7 {{(pid=88466) _create_snapshot /opt/stack/cinder/cinder/volume/drivers/remotefs.py:1869}}
Jul 23 03:22:30 devstack cinder-volume[88466]: DEBUG oslo.privsep.daemon [-] privsep: reply[c68a060e-8c60-4a28-bcca-7ee140dce3e7]: (4, 'qcow2') {{(pid=90379) _call_back /opt/stack/data/venv/lib/python3.12/site-packages/oslo_privsep/daemon.py:580}}
Jul 23 03:22:30 devstack cinder-volume[88466]: DEBUG oslo_concurrency.processutils [None req-fd679cfd-be30-4122-b7f3-ab3c78285b38 tempest-SnapshotsActionsTest-425046865 None] Running cmd (subprocess): /opt/stack/data/venv/bin/python3.12 -m oslo_concurrency.prlimit --as=1073741824 --cpu=60 -- sudo cinder-rootwrap /etc/cinder/rootwrap.conf env LC_ALL=C qemu-img info -f qcow2 --output=json --force-share /opt/stack/data/cinder/mnt/541ea4a3ea1ab98362e54644cbd6e86f/volume-7bf904f2-124d-4d97-be8e-f0321b5750c7.30ab7053-52c5-455f-992b-6bb1b09d541e {{(pid=88466) execute /opt/stack/data/venv/lib/python3.12/site-packages/oslo_concurrency/processutils.py:440}}
Jul 23 03:22:31 devstack sudo[94860]: quobyte : PWD=/ ; USER=root ; COMMAND=/opt/stack/data/venv/bin/cinder-rootwrap /etc/cinder/rootwrap.conf env LC_ALL=C qemu-img info -f qcow2 --output=json --force-share /opt/stack/data/cinder/mnt/541ea4a3ea1ab98362e54644cbd6e86f/volume-7bf904f2-124d-4d97-be8e-f0321b5750c7.30ab7053-52c5-455f-992b-6bb1b09d541e
Jul 23 03:22:31 devstack sudo[94860]: pam_unix(sudo:session): session opened for user root(uid=0) by (uid=1000)
Jul 23 03:22:31 devstack cinder-volume[88466]: DEBUG cinder.volume.flows.manager.create_volume [None req-bc21425c-d5eb-4b40-9468-e837db49581e tempest-VolumesImageMetadata-761586769 None] Volume reschedule parameters: True retry: {'num_attempts': 1, 'backends': ['devstack@QuobyteHD#QuobyteHD'], 'hosts': ['devstack@QuobyteHD#QuobyteHD']} {{(pid=88466) get_flow /opt/stack/cinder/cinder/volume/flows/manager/create_volume.py:1397}}
Jul 23 03:22:31 devstack cinder-volume[88466]: DEBUG cinder.volume.manager [None req-bc21425c-d5eb-4b40-9468-e837db49581e tempest-VolumesImageMetadata-761586769 None] Flow 'volume_create_manager' (1a4d06b6-bc2f-4dad-9745-a0ff565ce358) transitioned into state 'RUNNING' from state 'PENDING' {{(pid=88466) _flow_receiver /opt/stack/data/venv/lib/python3.12/site-packages/taskflow/listeners/logging.py:160}}
Jul 23 03:22:31 devstack cinder-volume[88466]: DEBUG cinder.volume.manager [None req-bc21425c-d5eb-4b40-9468-e837db49581e tempest-VolumesImageMetadata-761586769 None] Task 'cinder.volume.flows.manager.create_volume.ExtractVolumeRefTask;volume:create' (19a14db2-6b00-483c-9533-d67cced60bb1) transitioned into state 'RUNNING' from state 'PENDING' {{(pid=88466) _task_receiver /opt/stack/data/venv/lib/python3.12/site-packages/taskflow/listeners/logging.py:242}}
Jul 23 03:22:31 devstack cinder-volume[88466]: DEBUG cinder.volume.manager [None req-bc21425c-d5eb-4b40-9468-e837db49581e tempest-VolumesImageMetadata-761586769 None] Task 'cinder.volume.flows.manager.create_volume.ExtractVolumeRefTask;volume:create' (19a14db2-6b00-483c-9533-d67cced60bb1) transitioned into state 'SUCCESS' from state 'RUNNING' with result 'Volume(_name_id=None,admin_metadata=,attach_status='detached',availability_zone='nova',bootable=False,cluster=,cluster_name=None,consistencygroup=,consistencygroup_id=None,created_at=2026-07-23T01:22:31Z,deleted=False,deleted_at=None,display_description=None,display_name='tempest-VolumesImageMetadata-Volume-1784677652',ec2_id=None,encryption_key_id=None,glance_metadata=,group=,group_id=None,host='devstack@QuobyteHD#QuobyteHD',id=a79a4094-515a-437f-972e-988c9eae2fc1,launched_at=None,metadata={},migration_status=None,multiattach=False,previous_status=None,project_id='fe30a8badd014b1fbdedb89c9c0cfd64',provider_auth=None,provider_geometry=None,provider_id=None,provider_location=None,replication_driver_data=None,replication_extended_status=None,replication_status=None,scheduled_at=2026-07-23T01:22:31Z,service_uuid=None,shared_targets=True,size=1,snapshot_id=None,snapshots=,source_volid=None,status='creating',terminated_at=None,updated_at=2026-07-23T01:22:31Z,use_quota=True,user_id='ed057f95108646f29f51c77c7d166be3',volume_attachment=VolumeAttachmentList,volume_type=VolumeType(7617df6b-13f7-4311-afe6-4f4b9b858522),volume_type_id=7617df6b-13f7-4311-afe6-4f4b9b858522)' {{(pid=88466) _task_receiver /opt/stack/data/venv/lib/python3.12/site-packages/taskflow/listeners/logging.py:218}}
Jul 23 03:22:31 devstack cinder-volume[88466]: DEBUG cinder.volume.manager [None req-bc21425c-d5eb-4b40-9468-e837db49581e tempest-VolumesImageMetadata-761586769 None] Task 'cinder.volume.flows.manager.create_volume.OnFailureRescheduleTask;volume:create' (cee31cc8-30eb-40ff-b020-7308d3b10928) transitioned into state 'RUNNING' from state 'PENDING' {{(pid=88466) _task_receiver /opt/stack/data/venv/lib/python3.12/site-packages/taskflow/listeners/logging.py:242}}
Jul 23 03:22:31 devstack sudo[94860]: pam_unix(sudo:session): session closed for user root
Jul 23 03:22:31 devstack cinder-volume[88466]: DEBUG cinder.volume.manager [None req-bc21425c-d5eb-4b40-9468-e837db49581e tempest-VolumesImageMetadata-761586769 None] Task 'cinder.volume.flows.manager.create_volume.OnFailureRescheduleTask;volume:create' (cee31cc8-30eb-40ff-b020-7308d3b10928) transitioned into state 'SUCCESS' from state 'RUNNING' with result 'None' {{(pid=88466) _task_receiver /opt/stack/data/venv/lib/python3.12/site-packages/taskflow/listeners/logging.py:218}}
Jul 23 03:22:31 devstack cinder-volume[88466]: DEBUG cinder.volume.manager [None req-bc21425c-d5eb-4b40-9468-e837db49581e tempest-VolumesImageMetadata-761586769 None] Task 'cinder.volume.flows.manager.create_volume.ExtractVolumeSpecTask;volume:create' (5d2bb41e-9532-4070-939b-65b86aa19de8) transitioned into state 'RUNNING' from state 'PENDING' {{(pid=88466) _task_receiver /opt/stack/data/venv/lib/python3.12/site-packages/taskflow/listeners/logging.py:242}}
Jul 23 03:22:31 devstack cinder-volume[88466]: DEBUG cinder.image.glance [None req-bc21425c-d5eb-4b40-9468-e837db49581e tempest-VolumesImageMetadata-761586769 None] Creating Keystone auth plugin from conf {{(pid=88466) _create_glance_client /opt/stack/cinder/cinder/image/glance.py:135}}
Jul 23 03:22:31 devstack cinder-volume[88466]: DEBUG oslo_concurrency.processutils [None req-fd679cfd-be30-4122-b7f3-ab3c78285b38 tempest-SnapshotsActionsTest-425046865 None] CMD "/opt/stack/data/venv/bin/python3.12 -m oslo_concurrency.prlimit --as=1073741824 --cpu=60 -- sudo cinder-rootwrap /etc/cinder/rootwrap.conf env LC_ALL=C qemu-img info -f qcow2 --output=json --force-share /opt/stack/data/cinder/mnt/541ea4a3ea1ab98362e54644cbd6e86f/volume-7bf904f2-124d-4d97-be8e-f0321b5750c7.30ab7053-52c5-455f-992b-6bb1b09d541e" returned: 0 in 0.698s {{(pid=88466) execute /opt/stack/data/venv/lib/python3.12/site-packages/oslo_concurrency/processutils.py:468}}
Jul 23 03:22:31 devstack cinder-volume[88466]: DEBUG cinder.volume.drivers.remotefs [None req-fd679cfd-be30-4122-b7f3-ab3c78285b38 tempest-SnapshotsActionsTest-425046865 None] Fetching qemu-img info with special backing_file_template: (/opt/stack/data/cinder/mnt/[0-9a-f]+/)?(volume-7bf904f2-124d-4d97-be8e-f0321b5750c7(.(tmp-snap-)?[0-9a-f-]+)?|volume_from_snapshot_cache/(tmp-snap-)?[0-9a-f-]+(.(child-|parent-)[0-9a-f-]+)?)$ {{(pid=88466) _qemu_img_info_base /opt/stack/cinder/cinder/volume/drivers/remotefs.py:896}}
Jul 23 03:22:31 devstack cinder-volume[88466]: DEBUG oslo_concurrency.processutils [None req-fd679cfd-be30-4122-b7f3-ab3c78285b38 tempest-SnapshotsActionsTest-425046865 None] Running cmd (subprocess): sudo cinder-rootwrap /etc/cinder/rootwrap.conf qemu-img create -f qcow2 -o backing_file=/opt/stack/data/cinder/mnt/541ea4a3ea1ab98362e54644cbd6e86f/volume-7bf904f2-124d-4d97-be8e-f0321b5750c7.30ab7053-52c5-455f-992b-6bb1b09d541e,backing_fmt=qcow2 /opt/stack/data/cinder/mnt/541ea4a3ea1ab98362e54644cbd6e86f/volume-7bf904f2-124d-4d97-be8e-f0321b5750c7.190b4736-bd06-4324-b494-806c5a934786 1G {{(pid=88466) execute /opt/stack/data/venv/lib/python3.12/site-packages/oslo_concurrency/processutils.py:440}}
Jul 23 03:22:31 devstack sudo[94866]: quobyte : PWD=/ ; USER=root ; COMMAND=/opt/stack/data/venv/bin/cinder-rootwrap /etc/cinder/rootwrap.conf qemu-img create -f qcow2 -o backing_file=/opt/stack/data/cinder/mnt/541ea4a3ea1ab98362e54644cbd6e86f/volume-7bf904f2-124d-4d97-be8e-f0321b5750c7.30ab7053-52c5-455f-992b-6bb1b09d541e,backing_fmt=qcow2 /opt/stack/data/cinder/mnt/541ea4a3ea1ab98362e54644cbd6e86f/volume-7bf904f2-124d-4d97-be8e-f0321b5750c7.190b4736-bd06-4324-b494-806c5a934786 1G
Jul 23 03:22:31 devstack sudo[94866]: pam_unix(sudo:session): session opened for user root(uid=0) by (uid=1000)
Jul 23 03:22:31 devstack cinder-volume[88466]: DEBUG cinder.volume.manager [None req-bc21425c-d5eb-4b40-9468-e837db49581e tempest-VolumesImageMetadata-761586769 None] Task 'cinder.volume.flows.manager.create_volume.ExtractVolumeSpecTask;volume:create' (5d2bb41e-9532-4070-939b-65b86aa19de8) transitioned into state 'SUCCESS' from state 'RUNNING' with result '{'status': 'creating', 'type': 'image', 'volume_id': 'a79a4094-515a-437f-972e-988c9eae2fc1', 'volume_name': 'volume-a79a4094-515a-437f-972e-988c9eae2fc1', 'volume_size': 1, 'image_id': 'ab7985a2-acac-4f9a-9e57-b9a25e5021d5', 'image_location': (None, [{'url': 'file:///opt/stack/data/glance/images/ab7985a2-acac-4f9a-9e57-b9a25e5021d5', 'metadata': {}}]), 'image_meta': {'name': 'cirros-0.6.3-x86_64-disk', 'disk_format': 'qcow2', 'container_format': 'bare', 'visibility': 'public', 'size': 21692416, 'virtual_size': 117440512, 'status': 'active', 'checksum': '87617e24a5e30cb3b87fda8c0764838f', 'protected': False, 'min_ram': 0, 'min_disk': 0, 'owner': '9ba7809f85cf451291df96f2de431783', 'os_hidden': False, 'os_hash_algo': 'sha512', 'os_hash_value': '9a9bce0083a00939ec17c11febbfc767aa211aaa54f51e75c5a8b271a9b5637c77205a518b7a2007cb391d23cceb01e0e4e8d64832317151bc85b734b92a7be0', 'id': 'ab7985a2-acac-4f9a-9e57-b9a25e5021d5', 'created_at': datetime.datetime(2026, 7, 23, 1, 11, 38, tzinfo=datetime.timezone.utc), 'updated_at': datetime.datetime(2026, 7, 23, 1, 11, 40, tzinfo=datetime.timezone.utc), 'tags': [], 'file': '/v2/images/ab7985a2-acac-4f9a-9e57-b9a25e5021d5/file', 'properties': {'hw_rng_model': 'virtio', 'owner_specified.openstack.md5': '', 'owner_specified.openstack.object': 'images/cirros-0.6.3-x86_64-disk', 'owner_specified.openstack.sha256': ''}}, 'image_service': }' {{(pid=88466) _task_receiver /opt/stack/data/venv/lib/python3.12/site-packages/taskflow/listeners/logging.py:218}}
Jul 23 03:22:31 devstack cinder-volume[88466]: DEBUG cinder.volume.manager [None req-bc21425c-d5eb-4b40-9468-e837db49581e tempest-VolumesImageMetadata-761586769 None] Task 'cinder.volume.flows.manager.create_volume.NotifyVolumeActionTask;volume:create, create.start' (c0d554b3-d18f-4275-b87c-22db51849e28) transitioned into state 'RUNNING' from state 'PENDING' {{(pid=88466) _task_receiver /opt/stack/data/venv/lib/python3.12/site-packages/taskflow/listeners/logging.py:242}}
Jul 23 03:22:32 devstack cinder-volume[88466]: DEBUG cinder.volume.manager [None req-bc21425c-d5eb-4b40-9468-e837db49581e tempest-VolumesImageMetadata-761586769 None] Task 'cinder.volume.flows.manager.create_volume.NotifyVolumeActionTask;volume:create, create.start' (c0d554b3-d18f-4275-b87c-22db51849e28) transitioned into state 'SUCCESS' from state 'RUNNING' with result 'None' {{(pid=88466) _task_receiver /opt/stack/data/venv/lib/python3.12/site-packages/taskflow/listeners/logging.py:218}}
Jul 23 03:22:32 devstack cinder-volume[88466]: DEBUG cinder.volume.manager [None req-bc21425c-d5eb-4b40-9468-e837db49581e tempest-VolumesImageMetadata-761586769 None] Task 'cinder.volume.flows.manager.create_volume.CreateVolumeFromSpecTask;volume:create' (7f3996da-6a45-4ee9-9669-b8533f12ec3b) transitioned into state 'RUNNING' from state 'PENDING' {{(pid=88466) _task_receiver /opt/stack/data/venv/lib/python3.12/site-packages/taskflow/listeners/logging.py:242}}
Jul 23 03:22:32 devstack cinder-volume[88466]: INFO cinder.volume.flows.manager.create_volume [None req-bc21425c-d5eb-4b40-9468-e837db49581e tempest-VolumesImageMetadata-761586769 None] Volume a79a4094-515a-437f-972e-988c9eae2fc1: being created as image with specification: {'status': 'creating', 'volume_name': 'volume-a79a4094-515a-437f-972e-988c9eae2fc1', 'volume_size': 1, 'image_id': 'ab7985a2-acac-4f9a-9e57-b9a25e5021d5', 'image_location': (None, [{'url': 'file:///opt/stack/data/glance/images/ab7985a2-acac-4f9a-9e57-b9a25e5021d5', 'metadata': {}}]), 'image_meta': {'name': 'cirros-0.6.3-x86_64-disk', 'disk_format': 'qcow2', 'container_format': 'bare', 'visibility': 'public', 'size': 21692416, 'virtual_size': 117440512, 'status': 'active', 'checksum': '87617e24a5e30cb3b87fda8c0764838f', 'protected': False, 'min_ram': 0, 'min_disk': 0, 'owner': '9ba7809f85cf451291df96f2de431783', 'os_hidden': False, 'os_hash_algo': 'sha512', 'os_hash_value': '9a9bce0083a00939ec17c11febbfc767aa211aaa54f51e75c5a8b271a9b5637c77205a518b7a2007cb391d23cceb01e0e4e8d64832317151bc85b734b92a7be0', 'id': 'ab7985a2-acac-4f9a-9e57-b9a25e5021d5', 'created_at': datetime.datetime(2026, 7, 23, 1, 11, 38, tzinfo=datetime.timezone.utc), 'updated_at': datetime.datetime(2026, 7, 23, 1, 11, 40, tzinfo=datetime.timezone.utc), 'tags': [], 'file': '/v2/images/ab7985a2-acac-4f9a-9e57-b9a25e5021d5/file', 'properties': {'hw_rng_model': 'virtio', 'owner_specified.openstack.md5': '', 'owner_specified.openstack.object': 'images/cirros-0.6.3-x86_64-disk', 'owner_specified.openstack.sha256': ''}}, 'image_service': }
Jul 23 03:22:32 devstack cinder-volume[88466]: DEBUG cinder.volume.flows.manager.create_volume [None req-bc21425c-d5eb-4b40-9468-e837db49581e tempest-VolumesImageMetadata-761586769 None] Trying to clone a79a4094-515a-437f-972e-988c9eae2fc1 from image ab7985a2-acac-4f9a-9e57-b9a25e5021d5 at location (None, [{'url': 'file:///opt/stack/data/glance/images/ab7985a2-acac-4f9a-9e57-b9a25e5021d5', 'metadata': {}}]). {{(pid=88466) _create_from_image /opt/stack/cinder/cinder/volume/flows/manager/create_volume.py:1091}}
Jul 23 03:22:32 devstack sudo[94866]: pam_unix(sudo:session): session closed for user root
Jul 23 03:22:32 devstack cinder-volume[88466]: DEBUG oslo_concurrency.processutils [None req-fd679cfd-be30-4122-b7f3-ab3c78285b38 tempest-SnapshotsActionsTest-425046865 None] CMD "sudo cinder-rootwrap /etc/cinder/rootwrap.conf qemu-img create -f qcow2 -o backing_file=/opt/stack/data/cinder/mnt/541ea4a3ea1ab98362e54644cbd6e86f/volume-7bf904f2-124d-4d97-be8e-f0321b5750c7.30ab7053-52c5-455f-992b-6bb1b09d541e,backing_fmt=qcow2 /opt/stack/data/cinder/mnt/541ea4a3ea1ab98362e54644cbd6e86f/volume-7bf904f2-124d-4d97-be8e-f0321b5750c7.190b4736-bd06-4324-b494-806c5a934786 1G" returned: 0 in 0.657s {{(pid=88466) execute /opt/stack/data/venv/lib/python3.12/site-packages/oslo_concurrency/processutils.py:468}}
Jul 23 03:22:32 devstack cinder-volume[88466]: DEBUG oslo_concurrency.processutils [None req-fd679cfd-be30-4122-b7f3-ab3c78285b38 tempest-SnapshotsActionsTest-425046865 None] Running cmd (subprocess): sudo cinder-rootwrap /etc/cinder/rootwrap.conf qemu-img rebase -u -b volume-7bf904f2-124d-4d97-be8e-f0321b5750c7.30ab7053-52c5-455f-992b-6bb1b09d541e -F qcow2 /opt/stack/data/cinder/mnt/541ea4a3ea1ab98362e54644cbd6e86f/volume-7bf904f2-124d-4d97-be8e-f0321b5750c7.190b4736-bd06-4324-b494-806c5a934786 {{(pid=88466) execute /opt/stack/data/venv/lib/python3.12/site-packages/oslo_concurrency/processutils.py:440}}
Jul 23 03:22:32 devstack sudo[94872]: quobyte : PWD=/ ; USER=root ; COMMAND=/opt/stack/data/venv/bin/cinder-rootwrap /etc/cinder/rootwrap.conf qemu-img rebase -u -b volume-7bf904f2-124d-4d97-be8e-f0321b5750c7.30ab7053-52c5-455f-992b-6bb1b09d541e -F qcow2 /opt/stack/data/cinder/mnt/541ea4a3ea1ab98362e54644cbd6e86f/volume-7bf904f2-124d-4d97-be8e-f0321b5750c7.190b4736-bd06-4324-b494-806c5a934786
Jul 23 03:22:32 devstack sudo[94872]: pam_unix(sudo:session): session opened for user root(uid=0) by (uid=1000)
Jul 23 03:22:32 devstack cinder-volume[88466]: DEBUG cinder.image.image_utils [None req-bc21425c-d5eb-4b40-9468-e837db49581e tempest-VolumesImageMetadata-761586769 None] Image fetch details: dest /opt/stack/data/cinder/conversion/image_fetch_ab7985a2-acac-4f9a-9e57-b9a25e5021d5_oh33n7yldevstack@QuobyteHD, size 20.69 MB, duration 1.00 sec {{(pid=88466) fetch /opt/stack/cinder/cinder/image/image_utils.py:735}}
Jul 23 03:22:32 devstack cinder-volume[88466]: INFO cinder.image.image_utils [None req-bc21425c-d5eb-4b40-9468-e837db49581e tempest-VolumesImageMetadata-761586769 None] Image download 20.69 MB at 20.69 MB/s
Jul 23 03:22:32 devstack cinder-volume[88466]: DEBUG oslo.privsep.daemon [-] privsep: reply[9c673dca-f7cc-4774-8a13-0d72ba620bcc]: (4, 'qcow2') {{(pid=90379) _call_back /opt/stack/data/venv/lib/python3.12/site-packages/oslo_privsep/daemon.py:580}}
Jul 23 03:22:32 devstack cinder-volume[88466]: DEBUG oslo_concurrency.processutils [None req-bc21425c-d5eb-4b40-9468-e837db49581e tempest-VolumesImageMetadata-761586769 None] Running cmd (subprocess): /opt/stack/data/venv/bin/python3.12 -m oslo_concurrency.prlimit --as=1073741824 --cpu=60 -- sudo cinder-rootwrap /etc/cinder/rootwrap.conf env LC_ALL=C qemu-img info -f qcow2 --output=json /opt/stack/data/cinder/conversion/image_fetch_ab7985a2-acac-4f9a-9e57-b9a25e5021d5_oh33n7yldevstack@QuobyteHD {{(pid=88466) execute /opt/stack/data/venv/lib/python3.12/site-packages/oslo_concurrency/processutils.py:440}}
Jul 23 03:22:32 devstack sudo[94872]: pam_unix(sudo:session): session closed for user root
Jul 23 03:22:32 devstack cinder-volume[88466]: DEBUG oslo_concurrency.processutils [None req-fd679cfd-be30-4122-b7f3-ab3c78285b38 tempest-SnapshotsActionsTest-425046865 None] CMD "sudo cinder-rootwrap /etc/cinder/rootwrap.conf qemu-img rebase -u -b volume-7bf904f2-124d-4d97-be8e-f0321b5750c7.30ab7053-52c5-455f-992b-6bb1b09d541e -F qcow2 /opt/stack/data/cinder/mnt/541ea4a3ea1ab98362e54644cbd6e86f/volume-7bf904f2-124d-4d97-be8e-f0321b5750c7.190b4736-bd06-4324-b494-806c5a934786" returned: 0 in 0.814s {{(pid=88466) execute /opt/stack/data/venv/lib/python3.12/site-packages/oslo_concurrency/processutils.py:468}}
Jul 23 03:22:32 devstack cinder-volume[88466]: WARNING cinder.volume.drivers.remotefs [None req-fd679cfd-be30-4122-b7f3-ab3c78285b38 tempest-SnapshotsActionsTest-425046865 None] /opt/stack/data/cinder/mnt/541ea4a3ea1ab98362e54644cbd6e86f/volume-7bf904f2-124d-4d97-be8e-f0321b5750c7.190b4736-bd06-4324-b494-806c5a934786 is being set with open permissions: ugo+rw
