Apr 29 08:28:58 devstack devstack@n-api.service[60847]: INFO nova.api.openstack.requestlog [None req-b3b1e00d-934b-40a3-852c-c425ad723ad1 admin admin] 192.168.122.243 "POST /compute/v2.1/flavors" status: 200 len: 414 microversion: 2.61 time: 0.090026
Apr 29 08:28:58 devstack devstack@n-api.service[60847]: [pid: 60847|app: 0|req: 14/28] 192.168.122.243 () {64 vars in 1287 bytes} [Wed Apr 29 08:28:58 2026] POST /compute/v2.1/flavors => generated 414 bytes in 92 msecs (HTTP/1.1 200) 9 headers in 359 bytes (2 switches on core 0)
Apr 29 08:28:58 devstack devstack@n-api.service[60848]: DEBUG nova.api.openstack.wsgi [None req-301993dc-745e-4242-8299-93e51531cb3c admin admin] Action: 'create', calling method: >, body: {"extra_specs": {"hw_rng:allowed": "True"}} {{(pid=60848) _process_stack /opt/stack/nova/nova/api/openstack/wsgi.py:549}}
Apr 29 08:28:58 devstack devstack@n-api.service[60848]: INFO nova.api.openstack.requestlog [None req-301993dc-745e-4242-8299-93e51531cb3c admin admin] 192.168.122.243 "POST /compute/v2.1/flavors/3/os-extra_specs" status: 200 len: 43 microversion: 2.61 time: 0.042974
Apr 29 08:28:58 devstack devstack@n-api.service[60848]: [pid: 60848|app: 0|req: 15/29] 192.168.122.243 () {64 vars in 1337 bytes} [Wed Apr 29 08:28:58 2026] POST /compute/v2.1/flavors/3/os-extra_specs => generated 43 bytes in 44 msecs (HTTP/1.1 200) 9 headers in 358 bytes (1 switches on core 0)
Apr 29 08:29:01 devstack devstack@n-api.service[60847]: DEBUG nova.api.openstack.wsgi [None req-b3b1e00d-934b-40a3-852c-c425ad723ad1 admin admin] Calling method '>' {{(pid=60847) _process_stack /opt/stack/nova/nova/api/openstack/wsgi.py:551}}
Apr 29 08:29:01 devstack devstack@n-api.service[60847]: INFO nova.api.openstack.requestlog [None req-b3b1e00d-934b-40a3-852c-c425ad723ad1 admin admin] 192.168.122.243 "GET /compute/v2.1" status: 200 len: 393 microversion: 2.1 time: 0.006822
Apr 29 08:29:01 devstack devstack@n-api.service[60847]: [pid: 60847|app: 0|req: 15/30] 192.168.122.243 () {54 vars in 935 bytes} [Wed Apr 29 08:29:01 2026] GET /compute/v2.1 => generated 393 bytes in 8 msecs (HTTP/1.1 200) 9 headers in 357 bytes (1 switches on core 0)
Apr 29 08:29:01 devstack devstack@n-api.service[60848]: DEBUG nova.api.openstack.wsgi [None req-2ab6c2c5-a34f-4cb7-a376-77516f78f40c admin admin] Action: 'create', calling method: >, body: {"flavor": {"ram": 8192, "name": "m1.large", "rxtx_factor": 1.0, "vcpus": 4, "OS-FLV-EXT-DATA:ephemeral": 0, "swap": 0, "disk": 80, "os-flavor-access:is_public": true, "id": "4"}} {{(pid=60848) _process_stack /opt/stack/nova/nova/api/openstack/wsgi.py:549}}
Apr 29 08:29:01 devstack devstack@n-api.service[60848]: INFO nova.api.openstack.requestlog [None req-2ab6c2c5-a34f-4cb7-a376-77516f78f40c admin admin] 192.168.122.243 "POST /compute/v2.1/flavors" status: 200 len: 413 microversion: 2.61 time: 0.081876
Apr 29 08:29:01 devstack devstack@n-api.service[60848]: [pid: 60848|app: 0|req: 16/31] 192.168.122.243 () {64 vars in 1287 bytes} [Wed Apr 29 08:29:01 2026] POST /compute/v2.1/flavors => generated 413 bytes in 83 msecs (HTTP/1.1 200) 9 headers in 359 bytes (1 switches on core 0)
Apr 29 08:29:01 devstack devstack@n-api.service[60847]: DEBUG nova.api.openstack.wsgi [None req-2aed1c42-21ca-49c1-bd60-06c6f058ad31 admin admin] Action: 'create', calling method: >, body: {"extra_specs": {"hw_rng:allowed": "True"}} {{(pid=60847) _process_stack /opt/stack/nova/nova/api/openstack/wsgi.py:549}}
Apr 29 08:29:01 devstack devstack@n-api.service[60847]: INFO nova.api.openstack.requestlog [None req-2aed1c42-21ca-49c1-bd60-06c6f058ad31 admin admin] 192.168.122.243 "POST /compute/v2.1/flavors/4/os-extra_specs" status: 200 len: 43 microversion: 2.61 time: 0.033242
Apr 29 08:29:01 devstack devstack@n-api.service[60847]: [pid: 60847|app: 0|req: 16/32] 192.168.122.243 () {64 vars in 1337 bytes} [Wed Apr 29 08:29:01 2026] POST /compute/v2.1/flavors/4/os-extra_specs => generated 43 bytes in 34 msecs (HTTP/1.1 200) 9 headers in 358 bytes (1 switches on core 0)
Apr 29 08:29:04 devstack devstack@n-api.service[60848]: DEBUG nova.api.openstack.wsgi [None req-2ab6c2c5-a34f-4cb7-a376-77516f78f40c admin admin] Calling method '>' {{(pid=60848) _process_stack /opt/stack/nova/nova/api/openstack/wsgi.py:551}}
Apr 29 08:29:04 devstack devstack@n-api.service[60848]: INFO nova.api.openstack.requestlog [None req-2ab6c2c5-a34f-4cb7-a376-77516f78f40c admin admin] 192.168.122.243 "GET /compute/v2.1" status: 200 len: 393 microversion: 2.1 time: 0.004993
Apr 29 08:29:04 devstack devstack@n-api.service[60848]: [pid: 60848|app: 0|req: 17/33] 192.168.122.243 () {54 vars in 935 bytes} [Wed Apr 29 08:29:04 2026] GET /compute/v2.1 => generated 393 bytes in 6 msecs (HTTP/1.1 200) 9 headers in 357 bytes (1 switches on core 0)
Apr 29 08:29:04 devstack devstack@n-api.service[60847]: DEBUG nova.api.openstack.wsgi [None req-d48e70a7-6aae-4f3a-9180-26ea43905cdb admin admin] Action: 'create', calling method: >, body: {"flavor": {"OS-FLV-EXT-DATA:ephemeral": 0, "rxtx_factor": 1.0, "os-flavor-access:is_public": true, "name": "m1.xlarge", "id": "5", "swap": 0, "ram": 16384, "disk": 160, "vcpus": 8}} {{(pid=60847) _process_stack /opt/stack/nova/nova/api/openstack/wsgi.py:549}}
Apr 29 08:29:04 devstack devstack@n-api.service[60847]: INFO nova.api.openstack.requestlog [None req-d48e70a7-6aae-4f3a-9180-26ea43905cdb admin admin] 192.168.122.243 "POST /compute/v2.1/flavors" status: 200 len: 416 microversion: 2.61 time: 0.082163
Apr 29 08:29:04 devstack devstack@n-api.service[60847]: [pid: 60847|app: 0|req: 17/34] 192.168.122.243 () {64 vars in 1287 bytes} [Wed Apr 29 08:29:04 2026] POST /compute/v2.1/flavors => generated 416 bytes in 83 msecs (HTTP/1.1 200) 9 headers in 359 bytes (1 switches on core 0)
Apr 29 08:29:04 devstack devstack@n-api.service[60848]: DEBUG nova.api.openstack.wsgi [None req-a021e58e-4d81-4819-93e3-be67b46003a0 admin admin] Action: 'create', calling method: >, body: {"extra_specs": {"hw_rng:allowed": "True"}} {{(pid=60848) _process_stack /opt/stack/nova/nova/api/openstack/wsgi.py:549}}
Apr 29 08:29:04 devstack devstack@n-api.service[60848]: INFO nova.api.openstack.requestlog [None req-a021e58e-4d81-4819-93e3-be67b46003a0 admin admin] 192.168.122.243 "POST /compute/v2.1/flavors/5/os-extra_specs" status: 200 len: 43 microversion: 2.61 time: 0.036779
Apr 29 08:29:04 devstack devstack@n-api.service[60848]: [pid: 60848|app: 0|req: 18/35] 192.168.122.243 () {64 vars in 1337 bytes} [Wed Apr 29 08:29:04 2026] POST /compute/v2.1/flavors/5/os-extra_specs => generated 43 bytes in 38 msecs (HTTP/1.1 200) 9 headers in 358 bytes (1 switches on core 0)
Apr 29 08:29:11 devstack devstack@n-api.service[60847]: DEBUG nova.api.openstack.wsgi [None req-d48e70a7-6aae-4f3a-9180-26ea43905cdb admin admin] Calling method '>' {{(pid=60847) _process_stack /opt/stack/nova/nova/api/openstack/wsgi.py:551}}
Apr 29 08:29:11 devstack devstack@n-api.service[60847]: INFO nova.api.openstack.requestlog [None req-d48e70a7-6aae-4f3a-9180-26ea43905cdb admin admin] 192.168.122.243 "GET /compute/v2.1" status: 200 len: 393 microversion: 2.1 time: 0.005350
Apr 29 08:29:11 devstack devstack@n-api.service[60847]: [pid: 60847|app: 0|req: 18/36] 192.168.122.243 () {54 vars in 935 bytes} [Wed Apr 29 08:29:11 2026] GET /compute/v2.1 => generated 393 bytes in 6 msecs (HTTP/1.1 200) 9 headers in 357 bytes (1 switches on core 0)
Apr 29 08:29:11 devstack devstack@n-api.service[60848]: DEBUG nova.api.openstack.wsgi [None req-eb071e5e-7505-4b4f-bb06-a51bc8c5e749 admin admin] Calling method '>' {{(pid=60848) _process_stack /opt/stack/nova/nova/api/openstack/wsgi.py:551}}
Apr 29 08:29:11 devstack devstack@n-api.service[60848]: DEBUG oslo_concurrency.lockutils [None req-eb071e5e-7505-4b4f-bb06-a51bc8c5e749 admin admin] Acquiring lock "00000000-0000-0000-0000-000000000000" by "nova.context.set_target_cell..get_or_set_cached_cell_and_set_connections" {{(pid=60848) inner /opt/stack/data/venv/lib/python3.12/site-packages/oslo_concurrency/lockutils.py:506}}
Apr 29 08:29:11 devstack devstack@n-api.service[60848]: DEBUG oslo_concurrency.lockutils [None req-eb071e5e-7505-4b4f-bb06-a51bc8c5e749 admin admin] Lock "00000000-0000-0000-0000-000000000000" acquired by "nova.context.set_target_cell..get_or_set_cached_cell_and_set_connections" :: waited 0.001s {{(pid=60848) inner /opt/stack/data/venv/lib/python3.12/site-packages/oslo_concurrency/lockutils.py:519}}
Apr 29 08:29:11 devstack devstack@n-api.service[60848]: DEBUG oslo_concurrency.lockutils [None req-eb071e5e-7505-4b4f-bb06-a51bc8c5e749 admin admin] Lock "00000000-0000-0000-0000-000000000000" "released" by "nova.context.set_target_cell..get_or_set_cached_cell_and_set_connections" :: held 0.000s {{(pid=60848) inner /opt/stack/data/venv/lib/python3.12/site-packages/oslo_concurrency/lockutils.py:538}}
Apr 29 08:29:11 devstack devstack@n-api.service[60848]: DEBUG oslo_concurrency.lockutils [None req-eb071e5e-7505-4b4f-bb06-a51bc8c5e749 admin admin] Acquiring lock "63c17a70-3835-41f1-a957-fc8b1095bddb" by "nova.context.set_target_cell..get_or_set_cached_cell_and_set_connections" {{(pid=60848) inner /opt/stack/data/venv/lib/python3.12/site-packages/oslo_concurrency/lockutils.py:506}}
Apr 29 08:29:11 devstack devstack@n-api.service[60848]: DEBUG oslo_concurrency.lockutils [None req-eb071e5e-7505-4b4f-bb06-a51bc8c5e749 admin admin] Lock "63c17a70-3835-41f1-a957-fc8b1095bddb" acquired by "nova.context.set_target_cell..get_or_set_cached_cell_and_set_connections" :: waited 0.001s {{(pid=60848) inner /opt/stack/data/venv/lib/python3.12/site-packages/oslo_concurrency/lockutils.py:519}}
Apr 29 08:29:11 devstack devstack@n-api.service[60848]: DEBUG oslo_concurrency.lockutils [None req-eb071e5e-7505-4b4f-bb06-a51bc8c5e749 admin admin] Lock "63c17a70-3835-41f1-a957-fc8b1095bddb" "released" by "nova.context.set_target_cell..get_or_set_cached_cell_and_set_connections" :: held 0.000s {{(pid=60848) inner /opt/stack/data/venv/lib/python3.12/site-packages/oslo_concurrency/lockutils.py:538}}
Apr 29 08:29:11 devstack devstack@n-api.service[60848]: INFO nova.api.openstack.requestlog [None req-eb071e5e-7505-4b4f-bb06-a51bc8c5e749 admin admin] 192.168.122.243 "GET /compute/v2.1/os-services?binary=nova-compute&host=devstack" status: 200 len: 251 microversion: 2.69 time: 0.119136
Apr 29 08:29:11 devstack devstack@n-api.service[60848]: [pid: 60848|app: 0|req: 19/37] 192.168.122.243 () {60 vars in 1325 bytes} [Wed Apr 29 08:29:11 2026] GET /compute/v2.1/os-services?binary=nova-compute&host=devstack => generated 251 bytes in 120 msecs (HTTP/1.1 200) 9 headers in 359 bytes (1 switches on core 0)
Apr 29 08:29:14 devstack devstack@n-api.service[60847]: DEBUG dbcounter [-] [60847] Writing DB stats nova_api:SELECT=21,nova_api:SAVEPOINT=5,nova_api:INSERT=10,nova_api:RELEASE=5 {{(pid=60847) stat_writer /opt/stack/data/venv/lib/python3.12/site-packages/dbcounter.py:115}}
Apr 29 08:29:21 devstack devstack@n-api.service[60848]: DEBUG dbcounter [-] [60848] Writing DB stats nova_cell0:SELECT=1 {{(pid=60848) stat_writer /opt/stack/data/venv/lib/python3.12/site-packages/dbcounter.py:115}}
Apr 29 08:29:21 devstack devstack@n-api.service[60848]: DEBUG dbcounter [-] [60848] Writing DB stats nova_cell1:SELECT=1 {{(pid=60848) stat_writer /opt/stack/data/venv/lib/python3.12/site-packages/dbcounter.py:115}}
Apr 29 08:29:21 devstack devstack@n-api.service[60848]: DEBUG dbcounter [-] [60848] Writing DB stats nova_api:SELECT=23,nova_api:INSERT=10,nova_api:SAVEPOINT=5,nova_api:RELEASE=5 {{(pid=60848) stat_writer /opt/stack/data/venv/lib/python3.12/site-packages/dbcounter.py:115}}
Apr 29 08:29:38 devstack devstack@n-api.service[60847]: DEBUG nova.api.openstack.wsgi [None req-d48e70a7-6aae-4f3a-9180-26ea43905cdb admin admin] Calling method '>' {{(pid=60847) _process_stack /opt/stack/nova/nova/api/openstack/wsgi.py:551}}
Apr 29 08:29:38 devstack devstack@n-api.service[60847]: INFO nova.api.openstack.requestlog [None req-d48e70a7-6aae-4f3a-9180-26ea43905cdb admin admin] 192.168.122.243 "GET /compute/v2.1" status: 200 len: 393 microversion: 2.1 time: 0.005198
Apr 29 08:29:38 devstack devstack@n-api.service[60847]: [pid: 60847|app: 0|req: 19/38] 192.168.122.243 () {54 vars in 935 bytes} [Wed Apr 29 08:29:38 2026] GET /compute/v2.1 => generated 393 bytes in 6 msecs (HTTP/1.1 200) 9 headers in 357 bytes (1 switches on core 0)
Apr 29 08:29:38 devstack devstack@n-api.service[60848]: DEBUG nova.api.openstack.wsgi [None req-76282f75-8872-412a-8b9a-a89dd1010b53 admin admin] Calling method '>' {{(pid=60848) _process_stack /opt/stack/nova/nova/api/openstack/wsgi.py:551}}
Apr 29 08:29:38 devstack devstack@n-api.service[60848]: INFO nova.api.openstack.requestlog [None req-76282f75-8872-412a-8b9a-a89dd1010b53 admin admin] 192.168.122.243 "GET /compute/v2.1/flavors/detail?is_public=True" status: 200 len: 4282 microversion: 2.61 time: 0.081715
Apr 29 08:29:38 devstack devstack@n-api.service[60848]: [pid: 60848|app: 0|req: 20/39] 192.168.122.243 () {60 vars in 1296 bytes} [Wed Apr 29 08:29:38 2026] GET /compute/v2.1/flavors/detail?is_public=True => generated 4282 bytes in 83 msecs (HTTP/1.1 200) 9 headers in 360 bytes (1 switches on core 0)
Apr 29 08:29:44 devstack devstack@n-api.service[60847]: DEBUG nova.api.openstack.wsgi [None req-d48e70a7-6aae-4f3a-9180-26ea43905cdb admin admin] Calling method '>' {{(pid=60847) _process_stack /opt/stack/nova/nova/api/openstack/wsgi.py:551}}
Apr 29 08:29:44 devstack devstack@n-api.service[60847]: INFO nova.api.openstack.requestlog [None req-d48e70a7-6aae-4f3a-9180-26ea43905cdb admin admin] 192.168.122.243 "GET /compute/v2.1" status: 200 len: 393 microversion: 2.1 time: 0.005684
Apr 29 08:29:44 devstack devstack@n-api.service[60847]: [pid: 60847|app: 0|req: 20/40] 192.168.122.243 () {54 vars in 935 bytes} [Wed Apr 29 08:29:44 2026] GET /compute/v2.1 => generated 393 bytes in 7 msecs (HTTP/1.1 200) 9 headers in 357 bytes (1 switches on core 0)
Apr 29 08:29:44 devstack devstack@n-api.service[60848]: DEBUG nova.api.openstack.wsgi [None req-4ddefdc1-55e3-48d3-8724-0fdcdbe777fe admin admin] Action: 'create', calling method: >, body: {"flavor": {"id": "42", "vcpus": 1, "ram": 192, "name": "m1.nano", "OS-FLV-EXT-DATA:ephemeral": 0, "disk": 1, "rxtx_factor": 1.0, "os-flavor-access:is_public": true, "swap": 0}} {{(pid=60848) _process_stack /opt/stack/nova/nova/api/openstack/wsgi.py:549}}
Apr 29 08:29:44 devstack devstack@n-api.service[60848]: INFO nova.api.openstack.requestlog [None req-4ddefdc1-55e3-48d3-8724-0fdcdbe777fe admin admin] 192.168.122.243 "POST /compute/v2.1/flavors" status: 200 len: 413 microversion: 2.61 time: 0.078471
Apr 29 08:29:44 devstack devstack@n-api.service[60848]: [pid: 60848|app: 0|req: 21/41] 192.168.122.243 () {64 vars in 1287 bytes} [Wed Apr 29 08:29:44 2026] POST /compute/v2.1/flavors => generated 413 bytes in 79 msecs (HTTP/1.1 200) 9 headers in 359 bytes (1 switches on core 0)
Apr 29 08:29:44 devstack devstack@n-api.service[60847]: DEBUG nova.api.openstack.wsgi [None req-ae2fc5f9-5931-4d95-a4b0-3b96805aa03d admin admin] Action: 'create', calling method: >, body: {"extra_specs": {"hw_rng:allowed": "True"}} {{(pid=60847) _process_stack /opt/stack/nova/nova/api/openstack/wsgi.py:549}}
Apr 29 08:29:44 devstack devstack@n-api.service[60847]: INFO nova.api.openstack.requestlog [None req-ae2fc5f9-5931-4d95-a4b0-3b96805aa03d admin admin] 192.168.122.243 "POST /compute/v2.1/flavors/42/os-extra_specs" status: 200 len: 43 microversion: 2.61 time: 0.034679
Apr 29 08:29:44 devstack devstack@n-api.service[60847]: [pid: 60847|app: 0|req: 21/42] 192.168.122.243 () {64 vars in 1340 bytes} [Wed Apr 29 08:29:44 2026] POST /compute/v2.1/flavors/42/os-extra_specs => generated 43 bytes in 36 msecs (HTTP/1.1 200) 9 headers in 358 bytes (1 switches on core 0)
Apr 29 08:29:51 devstack devstack@n-api.service[60848]: DEBUG nova.api.openstack.wsgi [None req-4ddefdc1-55e3-48d3-8724-0fdcdbe777fe admin admin] Calling method '>' {{(pid=60848) _process_stack /opt/stack/nova/nova/api/openstack/wsgi.py:551}}
Apr 29 08:29:51 devstack devstack@n-api.service[60848]: INFO nova.api.openstack.requestlog [None req-4ddefdc1-55e3-48d3-8724-0fdcdbe777fe admin admin] 192.168.122.243 "GET /compute/v2.1" status: 200 len: 393 microversion: 2.1 time: 0.005652
Apr 29 08:29:51 devstack devstack@n-api.service[60848]: [pid: 60848|app: 0|req: 22/43] 192.168.122.243 () {54 vars in 935 bytes} [Wed Apr 29 08:29:51 2026] GET /compute/v2.1 => generated 393 bytes in 6 msecs (HTTP/1.1 200) 9 headers in 357 bytes (1 switches on core 0)
Apr 29 08:29:51 devstack devstack@n-api.service[60847]: DEBUG nova.api.openstack.wsgi [None req-d3959486-c332-4329-b669-06d9d1084c11 admin admin] Action: 'create', calling method: >, body: {"flavor": {"OS-FLV-EXT-DATA:ephemeral": 0, "name": "m1.micro", "vcpus": 1, "rxtx_factor": 1.0, "disk": 1, "swap": 0, "os-flavor-access:is_public": true, "ram": 256, "id": "84"}} {{(pid=60847) _process_stack /opt/stack/nova/nova/api/openstack/wsgi.py:549}}
Apr 29 08:29:51 devstack devstack@n-api.service[60847]: INFO nova.api.openstack.requestlog [None req-d3959486-c332-4329-b669-06d9d1084c11 admin admin] 192.168.122.243 "POST /compute/v2.1/flavors" status: 200 len: 414 microversion: 2.61 time: 0.085717
Apr 29 08:29:51 devstack devstack@n-api.service[60847]: [pid: 60847|app: 0|req: 22/44] 192.168.122.243 () {64 vars in 1287 bytes} [Wed Apr 29 08:29:51 2026] POST /compute/v2.1/flavors => generated 414 bytes in 87 msecs (HTTP/1.1 200) 9 headers in 359 bytes (1 switches on core 0)
Apr 29 08:29:51 devstack devstack@n-api.service[60848]: DEBUG nova.api.openstack.wsgi [None req-fa16b1d3-1bc9-4406-b546-0451d7e65d0d admin admin] Action: 'create', calling method: >, body: {"extra_specs": {"hw_rng:allowed": "True"}} {{(pid=60848) _process_stack /opt/stack/nova/nova/api/openstack/wsgi.py:549}}
Apr 29 08:29:51 devstack devstack@n-api.service[60848]: INFO nova.api.openstack.requestlog [None req-fa16b1d3-1bc9-4406-b546-0451d7e65d0d admin admin] 192.168.122.243 "POST /compute/v2.1/flavors/84/os-extra_specs" status: 200 len: 43 microversion: 2.61 time: 0.035153
Apr 29 08:29:51 devstack devstack@n-api.service[60848]: [pid: 60848|app: 0|req: 23/45] 192.168.122.243 () {64 vars in 1340 bytes} [Wed Apr 29 08:29:51 2026] POST /compute/v2.1/flavors/84/os-extra_specs => generated 43 bytes in 36 msecs (HTTP/1.1 200) 9 headers in 358 bytes (1 switches on core 0)
Apr 29 08:30:01 devstack devstack@n-api.service[60847]: DEBUG dbcounter [-] [60847] Writing DB stats nova_api:SELECT=4,nova_api:SAVEPOINT=1,nova_api:INSERT=2,nova_api:RELEASE=1 {{(pid=60847) stat_writer /opt/stack/data/venv/lib/python3.12/site-packages/dbcounter.py:115}}
Apr 29 08:30:01 devstack devstack@n-api.service[60848]: DEBUG dbcounter [-] [60848] Writing DB stats nova_api:SELECT=5,nova_api:INSERT=2,nova_api:SAVEPOINT=1,nova_api:RELEASE=1 {{(pid=60848) stat_writer /opt/stack/data/venv/lib/python3.12/site-packages/dbcounter.py:115}}
Apr 29 08:32:13 devstack devstack@n-api.service[60847]: DEBUG nova.api.openstack.wsgi [None req-5fffd4f5-814a-47c6-9624-cdd2873633cc tempest-VolumesNegativeTest-979518457 tempest-VolumesNegativeTest-979518457-project-member] Action: 'create', calling method: >, body: {"volume": {"size": "#$%", "display_name": "tempest-VolumesNegativeTest-Volume-1748921182", "metadata": {"Type": "work"}}} {{(pid=60847) _process_stack /opt/stack/nova/nova/api/openstack/wsgi.py:549}}
Apr 29 08:32:13 devstack devstack@n-api.service[60847]: DEBUG nova.api.openstack.wsgi [None req-5fffd4f5-814a-47c6-9624-cdd2873633cc tempest-VolumesNegativeTest-979518457 tempest-VolumesNegativeTest-979518457-project-member] Returning 400 to user: Invalid input for field/attribute size. Value: #$%. '#$%' does not match '^[0-9]+$' {{(pid=60847) __call__ /opt/stack/nova/nova/api/openstack/wsgi.py:908}}
Apr 29 08:32:13 devstack devstack@n-api.service[60847]: INFO nova.api.openstack.requestlog [None req-5fffd4f5-814a-47c6-9624-cdd2873633cc tempest-VolumesNegativeTest-979518457 tempest-VolumesNegativeTest-979518457-project-member] 192.168.122.243 "POST /compute/v2.1/os-volumes" status: 400 len: 127 microversion: 2.1 time: 0.299182
Apr 29 08:32:13 devstack devstack@n-api.service[60847]: [pid: 60847|app: 0|req: 23/46] 192.168.122.243 () {60 vars in 1158 bytes} [Wed Apr 29 08:32:12 2026] POST /compute/v2.1/os-volumes => generated 127 bytes in 300 msecs (HTTP/1.1 400) 9 headers in 381 bytes (1 switches on core 0)
Apr 29 08:32:13 devstack devstack@n-api.service[60848]: DEBUG nova.api.openstack.wsgi [None req-3f5b7311-f7e8-48b1-aab7-995212e8fa8d tempest-VolumesNegativeTest-979518457 tempest-VolumesNegativeTest-979518457-project-member] Action: 'create', calling method: >, body: {"volume": {"size": "0", "display_name": "tempest-VolumesNegativeTest-Volume-1067390379", "metadata": {"Type": "work"}}} {{(pid=60848) _process_stack /opt/stack/nova/nova/api/openstack/wsgi.py:549}}
Apr 29 08:32:13 devstack devstack@n-api.service[60848]: DEBUG nova.api.openstack.wsgi [None req-3f5b7311-f7e8-48b1-aab7-995212e8fa8d tempest-VolumesNegativeTest-979518457 tempest-VolumesNegativeTest-979518457-project-member] Returning 400 to user: Invalid input for field/attribute size. Value: 0. 0 is less than the minimum of 1 {{(pid=60848) __call__ /opt/stack/nova/nova/api/openstack/wsgi.py:908}}
Apr 29 08:32:13 devstack devstack@n-api.service[60848]: INFO nova.api.openstack.requestlog [None req-3f5b7311-f7e8-48b1-aab7-995212e8fa8d tempest-VolumesNegativeTest-979518457 tempest-VolumesNegativeTest-979518457-project-member] 192.168.122.243 "POST /compute/v2.1/os-volumes" status: 400 len: 125 microversion: 2.1 time: 0.018593
Apr 29 08:32:13 devstack devstack@n-api.service[60848]: [pid: 60848|app: 0|req: 24/47] 192.168.122.243 () {60 vars in 1158 bytes} [Wed Apr 29 08:32:13 2026] POST /compute/v2.1/os-volumes => generated 125 bytes in 20 msecs (HTTP/1.1 400) 9 headers in 381 bytes (1 switches on core 0)
Apr 29 08:32:13 devstack devstack@n-api.service[60847]: DEBUG nova.api.openstack.wsgi [None req-8fb24e41-7c2d-4cd8-bc36-a0a5278d783f tempest-VolumesNegativeTest-979518457 tempest-VolumesNegativeTest-979518457-project-member] Action: 'create', calling method: >, body: {"volume": {"size": "", "display_name": "tempest-VolumesNegativeTest-Volume-1930114475", "metadata": {"Type": "work"}}} {{(pid=60847) _process_stack /opt/stack/nova/nova/api/openstack/wsgi.py:549}}
Apr 29 08:32:13 devstack devstack@n-api.service[60847]: DEBUG nova.api.openstack.wsgi [None req-8fb24e41-7c2d-4cd8-bc36-a0a5278d783f tempest-VolumesNegativeTest-979518457 tempest-VolumesNegativeTest-979518457-project-member] Returning 400 to user: Invalid input for field/attribute size. Value: . '' does not match '^[0-9]+$' {{(pid=60847) __call__ /opt/stack/nova/nova/api/openstack/wsgi.py:908}}
Apr 29 08:32:13 devstack devstack@n-api.service[60847]: INFO nova.api.openstack.requestlog [None req-8fb24e41-7c2d-4cd8-bc36-a0a5278d783f tempest-VolumesNegativeTest-979518457 tempest-VolumesNegativeTest-979518457-project-member] 192.168.122.243 "POST /compute/v2.1/os-volumes" status: 400 len: 121 microversion: 2.1 time: 0.010463
Apr 29 08:32:13 devstack devstack@n-api.service[60847]: [pid: 60847|app: 0|req: 24/48] 192.168.122.243 () {60 vars in 1158 bytes} [Wed Apr 29 08:32:13 2026] POST /compute/v2.1/os-volumes => generated 121 bytes in 13 msecs (HTTP/1.1 400) 9 headers in 381 bytes (1 switches on core 0)
Apr 29 08:32:13 devstack devstack@n-api.service[60848]: DEBUG nova.api.openstack.wsgi [None req-75711617-703f-4a4d-b5cf-66a2ffdf32a3 tempest-VolumesNegativeTest-979518457 tempest-VolumesNegativeTest-979518457-project-member] Calling method '>' {{(pid=60848) _process_stack /opt/stack/nova/nova/api/openstack/wsgi.py:551}}
Apr 29 08:32:14 devstack devstack@n-api.service[60848]: INFO nova.api.openstack.wsgi [None req-75711617-703f-4a4d-b5cf-66a2ffdf32a3 tempest-VolumesNegativeTest-979518457 tempest-VolumesNegativeTest-979518457-project-member] HTTP exception thrown: Volume tempest-invalid-755740881 could not be found.
Apr 29 08:32:14 devstack devstack@n-api.service[60848]: DEBUG nova.api.openstack.wsgi [None req-75711617-703f-4a4d-b5cf-66a2ffdf32a3 tempest-VolumesNegativeTest-979518457 tempest-VolumesNegativeTest-979518457-project-member] Returning 404 to user: Volume tempest-invalid-755740881 could not be found. {{(pid=60848) __call__ /opt/stack/nova/nova/api/openstack/wsgi.py:908}}
Apr 29 08:32:14 devstack devstack@n-api.service[60848]: INFO nova.api.openstack.requestlog [None req-75711617-703f-4a4d-b5cf-66a2ffdf32a3 tempest-VolumesNegativeTest-979518457 tempest-VolumesNegativeTest-979518457-project-member] 192.168.122.243 "DELETE /compute/v2.1/os-volumes/tempest-invalid-755740881" status: 404 len: 98 microversion: 2.1 time: 1.194386
Apr 29 08:32:14 devstack devstack@n-api.service[60848]: [pid: 60848|app: 0|req: 25/49] 192.168.122.243 () {58 vars in 1217 bytes} [Wed Apr 29 08:32:13 2026] DELETE /compute/v2.1/os-volumes/tempest-invalid-755740881 => generated 98 bytes in 1199 msecs (HTTP/1.1 404) 9 headers in 378 bytes (1 switches on core 0)
Apr 29 08:32:14 devstack devstack@n-api.service[60847]: INFO nova.api.openstack.requestlog [None req-d576fa37-b0d3-459a-a0f2-c61ace36fd1b tempest-VolumesNegativeTest-979518457 tempest-VolumesNegativeTest-979518457-project-member] 192.168.122.243 "DELETE /compute/v2.1/os-volumes/" status: 404 len: 112 microversion: - time: 0.003750
Apr 29 08:32:14 devstack devstack@n-api.service[60847]: [pid: 60847|app: 0|req: 25/50] 192.168.122.243 () {58 vars in 1142 bytes} [Wed Apr 29 08:32:14 2026] DELETE /compute/v2.1/os-volumes/ => generated 112 bytes in 5 msecs (HTTP/1.1 404) 5 headers in 228 bytes (1 switches on core 0)
Apr 29 08:32:14 devstack devstack@n-api.service[60848]: INFO nova.api.openstack.requestlog [None req-30ba356d-cde7-4fe6-99d2-c380316d1a0c tempest-VolumesNegativeTest-979518457 tempest-VolumesNegativeTest-979518457-project-reader] 192.168.122.243 "GET /compute/v2.1/os-volumes/" status: 404 len: 112 microversion: - time: 0.108985
Apr 29 08:32:14 devstack devstack@n-api.service[60848]: [pid: 60848|app: 0|req: 26/51] 192.168.122.243 () {58 vars in 1139 bytes} [Wed Apr 29 08:32:14 2026] GET /compute/v2.1/os-volumes/ => generated 112 bytes in 110 msecs (HTTP/1.1 404) 5 headers in 228 bytes (1 switches on core 0)
Apr 29 08:32:14 devstack devstack@n-api.service[60847]: DEBUG nova.api.openstack.wsgi [None req-7b0d6bb5-3257-4a9e-b0e8-6c01c16f84c9 tempest-VolumesNegativeTest-979518457 tempest-VolumesNegativeTest-979518457-project-member] Calling method '>' {{(pid=60847) _process_stack /opt/stack/nova/nova/api/openstack/wsgi.py:551}}
Apr 29 08:32:15 devstack devstack@n-api.service[60847]: INFO nova.api.openstack.wsgi [None req-7b0d6bb5-3257-4a9e-b0e8-6c01c16f84c9 tempest-VolumesNegativeTest-979518457 tempest-VolumesNegativeTest-979518457-project-member] HTTP exception thrown: Volume eb0a5111-40bc-41b4-8281-e586b5f284db could not be found.
Apr 29 08:32:15 devstack devstack@n-api.service[60847]: DEBUG nova.api.openstack.wsgi [None req-7b0d6bb5-3257-4a9e-b0e8-6c01c16f84c9 tempest-VolumesNegativeTest-979518457 tempest-VolumesNegativeTest-979518457-project-member] Returning 404 to user: Volume eb0a5111-40bc-41b4-8281-e586b5f284db could not be found. {{(pid=60847) __call__ /opt/stack/nova/nova/api/openstack/wsgi.py:908}}
Apr 29 08:32:15 devstack devstack@n-api.service[60847]: INFO nova.api.openstack.requestlog [None req-7b0d6bb5-3257-4a9e-b0e8-6c01c16f84c9 tempest-VolumesNegativeTest-979518457 tempest-VolumesNegativeTest-979518457-project-member] 192.168.122.243 "DELETE /compute/v2.1/os-volumes/eb0a5111-40bc-41b4-8281-e586b5f284db" status: 404 len: 109 microversion: 2.1 time: 1.047435
Apr 29 08:32:15 devstack devstack@n-api.service[60847]: [pid: 60847|app: 0|req: 26/52] 192.168.122.243 () {58 vars in 1250 bytes} [Wed Apr 29 08:32:14 2026] DELETE /compute/v2.1/os-volumes/eb0a5111-40bc-41b4-8281-e586b5f284db => generated 109 bytes in 1049 msecs (HTTP/1.1 404) 9 headers in 379 bytes (1 switches on core 0)
Apr 29 08:32:15 devstack devstack@n-api.service[60848]: DEBUG nova.api.openstack.wsgi [None req-c3437c57-5652-4647-89d8-8a28e0b7629f tempest-VolumesNegativeTest-979518457 tempest-VolumesNegativeTest-979518457-project-reader] Calling method '>' {{(pid=60848) _process_stack /opt/stack/nova/nova/api/openstack/wsgi.py:551}}
Apr 29 08:32:15 devstack devstack@n-api.service[60848]: INFO nova.api.openstack.wsgi [None req-c3437c57-5652-4647-89d8-8a28e0b7629f tempest-VolumesNegativeTest-979518457 tempest-VolumesNegativeTest-979518457-project-reader] HTTP exception thrown: Volume d8029b8a-54fe-4b43-9fab-1393f4ffe907 could not be found.
Apr 29 08:32:15 devstack devstack@n-api.service[60848]: DEBUG nova.api.openstack.wsgi [None req-c3437c57-5652-4647-89d8-8a28e0b7629f tempest-VolumesNegativeTest-979518457 tempest-VolumesNegativeTest-979518457-project-reader] Returning 404 to user: Volume d8029b8a-54fe-4b43-9fab-1393f4ffe907 could not be found. {{(pid=60848) __call__ /opt/stack/nova/nova/api/openstack/wsgi.py:908}}
Apr 29 08:32:15 devstack devstack@n-api.service[60848]: INFO nova.api.openstack.requestlog [None req-c3437c57-5652-4647-89d8-8a28e0b7629f tempest-VolumesNegativeTest-979518457 tempest-VolumesNegativeTest-979518457-project-reader] 192.168.122.243 "GET /compute/v2.1/os-volumes/d8029b8a-54fe-4b43-9fab-1393f4ffe907" status: 404 len: 109 microversion: 2.1 time: 0.052026
Apr 29 08:32:15 devstack devstack@n-api.service[60848]: [pid: 60848|app: 0|req: 27/53] 192.168.122.243 () {58 vars in 1247 bytes} [Wed Apr 29 08:32:15 2026] GET /compute/v2.1/os-volumes/d8029b8a-54fe-4b43-9fab-1393f4ffe907 => generated 109 bytes in 54 msecs (HTTP/1.1 404) 9 headers in 379 bytes (1 switches on core 0)
Apr 29 08:32:29 devstack devstack@n-api.service[60847]: DEBUG nova.api.openstack.wsgi [None req-659eaaeb-5fed-4ae2-882a-ebfceee3b2b4 tempest-DeleteServersTestJSON-626164797 tempest-DeleteServersTestJSON-626164797-project-member] Action: 'create', calling method: >, body: {"server": {"name": "tempest-DeleteServersTestJSON-server-2067328126", "imageRef": "b7d8ee2a-d63e-4da9-983e-f810d728a919", "flavorRef": "42", "networks": [{"uuid": "e3a15735-2fc3-4ae2-b220-1cd42ee64202"}]}} {{(pid=60847) _process_stack /opt/stack/nova/nova/api/openstack/wsgi.py:549}}
Apr 29 08:32:29 devstack devstack@n-api.service[60847]: DEBUG oslo_concurrency.lockutils [None req-659eaaeb-5fed-4ae2-882a-ebfceee3b2b4 tempest-DeleteServersTestJSON-626164797 tempest-DeleteServersTestJSON-626164797-project-member] Acquiring lock "00000000-0000-0000-0000-000000000000" by "nova.context.set_target_cell..get_or_set_cached_cell_and_set_connections" {{(pid=60847) inner /opt/stack/data/venv/lib/python3.12/site-packages/oslo_concurrency/lockutils.py:506}}
Apr 29 08:32:29 devstack devstack@n-api.service[60847]: DEBUG oslo_concurrency.lockutils [None req-659eaaeb-5fed-4ae2-882a-ebfceee3b2b4 tempest-DeleteServersTestJSON-626164797 tempest-DeleteServersTestJSON-626164797-project-member] Lock "00000000-0000-0000-0000-000000000000" acquired by "nova.context.set_target_cell..get_or_set_cached_cell_and_set_connections" :: waited 0.001s {{(pid=60847) inner /opt/stack/data/venv/lib/python3.12/site-packages/oslo_concurrency/lockutils.py:519}}
Apr 29 08:32:29 devstack devstack@n-api.service[60847]: DEBUG oslo_concurrency.lockutils [None req-659eaaeb-5fed-4ae2-882a-ebfceee3b2b4 tempest-DeleteServersTestJSON-626164797 tempest-DeleteServersTestJSON-626164797-project-member] Lock "00000000-0000-0000-0000-000000000000" "released" by "nova.context.set_target_cell..get_or_set_cached_cell_and_set_connections" :: held 0.001s {{(pid=60847) inner /opt/stack/data/venv/lib/python3.12/site-packages/oslo_concurrency/lockutils.py:538}}
Apr 29 08:32:29 devstack devstack@n-api.service[60847]: DEBUG oslo_concurrency.lockutils [None req-659eaaeb-5fed-4ae2-882a-ebfceee3b2b4 tempest-DeleteServersTestJSON-626164797 tempest-DeleteServersTestJSON-626164797-project-member] Acquiring lock "63c17a70-3835-41f1-a957-fc8b1095bddb" by "nova.context.set_target_cell..get_or_set_cached_cell_and_set_connections" {{(pid=60847) inner /opt/stack/data/venv/lib/python3.12/site-packages/oslo_concurrency/lockutils.py:506}}
Apr 29 08:32:29 devstack devstack@n-api.service[60847]: DEBUG oslo_concurrency.lockutils [None req-659eaaeb-5fed-4ae2-882a-ebfceee3b2b4 tempest-DeleteServersTestJSON-626164797 tempest-DeleteServersTestJSON-626164797-project-member] Lock "63c17a70-3835-41f1-a957-fc8b1095bddb" acquired by "nova.context.set_target_cell..get_or_set_cached_cell_and_set_connections" :: waited 0.001s {{(pid=60847) inner /opt/stack/data/venv/lib/python3.12/site-packages/oslo_concurrency/lockutils.py:519}}
Apr 29 08:32:29 devstack devstack@n-api.service[60847]: DEBUG oslo_concurrency.lockutils [None req-659eaaeb-5fed-4ae2-882a-ebfceee3b2b4 tempest-DeleteServersTestJSON-626164797 tempest-DeleteServersTestJSON-626164797-project-member] Lock "63c17a70-3835-41f1-a957-fc8b1095bddb" "released" by "nova.context.set_target_cell..get_or_set_cached_cell_and_set_connections" :: held 0.001s {{(pid=60847) inner /opt/stack/data/venv/lib/python3.12/site-packages/oslo_concurrency/lockutils.py:538}}
Apr 29 08:32:29 devstack devstack@n-api.service[60847]: DEBUG nova.network.neutron [None req-659eaaeb-5fed-4ae2-882a-ebfceee3b2b4 tempest-DeleteServersTestJSON-626164797 tempest-DeleteServersTestJSON-626164797-project-member] validate_networks() for [('e3a15735-2fc3-4ae2-b220-1cd42ee64202', None, None, None, None, None)] {{(pid=60847) validate_networks /opt/stack/nova/nova/network/neutron.py:2685}}
Apr 29 08:32:29 devstack devstack@n-api.service[60847]: WARNING neutronclient.v2_0.client [None req-659eaaeb-5fed-4ae2-882a-ebfceee3b2b4 tempest-DeleteServersTestJSON-626164797 tempest-DeleteServersTestJSON-626164797-project-member] The python binding code in neutronclient is deprecated in favor of OpenstackSDK, please use that as this will be removed in a future release.
Apr 29 08:32:31 devstack devstack@n-api.service[60847]: WARNING neutronclient.v2_0.client [None req-659eaaeb-5fed-4ae2-882a-ebfceee3b2b4 tempest-DeleteServersTestJSON-626164797 tempest-DeleteServersTestJSON-626164797-project-member] The python binding code in neutronclient is deprecated in favor of OpenstackSDK, please use that as this will be removed in a future release.
Apr 29 08:32:32 devstack devstack@n-api.service[60848]: DEBUG nova.api.openstack.wsgi [None req-4de2108c-de89-4c75-b362-41a3aadb5442 tempest-ServerRescueNegativeTestJSON-336061316 tempest-ServerRescueNegativeTestJSON-336061316-project-member] Action: 'create', calling method: >, body: {"server": {"name": "tempest-ServerRescueNegativeTestJSON-server-1560663070", "imageRef": "b7d8ee2a-d63e-4da9-983e-f810d728a919", "flavorRef": "42", "adminPass": "***", "networks": [{"uuid": "}]}} {{(pid=60848) _process_stack /opt/stack/nova/nova/api/openstack/wsgi.py:549}}
Apr 29 08:32:32 devstack devstack@n-api.service[60847]: DEBUG nova.virt.hardware [None req-659eaaeb-5fed-4ae2-882a-ebfceee3b2b4 tempest-DeleteServersTestJSON-626164797 tempest-DeleteServersTestJSON-626164797-project-member] Flavor limits 0:0:0 {{(pid=60847) get_cpu_topology_constraints /opt/stack/nova/nova/virt/hardware.py:356}}
Apr 29 08:32:32 devstack devstack@n-api.service[60847]: DEBUG nova.virt.hardware [None req-659eaaeb-5fed-4ae2-882a-ebfceee3b2b4 tempest-DeleteServersTestJSON-626164797 tempest-DeleteServersTestJSON-626164797-project-member] Image limits 0:0:0 {{(pid=60847) get_cpu_topology_constraints /opt/stack/nova/nova/virt/hardware.py:360}}
Apr 29 08:32:32 devstack devstack@n-api.service[60847]: DEBUG nova.virt.hardware [None req-659eaaeb-5fed-4ae2-882a-ebfceee3b2b4 tempest-DeleteServersTestJSON-626164797 tempest-DeleteServersTestJSON-626164797-project-member] Flavor pref 0:0:0 {{(pid=60847) get_cpu_topology_constraints /opt/stack/nova/nova/virt/hardware.py:396}}
Apr 29 08:32:32 devstack devstack@n-api.service[60847]: DEBUG nova.virt.hardware [None req-659eaaeb-5fed-4ae2-882a-ebfceee3b2b4 tempest-DeleteServersTestJSON-626164797 tempest-DeleteServersTestJSON-626164797-project-member] Image pref 0:0:0 {{(pid=60847) get_cpu_topology_constraints /opt/stack/nova/nova/virt/hardware.py:400}}
Apr 29 08:32:32 devstack devstack@n-api.service[60847]: DEBUG nova.virt.hardware [None req-659eaaeb-5fed-4ae2-882a-ebfceee3b2b4 tempest-DeleteServersTestJSON-626164797 tempest-DeleteServersTestJSON-626164797-project-member] Chose sockets=0, cores=0, threads=0; limits were sockets=65536, cores=65536, threads=65536 {{(pid=60847) get_cpu_topology_constraints /opt/stack/nova/nova/virt/hardware.py:438}}
Apr 29 08:32:32 devstack devstack@n-api.service[60848]: DEBUG oslo_concurrency.lockutils [None req-4de2108c-de89-4c75-b362-41a3aadb5442 tempest-ServerRescueNegativeTestJSON-336061316 tempest-ServerRescueNegativeTestJSON-336061316-project-member] Acquiring lock "00000000-0000-0000-0000-000000000000" by "nova.context.set_target_cell..get_or_set_cached_cell_and_set_connections" {{(pid=60848) inner /opt/stack/data/venv/lib/python3.12/site-packages/oslo_concurrency/lockutils.py:506}}
Apr 29 08:32:32 devstack devstack@n-api.service[60848]: DEBUG oslo_concurrency.lockutils [None req-4de2108c-de89-4c75-b362-41a3aadb5442 tempest-ServerRescueNegativeTestJSON-336061316 tempest-ServerRescueNegativeTestJSON-336061316-project-member] Lock "00000000-0000-0000-0000-000000000000" acquired by "nova.context.set_target_cell..get_or_set_cached_cell_and_set_connections" :: waited 0.001s {{(pid=60848) inner /opt/stack/data/venv/lib/python3.12/site-packages/oslo_concurrency/lockutils.py:519}}
Apr 29 08:32:32 devstack devstack@n-api.service[60848]: DEBUG oslo_concurrency.lockutils [None req-4de2108c-de89-4c75-b362-41a3aadb5442 tempest-ServerRescueNegativeTestJSON-336061316 tempest-ServerRescueNegativeTestJSON-336061316-project-member] Lock "00000000-0000-0000-0000-000000000000" "released" by "nova.context.set_target_cell..get_or_set_cached_cell_and_set_connections" :: held 0.001s {{(pid=60848) inner /opt/stack/data/venv/lib/python3.12/site-packages/oslo_concurrency/lockutils.py:538}}
Apr 29 08:32:32 devstack devstack@n-api.service[60848]: DEBUG oslo_concurrency.lockutils [None req-4de2108c-de89-4c75-b362-41a3aadb5442 tempest-ServerRescueNegativeTestJSON-336061316 tempest-ServerRescueNegativeTestJSON-336061316-project-member] Acquiring lock "63c17a70-3835-41f1-a957-fc8b1095bddb" by "nova.context.set_target_cell..get_or_set_cached_cell_and_set_connections" {{(pid=60848) inner /opt/stack/data/venv/lib/python3.12/site-packages/oslo_concurrency/lockutils.py:506}}
Apr 29 08:32:32 devstack devstack@n-api.service[60848]: DEBUG oslo_concurrency.lockutils [None req-4de2108c-de89-4c75-b362-41a3aadb5442 tempest-ServerRescueNegativeTestJSON-336061316 tempest-ServerRescueNegativeTestJSON-336061316-project-member] Lock "63c17a70-3835-41f1-a957-fc8b1095bddb" acquired by "nova.context.set_target_cell..get_or_set_cached_cell_and_set_connections" :: waited 0.001s {{(pid=60848) inner /opt/stack/data/venv/lib/python3.12/site-packages/oslo_concurrency/lockutils.py:519}}
Apr 29 08:32:32 devstack devstack@n-api.service[60848]: DEBUG oslo_concurrency.lockutils [None req-4de2108c-de89-4c75-b362-41a3aadb5442 tempest-ServerRescueNegativeTestJSON-336061316 tempest-ServerRescueNegativeTestJSON-336061316-project-member] Lock "63c17a70-3835-41f1-a957-fc8b1095bddb" "released" by "nova.context.set_target_cell..get_or_set_cached_cell_and_set_connections" :: held 0.001s {{(pid=60848) inner /opt/stack/data/venv/lib/python3.12/site-packages/oslo_concurrency/lockutils.py:538}}
Apr 29 08:32:32 devstack devstack@n-api.service[60847]: DEBUG oslo_concurrency.lockutils [None req-659eaaeb-5fed-4ae2-882a-ebfceee3b2b4 tempest-DeleteServersTestJSON-626164797 tempest-DeleteServersTestJSON-626164797-project-member] Acquiring lock "00000000-0000-0000-0000-000000000000" by "nova.context.set_target_cell..get_or_set_cached_cell_and_set_connections" {{(pid=60847) inner /opt/stack/data/venv/lib/python3.12/site-packages/oslo_concurrency/lockutils.py:506}}
Apr 29 08:32:32 devstack devstack@n-api.service[60847]: DEBUG oslo_concurrency.lockutils [None req-659eaaeb-5fed-4ae2-882a-ebfceee3b2b4 tempest-DeleteServersTestJSON-626164797 tempest-DeleteServersTestJSON-626164797-project-member] Lock "00000000-0000-0000-0000-000000000000" acquired by "nova.context.set_target_cell..get_or_set_cached_cell_and_set_connections" :: waited 0.001s {{(pid=60847) inner /opt/stack/data/venv/lib/python3.12/site-packages/oslo_concurrency/lockutils.py:519}}
Apr 29 08:32:32 devstack devstack@n-api.service[60847]: DEBUG oslo_concurrency.lockutils [None req-659eaaeb-5fed-4ae2-882a-ebfceee3b2b4 tempest-DeleteServersTestJSON-626164797 tempest-DeleteServersTestJSON-626164797-project-member] Lock "00000000-0000-0000-0000-000000000000" "released" by "nova.context.set_target_cell..get_or_set_cached_cell_and_set_connections" :: held 0.000s {{(pid=60847) inner /opt/stack/data/venv/lib/python3.12/site-packages/oslo_concurrency/lockutils.py:538}}
Apr 29 08:32:32 devstack devstack@n-api.service[60847]: DEBUG oslo_concurrency.lockutils [None req-659eaaeb-5fed-4ae2-882a-ebfceee3b2b4 tempest-DeleteServersTestJSON-626164797 tempest-DeleteServersTestJSON-626164797-project-member] Acquiring lock "63c17a70-3835-41f1-a957-fc8b1095bddb" by "nova.context.set_target_cell..get_or_set_cached_cell_and_set_connections" {{(pid=60847) inner /opt/stack/data/venv/lib/python3.12/site-packages/oslo_concurrency/lockutils.py:506}}
Apr 29 08:32:32 devstack devstack@n-api.service[60847]: DEBUG oslo_concurrency.lockutils [None req-659eaaeb-5fed-4ae2-882a-ebfceee3b2b4 tempest-DeleteServersTestJSON-626164797 tempest-DeleteServersTestJSON-626164797-project-member] Lock "63c17a70-3835-41f1-a957-fc8b1095bddb" acquired by "nova.context.set_target_cell..get_or_set_cached_cell_and_set_connections" :: waited 0.000s {{(pid=60847) inner /opt/stack/data/venv/lib/python3.12/site-packages/oslo_concurrency/lockutils.py:519}}
Apr 29 08:32:32 devstack devstack@n-api.service[60847]: DEBUG oslo_concurrency.lockutils [None req-659eaaeb-5fed-4ae2-882a-ebfceee3b2b4 tempest-DeleteServersTestJSON-626164797 tempest-DeleteServersTestJSON-626164797-project-member] Lock "63c17a70-3835-41f1-a957-fc8b1095bddb" "released" by "nova.context.set_target_cell..get_or_set_cached_cell_and_set_connections" :: held 0.001s {{(pid=60847) inner /opt/stack/data/venv/lib/python3.12/site-packages/oslo_concurrency/lockutils.py:538}}
Apr 29 08:32:32 devstack devstack@n-api.service[60848]: DEBUG nova.network.neutron [None req-4de2108c-de89-4c75-b362-41a3aadb5442 tempest-ServerRescueNegativeTestJSON-336061316 tempest-ServerRescueNegativeTestJSON-336061316-project-member] validate_networks() for [('36bb61bb-7d4b-4788-921d-495ed8e73fdf', None, None, None, None, None)] {{(pid=60848) validate_networks /opt/stack/nova/nova/network/neutron.py:2685}}
Apr 29 08:32:32 devstack devstack@n-api.service[60848]: WARNING neutronclient.v2_0.client [None req-4de2108c-de89-4c75-b362-41a3aadb5442 tempest-ServerRescueNegativeTestJSON-336061316 tempest-ServerRescueNegativeTestJSON-336061316-project-member] The python binding code in neutronclient is deprecated in favor of OpenstackSDK, please use that as this will be removed in a future release.
Apr 29 08:32:32 devstack devstack@n-api.service[60847]: DEBUG nova.quota [None req-659eaaeb-5fed-4ae2-882a-ebfceee3b2b4 tempest-DeleteServersTestJSON-626164797 tempest-DeleteServersTestJSON-626164797-project-member] Getting quotas for project 16036772785f4fffb33e21591a0b500f. Resources: {'ram', 'cores', 'instances'} {{(pid=60847) _get_quotas /opt/stack/nova/nova/quota.py:392}}
Apr 29 08:32:32 devstack devstack@n-api.service[60847]: DEBUG nova.quota [None req-659eaaeb-5fed-4ae2-882a-ebfceee3b2b4 tempest-DeleteServersTestJSON-626164797 tempest-DeleteServersTestJSON-626164797-project-member] Getting quotas for user fa351cf6bde84e3ab8b74ba61dae45d7 and project 16036772785f4fffb33e21591a0b500f. Resources: {'ram', 'cores', 'instances'} {{(pid=60847) _get_quotas /opt/stack/nova/nova/quota.py:382}}
Apr 29 08:32:32 devstack devstack@n-api.service[60847]: DEBUG nova.compute.api [None req-659eaaeb-5fed-4ae2-882a-ebfceee3b2b4 tempest-DeleteServersTestJSON-626164797 tempest-DeleteServersTestJSON-626164797-project-member] Going to run 1 instances... {{(pid=60847) _provision_instances /opt/stack/nova/nova/compute/api.py:1466}}
Apr 29 08:32:32 devstack devstack@n-api.service[60847]: DEBUG nova.compute.api [None req-659eaaeb-5fed-4ae2-882a-ebfceee3b2b4 tempest-DeleteServersTestJSON-626164797 tempest-DeleteServersTestJSON-626164797-project-member] [instance: db619f6e-a30f-4f43-8047-0a9f81f15b50] block_device_mapping [BlockDeviceMapping(attachment_id=,boot_index=0,connection_info=None,created_at=,delete_on_termination=True,deleted=,deleted_at=,destination_type='local',device_name=None,device_type='disk',disk_bus=None,encrypted=False,encryption_format=None,encryption_options=None,encryption_secret_uuid=None,guest_format=None,id=,image_id='b7d8ee2a-d63e-4da9-983e-f810d728a919',instance=,instance_uuid=,no_device=False,snapshot_id=None,source_type='image',tag=None,updated_at=,uuid=,volume_id=None,volume_size=None,volume_type=None)] {{(pid=60847) _bdm_validate_set_size_and_instance /opt/stack/nova/nova/compute/api.py:1934}}
Apr 29 08:32:32 devstack devstack@n-api.service[60847]: INFO nova.api.openstack.requestlog [None req-659eaaeb-5fed-4ae2-882a-ebfceee3b2b4 tempest-DeleteServersTestJSON-626164797 tempest-DeleteServersTestJSON-626164797-project-member] 192.168.122.243 "POST /compute/v2.1/servers" status: 202 len: 388 microversion: 2.1 time: 4.041795
Apr 29 08:32:32 devstack devstack@n-api.service[60847]: [pid: 60847|app: 0|req: 27/54] 192.168.122.243 () {60 vars in 1149 bytes} [Wed Apr 29 08:32:28 2026] POST /compute/v2.1/servers => generated 388 bytes in 4044 msecs (HTTP/1.1 202) 10 headers in 455 bytes (1 switches on core 0)
Apr 29 08:32:32 devstack devstack@n-api.service[60847]: DEBUG nova.api.openstack.wsgi [None req-e18a5a3e-c9fe-41fb-ad60-a13e6da851a1 tempest-DeleteServersTestJSON-626164797 tempest-DeleteServersTestJSON-626164797-project-member] Calling method '>' {{(pid=60847) _process_stack /opt/stack/nova/nova/api/openstack/wsgi.py:551}}
Apr 29 08:32:32 devstack devstack@n-api.service[60847]: DEBUG nova.compute.api [None req-e18a5a3e-c9fe-41fb-ad60-a13e6da851a1 tempest-DeleteServersTestJSON-626164797 tempest-DeleteServersTestJSON-626164797-project-member] [instance: db619f6e-a30f-4f43-8047-0a9f81f15b50] Fetching instance by UUID {{(pid=60847) get /opt/stack/nova/nova/compute/api.py:3047}}
Apr 29 08:32:32 devstack devstack@n-api.service[60847]: WARNING neutronclient.v2_0.client [None req-e18a5a3e-c9fe-41fb-ad60-a13e6da851a1 tempest-DeleteServersTestJSON-626164797 tempest-DeleteServersTestJSON-626164797-project-member] The python binding code in neutronclient is deprecated in favor of OpenstackSDK, please use that as this will be removed in a future release.
Apr 29 08:32:32 devstack devstack@n-api.service[60848]: WARNING neutronclient.v2_0.client [None req-4de2108c-de89-4c75-b362-41a3aadb5442 tempest-ServerRescueNegativeTestJSON-336061316 tempest-ServerRescueNegativeTestJSON-336061316-project-member] The python binding code in neutronclient is deprecated in favor of OpenstackSDK, please use that as this will be removed in a future release.
Apr 29 08:32:33 devstack devstack@n-api.service[60847]: DEBUG nova.policy [None req-e18a5a3e-c9fe-41fb-ad60-a13e6da851a1 tempest-DeleteServersTestJSON-626164797 tempest-DeleteServersTestJSON-626164797-project-member] Policy check for os_compute_api:os-extended-server-attributes failed with credentials {'is_admin': False, 'user_id': 'fa351cf6bde84e3ab8b74ba61dae45d7', 'user_domain_id': 'default', 'system_scope': None, 'domain_id': None, 'project_id': '16036772785f4fffb33e21591a0b500f', 'project_domain_id': 'default', 'roles': ['reader', 'member'], 'is_admin_project': True, 'service_user_id': None, 'service_user_domain_id': None, 'service_project_id': None, 'service_project_domain_id': None, 'service_roles': []} {{(pid=60847) authorize /opt/stack/nova/nova/policy.py:192}}
Apr 29 08:32:33 devstack devstack@n-api.service[60847]: INFO nova.api.openstack.requestlog [None req-e18a5a3e-c9fe-41fb-ad60-a13e6da851a1 tempest-DeleteServersTestJSON-626164797 tempest-DeleteServersTestJSON-626164797-project-member] 192.168.122.243 "GET /compute/v2.1/servers/db619f6e-a30f-4f43-8047-0a9f81f15b50" status: 200 len: 1229 microversion: 2.1 time: 0.197379
Apr 29 08:32:33 devstack devstack@n-api.service[60847]: [pid: 60847|app: 0|req: 28/55] 192.168.122.243 () {58 vars in 1238 bytes} [Wed Apr 29 08:32:32 2026] GET /compute/v2.1/servers/db619f6e-a30f-4f43-8047-0a9f81f15b50 => generated 1229 bytes in 199 msecs (HTTP/1.1 200) 9 headers in 358 bytes (1 switches on core 0)
Apr 29 08:32:33 devstack devstack@n-api.service[60848]: DEBUG nova.virt.hardware [None req-4de2108c-de89-4c75-b362-41a3aadb5442 tempest-ServerRescueNegativeTestJSON-336061316 tempest-ServerRescueNegativeTestJSON-336061316-project-member] Flavor limits 0:0:0 {{(pid=60848) get_cpu_topology_constraints /opt/stack/nova/nova/virt/hardware.py:356}}
Apr 29 08:32:33 devstack devstack@n-api.service[60848]: DEBUG nova.virt.hardware [None req-4de2108c-de89-4c75-b362-41a3aadb5442 tempest-ServerRescueNegativeTestJSON-336061316 tempest-ServerRescueNegativeTestJSON-336061316-project-member] Image limits 0:0:0 {{(pid=60848) get_cpu_topology_constraints /opt/stack/nova/nova/virt/hardware.py:360}}
Apr 29 08:32:33 devstack devstack@n-api.service[60848]: DEBUG nova.virt.hardware [None req-4de2108c-de89-4c75-b362-41a3aadb5442 tempest-ServerRescueNegativeTestJSON-336061316 tempest-ServerRescueNegativeTestJSON-336061316-project-member] Flavor pref 0:0:0 {{(pid=60848) get_cpu_topology_constraints /opt/stack/nova/nova/virt/hardware.py:396}}
