Apr 29 08:28:45 devstack devstack@g-api.service[76086]: [uWSGI] getting INI configuration from /etc/glance/glance-uwsgi.ini
Apr 29 08:28:45 devstack devstack@g-api.service[76086]: *** Starting uWSGI 2.0.24-debian (64bit) on [Wed Apr 29 08:28:45 2026] ***
Apr 29 08:28:45 devstack devstack@g-api.service[76086]: compiled with version: 13.2.0 on 17 April 2024 16:23:48
Apr 29 08:28:45 devstack devstack@g-api.service[76086]: os: Linux-6.8.0-110-generic #110-Ubuntu SMP PREEMPT_DYNAMIC Thu Mar 19 15:09:20 UTC 2026
Apr 29 08:28:45 devstack devstack@g-api.service[76086]: nodename: devstack
Apr 29 08:28:45 devstack devstack@g-api.service[76086]: machine: x86_64
Apr 29 08:28:45 devstack devstack@g-api.service[76086]: clock source: unix
Apr 29 08:28:45 devstack devstack@g-api.service[76086]: pcre jit disabled
Apr 29 08:28:45 devstack devstack@g-api.service[76086]: detected number of CPU cores: 4
Apr 29 08:28:45 devstack devstack@g-api.service[76086]: current working directory: /
Apr 29 08:28:45 devstack devstack@g-api.service[76086]: detected binary path: /usr/bin/uwsgi-core
Apr 29 08:28:45 devstack devstack@g-api.service[76086]: your processes number limit is 47518
Apr 29 08:28:45 devstack devstack@g-api.service[76086]: your memory page size is 4096 bytes
Apr 29 08:28:45 devstack devstack@g-api.service[76086]: detected max file descriptor number: 2048
Apr 29 08:28:45 devstack devstack@g-api.service[76086]: lock engine: pthread robust mutexes
Apr 29 08:28:45 devstack devstack@g-api.service[76086]: thunder lock: enabled
Apr 29 08:28:45 devstack devstack@g-api.service[76086]: uwsgi socket 0 bound to TCP address 127.0.0.1:60999 fd 4
Apr 29 08:28:45 devstack devstack@g-api.service[76086]: Python version: 3.12.3 (main, Mar 23 2026, 19:04:32) [GCC 13.3.0]
Apr 29 08:28:45 devstack devstack@g-api.service[76086]: PEP 405 virtualenv detected: /opt/stack/data/venv
Apr 29 08:28:45 devstack devstack@g-api.service[76086]: Set PythonHome to /opt/stack/data/venv
Apr 29 08:28:45 devstack devstack@g-api.service[76086]: Python main interpreter initialized at 0x7c7da34a3668
Apr 29 08:28:45 devstack devstack@g-api.service[76086]: python threads support enabled
Apr 29 08:28:45 devstack devstack@g-api.service[76086]: your server socket listen backlog is limited to 100 connections
Apr 29 08:28:45 devstack devstack@g-api.service[76086]: your mercy for graceful operations on workers is 80 seconds
Apr 29 08:28:45 devstack devstack@g-api.service[76086]: mapped 403077 bytes (393 KB) for 2 cores
Apr 29 08:28:45 devstack devstack@g-api.service[76086]: *** Operational MODE: preforking ***
Apr 29 08:28:45 devstack devstack@g-api.service[76086]: *** uWSGI is running in multiple interpreter mode ***
Apr 29 08:28:45 devstack devstack@g-api.service[76086]: spawned uWSGI master process (pid: 76086)
Apr 29 08:28:45 devstack devstack@g-api.service[76086]: spawned uWSGI worker 1 (pid: 76092, cores: 1)
Apr 29 08:28:45 devstack devstack@g-api.service[76086]: spawned uWSGI worker 2 (pid: 76095, cores: 1)
Apr 29 08:28:45 devstack devstack@g-api.service[76086]: running "unix_signal:15 gracefully_kill_them_all" (master-start)...
Apr 29 08:28:47 devstack devstack@g-api.service[76092]: INFO glance.async_ [-] Threadpool model set to 'NativeThreadPoolModel'
Apr 29 08:28:47 devstack devstack@g-api.service[76095]: INFO glance.async_ [-] Threadpool model set to 'NativeThreadPoolModel'
Apr 29 08:28:47 devstack devstack@g-api.service[76092]: DEBUG oslo_concurrency.processutils [-] Running cmd (subprocess): grep -F node.session.scan /sbin/iscsiadm {{(pid=76092) execute /opt/stack/data/venv/lib/python3.12/site-packages/oslo_concurrency/processutils.py:440}}
Apr 29 08:28:47 devstack devstack@g-api.service[76092]: DEBUG oslo_concurrency.processutils [-] CMD "grep -F node.session.scan /sbin/iscsiadm" returned: 0 in 0.012s {{(pid=76092) execute /opt/stack/data/venv/lib/python3.12/site-packages/oslo_concurrency/processutils.py:468}}
Apr 29 08:28:47 devstack devstack@g-api.service[76095]: DEBUG oslo_concurrency.processutils [-] Running cmd (subprocess): grep -F node.session.scan /sbin/iscsiadm {{(pid=76095) execute /opt/stack/data/venv/lib/python3.12/site-packages/oslo_concurrency/processutils.py:440}}
Apr 29 08:28:47 devstack devstack@g-api.service[76095]: DEBUG oslo_concurrency.processutils [-] CMD "grep -F node.session.scan /sbin/iscsiadm" returned: 0 in 0.015s {{(pid=76095) execute /opt/stack/data/venv/lib/python3.12/site-packages/oslo_concurrency/processutils.py:468}}
Apr 29 08:28:48 devstack devstack@g-api.service[76092]: DEBUG glance_store.backend [-] Attempting to import store cinder {{(pid=76092) _load_store /opt/stack/data/venv/lib/python3.12/site-packages/glance_store/backend.py:215}}
Apr 29 08:28:48 devstack devstack@g-api.service[76092]: DEBUG glance_store.backend [-] Attempting to import store file {{(pid=76092) _load_store /opt/stack/data/venv/lib/python3.12/site-packages/glance_store/backend.py:215}}
Apr 29 08:28:48 devstack devstack@g-api.service[76092]: DEBUG glance_store.backend [-] Attempting to import store glance.store.cinder.Store {{(pid=76092) _load_store /opt/stack/data/venv/lib/python3.12/site-packages/glance_store/backend.py:215}}
Apr 29 08:28:48 devstack devstack@g-api.service[76092]: DEBUG glance_store.backend [-] Attempting to import store glance.store.filesystem.Store {{(pid=76092) _load_store /opt/stack/data/venv/lib/python3.12/site-packages/glance_store/backend.py:215}}
Apr 29 08:28:48 devstack devstack@g-api.service[76092]: DEBUG glance_store.backend [-] Attempting to import store glance.store.http.Store {{(pid=76092) _load_store /opt/stack/data/venv/lib/python3.12/site-packages/glance_store/backend.py:215}}
Apr 29 08:28:48 devstack devstack@g-api.service[76092]: DEBUG glance_store.backend [-] Attempting to import store glance.store.rbd.Store {{(pid=76092) _load_store /opt/stack/data/venv/lib/python3.12/site-packages/glance_store/backend.py:215}}
Apr 29 08:28:48 devstack devstack@g-api.service[76092]: DEBUG glance_store.backend [-] Attempting to import store glance.store.s3.Store {{(pid=76092) _load_store /opt/stack/data/venv/lib/python3.12/site-packages/glance_store/backend.py:215}}
Apr 29 08:28:48 devstack devstack@g-api.service[76092]: DEBUG glance_store.backend [-] Attempting to import store glance.store.swift.Store {{(pid=76092) _load_store /opt/stack/data/venv/lib/python3.12/site-packages/glance_store/backend.py:215}}
Apr 29 08:28:48 devstack devstack@g-api.service[76092]: DEBUG glance_store.backend [-] Attempting to import store glance.store.vmware_datastore.Store {{(pid=76092) _load_store /opt/stack/data/venv/lib/python3.12/site-packages/glance_store/backend.py:215}}
Apr 29 08:28:48 devstack devstack@g-api.service[76092]: DEBUG glance_store.backend [-] Attempting to import store http {{(pid=76092) _load_store /opt/stack/data/venv/lib/python3.12/site-packages/glance_store/backend.py:215}}
Apr 29 08:28:48 devstack devstack@g-api.service[76092]: DEBUG glance_store.backend [-] Attempting to import store no_conf {{(pid=76092) _load_store /opt/stack/data/venv/lib/python3.12/site-packages/glance_store/backend.py:215}}
Apr 29 08:28:48 devstack devstack@g-api.service[76092]: DEBUG glance_store.backend [-] Attempting to import store rbd {{(pid=76092) _load_store /opt/stack/data/venv/lib/python3.12/site-packages/glance_store/backend.py:215}}
Apr 29 08:28:48 devstack devstack@g-api.service[76092]: DEBUG glance_store.backend [-] Attempting to import store s3 {{(pid=76092) _load_store /opt/stack/data/venv/lib/python3.12/site-packages/glance_store/backend.py:215}}
Apr 29 08:28:48 devstack devstack@g-api.service[76092]: DEBUG glance_store.backend [-] Attempting to import store swift {{(pid=76092) _load_store /opt/stack/data/venv/lib/python3.12/site-packages/glance_store/backend.py:215}}
Apr 29 08:28:48 devstack devstack@g-api.service[76092]: DEBUG glance_store.backend [-] Attempting to import store vmware {{(pid=76092) _load_store /opt/stack/data/venv/lib/python3.12/site-packages/glance_store/backend.py:215}}
Apr 29 08:28:48 devstack devstack@g-api.service[76092]: DEBUG glance_store.backend [-] Registering options for group glance_store {{(pid=76092) register_opts /opt/stack/data/venv/lib/python3.12/site-packages/glance_store/backend.py:144}}
Apr 29 08:28:48 devstack devstack@g-api.service[76092]: DEBUG glance_store.backend [-] Registering options for group glance_store {{(pid=76092) register_opts /opt/stack/data/venv/lib/python3.12/site-packages/glance_store/backend.py:144}}
Apr 29 08:28:48 devstack devstack@g-api.service[76092]: DEBUG glance_store.backend [-] Attempting to import store http {{(pid=76092) _load_store /opt/stack/data/venv/lib/python3.12/site-packages/glance_store/backend.py:215}}
Apr 29 08:28:48 devstack devstack@g-api.service[76092]: DEBUG glance_store.capabilities [-] Store glance_store._drivers.http.Store doesn't support updating dynamic storage capabilities. Please overwrite 'update_capabilities' method of the store to implement updating logics if needed. {{(pid=76092) update_capabilities /opt/stack/data/venv/lib/python3.12/site-packages/glance_store/capabilities.py:91}}
Apr 29 08:28:48 devstack devstack@g-api.service[76092]: DEBUG glance_store.backend [-] Registering store http with schemes ('http', 'https') {{(pid=76092) create_stores /opt/stack/data/venv/lib/python3.12/site-packages/glance_store/backend.py:261}}
Apr 29 08:28:48 devstack devstack@g-api.service[76092]: DEBUG glance_store.driver [-] Late loading location class glance_store._drivers.http.StoreLocation {{(pid=76092) get_store_location_class /opt/stack/data/venv/lib/python3.12/site-packages/glance_store/driver.py:134}}
Apr 29 08:28:48 devstack devstack@g-api.service[76092]: DEBUG glance_store.location [-] Registering scheme http with {'store': , 'location_class': , 'store_entry': 'http'} {{(pid=76092) register_scheme_map /opt/stack/data/venv/lib/python3.12/site-packages/glance_store/location.py:146}}
Apr 29 08:28:48 devstack devstack@g-api.service[76092]: DEBUG glance_store.location [-] Registering scheme https with {'store': , 'location_class': , 'store_entry': 'http'} {{(pid=76092) register_scheme_map /opt/stack/data/venv/lib/python3.12/site-packages/glance_store/location.py:146}}
Apr 29 08:28:48 devstack devstack@g-api.service[76092]: DEBUG glance_store.backend [-] Attempting to import store file {{(pid=76092) _load_store /opt/stack/data/venv/lib/python3.12/site-packages/glance_store/backend.py:215}}
Apr 29 08:28:48 devstack devstack@g-api.service[76092]: DEBUG glance_store.capabilities [-] Store glance_store._drivers.filesystem.Store doesn't support updating dynamic storage capabilities. Please overwrite 'update_capabilities' method of the store to implement updating logics if needed. {{(pid=76092) update_capabilities /opt/stack/data/venv/lib/python3.12/site-packages/glance_store/capabilities.py:91}}
Apr 29 08:28:48 devstack devstack@g-api.service[76092]: DEBUG glance_store.backend [-] Registering store file with schemes ('file', 'filesystem') {{(pid=76092) create_stores /opt/stack/data/venv/lib/python3.12/site-packages/glance_store/backend.py:261}}
Apr 29 08:28:48 devstack devstack@g-api.service[76092]: DEBUG glance_store.driver [-] Late loading location class glance_store._drivers.filesystem.StoreLocation {{(pid=76092) get_store_location_class /opt/stack/data/venv/lib/python3.12/site-packages/glance_store/driver.py:134}}
Apr 29 08:28:48 devstack devstack@g-api.service[76092]: DEBUG glance_store.location [-] Registering scheme file with {'store': , 'location_class': , 'store_entry': 'file'} {{(pid=76092) register_scheme_map /opt/stack/data/venv/lib/python3.12/site-packages/glance_store/location.py:146}}
Apr 29 08:28:48 devstack devstack@g-api.service[76092]: DEBUG glance_store.location [-] Registering scheme filesystem with {'store': , 'location_class': , 'store_entry': 'file'} {{(pid=76092) register_scheme_map /opt/stack/data/venv/lib/python3.12/site-packages/glance_store/location.py:146}}
Apr 29 08:28:48 devstack devstack@g-api.service[76092]: DEBUG glance.sqlite_migration [-] SQLite caching database not located, skipping migration {{(pid=76092) get_db_path /opt/stack/glance/glance/sqlite_migration.py:68}}
Apr 29 08:28:48 devstack devstack@g-api.service[76092]: WARNING glance.common.wsgi_app [-] Import methods are enabled but staging directory /tmp/staging/ does not exist; Imports will fail!
Apr 29 08:28:48 devstack devstack@g-api.service[76095]: DEBUG glance_store.backend [-] Attempting to import store cinder {{(pid=76095) _load_store /opt/stack/data/venv/lib/python3.12/site-packages/glance_store/backend.py:215}}
Apr 29 08:28:48 devstack devstack@g-api.service[76095]: DEBUG glance_store.backend [-] Attempting to import store file {{(pid=76095) _load_store /opt/stack/data/venv/lib/python3.12/site-packages/glance_store/backend.py:215}}
Apr 29 08:28:48 devstack devstack@g-api.service[76095]: DEBUG glance_store.backend [-] Attempting to import store glance.store.cinder.Store {{(pid=76095) _load_store /opt/stack/data/venv/lib/python3.12/site-packages/glance_store/backend.py:215}}
Apr 29 08:28:48 devstack devstack@g-api.service[76095]: DEBUG glance_store.backend [-] Attempting to import store glance.store.filesystem.Store {{(pid=76095) _load_store /opt/stack/data/venv/lib/python3.12/site-packages/glance_store/backend.py:215}}
Apr 29 08:28:48 devstack devstack@g-api.service[76095]: DEBUG glance_store.backend [-] Attempting to import store glance.store.http.Store {{(pid=76095) _load_store /opt/stack/data/venv/lib/python3.12/site-packages/glance_store/backend.py:215}}
Apr 29 08:28:48 devstack devstack@g-api.service[76095]: DEBUG glance_store.backend [-] Attempting to import store glance.store.rbd.Store {{(pid=76095) _load_store /opt/stack/data/venv/lib/python3.12/site-packages/glance_store/backend.py:215}}
Apr 29 08:28:48 devstack devstack@g-api.service[76095]: DEBUG glance_store.backend [-] Attempting to import store glance.store.s3.Store {{(pid=76095) _load_store /opt/stack/data/venv/lib/python3.12/site-packages/glance_store/backend.py:215}}
Apr 29 08:28:48 devstack devstack@g-api.service[76095]: DEBUG glance_store.backend [-] Attempting to import store glance.store.swift.Store {{(pid=76095) _load_store /opt/stack/data/venv/lib/python3.12/site-packages/glance_store/backend.py:215}}
Apr 29 08:28:48 devstack devstack@g-api.service[76095]: DEBUG glance_store.backend [-] Attempting to import store glance.store.vmware_datastore.Store {{(pid=76095) _load_store /opt/stack/data/venv/lib/python3.12/site-packages/glance_store/backend.py:215}}
Apr 29 08:28:48 devstack devstack@g-api.service[76095]: DEBUG glance_store.backend [-] Attempting to import store http {{(pid=76095) _load_store /opt/stack/data/venv/lib/python3.12/site-packages/glance_store/backend.py:215}}
Apr 29 08:28:48 devstack devstack@g-api.service[76095]: DEBUG glance_store.backend [-] Attempting to import store no_conf {{(pid=76095) _load_store /opt/stack/data/venv/lib/python3.12/site-packages/glance_store/backend.py:215}}
Apr 29 08:28:48 devstack devstack@g-api.service[76095]: DEBUG glance_store.backend [-] Attempting to import store rbd {{(pid=76095) _load_store /opt/stack/data/venv/lib/python3.12/site-packages/glance_store/backend.py:215}}
Apr 29 08:28:48 devstack devstack@g-api.service[76095]: DEBUG glance_store.backend [-] Attempting to import store s3 {{(pid=76095) _load_store /opt/stack/data/venv/lib/python3.12/site-packages/glance_store/backend.py:215}}
Apr 29 08:28:48 devstack devstack@g-api.service[76095]: DEBUG glance_store.backend [-] Attempting to import store swift {{(pid=76095) _load_store /opt/stack/data/venv/lib/python3.12/site-packages/glance_store/backend.py:215}}
Apr 29 08:28:48 devstack devstack@g-api.service[76095]: DEBUG glance_store.backend [-] Attempting to import store vmware {{(pid=76095) _load_store /opt/stack/data/venv/lib/python3.12/site-packages/glance_store/backend.py:215}}
Apr 29 08:28:48 devstack devstack@g-api.service[76095]: DEBUG glance_store.backend [-] Registering options for group glance_store {{(pid=76095) register_opts /opt/stack/data/venv/lib/python3.12/site-packages/glance_store/backend.py:144}}
Apr 29 08:28:48 devstack devstack@g-api.service[76095]: DEBUG glance_store.backend [-] Registering options for group glance_store {{(pid=76095) register_opts /opt/stack/data/venv/lib/python3.12/site-packages/glance_store/backend.py:144}}
Apr 29 08:28:48 devstack devstack@g-api.service[76095]: DEBUG glance_store.backend [-] Attempting to import store http {{(pid=76095) _load_store /opt/stack/data/venv/lib/python3.12/site-packages/glance_store/backend.py:215}}
Apr 29 08:28:48 devstack devstack@g-api.service[76095]: DEBUG glance_store.capabilities [-] Store glance_store._drivers.http.Store doesn't support updating dynamic storage capabilities. Please overwrite 'update_capabilities' method of the store to implement updating logics if needed. {{(pid=76095) update_capabilities /opt/stack/data/venv/lib/python3.12/site-packages/glance_store/capabilities.py:91}}
Apr 29 08:28:48 devstack devstack@g-api.service[76095]: DEBUG glance_store.backend [-] Registering store http with schemes ('http', 'https') {{(pid=76095) create_stores /opt/stack/data/venv/lib/python3.12/site-packages/glance_store/backend.py:261}}
Apr 29 08:28:48 devstack devstack@g-api.service[76095]: DEBUG glance_store.driver [-] Late loading location class glance_store._drivers.http.StoreLocation {{(pid=76095) get_store_location_class /opt/stack/data/venv/lib/python3.12/site-packages/glance_store/driver.py:134}}
Apr 29 08:28:48 devstack devstack@g-api.service[76095]: DEBUG glance_store.location [-] Registering scheme http with {'store': , 'location_class': , 'store_entry': 'http'} {{(pid=76095) register_scheme_map /opt/stack/data/venv/lib/python3.12/site-packages/glance_store/location.py:146}}
Apr 29 08:28:48 devstack devstack@g-api.service[76095]: DEBUG glance_store.location [-] Registering scheme https with {'store': , 'location_class': , 'store_entry': 'http'} {{(pid=76095) register_scheme_map /opt/stack/data/venv/lib/python3.12/site-packages/glance_store/location.py:146}}
Apr 29 08:28:48 devstack devstack@g-api.service[76095]: DEBUG glance_store.backend [-] Attempting to import store file {{(pid=76095) _load_store /opt/stack/data/venv/lib/python3.12/site-packages/glance_store/backend.py:215}}
Apr 29 08:28:48 devstack devstack@g-api.service[76095]: DEBUG glance_store.capabilities [-] Store glance_store._drivers.filesystem.Store doesn't support updating dynamic storage capabilities. Please overwrite 'update_capabilities' method of the store to implement updating logics if needed. {{(pid=76095) update_capabilities /opt/stack/data/venv/lib/python3.12/site-packages/glance_store/capabilities.py:91}}
Apr 29 08:28:48 devstack devstack@g-api.service[76095]: DEBUG glance_store.backend [-] Registering store file with schemes ('file', 'filesystem') {{(pid=76095) create_stores /opt/stack/data/venv/lib/python3.12/site-packages/glance_store/backend.py:261}}
Apr 29 08:28:48 devstack devstack@g-api.service[76095]: DEBUG glance_store.driver [-] Late loading location class glance_store._drivers.filesystem.StoreLocation {{(pid=76095) get_store_location_class /opt/stack/data/venv/lib/python3.12/site-packages/glance_store/driver.py:134}}
Apr 29 08:28:48 devstack devstack@g-api.service[76095]: DEBUG glance_store.location [-] Registering scheme file with {'store': , 'location_class': , 'store_entry': 'file'} {{(pid=76095) register_scheme_map /opt/stack/data/venv/lib/python3.12/site-packages/glance_store/location.py:146}}
Apr 29 08:28:48 devstack devstack@g-api.service[76095]: DEBUG glance_store.location [-] Registering scheme filesystem with {'store': , 'location_class': , 'store_entry': 'file'} {{(pid=76095) register_scheme_map /opt/stack/data/venv/lib/python3.12/site-packages/glance_store/location.py:146}}
Apr 29 08:28:48 devstack devstack@g-api.service[76095]: DEBUG glance.sqlite_migration [-] SQLite caching database not located, skipping migration {{(pid=76095) get_db_path /opt/stack/glance/glance/sqlite_migration.py:68}}
Apr 29 08:28:48 devstack devstack@g-api.service[76095]: WARNING glance.common.wsgi_app [-] Import methods are enabled but staging directory /tmp/staging/ does not exist; Imports will fail!
Apr 29 08:28:48 devstack devstack@g-api.service[76092]: DEBUG glance.common.config [None req-2289708a-cf0e-4a2b-8e43-47c9e15bae25 None None] Loading glance-api-keystone+cachemanagement from /etc/glance/glance-api-paste.ini {{(pid=76092) load_paste_app /opt/stack/glance/glance/common/config.py:758}}
Apr 29 08:28:48 devstack devstack@g-api.service[76095]: DEBUG glance.common.config [None req-a4c88fd3-b2fc-4aa9-bf99-0ae04caaa03b None None] Loading glance-api-keystone+cachemanagement from /etc/glance/glance-api-paste.ini {{(pid=76095) load_paste_app /opt/stack/glance/glance/common/config.py:758}}
Apr 29 08:28:50 devstack devstack@g-api.service[76095]: INFO glance.image_cache [None req-a4c88fd3-b2fc-4aa9-bf99-0ae04caaa03b None None] Image cache loaded driver 'centralized_db'.
Apr 29 08:28:50 devstack devstack@g-api.service[76092]: INFO glance.image_cache [None req-2289708a-cf0e-4a2b-8e43-47c9e15bae25 None None] Image cache loaded driver 'centralized_db'.
Apr 29 08:28:50 devstack devstack@g-api.service[76095]: INFO dbcounter [None req-a4c88fd3-b2fc-4aa9-bf99-0ae04caaa03b None None] Registered counter for database glance
Apr 29 08:28:50 devstack devstack@g-api.service[76095]: DEBUG oslo_db.sqlalchemy.engines [None req-a4c88fd3-b2fc-4aa9-bf99-0ae04caaa03b None None] MySQL server mode set to STRICT_TRANS_TABLES,STRICT_ALL_TABLES,NO_ZERO_IN_DATE,NO_ZERO_DATE,ERROR_FOR_DIVISION_BY_ZERO,TRADITIONAL,NO_ENGINE_SUBSTITUTION {{(pid=76095) _check_effective_sql_mode /opt/stack/data/venv/lib/python3.12/site-packages/oslo_db/sqlalchemy/engines.py:325}}
Apr 29 08:28:50 devstack devstack@g-api.service[76092]: INFO dbcounter [None req-2289708a-cf0e-4a2b-8e43-47c9e15bae25 None None] Registered counter for database glance
Apr 29 08:28:50 devstack devstack@g-api.service[76095]: DEBUG dbcounter [-] [76095] Writer thread running {{(pid=76095) stat_writer /opt/stack/data/venv/lib/python3.12/site-packages/dbcounter.py:102}}
Apr 29 08:28:50 devstack devstack@g-api.service[76092]: DEBUG oslo_db.sqlalchemy.engines [None req-2289708a-cf0e-4a2b-8e43-47c9e15bae25 None None] MySQL server mode set to STRICT_TRANS_TABLES,STRICT_ALL_TABLES,NO_ZERO_IN_DATE,NO_ZERO_DATE,ERROR_FOR_DIVISION_BY_ZERO,TRADITIONAL,NO_ENGINE_SUBSTITUTION {{(pid=76092) _check_effective_sql_mode /opt/stack/data/venv/lib/python3.12/site-packages/oslo_db/sqlalchemy/engines.py:325}}
Apr 29 08:28:50 devstack devstack@g-api.service[76095]: INFO glance.image_cache [None req-a4c88fd3-b2fc-4aa9-bf99-0ae04caaa03b None None] Image cache loaded driver 'centralized_db'.
Apr 29 08:28:50 devstack devstack@g-api.service[76095]: DEBUG glance.image_cache.drivers.centralized_db [None req-a4c88fd3-b2fc-4aa9-bf99-0ae04caaa03b None None] Node reference is already recorded, ignoring it {{(pid=76095) configure /opt/stack/glance/glance/image_cache/drivers/centralized_db.py:71}}
Apr 29 08:28:50 devstack devstack@g-api.service[76095]: DEBUG glance.api.v2.cached_images [None req-a4c88fd3-b2fc-4aa9-bf99-0ae04caaa03b None None] Started cache worker thread {{(pid=76095) __init__ /opt/stack/glance/glance/api/v2/cached_images.py:69}}
Apr 29 08:28:50 devstack devstack@g-api.service[76095]: INFO glance.image_cache [None req-a4c88fd3-b2fc-4aa9-bf99-0ae04caaa03b None None] Image cache loaded driver 'centralized_db'.
Apr 29 08:28:50 devstack devstack@g-api.service[76092]: DEBUG dbcounter [-] [76092] Writer thread running {{(pid=76092) stat_writer /opt/stack/data/venv/lib/python3.12/site-packages/dbcounter.py:102}}
Apr 29 08:28:50 devstack devstack@g-api.service[76092]: DEBUG glance.image_cache.drivers.centralized_db [None req-2289708a-cf0e-4a2b-8e43-47c9e15bae25 None None] Node reference is already recorded, ignoring it {{(pid=76092) configure /opt/stack/glance/glance/image_cache/drivers/centralized_db.py:71}}
Apr 29 08:28:50 devstack devstack@g-api.service[76095]: DEBUG glance.image_cache.drivers.centralized_db [None req-a4c88fd3-b2fc-4aa9-bf99-0ae04caaa03b None None] Node reference is already recorded, ignoring it {{(pid=76095) configure /opt/stack/glance/glance/image_cache/drivers/centralized_db.py:71}}
Apr 29 08:28:50 devstack devstack@g-api.service[76092]: INFO glance.image_cache [None req-2289708a-cf0e-4a2b-8e43-47c9e15bae25 None None] Image cache loaded driver 'centralized_db'.
Apr 29 08:28:50 devstack devstack@g-api.service[76095]: INFO glance.api.middleware.cache_manage [None req-a4c88fd3-b2fc-4aa9-bf99-0ae04caaa03b None None] Initialized image cache management middleware
Apr 29 08:28:50 devstack devstack@g-api.service[76095]: INFO glance.image_cache [None req-a4c88fd3-b2fc-4aa9-bf99-0ae04caaa03b None None] Image cache loaded driver 'centralized_db'.
Apr 29 08:28:50 devstack devstack@g-api.service[76092]: DEBUG glance.image_cache.drivers.centralized_db [None req-2289708a-cf0e-4a2b-8e43-47c9e15bae25 None None] Node reference is already recorded, ignoring it {{(pid=76092) configure /opt/stack/glance/glance/image_cache/drivers/centralized_db.py:71}}
Apr 29 08:28:50 devstack devstack@g-api.service[76095]: DEBUG glance.image_cache.drivers.centralized_db [None req-a4c88fd3-b2fc-4aa9-bf99-0ae04caaa03b None None] Node reference is already recorded, ignoring it {{(pid=76095) configure /opt/stack/glance/glance/image_cache/drivers/centralized_db.py:71}}
Apr 29 08:28:50 devstack devstack@g-api.service[76092]: DEBUG glance.api.v2.cached_images [None req-2289708a-cf0e-4a2b-8e43-47c9e15bae25 None None] Started cache worker thread {{(pid=76092) __init__ /opt/stack/glance/glance/api/v2/cached_images.py:69}}
Apr 29 08:28:50 devstack devstack@g-api.service[76095]: INFO glance.api.middleware.cache [None req-a4c88fd3-b2fc-4aa9-bf99-0ae04caaa03b None None] Initialized image cache middleware
Apr 29 08:28:50 devstack devstack@g-api.service[76092]: INFO glance.image_cache [None req-2289708a-cf0e-4a2b-8e43-47c9e15bae25 None None] Image cache loaded driver 'centralized_db'.
Apr 29 08:28:50 devstack devstack@g-api.service[76095]: WARNING keystonemiddleware.auth_token [None req-a4c88fd3-b2fc-4aa9-bf99-0ae04caaa03b None None] AuthToken middleware is set with keystone_authtoken.service_token_roles_required set to False. This is backwards compatible but deprecated behaviour. Please set this to True.
Apr 29 08:28:50 devstack devstack@g-api.service[76092]: DEBUG glance.image_cache.drivers.centralized_db [None req-2289708a-cf0e-4a2b-8e43-47c9e15bae25 None None] Node reference is already recorded, ignoring it {{(pid=76092) configure /opt/stack/glance/glance/image_cache/drivers/centralized_db.py:71}}
Apr 29 08:28:50 devstack devstack@g-api.service[76095]: DEBUG glance.common.config [None req-a4c88fd3-b2fc-4aa9-bf99-0ae04caaa03b None None] ******************************************************************************** {{(pid=76095) log_opt_values /opt/stack/data/venv/lib/python3.12/site-packages/oslo_config/cfg.py:2979}}
Apr 29 08:28:50 devstack devstack@g-api.service[76095]: DEBUG glance.common.config [None req-a4c88fd3-b2fc-4aa9-bf99-0ae04caaa03b None None] Configuration options gathered from: {{(pid=76095) log_opt_values /opt/stack/data/venv/lib/python3.12/site-packages/oslo_config/cfg.py:2980}}
Apr 29 08:28:50 devstack devstack@g-api.service[76095]: DEBUG glance.common.config [None req-a4c88fd3-b2fc-4aa9-bf99-0ae04caaa03b None None] command line args: [] {{(pid=76095) log_opt_values /opt/stack/data/venv/lib/python3.12/site-packages/oslo_config/cfg.py:2981}}
Apr 29 08:28:50 devstack devstack@g-api.service[76095]: DEBUG glance.common.config [None req-a4c88fd3-b2fc-4aa9-bf99-0ae04caaa03b None None] config files: ['/etc/glance/glance-image-import.conf', '/etc/glance/glance-api.conf'] {{(pid=76095) log_opt_values /opt/stack/data/venv/lib/python3.12/site-packages/oslo_config/cfg.py:2982}}
Apr 29 08:28:50 devstack devstack@g-api.service[76092]: INFO glance.api.middleware.cache_manage [None req-2289708a-cf0e-4a2b-8e43-47c9e15bae25 None None] Initialized image cache management middleware
Apr 29 08:28:50 devstack devstack@g-api.service[76095]: DEBUG glance.common.config [None req-a4c88fd3-b2fc-4aa9-bf99-0ae04caaa03b None None] ================================================================================ {{(pid=76095) log_opt_values /opt/stack/data/venv/lib/python3.12/site-packages/oslo_config/cfg.py:2987}}
Apr 29 08:28:50 devstack devstack@g-api.service[76095]: DEBUG glance.common.config [None req-a4c88fd3-b2fc-4aa9-bf99-0ae04caaa03b None None] allow_anonymous_access = False {{(pid=76095) log_opt_values /opt/stack/data/venv/lib/python3.12/site-packages/oslo_config/cfg.py:2995}}
Apr 29 08:28:50 devstack devstack@g-api.service[76095]: DEBUG glance.common.config [None req-a4c88fd3-b2fc-4aa9-bf99-0ae04caaa03b None None] api_limit_max = 1000 {{(pid=76095) log_opt_values /opt/stack/data/venv/lib/python3.12/site-packages/oslo_config/cfg.py:2995}}
Apr 29 08:28:50 devstack devstack@g-api.service[76092]: INFO glance.image_cache [None req-2289708a-cf0e-4a2b-8e43-47c9e15bae25 None None] Image cache loaded driver 'centralized_db'.
Apr 29 08:28:50 devstack devstack@g-api.service[76095]: DEBUG glance.common.config [None req-a4c88fd3-b2fc-4aa9-bf99-0ae04caaa03b None None] backlog = 4096 {{(pid=76095) log_opt_values /opt/stack/data/venv/lib/python3.12/site-packages/oslo_config/cfg.py:2995}}
Apr 29 08:28:50 devstack devstack@g-api.service[76095]: DEBUG glance.common.config [None req-a4c88fd3-b2fc-4aa9-bf99-0ae04caaa03b None None] bind_host = 0.0.0.0 {{(pid=76095) log_opt_values /opt/stack/data/venv/lib/python3.12/site-packages/oslo_config/cfg.py:2995}}
Apr 29 08:28:50 devstack devstack@g-api.service[76095]: DEBUG glance.common.config [None req-a4c88fd3-b2fc-4aa9-bf99-0ae04caaa03b None None] bind_port = None {{(pid=76095) log_opt_values /opt/stack/data/venv/lib/python3.12/site-packages/oslo_config/cfg.py:2995}}
Apr 29 08:28:50 devstack devstack@g-api.service[76095]: DEBUG glance.common.config [None req-a4c88fd3-b2fc-4aa9-bf99-0ae04caaa03b None None] client_socket_timeout = 900 {{(pid=76095) log_opt_values /opt/stack/data/venv/lib/python3.12/site-packages/oslo_config/cfg.py:2995}}
Apr 29 08:28:50 devstack devstack@g-api.service[76095]: DEBUG glance.common.config [None req-a4c88fd3-b2fc-4aa9-bf99-0ae04caaa03b None None] config_dir = [] {{(pid=76095) log_opt_values /opt/stack/data/venv/lib/python3.12/site-packages/oslo_config/cfg.py:2995}}
Apr 29 08:28:50 devstack devstack@g-api.service[76095]: DEBUG glance.common.config [None req-a4c88fd3-b2fc-4aa9-bf99-0ae04caaa03b None None] config_file = ['/etc/glance/glance-image-import.conf', '/etc/glance/glance-api.conf'] {{(pid=76095) log_opt_values /opt/stack/data/venv/lib/python3.12/site-packages/oslo_config/cfg.py:2995}}
Apr 29 08:28:50 devstack devstack@g-api.service[76095]: DEBUG glance.common.config [None req-a4c88fd3-b2fc-4aa9-bf99-0ae04caaa03b None None] config_source = [] {{(pid=76095) log_opt_values /opt/stack/data/venv/lib/python3.12/site-packages/oslo_config/cfg.py:2995}}
Apr 29 08:28:50 devstack devstack@g-api.service[76095]: DEBUG glance.common.config [None req-a4c88fd3-b2fc-4aa9-bf99-0ae04caaa03b None None] control_exchange = glance {{(pid=76095) log_opt_values /opt/stack/data/venv/lib/python3.12/site-packages/oslo_config/cfg.py:2995}}
Apr 29 08:28:50 devstack devstack@g-api.service[76095]: DEBUG glance.common.config [None req-a4c88fd3-b2fc-4aa9-bf99-0ae04caaa03b None None] debug = True {{(pid=76095) log_opt_values /opt/stack/data/venv/lib/python3.12/site-packages/oslo_config/cfg.py:2995}}
Apr 29 08:28:50 devstack devstack@g-api.service[76095]: DEBUG glance.common.config [None req-a4c88fd3-b2fc-4aa9-bf99-0ae04caaa03b None None] default_log_levels = ['amqp=WARN', 'boto=WARN', 'sqlalchemy=WARN', 'suds=INFO', 'oslo.messaging=INFO', 'oslo_messaging=INFO', 'iso8601=WARN', 'requests.packages.urllib3.connectionpool=WARN', 'urllib3.connectionpool=WARN', 'websocket=WARN', 'requests.packages.urllib3.util.retry=WARN', 'urllib3.util.retry=WARN', 'keystonemiddleware=WARN', 'routes.middleware=WARN', 'stevedore=WARN', 'taskflow=WARN', 'keystoneauth=WARN', 'oslo.cache=INFO', 'oslo_policy=INFO', 'dogpile.core.dogpile=INFO'] {{(pid=76095) log_opt_values /opt/stack/data/venv/lib/python3.12/site-packages/oslo_config/cfg.py:2995}}
Apr 29 08:28:50 devstack devstack@g-api.service[76095]: DEBUG glance.common.config [None req-a4c88fd3-b2fc-4aa9-bf99-0ae04caaa03b None None] default_publisher_id = image.localhost {{(pid=76095) log_opt_values /opt/stack/data/venv/lib/python3.12/site-packages/oslo_config/cfg.py:2995}}
Apr 29 08:28:50 devstack devstack@g-api.service[76095]: DEBUG glance.common.config [None req-a4c88fd3-b2fc-4aa9-bf99-0ae04caaa03b None None] delayed_delete = False {{(pid=76095) log_opt_values /opt/stack/data/venv/lib/python3.12/site-packages/oslo_config/cfg.py:2995}}
Apr 29 08:28:50 devstack devstack@g-api.service[76095]: DEBUG glance.common.config [None req-a4c88fd3-b2fc-4aa9-bf99-0ae04caaa03b None None] digest_algorithm = sha256 {{(pid=76095) log_opt_values /opt/stack/data/venv/lib/python3.12/site-packages/oslo_config/cfg.py:2995}}
Apr 29 08:28:50 devstack devstack@g-api.service[76095]: DEBUG glance.common.config [None req-a4c88fd3-b2fc-4aa9-bf99-0ae04caaa03b None None] disabled_notifications = [] {{(pid=76095) log_opt_values /opt/stack/data/venv/lib/python3.12/site-packages/oslo_config/cfg.py:2995}}
Apr 29 08:28:50 devstack devstack@g-api.service[76095]: DEBUG glance.common.config [None req-a4c88fd3-b2fc-4aa9-bf99-0ae04caaa03b None None] do_secure_hash = True {{(pid=76095) log_opt_values /opt/stack/data/venv/lib/python3.12/site-packages/oslo_config/cfg.py:2995}}
Apr 29 08:28:50 devstack devstack@g-api.service[76095]: DEBUG glance.common.config [None req-a4c88fd3-b2fc-4aa9-bf99-0ae04caaa03b None None] enabled_backends = None {{(pid=76095) log_opt_values /opt/stack/data/venv/lib/python3.12/site-packages/oslo_config/cfg.py:2995}}
Apr 29 08:28:50 devstack devstack@g-api.service[76095]: DEBUG glance.common.config [None req-a4c88fd3-b2fc-4aa9-bf99-0ae04caaa03b None None] enabled_import_methods = ['glance-direct', 'web-download', 'copy-image'] {{(pid=76095) log_opt_values /opt/stack/data/venv/lib/python3.12/site-packages/oslo_config/cfg.py:2995}}
Apr 29 08:28:50 devstack devstack@g-api.service[76095]: DEBUG glance.common.config [None req-a4c88fd3-b2fc-4aa9-bf99-0ae04caaa03b None None] hashing_algorithm = sha512 {{(pid=76095) log_opt_values /opt/stack/data/venv/lib/python3.12/site-packages/oslo_config/cfg.py:2995}}
Apr 29 08:28:50 devstack devstack@g-api.service[76095]: DEBUG glance.common.config [None req-a4c88fd3-b2fc-4aa9-bf99-0ae04caaa03b None None] http_keepalive = True {{(pid=76095) log_opt_values /opt/stack/data/venv/lib/python3.12/site-packages/oslo_config/cfg.py:2995}}
Apr 29 08:28:50 devstack devstack@g-api.service[76095]: DEBUG glance.common.config [None req-a4c88fd3-b2fc-4aa9-bf99-0ae04caaa03b None None] http_retries = 3 {{(pid=76095) log_opt_values /opt/stack/data/venv/lib/python3.12/site-packages/oslo_config/cfg.py:2995}}
Apr 29 08:28:50 devstack devstack@g-api.service[76095]: DEBUG glance.common.config [None req-a4c88fd3-b2fc-4aa9-bf99-0ae04caaa03b None None] image_cache_dir = /opt/stack/data/glance/cache/ {{(pid=76095) log_opt_values /opt/stack/data/venv/lib/python3.12/site-packages/oslo_config/cfg.py:2995}}
Apr 29 08:28:50 devstack devstack@g-api.service[76095]: DEBUG glance.common.config [None req-a4c88fd3-b2fc-4aa9-bf99-0ae04caaa03b None None] image_cache_driver = centralized_db {{(pid=76095) log_opt_values /opt/stack/data/venv/lib/python3.12/site-packages/oslo_config/cfg.py:2995}}
Apr 29 08:28:50 devstack devstack@g-api.service[76095]: DEBUG glance.common.config [None req-a4c88fd3-b2fc-4aa9-bf99-0ae04caaa03b None None] image_cache_max_size = 10737418240 {{(pid=76095) log_opt_values /opt/stack/data/venv/lib/python3.12/site-packages/oslo_config/cfg.py:2995}}
Apr 29 08:28:50 devstack devstack@g-api.service[76095]: DEBUG glance.common.config [None req-a4c88fd3-b2fc-4aa9-bf99-0ae04caaa03b None None] image_cache_sqlite_db = cache.db {{(pid=76095) log_opt_values /opt/stack/data/venv/lib/python3.12/site-packages/oslo_config/cfg.py:2995}}
Apr 29 08:28:50 devstack devstack@g-api.service[76095]: DEBUG glance.common.config [None req-a4c88fd3-b2fc-4aa9-bf99-0ae04caaa03b None None] image_cache_stall_time = 86400 {{(pid=76095) log_opt_values /opt/stack/data/venv/lib/python3.12/site-packages/oslo_config/cfg.py:2995}}
Apr 29 08:28:50 devstack devstack@g-api.service[76095]: DEBUG glance.common.config [None req-a4c88fd3-b2fc-4aa9-bf99-0ae04caaa03b None None] image_location_quota = 10 {{(pid=76095) log_opt_values /opt/stack/data/venv/lib/python3.12/site-packages/oslo_config/cfg.py:2995}}
Apr 29 08:28:50 devstack devstack@g-api.service[76095]: DEBUG glance.common.config [None req-a4c88fd3-b2fc-4aa9-bf99-0ae04caaa03b None None] image_member_quota = 128 {{(pid=76095) log_opt_values /opt/stack/data/venv/lib/python3.12/site-packages/oslo_config/cfg.py:2995}}
Apr 29 08:28:50 devstack devstack@g-api.service[76095]: DEBUG glance.common.config [None req-a4c88fd3-b2fc-4aa9-bf99-0ae04caaa03b None None] image_property_quota = 128 {{(pid=76095) log_opt_values /opt/stack/data/venv/lib/python3.12/site-packages/oslo_config/cfg.py:2995}}
Apr 29 08:28:50 devstack devstack@g-api.service[76095]: DEBUG glance.common.config [None req-a4c88fd3-b2fc-4aa9-bf99-0ae04caaa03b None None] image_size_cap = 1099511627776 {{(pid=76095) log_opt_values /opt/stack/data/venv/lib/python3.12/site-packages/oslo_config/cfg.py:2995}}
Apr 29 08:28:50 devstack devstack@g-api.service[76095]: DEBUG glance.common.config [None req-a4c88fd3-b2fc-4aa9-bf99-0ae04caaa03b None None] image_tag_quota = 128 {{(pid=76095) log_opt_values /opt/stack/data/venv/lib/python3.12/site-packages/oslo_config/cfg.py:2995}}
Apr 29 08:28:50 devstack devstack@g-api.service[76095]: DEBUG glance.common.config [None req-a4c88fd3-b2fc-4aa9-bf99-0ae04caaa03b None None] instance_format = [instance: %(uuid)s] {{(pid=76095) log_opt_values /opt/stack/data/venv/lib/python3.12/site-packages/oslo_config/cfg.py:2995}}
Apr 29 08:28:50 devstack devstack@g-api.service[76095]: DEBUG glance.common.config [None req-a4c88fd3-b2fc-4aa9-bf99-0ae04caaa03b None None] instance_uuid_format = [instance: %(uuid)s] {{(pid=76095) log_opt_values /opt/stack/data/venv/lib/python3.12/site-packages/oslo_config/cfg.py:2995}}
Apr 29 08:28:50 devstack devstack@g-api.service[76095]: DEBUG glance.common.config [None req-a4c88fd3-b2fc-4aa9-bf99-0ae04caaa03b None None] limit_param_default = 25 {{(pid=76095) log_opt_values /opt/stack/data/venv/lib/python3.12/site-packages/oslo_config/cfg.py:2995}}
Apr 29 08:28:50 devstack devstack@g-api.service[76095]: DEBUG glance.common.config [None req-a4c88fd3-b2fc-4aa9-bf99-0ae04caaa03b None None] log_color = False {{(pid=76095) log_opt_values /opt/stack/data/venv/lib/python3.12/site-packages/oslo_config/cfg.py:2995}}
Apr 29 08:28:50 devstack devstack@g-api.service[76095]: DEBUG glance.common.config [None req-a4c88fd3-b2fc-4aa9-bf99-0ae04caaa03b None None] log_config_append = None {{(pid=76095) log_opt_values /opt/stack/data/venv/lib/python3.12/site-packages/oslo_config/cfg.py:2995}}
Apr 29 08:28:50 devstack devstack@g-api.service[76095]: DEBUG glance.common.config [None req-a4c88fd3-b2fc-4aa9-bf99-0ae04caaa03b None None] log_date_format = %Y-%m-%d %H:%M:%S {{(pid=76095) log_opt_values /opt/stack/data/venv/lib/python3.12/site-packages/oslo_config/cfg.py:2995}}
Apr 29 08:28:50 devstack devstack@g-api.service[76095]: DEBUG glance.common.config [None req-a4c88fd3-b2fc-4aa9-bf99-0ae04caaa03b None None] log_dir = None {{(pid=76095) log_opt_values /opt/stack/data/venv/lib/python3.12/site-packages/oslo_config/cfg.py:2995}}
Apr 29 08:28:50 devstack devstack@g-api.service[76092]: DEBUG glance.image_cache.drivers.centralized_db [None req-2289708a-cf0e-4a2b-8e43-47c9e15bae25 None None] Node reference is already recorded, ignoring it {{(pid=76092) configure /opt/stack/glance/glance/image_cache/drivers/centralized_db.py:71}}
Apr 29 08:28:50 devstack devstack@g-api.service[76095]: DEBUG glance.common.config [None req-a4c88fd3-b2fc-4aa9-bf99-0ae04caaa03b None None] log_file = None {{(pid=76095) log_opt_values /opt/stack/data/venv/lib/python3.12/site-packages/oslo_config/cfg.py:2995}}
Apr 29 08:28:50 devstack devstack@g-api.service[76095]: DEBUG glance.common.config [None req-a4c88fd3-b2fc-4aa9-bf99-0ae04caaa03b None None] log_rotate_interval = 1 {{(pid=76095) log_opt_values /opt/stack/data/venv/lib/python3.12/site-packages/oslo_config/cfg.py:2995}}
Apr 29 08:28:50 devstack devstack@g-api.service[76095]: DEBUG glance.common.config [None req-a4c88fd3-b2fc-4aa9-bf99-0ae04caaa03b None None] log_rotate_interval_type = days {{(pid=76095) log_opt_values /opt/stack/data/venv/lib/python3.12/site-packages/oslo_config/cfg.py:2995}}
Apr 29 08:28:50 devstack devstack@g-api.service[76095]: DEBUG glance.common.config [None req-a4c88fd3-b2fc-4aa9-bf99-0ae04caaa03b None None] log_rotation_type = none {{(pid=76095) log_opt_values /opt/stack/data/venv/lib/python3.12/site-packages/oslo_config/cfg.py:2995}}
Apr 29 08:28:50 devstack devstack@g-api.service[76095]: DEBUG glance.common.config [None req-a4c88fd3-b2fc-4aa9-bf99-0ae04caaa03b None None] logging_context_format_string = %(color)s%(levelname)s %(name)s [%(global_request_id)s %(request_id)s %(project_name)s %(user_name)s%(color)s] %(instance)s%(color)s%(message)s {{(pid=76095) log_opt_values /opt/stack/data/venv/lib/python3.12/site-packages/oslo_config/cfg.py:2995}}
Apr 29 08:28:50 devstack devstack@g-api.service[76095]: DEBUG glance.common.config [None req-a4c88fd3-b2fc-4aa9-bf99-0ae04caaa03b None None] logging_debug_format_suffix = {{(pid=%(process)d) %(funcName)s %(pathname)s:%(lineno)d}} {{(pid=76095) log_opt_values /opt/stack/data/venv/lib/python3.12/site-packages/oslo_config/cfg.py:2995}}
Apr 29 08:28:50 devstack devstack@g-api.service[76095]: DEBUG glance.common.config [None req-a4c88fd3-b2fc-4aa9-bf99-0ae04caaa03b None None] logging_default_format_string = %(color)s%(levelname)s %(name)s [-%(color)s] %(instance)s%(color)s%(message)s {{(pid=76095) log_opt_values /opt/stack/data/venv/lib/python3.12/site-packages/oslo_config/cfg.py:2995}}
Apr 29 08:28:50 devstack devstack@g-api.service[76095]: DEBUG glance.common.config [None req-a4c88fd3-b2fc-4aa9-bf99-0ae04caaa03b None None] logging_exception_prefix = ERROR %(name)s %(instance)s {{(pid=76095) log_opt_values /opt/stack/data/venv/lib/python3.12/site-packages/oslo_config/cfg.py:2995}}
Apr 29 08:28:50 devstack devstack@g-api.service[76095]: DEBUG glance.common.config [None req-a4c88fd3-b2fc-4aa9-bf99-0ae04caaa03b None None] logging_user_identity_format = %(user)s %(project)s %(domain)s %(system_scope)s %(user_domain)s %(project_domain)s {{(pid=76095) log_opt_values /opt/stack/data/venv/lib/python3.12/site-packages/oslo_config/cfg.py:2995}}
Apr 29 08:28:50 devstack devstack@g-api.service[76095]: DEBUG glance.common.config [None req-a4c88fd3-b2fc-4aa9-bf99-0ae04caaa03b None None] max_header_line = 16384 {{(pid=76095) log_opt_values /opt/stack/data/venv/lib/python3.12/site-packages/oslo_config/cfg.py:2995}}
Apr 29 08:28:50 devstack devstack@g-api.service[76095]: DEBUG glance.common.config [None req-a4c88fd3-b2fc-4aa9-bf99-0ae04caaa03b None None] max_logfile_count = 30 {{(pid=76095) log_opt_values /opt/stack/data/venv/lib/python3.12/site-packages/oslo_config/cfg.py:2995}}
Apr 29 08:28:50 devstack devstack@g-api.service[76095]: DEBUG glance.common.config [None req-a4c88fd3-b2fc-4aa9-bf99-0ae04caaa03b None None] max_logfile_size_mb = 200 {{(pid=76095) log_opt_values /opt/stack/data/venv/lib/python3.12/site-packages/oslo_config/cfg.py:2995}}
Apr 29 08:28:50 devstack devstack@g-api.service[76095]: DEBUG glance.common.config [None req-a4c88fd3-b2fc-4aa9-bf99-0ae04caaa03b None None] max_request_id_length = 64 {{(pid=76095) log_opt_values /opt/stack/data/venv/lib/python3.12/site-packages/oslo_config/cfg.py:2995}}
Apr 29 08:28:50 devstack devstack@g-api.service[76095]: DEBUG glance.common.config [None req-a4c88fd3-b2fc-4aa9-bf99-0ae04caaa03b None None] metadata_encryption_key = **** {{(pid=76095) log_opt_values /opt/stack/data/venv/lib/python3.12/site-packages/oslo_config/cfg.py:2995}}
Apr 29 08:28:50 devstack devstack@g-api.service[76095]: DEBUG glance.common.config [None req-a4c88fd3-b2fc-4aa9-bf99-0ae04caaa03b None None] node_staging_uri = file:///tmp/staging/ {{(pid=76095) log_opt_values /opt/stack/data/venv/lib/python3.12/site-packages/oslo_config/cfg.py:2995}}
Apr 29 08:28:50 devstack devstack@g-api.service[76095]: DEBUG glance.common.config [None req-a4c88fd3-b2fc-4aa9-bf99-0ae04caaa03b None None] property_protection_file = None {{(pid=76095) log_opt_values /opt/stack/data/venv/lib/python3.12/site-packages/oslo_config/cfg.py:2995}}
Apr 29 08:28:50 devstack devstack@g-api.service[76095]: DEBUG glance.common.config [None req-a4c88fd3-b2fc-4aa9-bf99-0ae04caaa03b None None] property_protection_rule_format = roles {{(pid=76095) log_opt_values /opt/stack/data/venv/lib/python3.12/site-packages/oslo_config/cfg.py:2995}}
Apr 29 08:28:50 devstack devstack@g-api.service[76095]: DEBUG glance.common.config [None req-a4c88fd3-b2fc-4aa9-bf99-0ae04caaa03b None None] public_endpoint = http://192.168.122.243/image {{(pid=76095) log_opt_values /opt/stack/data/venv/lib/python3.12/site-packages/oslo_config/cfg.py:2995}}
Apr 29 08:28:50 devstack devstack@g-api.service[76095]: DEBUG glance.common.config [None req-a4c88fd3-b2fc-4aa9-bf99-0ae04caaa03b None None] publish_errors = False {{(pid=76095) log_opt_values /opt/stack/data/venv/lib/python3.12/site-packages/oslo_config/cfg.py:2995}}
Apr 29 08:28:50 devstack devstack@g-api.service[76095]: DEBUG glance.common.config [None req-a4c88fd3-b2fc-4aa9-bf99-0ae04caaa03b None None] pydev_worker_debug_host = None {{(pid=76095) log_opt_values /opt/stack/data/venv/lib/python3.12/site-packages/oslo_config/cfg.py:2995}}
Apr 29 08:28:50 devstack devstack@g-api.service[76095]: DEBUG glance.common.config [None req-a4c88fd3-b2fc-4aa9-bf99-0ae04caaa03b None None] pydev_worker_debug_port = 5678 {{(pid=76095) log_opt_values /opt/stack/data/venv/lib/python3.12/site-packages/oslo_config/cfg.py:2995}}
Apr 29 08:28:50 devstack devstack@g-api.service[76095]: DEBUG glance.common.config [None req-a4c88fd3-b2fc-4aa9-bf99-0ae04caaa03b None None] rate_limit_burst = 0 {{(pid=76095) log_opt_values /opt/stack/data/venv/lib/python3.12/site-packages/oslo_config/cfg.py:2995}}
Apr 29 08:28:50 devstack devstack@g-api.service[76095]: DEBUG glance.common.config [None req-a4c88fd3-b2fc-4aa9-bf99-0ae04caaa03b None None] rate_limit_except_level = CRITICAL {{(pid=76095) log_opt_values /opt/stack/data/venv/lib/python3.12/site-packages/oslo_config/cfg.py:2995}}
Apr 29 08:28:50 devstack devstack@g-api.service[76095]: DEBUG glance.common.config [None req-a4c88fd3-b2fc-4aa9-bf99-0ae04caaa03b None None] rate_limit_interval = 0 {{(pid=76095) log_opt_values /opt/stack/data/venv/lib/python3.12/site-packages/oslo_config/cfg.py:2995}}
Apr 29 08:28:50 devstack devstack@g-api.service[76095]: DEBUG glance.common.config [None req-a4c88fd3-b2fc-4aa9-bf99-0ae04caaa03b None None] scrub_pool_size = 1 {{(pid=76095) log_opt_values /opt/stack/data/venv/lib/python3.12/site-packages/oslo_config/cfg.py:2995}}
Apr 29 08:28:50 devstack devstack@g-api.service[76095]: DEBUG glance.common.config [None req-a4c88fd3-b2fc-4aa9-bf99-0ae04caaa03b None None] scrub_time = 0 {{(pid=76095) log_opt_values /opt/stack/data/venv/lib/python3.12/site-packages/oslo_config/cfg.py:2995}}
Apr 29 08:28:50 devstack devstack@g-api.service[76095]: DEBUG glance.common.config [None req-a4c88fd3-b2fc-4aa9-bf99-0ae04caaa03b None None] shell_completion = None {{(pid=76095) log_opt_values /opt/stack/data/venv/lib/python3.12/site-packages/oslo_config/cfg.py:2995}}
Apr 29 08:28:50 devstack devstack@g-api.service[76095]: DEBUG glance.common.config [None req-a4c88fd3-b2fc-4aa9-bf99-0ae04caaa03b None None] show_image_direct_url = False {{(pid=76095) log_opt_values /opt/stack/data/venv/lib/python3.12/site-packages/oslo_config/cfg.py:2995}}
Apr 29 08:28:50 devstack devstack@g-api.service[76095]: WARNING oslo_config.cfg [None req-a4c88fd3-b2fc-4aa9-bf99-0ae04caaa03b None None] Deprecated: Option "show_multiple_locations" from group "DEFAULT" is deprecated for removal (Use of this option, deprecated since Newton, is a security risk and will be removed once we figure out a way to satisfy those use cases that currently require it. An earlier announcement that the same functionality can be achieved with greater granularity by using policies is incorrect. You cannot work around this option via policy configuration at the present time, though that is the direction we believe the fix will take. Please keep an eye on the Glance release notes to stay up to date on progress in addressing this issue.). Its value may be silently ignored in the future.
Apr 29 08:28:50 devstack devstack@g-api.service[76095]: DEBUG glance.common.config [None req-a4c88fd3-b2fc-4aa9-bf99-0ae04caaa03b None None] show_multiple_locations = False {{(pid=76095) log_opt_values /opt/stack/data/venv/lib/python3.12/site-packages/oslo_config/cfg.py:2995}}
Apr 29 08:28:50 devstack devstack@g-api.service[76092]: INFO glance.api.middleware.cache [None req-2289708a-cf0e-4a2b-8e43-47c9e15bae25 None None] Initialized image cache middleware
Apr 29 08:28:50 devstack devstack@g-api.service[76095]: DEBUG glance.common.config [None req-a4c88fd3-b2fc-4aa9-bf99-0ae04caaa03b None None] syslog_log_facility = LOG_USER {{(pid=76095) log_opt_values /opt/stack/data/venv/lib/python3.12/site-packages/oslo_config/cfg.py:2995}}
