Apr 29 08:35:16 devstack cinder-volume[83885]: DEBUG cinder.volume.manager [req-71974e29-1a85-4f0e-af7e-557489d29a9f req-ad774535-36ab-4640-8847-5c6be0278539 tempest-ServerBootFromVolumeStableRescueTest-161262437 None] Task 'cinder.volume.flows.manager.create_volume.CreateVolumeFromSpecTask;volume:create' (6d794422-f69f-4e42-ad57-50ce053acbe3) transitioned into state 'SUCCESS' from state 'RUNNING' with result '{'status': 'creating', 'volume_name': 'volume-2b9fca7e-e502-4aa2-9ee5-d4dc0e2df426', 'volume_size': 1}' {{(pid=83885) _task_receiver /opt/stack/data/venv/lib/python3.12/site-packages/taskflow/listeners/logging.py:182}}
Apr 29 08:35:16 devstack cinder-volume[83885]: DEBUG cinder.volume.manager [req-71974e29-1a85-4f0e-af7e-557489d29a9f req-ad774535-36ab-4640-8847-5c6be0278539 tempest-ServerBootFromVolumeStableRescueTest-161262437 None] Task 'cinder.volume.flows.manager.create_volume.CreateVolumeOnFinishTask;volume:create, create.end' (0086b976-2d1f-4fae-b9bc-d6a103d2793c) transitioned into state 'RUNNING' from state 'PENDING' {{(pid=83885) _task_receiver /opt/stack/data/venv/lib/python3.12/site-packages/taskflow/listeners/logging.py:194}}
Apr 29 08:35:16 devstack cinder-volume[83885]: INFO cinder.volume.flows.manager.create_volume [req-71974e29-1a85-4f0e-af7e-557489d29a9f req-ad774535-36ab-4640-8847-5c6be0278539 tempest-ServerBootFromVolumeStableRescueTest-161262437 None] Volume volume-2b9fca7e-e502-4aa2-9ee5-d4dc0e2df426 (2b9fca7e-e502-4aa2-9ee5-d4dc0e2df426): created successfully
Apr 29 08:35:16 devstack cinder-volume[83885]: DEBUG cinder.volume.manager [req-71974e29-1a85-4f0e-af7e-557489d29a9f req-ad774535-36ab-4640-8847-5c6be0278539 tempest-ServerBootFromVolumeStableRescueTest-161262437 None] Task 'cinder.volume.flows.manager.create_volume.CreateVolumeOnFinishTask;volume:create, create.end' (0086b976-2d1f-4fae-b9bc-d6a103d2793c) transitioned into state 'SUCCESS' from state 'RUNNING' with result 'None' {{(pid=83885) _task_receiver /opt/stack/data/venv/lib/python3.12/site-packages/taskflow/listeners/logging.py:182}}
Apr 29 08:35:16 devstack cinder-volume[83885]: DEBUG cinder.volume.manager [req-71974e29-1a85-4f0e-af7e-557489d29a9f req-ad774535-36ab-4640-8847-5c6be0278539 tempest-ServerBootFromVolumeStableRescueTest-161262437 None] Flow 'volume_create_manager' (46254714-c28d-4fcd-bff1-58bee03f94ec) transitioned into state 'SUCCESS' from state 'RUNNING' {{(pid=83885) _flow_receiver /opt/stack/data/venv/lib/python3.12/site-packages/taskflow/listeners/logging.py:145}}
Apr 29 08:35:16 devstack cinder-volume[83885]: INFO cinder.volume.manager [req-71974e29-1a85-4f0e-af7e-557489d29a9f req-ad774535-36ab-4640-8847-5c6be0278539 tempest-ServerBootFromVolumeStableRescueTest-161262437 None] Created volume successfully.
Apr 29 08:35:16 devstack cinder-volume[83885]: DEBUG oslo_concurrency.lockutils [None req-ec12cf37-46ba-4c49-aba9-fb89aaac9e7a tempest-SnapshotsActionsTest-47070833 None] Acquiring lock "quobyte" by "cinder.volume.drivers.quobyte.QuobyteDriver.create_snapshot" {{(pid=83885) inner /opt/stack/data/venv/lib/python3.12/site-packages/oslo_concurrency/lockutils.py:506}}
Apr 29 08:35:16 devstack cinder-volume[83885]: DEBUG oslo_concurrency.lockutils [None req-ec12cf37-46ba-4c49-aba9-fb89aaac9e7a tempest-SnapshotsActionsTest-47070833 None] Lock "quobyte" acquired by "cinder.volume.drivers.quobyte.QuobyteDriver.create_snapshot" :: waited 0.001s {{(pid=83885) inner /opt/stack/data/venv/lib/python3.12/site-packages/oslo_concurrency/lockutils.py:519}}
Apr 29 08:35:16 devstack cinder-volume[83885]: DEBUG cinder.volume.drivers.remotefs [None req-ec12cf37-46ba-4c49-aba9-fb89aaac9e7a tempest-SnapshotsActionsTest-47070833 None] Creating offline snapshot f3863bb7-d18f-47ca-89aa-5a5e810fdf3c of volume fda890d2-449c-4c10-953b-7bdc4f297bc1 {{(pid=83885) _create_snapshot /opt/stack/cinder/cinder/volume/drivers/remotefs.py:1815}}
Apr 29 08:35:16 devstack cinder-volume[83885]: DEBUG oslo.privsep.daemon [-] privsep: reply[d91e707e-9ec4-4c48-b6b1-c8a87526f692]: (4, 'qcow2') {{(pid=84946) _call_back /opt/stack/data/venv/lib/python3.12/site-packages/oslo_privsep/daemon.py:573}}
Apr 29 08:35:16 devstack cinder-volume[83885]: DEBUG oslo_concurrency.processutils [None req-ec12cf37-46ba-4c49-aba9-fb89aaac9e7a tempest-SnapshotsActionsTest-47070833 None] Running cmd (subprocess): /opt/stack/data/venv/bin/python3.12 -m oslo_concurrency.prlimit --as=1073741824 --cpu=60 -- sudo cinder-rootwrap /etc/cinder/rootwrap.conf env LC_ALL=C qemu-img info -f qcow2 --output=json --force-share /opt/stack/data/cinder/mnt/fc20d80567e24af38e5075f5777d5073/volume-fda890d2-449c-4c10-953b-7bdc4f297bc1.663cdeec-e9b4-4136-a1e0-4e0f6793729b {{(pid=83885) execute /opt/stack/data/venv/lib/python3.12/site-packages/oslo_concurrency/processutils.py:440}}
Apr 29 08:35:16 devstack sudo[86620]: quobyte : PWD=/ ; USER=root ; COMMAND=/opt/stack/data/venv/bin/cinder-rootwrap /etc/cinder/rootwrap.conf env LC_ALL=C qemu-img info -f qcow2 --output=json --force-share /opt/stack/data/cinder/mnt/fc20d80567e24af38e5075f5777d5073/volume-fda890d2-449c-4c10-953b-7bdc4f297bc1.663cdeec-e9b4-4136-a1e0-4e0f6793729b
Apr 29 08:35:16 devstack sudo[86620]: pam_unix(sudo:session): session opened for user root(uid=0) by (uid=1000)
Apr 29 08:35:17 devstack sudo[86620]: pam_unix(sudo:session): session closed for user root
Apr 29 08:35:17 devstack cinder-volume[83885]: DEBUG oslo_concurrency.processutils [None req-ec12cf37-46ba-4c49-aba9-fb89aaac9e7a tempest-SnapshotsActionsTest-47070833 None] CMD "/opt/stack/data/venv/bin/python3.12 -m oslo_concurrency.prlimit --as=1073741824 --cpu=60 -- sudo cinder-rootwrap /etc/cinder/rootwrap.conf env LC_ALL=C qemu-img info -f qcow2 --output=json --force-share /opt/stack/data/cinder/mnt/fc20d80567e24af38e5075f5777d5073/volume-fda890d2-449c-4c10-953b-7bdc4f297bc1.663cdeec-e9b4-4136-a1e0-4e0f6793729b" returned: 0 in 1.244s {{(pid=83885) execute /opt/stack/data/venv/lib/python3.12/site-packages/oslo_concurrency/processutils.py:468}}
Apr 29 08:35:17 devstack cinder-volume[83885]: DEBUG cinder.volume.drivers.remotefs [None req-ec12cf37-46ba-4c49-aba9-fb89aaac9e7a tempest-SnapshotsActionsTest-47070833 None] Fetching qemu-img info with special backing_file_template: (/opt/stack/data/cinder/mnt/[0-9a-f]+/)?(volume-fda890d2-449c-4c10-953b-7bdc4f297bc1(.(tmp-snap-)?[0-9a-f-]+)?|volume_from_snapshot_cache/(tmp-snap-)?[0-9a-f-]+(.(child-|parent-)[0-9a-f-]+)?)$ {{(pid=83885) _qemu_img_info_base /opt/stack/cinder/cinder/volume/drivers/remotefs.py:896}}
Apr 29 08:35:17 devstack cinder-volume[83885]: DEBUG oslo_concurrency.processutils [None req-ec12cf37-46ba-4c49-aba9-fb89aaac9e7a tempest-SnapshotsActionsTest-47070833 None] Running cmd (subprocess): sudo cinder-rootwrap /etc/cinder/rootwrap.conf qemu-img create -f qcow2 -o backing_file=/opt/stack/data/cinder/mnt/fc20d80567e24af38e5075f5777d5073/volume-fda890d2-449c-4c10-953b-7bdc4f297bc1.663cdeec-e9b4-4136-a1e0-4e0f6793729b,backing_fmt=qcow2 /opt/stack/data/cinder/mnt/fc20d80567e24af38e5075f5777d5073/volume-fda890d2-449c-4c10-953b-7bdc4f297bc1.f3863bb7-d18f-47ca-89aa-5a5e810fdf3c 1G {{(pid=83885) execute /opt/stack/data/venv/lib/python3.12/site-packages/oslo_concurrency/processutils.py:440}}
Apr 29 08:35:17 devstack sudo[86633]: quobyte : PWD=/ ; USER=root ; COMMAND=/opt/stack/data/venv/bin/cinder-rootwrap /etc/cinder/rootwrap.conf qemu-img create -f qcow2 -o backing_file=/opt/stack/data/cinder/mnt/fc20d80567e24af38e5075f5777d5073/volume-fda890d2-449c-4c10-953b-7bdc4f297bc1.663cdeec-e9b4-4136-a1e0-4e0f6793729b,backing_fmt=qcow2 /opt/stack/data/cinder/mnt/fc20d80567e24af38e5075f5777d5073/volume-fda890d2-449c-4c10-953b-7bdc4f297bc1.f3863bb7-d18f-47ca-89aa-5a5e810fdf3c 1G
Apr 29 08:35:17 devstack sudo[86633]: pam_unix(sudo:session): session opened for user root(uid=0) by (uid=1000)
Apr 29 08:35:17 devstack cinder-volume[83885]: DEBUG oslo_concurrency.lockutils [req-71974e29-1a85-4f0e-af7e-557489d29a9f req-67edbe6b-cd86-4252-9a88-fa4f41f832a9 tempest-ServerBootFromVolumeStableRescueTest-161262437 None] Acquiring lock "quobyte" by "cinder.volume.drivers.quobyte.QuobyteDriver.initialize_connection" {{(pid=83885) inner /opt/stack/data/venv/lib/python3.12/site-packages/oslo_concurrency/lockutils.py:506}}
Apr 29 08:35:19 devstack sudo[86633]: pam_unix(sudo:session): session closed for user root
Apr 29 08:35:19 devstack cinder-volume[83885]: DEBUG oslo_concurrency.processutils [None req-ec12cf37-46ba-4c49-aba9-fb89aaac9e7a tempest-SnapshotsActionsTest-47070833 None] CMD "sudo cinder-rootwrap /etc/cinder/rootwrap.conf qemu-img create -f qcow2 -o backing_file=/opt/stack/data/cinder/mnt/fc20d80567e24af38e5075f5777d5073/volume-fda890d2-449c-4c10-953b-7bdc4f297bc1.663cdeec-e9b4-4136-a1e0-4e0f6793729b,backing_fmt=qcow2 /opt/stack/data/cinder/mnt/fc20d80567e24af38e5075f5777d5073/volume-fda890d2-449c-4c10-953b-7bdc4f297bc1.f3863bb7-d18f-47ca-89aa-5a5e810fdf3c 1G" returned: 0 in 1.287s {{(pid=83885) execute /opt/stack/data/venv/lib/python3.12/site-packages/oslo_concurrency/processutils.py:468}}
Apr 29 08:35:19 devstack cinder-volume[83885]: DEBUG oslo_concurrency.processutils [None req-ec12cf37-46ba-4c49-aba9-fb89aaac9e7a tempest-SnapshotsActionsTest-47070833 None] Running cmd (subprocess): sudo cinder-rootwrap /etc/cinder/rootwrap.conf qemu-img rebase -u -b volume-fda890d2-449c-4c10-953b-7bdc4f297bc1.663cdeec-e9b4-4136-a1e0-4e0f6793729b -F qcow2 /opt/stack/data/cinder/mnt/fc20d80567e24af38e5075f5777d5073/volume-fda890d2-449c-4c10-953b-7bdc4f297bc1.f3863bb7-d18f-47ca-89aa-5a5e810fdf3c {{(pid=83885) execute /opt/stack/data/venv/lib/python3.12/site-packages/oslo_concurrency/processutils.py:440}}
Apr 29 08:35:19 devstack sudo[86642]: quobyte : PWD=/ ; USER=root ; COMMAND=/opt/stack/data/venv/bin/cinder-rootwrap /etc/cinder/rootwrap.conf qemu-img rebase -u -b volume-fda890d2-449c-4c10-953b-7bdc4f297bc1.663cdeec-e9b4-4136-a1e0-4e0f6793729b -F qcow2 /opt/stack/data/cinder/mnt/fc20d80567e24af38e5075f5777d5073/volume-fda890d2-449c-4c10-953b-7bdc4f297bc1.f3863bb7-d18f-47ca-89aa-5a5e810fdf3c
Apr 29 08:35:19 devstack sudo[86642]: pam_unix(sudo:session): session opened for user root(uid=0) by (uid=1000)
Apr 29 08:35:19 devstack sudo[86642]: pam_unix(sudo:session): session closed for user root
Apr 29 08:35:19 devstack cinder-volume[83885]: DEBUG oslo_concurrency.processutils [None req-ec12cf37-46ba-4c49-aba9-fb89aaac9e7a tempest-SnapshotsActionsTest-47070833 None] CMD "sudo cinder-rootwrap /etc/cinder/rootwrap.conf qemu-img rebase -u -b volume-fda890d2-449c-4c10-953b-7bdc4f297bc1.663cdeec-e9b4-4136-a1e0-4e0f6793729b -F qcow2 /opt/stack/data/cinder/mnt/fc20d80567e24af38e5075f5777d5073/volume-fda890d2-449c-4c10-953b-7bdc4f297bc1.f3863bb7-d18f-47ca-89aa-5a5e810fdf3c" returned: 0 in 0.761s {{(pid=83885) execute /opt/stack/data/venv/lib/python3.12/site-packages/oslo_concurrency/processutils.py:468}}
Apr 29 08:35:19 devstack cinder-volume[83885]: WARNING cinder.volume.drivers.remotefs [None req-ec12cf37-46ba-4c49-aba9-fb89aaac9e7a tempest-SnapshotsActionsTest-47070833 None] /opt/stack/data/cinder/mnt/fc20d80567e24af38e5075f5777d5073/volume-fda890d2-449c-4c10-953b-7bdc4f297bc1.f3863bb7-d18f-47ca-89aa-5a5e810fdf3c is being set with open permissions: ugo+rw
Apr 29 08:35:19 devstack cinder-volume[83885]: DEBUG oslo_concurrency.processutils [None req-ec12cf37-46ba-4c49-aba9-fb89aaac9e7a tempest-SnapshotsActionsTest-47070833 None] Running cmd (subprocess): sudo cinder-rootwrap /etc/cinder/rootwrap.conf chmod ugo+rw /opt/stack/data/cinder/mnt/fc20d80567e24af38e5075f5777d5073/volume-fda890d2-449c-4c10-953b-7bdc4f297bc1.f3863bb7-d18f-47ca-89aa-5a5e810fdf3c {{(pid=83885) execute /opt/stack/data/venv/lib/python3.12/site-packages/oslo_concurrency/processutils.py:440}}
Apr 29 08:35:19 devstack sudo[86647]: quobyte : PWD=/ ; USER=root ; COMMAND=/opt/stack/data/venv/bin/cinder-rootwrap /etc/cinder/rootwrap.conf chmod ugo+rw /opt/stack/data/cinder/mnt/fc20d80567e24af38e5075f5777d5073/volume-fda890d2-449c-4c10-953b-7bdc4f297bc1.f3863bb7-d18f-47ca-89aa-5a5e810fdf3c
Apr 29 08:35:19 devstack sudo[86647]: pam_unix(sudo:session): session opened for user root(uid=0) by (uid=1000)
Apr 29 08:35:20 devstack sudo[86647]: pam_unix(sudo:session): session closed for user root
Apr 29 08:35:20 devstack cinder-volume[83885]: DEBUG oslo_concurrency.processutils [None req-ec12cf37-46ba-4c49-aba9-fb89aaac9e7a tempest-SnapshotsActionsTest-47070833 None] CMD "sudo cinder-rootwrap /etc/cinder/rootwrap.conf chmod ugo+rw /opt/stack/data/cinder/mnt/fc20d80567e24af38e5075f5777d5073/volume-fda890d2-449c-4c10-953b-7bdc4f297bc1.f3863bb7-d18f-47ca-89aa-5a5e810fdf3c" returned: 0 in 1.118s {{(pid=83885) execute /opt/stack/data/venv/lib/python3.12/site-packages/oslo_concurrency/processutils.py:468}}
Apr 29 08:35:20 devstack cinder-volume[83885]: DEBUG oslo_concurrency.lockutils [None req-ec12cf37-46ba-4c49-aba9-fb89aaac9e7a tempest-SnapshotsActionsTest-47070833 None] Lock "quobyte" "released" by "cinder.volume.drivers.quobyte.QuobyteDriver.create_snapshot" :: held 4.589s {{(pid=83885) inner /opt/stack/data/venv/lib/python3.12/site-packages/oslo_concurrency/lockutils.py:538}}
Apr 29 08:35:20 devstack cinder-volume[83885]: DEBUG oslo_concurrency.lockutils [req-71974e29-1a85-4f0e-af7e-557489d29a9f req-67edbe6b-cd86-4252-9a88-fa4f41f832a9 tempest-ServerBootFromVolumeStableRescueTest-161262437 None] Lock "quobyte" acquired by "cinder.volume.drivers.quobyte.QuobyteDriver.initialize_connection" :: waited 3.053s {{(pid=83885) inner /opt/stack/data/venv/lib/python3.12/site-packages/oslo_concurrency/lockutils.py:519}}
Apr 29 08:35:20 devstack cinder-volume[83885]: DEBUG oslo.privsep.daemon [-] privsep: reply[438594da-0ae3-41db-a69e-6ce251d425c6]: (4, 'qcow2') {{(pid=84946) _call_back /opt/stack/data/venv/lib/python3.12/site-packages/oslo_privsep/daemon.py:573}}
Apr 29 08:35:20 devstack cinder-volume[83885]: DEBUG oslo_concurrency.processutils [req-71974e29-1a85-4f0e-af7e-557489d29a9f req-67edbe6b-cd86-4252-9a88-fa4f41f832a9 tempest-ServerBootFromVolumeStableRescueTest-161262437 None] Running cmd (subprocess): /opt/stack/data/venv/bin/python3.12 -m oslo_concurrency.prlimit --as=1073741824 --cpu=60 -- sudo cinder-rootwrap /etc/cinder/rootwrap.conf env LC_ALL=C qemu-img info -f qcow2 --output=json --force-share /opt/stack/data/cinder/mnt/fc20d80567e24af38e5075f5777d5073/volume-2b9fca7e-e502-4aa2-9ee5-d4dc0e2df426 {{(pid=83885) execute /opt/stack/data/venv/lib/python3.12/site-packages/oslo_concurrency/processutils.py:440}}
Apr 29 08:35:20 devstack cinder-volume[83885]: INFO cinder.volume.manager [None req-ec12cf37-46ba-4c49-aba9-fb89aaac9e7a tempest-SnapshotsActionsTest-47070833 None] Create snapshot completed successfully
Apr 29 08:35:21 devstack sudo[86651]: quobyte : PWD=/ ; USER=root ; COMMAND=/opt/stack/data/venv/bin/cinder-rootwrap /etc/cinder/rootwrap.conf env LC_ALL=C qemu-img info -f qcow2 --output=json --force-share /opt/stack/data/cinder/mnt/fc20d80567e24af38e5075f5777d5073/volume-2b9fca7e-e502-4aa2-9ee5-d4dc0e2df426
Apr 29 08:35:21 devstack sudo[86651]: pam_unix(sudo:session): session opened for user root(uid=0) by (uid=1000)
Apr 29 08:35:22 devstack cinder-volume[83885]: DEBUG cinder.coordination [None req-ee903b4e-fea2-4617-b411-319425e55749 tempest-SnapshotsActionsTest-824830933 None] Acquiring lock "cinder-f3863bb7-d18f-47ca-89aa-5a5e810fdf3c-delete_snapshot" by "delete_snapshot" {{(pid=83885) __acquire /opt/stack/cinder/cinder/coordination.py:138}}
Apr 29 08:35:22 devstack cinder-volume[83885]: DEBUG cinder.coordination [None req-ee903b4e-fea2-4617-b411-319425e55749 tempest-SnapshotsActionsTest-824830933 None] Lock "cinder-f3863bb7-d18f-47ca-89aa-5a5e810fdf3c-delete_snapshot" acquired by "delete_snapshot" :: waited 0.032s {{(pid=83885) __acquire /opt/stack/cinder/cinder/coordination.py:141}}
Apr 29 08:35:22 devstack cinder-volume[83885]: DEBUG cinder.coordination [None req-ee903b4e-fea2-4617-b411-319425e55749 tempest-SnapshotsActionsTest-824830933 None] Acquiring lock "cinder-quobyte-fda890d2-449c-4c10-953b-7bdc4f297bc1" by "delete_snapshot" {{(pid=83885) __acquire /opt/stack/cinder/cinder/coordination.py:138}}
Apr 29 08:35:22 devstack cinder-volume[83885]: DEBUG cinder.coordination [None req-ee903b4e-fea2-4617-b411-319425e55749 tempest-SnapshotsActionsTest-824830933 None] Lock "cinder-quobyte-fda890d2-449c-4c10-953b-7bdc4f297bc1" acquired by "delete_snapshot" :: waited 0.028s {{(pid=83885) __acquire /opt/stack/cinder/cinder/coordination.py:141}}
Apr 29 08:35:22 devstack cinder-volume[83885]: DEBUG cinder.coordination [None req-ee903b4e-fea2-4617-b411-319425e55749 tempest-SnapshotsActionsTest-824830933 None] Acquiring lock "cinder-quobyte-f3863bb7-d18f-47ca-89aa-5a5e810fdf3c" by "_delete_snapshot" {{(pid=83885) __acquire /opt/stack/cinder/cinder/coordination.py:138}}
Apr 29 08:35:22 devstack cinder-volume[83885]: DEBUG cinder.coordination [None req-ee903b4e-fea2-4617-b411-319425e55749 tempest-SnapshotsActionsTest-824830933 None] Lock "cinder-quobyte-f3863bb7-d18f-47ca-89aa-5a5e810fdf3c" acquired by "_delete_snapshot" :: waited 0.020s {{(pid=83885) __acquire /opt/stack/cinder/cinder/coordination.py:141}}
Apr 29 08:35:22 devstack cinder-volume[83885]: DEBUG cinder.volume.drivers.remotefs [None req-ee903b4e-fea2-4617-b411-319425e55749 tempest-SnapshotsActionsTest-824830933 None] Deleting offline snapshot f3863bb7-d18f-47ca-89aa-5a5e810fdf3c of volume fda890d2-449c-4c10-953b-7bdc4f297bc1 {{(pid=83885) _delete_snapshot /opt/stack/cinder/cinder/volume/drivers/remotefs.py:1288}}
Apr 29 08:35:22 devstack cinder-volume[83885]: DEBUG cinder.volume.drivers.remotefs [None req-ee903b4e-fea2-4617-b411-319425e55749 tempest-SnapshotsActionsTest-824830933 None] snapshot_file for this snap is: volume-fda890d2-449c-4c10-953b-7bdc4f297bc1.f3863bb7-d18f-47ca-89aa-5a5e810fdf3c {{(pid=83885) _delete_snapshot /opt/stack/cinder/cinder/volume/drivers/remotefs.py:1317}}
Apr 29 08:35:22 devstack cinder-volume[83885]: DEBUG oslo.privsep.daemon [-] privsep: reply[afd7f9fa-e632-447a-83a3-931e0cb029f7]: (4, 'qcow2') {{(pid=84946) _call_back /opt/stack/data/venv/lib/python3.12/site-packages/oslo_privsep/daemon.py:573}}
Apr 29 08:35:22 devstack cinder-volume[83885]: DEBUG oslo_concurrency.processutils [None req-ee903b4e-fea2-4617-b411-319425e55749 tempest-SnapshotsActionsTest-824830933 None] Running cmd (subprocess): /opt/stack/data/venv/bin/python3.12 -m oslo_concurrency.prlimit --as=1073741824 --cpu=60 -- sudo cinder-rootwrap /etc/cinder/rootwrap.conf env LC_ALL=C qemu-img info -f qcow2 --output=json --force-share /opt/stack/data/cinder/mnt/fc20d80567e24af38e5075f5777d5073/volume-fda890d2-449c-4c10-953b-7bdc4f297bc1.f3863bb7-d18f-47ca-89aa-5a5e810fdf3c {{(pid=83885) execute /opt/stack/data/venv/lib/python3.12/site-packages/oslo_concurrency/processutils.py:440}}
Apr 29 08:35:22 devstack sudo[86651]: pam_unix(sudo:session): session closed for user root
Apr 29 08:35:22 devstack cinder-volume[83885]: DEBUG oslo_concurrency.processutils [req-71974e29-1a85-4f0e-af7e-557489d29a9f req-67edbe6b-cd86-4252-9a88-fa4f41f832a9 tempest-ServerBootFromVolumeStableRescueTest-161262437 None] CMD "/opt/stack/data/venv/bin/python3.12 -m oslo_concurrency.prlimit --as=1073741824 --cpu=60 -- sudo cinder-rootwrap /etc/cinder/rootwrap.conf env LC_ALL=C qemu-img info -f qcow2 --output=json --force-share /opt/stack/data/cinder/mnt/fc20d80567e24af38e5075f5777d5073/volume-2b9fca7e-e502-4aa2-9ee5-d4dc0e2df426" returned: 0 in 1.327s {{(pid=83885) execute /opt/stack/data/venv/lib/python3.12/site-packages/oslo_concurrency/processutils.py:468}}
Apr 29 08:35:22 devstack cinder-volume[83885]: DEBUG oslo_concurrency.lockutils [req-71974e29-1a85-4f0e-af7e-557489d29a9f req-67edbe6b-cd86-4252-9a88-fa4f41f832a9 tempest-ServerBootFromVolumeStableRescueTest-161262437 None] Lock "quobyte" "released" by "cinder.volume.drivers.quobyte.QuobyteDriver.initialize_connection" :: held 1.353s {{(pid=83885) inner /opt/stack/data/venv/lib/python3.12/site-packages/oslo_concurrency/lockutils.py:538}}
Apr 29 08:35:22 devstack cinder-volume[83885]: DEBUG dbcounter [-] [83885] Writing DB stats cinder:UPDATE=62,cinder:SELECT=47,cinder:INSERT=14,cinder:DELETE=4 {{(pid=83885) stat_writer /opt/stack/data/venv/lib/python3.12/site-packages/dbcounter.py:115}}
Apr 29 08:35:22 devstack cinder-volume[83885]: DEBUG dbcounter [-] [83885] Writing DB stats cinder:UPDATE=52,cinder:SELECT=59,cinder:INSERT=12,cinder:DELETE=4 {{(pid=83885) stat_writer /opt/stack/data/venv/lib/python3.12/site-packages/dbcounter.py:115}}
Apr 29 08:35:22 devstack cinder-volume[83885]: DEBUG cinder.volume.manager [req-71974e29-1a85-4f0e-af7e-557489d29a9f req-67edbe6b-cd86-4252-9a88-fa4f41f832a9 tempest-ServerBootFromVolumeStableRescueTest-161262437 None] Connection info returned from driver {'export': 'osci02.corp.quobyte.com/cinder-vol-fbcd5b54-a0f3-4c1a-8f0b-a24ac42f3bb9', 'name': 'volume-2b9fca7e-e502-4aa2-9ee5-d4dc0e2df426', 'options': None, 'format': 'qcow2', 'qos_specs': None, 'access_mode': 'rw', 'encrypted': False, 'cacheable': False, 'driver_volume_type': 'quobyte', 'mount_point_base': '/opt/stack/data/cinder/mnt', 'attachment_id': '3f63a5e7-0e30-4b46-94f1-465bf876135c', 'enforce_multipath': True} {{(pid=83885) _connection_create /opt/stack/cinder/cinder/volume/manager.py:4924}}
Apr 29 08:35:22 devstack sudo[86671]: quobyte : PWD=/ ; USER=root ; COMMAND=/opt/stack/data/venv/bin/cinder-rootwrap /etc/cinder/rootwrap.conf env LC_ALL=C qemu-img info -f qcow2 --output=json --force-share /opt/stack/data/cinder/mnt/fc20d80567e24af38e5075f5777d5073/volume-fda890d2-449c-4c10-953b-7bdc4f297bc1.f3863bb7-d18f-47ca-89aa-5a5e810fdf3c
Apr 29 08:35:22 devstack sudo[86671]: pam_unix(sudo:session): session opened for user root(uid=0) by (uid=1000)
Apr 29 08:35:22 devstack cinder-volume[83885]: INFO cinder.volume.manager [req-71974e29-1a85-4f0e-af7e-557489d29a9f req-67edbe6b-cd86-4252-9a88-fa4f41f832a9 tempest-ServerBootFromVolumeStableRescueTest-161262437 None] attachment_update completed successfully.
Apr 29 08:35:23 devstack sudo[86671]: pam_unix(sudo:session): session closed for user root
Apr 29 08:35:23 devstack cinder-volume[83885]: DEBUG oslo_concurrency.processutils [None req-ee903b4e-fea2-4617-b411-319425e55749 tempest-SnapshotsActionsTest-824830933 None] CMD "/opt/stack/data/venv/bin/python3.12 -m oslo_concurrency.prlimit --as=1073741824 --cpu=60 -- sudo cinder-rootwrap /etc/cinder/rootwrap.conf env LC_ALL=C qemu-img info -f qcow2 --output=json --force-share /opt/stack/data/cinder/mnt/fc20d80567e24af38e5075f5777d5073/volume-fda890d2-449c-4c10-953b-7bdc4f297bc1.f3863bb7-d18f-47ca-89aa-5a5e810fdf3c" returned: 0 in 1.385s {{(pid=83885) execute /opt/stack/data/venv/lib/python3.12/site-packages/oslo_concurrency/processutils.py:468}}
Apr 29 08:35:23 devstack cinder-volume[83885]: DEBUG cinder.volume.drivers.remotefs [None req-ee903b4e-fea2-4617-b411-319425e55749 tempest-SnapshotsActionsTest-824830933 None] Fetching qemu-img info with special backing_file_template: (/opt/stack/data/cinder/mnt/[0-9a-f]+/)?(volume-fda890d2-449c-4c10-953b-7bdc4f297bc1(.(tmp-snap-)?[0-9a-f-]+)?|volume_from_snapshot_cache/(tmp-snap-)?[0-9a-f-]+(.(child-|parent-)[0-9a-f-]+)?)$ {{(pid=83885) _qemu_img_info_base /opt/stack/cinder/cinder/volume/drivers/remotefs.py:896}}
Apr 29 08:35:23 devstack cinder-volume[83885]: DEBUG oslo.privsep.daemon [-] privsep: reply[fb05bda5-1657-45ac-862b-9f8a6c800d91]: (4, 'qcow2') {{(pid=84946) _call_back /opt/stack/data/venv/lib/python3.12/site-packages/oslo_privsep/daemon.py:573}}
Apr 29 08:35:23 devstack cinder-volume[83885]: DEBUG oslo_concurrency.processutils [None req-ee903b4e-fea2-4617-b411-319425e55749 tempest-SnapshotsActionsTest-824830933 None] Running cmd (subprocess): /opt/stack/data/venv/bin/python3.12 -m oslo_concurrency.prlimit --as=1073741824 --cpu=60 -- sudo cinder-rootwrap /etc/cinder/rootwrap.conf env LC_ALL=C qemu-img info -f qcow2 --output=json --force-share /opt/stack/data/cinder/mnt/fc20d80567e24af38e5075f5777d5073/volume-fda890d2-449c-4c10-953b-7bdc4f297bc1.663cdeec-e9b4-4136-a1e0-4e0f6793729b {{(pid=83885) execute /opt/stack/data/venv/lib/python3.12/site-packages/oslo_concurrency/processutils.py:440}}
Apr 29 08:35:23 devstack sudo[86679]: quobyte : PWD=/ ; USER=root ; COMMAND=/opt/stack/data/venv/bin/cinder-rootwrap /etc/cinder/rootwrap.conf env LC_ALL=C qemu-img info -f qcow2 --output=json --force-share /opt/stack/data/cinder/mnt/fc20d80567e24af38e5075f5777d5073/volume-fda890d2-449c-4c10-953b-7bdc4f297bc1.663cdeec-e9b4-4136-a1e0-4e0f6793729b
Apr 29 08:35:23 devstack sudo[86679]: pam_unix(sudo:session): session opened for user root(uid=0) by (uid=1000)
Apr 29 08:35:24 devstack sudo[86679]: pam_unix(sudo:session): session closed for user root
Apr 29 08:35:24 devstack cinder-volume[83885]: DEBUG oslo_concurrency.processutils [None req-ee903b4e-fea2-4617-b411-319425e55749 tempest-SnapshotsActionsTest-824830933 None] CMD "/opt/stack/data/venv/bin/python3.12 -m oslo_concurrency.prlimit --as=1073741824 --cpu=60 -- sudo cinder-rootwrap /etc/cinder/rootwrap.conf env LC_ALL=C qemu-img info -f qcow2 --output=json --force-share /opt/stack/data/cinder/mnt/fc20d80567e24af38e5075f5777d5073/volume-fda890d2-449c-4c10-953b-7bdc4f297bc1.663cdeec-e9b4-4136-a1e0-4e0f6793729b" returned: 0 in 1.018s {{(pid=83885) execute /opt/stack/data/venv/lib/python3.12/site-packages/oslo_concurrency/processutils.py:468}}
Apr 29 08:35:24 devstack cinder-volume[83885]: DEBUG cinder.volume.drivers.remotefs [None req-ee903b4e-fea2-4617-b411-319425e55749 tempest-SnapshotsActionsTest-824830933 None] Fetching qemu-img info with special backing_file_template: (/opt/stack/data/cinder/mnt/[0-9a-f]+/)?(volume-fda890d2-449c-4c10-953b-7bdc4f297bc1(.(tmp-snap-)?[0-9a-f-]+)?|volume_from_snapshot_cache/(tmp-snap-)?[0-9a-f-]+(.(child-|parent-)[0-9a-f-]+)?)$ {{(pid=83885) _qemu_img_info_base /opt/stack/cinder/cinder/volume/drivers/remotefs.py:896}}
Apr 29 08:35:24 devstack cinder-volume[83885]: DEBUG oslo_concurrency.processutils [None req-ee903b4e-fea2-4617-b411-319425e55749 tempest-SnapshotsActionsTest-824830933 None] Running cmd (subprocess): sudo cinder-rootwrap /etc/cinder/rootwrap.conf qemu-img commit -d /opt/stack/data/cinder/mnt/fc20d80567e24af38e5075f5777d5073/volume-fda890d2-449c-4c10-953b-7bdc4f297bc1.f3863bb7-d18f-47ca-89aa-5a5e810fdf3c {{(pid=83885) execute /opt/stack/data/venv/lib/python3.12/site-packages/oslo_concurrency/processutils.py:440}}
Apr 29 08:35:24 devstack sudo[86684]: quobyte : PWD=/ ; USER=root ; COMMAND=/opt/stack/data/venv/bin/cinder-rootwrap /etc/cinder/rootwrap.conf qemu-img commit -d /opt/stack/data/cinder/mnt/fc20d80567e24af38e5075f5777d5073/volume-fda890d2-449c-4c10-953b-7bdc4f297bc1.f3863bb7-d18f-47ca-89aa-5a5e810fdf3c
Apr 29 08:35:24 devstack sudo[86684]: pam_unix(sudo:session): session opened for user root(uid=0) by (uid=1000)
Apr 29 08:35:26 devstack sudo[86684]: pam_unix(sudo:session): session closed for user root
Apr 29 08:35:26 devstack cinder-volume[83885]: DEBUG oslo_concurrency.processutils [None req-ee903b4e-fea2-4617-b411-319425e55749 tempest-SnapshotsActionsTest-824830933 None] CMD "sudo cinder-rootwrap /etc/cinder/rootwrap.conf qemu-img commit -d /opt/stack/data/cinder/mnt/fc20d80567e24af38e5075f5777d5073/volume-fda890d2-449c-4c10-953b-7bdc4f297bc1.f3863bb7-d18f-47ca-89aa-5a5e810fdf3c" returned: 0 in 1.353s {{(pid=83885) execute /opt/stack/data/venv/lib/python3.12/site-packages/oslo_concurrency/processutils.py:468}}
Apr 29 08:35:26 devstack cinder-volume[83885]: DEBUG oslo_concurrency.processutils [None req-ee903b4e-fea2-4617-b411-319425e55749 tempest-SnapshotsActionsTest-824830933 None] Running cmd (subprocess): sudo cinder-rootwrap /etc/cinder/rootwrap.conf rm -f /opt/stack/data/cinder/mnt/fc20d80567e24af38e5075f5777d5073/volume-fda890d2-449c-4c10-953b-7bdc4f297bc1.f3863bb7-d18f-47ca-89aa-5a5e810fdf3c {{(pid=83885) execute /opt/stack/data/venv/lib/python3.12/site-packages/oslo_concurrency/processutils.py:440}}
Apr 29 08:35:26 devstack sudo[86759]: quobyte : PWD=/ ; USER=root ; COMMAND=/opt/stack/data/venv/bin/cinder-rootwrap /etc/cinder/rootwrap.conf rm -f /opt/stack/data/cinder/mnt/fc20d80567e24af38e5075f5777d5073/volume-fda890d2-449c-4c10-953b-7bdc4f297bc1.f3863bb7-d18f-47ca-89aa-5a5e810fdf3c
Apr 29 08:35:26 devstack sudo[86759]: pam_unix(sudo:session): session opened for user root(uid=0) by (uid=1000)
Apr 29 08:35:26 devstack sudo[86759]: pam_unix(sudo:session): session closed for user root
Apr 29 08:35:26 devstack cinder-volume[83885]: DEBUG oslo_concurrency.processutils [None req-ee903b4e-fea2-4617-b411-319425e55749 tempest-SnapshotsActionsTest-824830933 None] CMD "sudo cinder-rootwrap /etc/cinder/rootwrap.conf rm -f /opt/stack/data/cinder/mnt/fc20d80567e24af38e5075f5777d5073/volume-fda890d2-449c-4c10-953b-7bdc4f297bc1.f3863bb7-d18f-47ca-89aa-5a5e810fdf3c" returned: 0 in 0.792s {{(pid=83885) execute /opt/stack/data/venv/lib/python3.12/site-packages/oslo_concurrency/processutils.py:468}}
Apr 29 08:35:26 devstack cinder-volume[83885]: DEBUG cinder.coordination [None req-ee903b4e-fea2-4617-b411-319425e55749 tempest-SnapshotsActionsTest-824830933 None] Lock "cinder-quobyte-f3863bb7-d18f-47ca-89aa-5a5e810fdf3c" released by "_delete_snapshot" :: held 4.716s {{(pid=83885) __release /opt/stack/cinder/cinder/coordination.py:152}}
Apr 29 08:35:26 devstack cinder-volume[83885]: DEBUG cinder.coordination [None req-ee903b4e-fea2-4617-b411-319425e55749 tempest-SnapshotsActionsTest-824830933 None] Lock "cinder-quobyte-fda890d2-449c-4c10-953b-7bdc4f297bc1" released by "delete_snapshot" :: held 4.749s {{(pid=83885) __release /opt/stack/cinder/cinder/coordination.py:152}}
Apr 29 08:35:26 devstack cinder-volume[83885]: DEBUG cinder.quota [None req-ee903b4e-fea2-4617-b411-319425e55749 tempest-SnapshotsActionsTest-824830933 None] Created reservations ['ad7ce637-ac1a-4bdc-9cb6-28b32aba5a6a', '8e818609-8e7c-4452-8d33-3c014d6c834a', 'de038731-43cd-48fb-a836-fa0b899314fd', 'b4f52e1f-709e-426f-b14f-affcdfc7b603'] {{(pid=83885) reserve /opt/stack/cinder/cinder/quota.py:752}}
Apr 29 08:35:27 devstack cinder-volume[83885]: INFO cinder.volume.manager [None req-ee903b4e-fea2-4617-b411-319425e55749 tempest-SnapshotsActionsTest-824830933 None] Delete snapshot completed successfully.
Apr 29 08:35:27 devstack cinder-volume[83885]: DEBUG cinder.coordination [None req-ee903b4e-fea2-4617-b411-319425e55749 tempest-SnapshotsActionsTest-824830933 None] Lock "cinder-f3863bb7-d18f-47ca-89aa-5a5e810fdf3c-delete_snapshot" released by "delete_snapshot" :: held 4.977s {{(pid=83885) __release /opt/stack/cinder/cinder/coordination.py:152}}
Apr 29 08:35:28 devstack cinder-volume[83885]: DEBUG oslo_concurrency.lockutils [None req-efc9c1ec-dd1b-45e8-9d3f-a041d232a49d tempest-SnapshotsActionsTest-47070833 None] Acquiring lock "quobyte" by "cinder.volume.drivers.quobyte.QuobyteDriver.create_snapshot" {{(pid=83885) inner /opt/stack/data/venv/lib/python3.12/site-packages/oslo_concurrency/lockutils.py:506}}
Apr 29 08:35:28 devstack cinder-volume[83885]: DEBUG oslo_concurrency.lockutils [None req-efc9c1ec-dd1b-45e8-9d3f-a041d232a49d tempest-SnapshotsActionsTest-47070833 None] Lock "quobyte" acquired by "cinder.volume.drivers.quobyte.QuobyteDriver.create_snapshot" :: waited 0.001s {{(pid=83885) inner /opt/stack/data/venv/lib/python3.12/site-packages/oslo_concurrency/lockutils.py:519}}
Apr 29 08:35:28 devstack cinder-volume[83885]: DEBUG cinder.volume.drivers.remotefs [None req-efc9c1ec-dd1b-45e8-9d3f-a041d232a49d tempest-SnapshotsActionsTest-47070833 None] Creating offline snapshot 5fc91ceb-d5f2-4e3d-a2b5-5a31798a38b7 of volume fda890d2-449c-4c10-953b-7bdc4f297bc1 {{(pid=83885) _create_snapshot /opt/stack/cinder/cinder/volume/drivers/remotefs.py:1815}}
Apr 29 08:35:28 devstack cinder-volume[83885]: DEBUG oslo.privsep.daemon [-] privsep: reply[1feb6396-02a5-46d2-815f-1595ae293300]: (4, 'qcow2') {{(pid=84946) _call_back /opt/stack/data/venv/lib/python3.12/site-packages/oslo_privsep/daemon.py:573}}
Apr 29 08:35:28 devstack cinder-volume[83885]: DEBUG oslo_concurrency.processutils [None req-efc9c1ec-dd1b-45e8-9d3f-a041d232a49d tempest-SnapshotsActionsTest-47070833 None] Running cmd (subprocess): /opt/stack/data/venv/bin/python3.12 -m oslo_concurrency.prlimit --as=1073741824 --cpu=60 -- sudo cinder-rootwrap /etc/cinder/rootwrap.conf env LC_ALL=C qemu-img info -f qcow2 --output=json --force-share /opt/stack/data/cinder/mnt/fc20d80567e24af38e5075f5777d5073/volume-fda890d2-449c-4c10-953b-7bdc4f297bc1.663cdeec-e9b4-4136-a1e0-4e0f6793729b {{(pid=83885) execute /opt/stack/data/venv/lib/python3.12/site-packages/oslo_concurrency/processutils.py:440}}
Apr 29 08:35:28 devstack sudo[86812]: quobyte : PWD=/ ; USER=root ; COMMAND=/opt/stack/data/venv/bin/cinder-rootwrap /etc/cinder/rootwrap.conf env LC_ALL=C qemu-img info -f qcow2 --output=json --force-share /opt/stack/data/cinder/mnt/fc20d80567e24af38e5075f5777d5073/volume-fda890d2-449c-4c10-953b-7bdc4f297bc1.663cdeec-e9b4-4136-a1e0-4e0f6793729b
Apr 29 08:35:28 devstack sudo[86812]: pam_unix(sudo:session): session opened for user root(uid=0) by (uid=1000)
Apr 29 08:35:29 devstack sudo[86812]: pam_unix(sudo:session): session closed for user root
Apr 29 08:35:29 devstack cinder-volume[83885]: DEBUG oslo_concurrency.processutils [None req-efc9c1ec-dd1b-45e8-9d3f-a041d232a49d tempest-SnapshotsActionsTest-47070833 None] CMD "/opt/stack/data/venv/bin/python3.12 -m oslo_concurrency.prlimit --as=1073741824 --cpu=60 -- sudo cinder-rootwrap /etc/cinder/rootwrap.conf env LC_ALL=C qemu-img info -f qcow2 --output=json --force-share /opt/stack/data/cinder/mnt/fc20d80567e24af38e5075f5777d5073/volume-fda890d2-449c-4c10-953b-7bdc4f297bc1.663cdeec-e9b4-4136-a1e0-4e0f6793729b" returned: 0 in 1.126s {{(pid=83885) execute /opt/stack/data/venv/lib/python3.12/site-packages/oslo_concurrency/processutils.py:468}}
Apr 29 08:35:29 devstack cinder-volume[83885]: DEBUG cinder.volume.drivers.remotefs [None req-efc9c1ec-dd1b-45e8-9d3f-a041d232a49d tempest-SnapshotsActionsTest-47070833 None] Fetching qemu-img info with special backing_file_template: (/opt/stack/data/cinder/mnt/[0-9a-f]+/)?(volume-fda890d2-449c-4c10-953b-7bdc4f297bc1(.(tmp-snap-)?[0-9a-f-]+)?|volume_from_snapshot_cache/(tmp-snap-)?[0-9a-f-]+(.(child-|parent-)[0-9a-f-]+)?)$ {{(pid=83885) _qemu_img_info_base /opt/stack/cinder/cinder/volume/drivers/remotefs.py:896}}
Apr 29 08:35:29 devstack cinder-volume[83885]: DEBUG oslo_concurrency.processutils [None req-efc9c1ec-dd1b-45e8-9d3f-a041d232a49d tempest-SnapshotsActionsTest-47070833 None] Running cmd (subprocess): sudo cinder-rootwrap /etc/cinder/rootwrap.conf qemu-img create -f qcow2 -o backing_file=/opt/stack/data/cinder/mnt/fc20d80567e24af38e5075f5777d5073/volume-fda890d2-449c-4c10-953b-7bdc4f297bc1.663cdeec-e9b4-4136-a1e0-4e0f6793729b,backing_fmt=qcow2 /opt/stack/data/cinder/mnt/fc20d80567e24af38e5075f5777d5073/volume-fda890d2-449c-4c10-953b-7bdc4f297bc1.5fc91ceb-d5f2-4e3d-a2b5-5a31798a38b7 1G {{(pid=83885) execute /opt/stack/data/venv/lib/python3.12/site-packages/oslo_concurrency/processutils.py:440}}
Apr 29 08:35:29 devstack sudo[87161]: quobyte : PWD=/ ; USER=root ; COMMAND=/opt/stack/data/venv/bin/cinder-rootwrap /etc/cinder/rootwrap.conf qemu-img create -f qcow2 -o backing_file=/opt/stack/data/cinder/mnt/fc20d80567e24af38e5075f5777d5073/volume-fda890d2-449c-4c10-953b-7bdc4f297bc1.663cdeec-e9b4-4136-a1e0-4e0f6793729b,backing_fmt=qcow2 /opt/stack/data/cinder/mnt/fc20d80567e24af38e5075f5777d5073/volume-fda890d2-449c-4c10-953b-7bdc4f297bc1.5fc91ceb-d5f2-4e3d-a2b5-5a31798a38b7 1G
Apr 29 08:35:29 devstack sudo[87161]: pam_unix(sudo:session): session opened for user root(uid=0) by (uid=1000)
Apr 29 08:35:30 devstack sudo[87161]: pam_unix(sudo:session): session closed for user root
Apr 29 08:35:30 devstack cinder-volume[83885]: DEBUG oslo_concurrency.processutils [None req-efc9c1ec-dd1b-45e8-9d3f-a041d232a49d tempest-SnapshotsActionsTest-47070833 None] CMD "sudo cinder-rootwrap /etc/cinder/rootwrap.conf qemu-img create -f qcow2 -o backing_file=/opt/stack/data/cinder/mnt/fc20d80567e24af38e5075f5777d5073/volume-fda890d2-449c-4c10-953b-7bdc4f297bc1.663cdeec-e9b4-4136-a1e0-4e0f6793729b,backing_fmt=qcow2 /opt/stack/data/cinder/mnt/fc20d80567e24af38e5075f5777d5073/volume-fda890d2-449c-4c10-953b-7bdc4f297bc1.5fc91ceb-d5f2-4e3d-a2b5-5a31798a38b7 1G" returned: 0 in 1.033s {{(pid=83885) execute /opt/stack/data/venv/lib/python3.12/site-packages/oslo_concurrency/processutils.py:468}}
Apr 29 08:35:30 devstack cinder-volume[83885]: DEBUG oslo_concurrency.processutils [None req-efc9c1ec-dd1b-45e8-9d3f-a041d232a49d tempest-SnapshotsActionsTest-47070833 None] Running cmd (subprocess): sudo cinder-rootwrap /etc/cinder/rootwrap.conf qemu-img rebase -u -b volume-fda890d2-449c-4c10-953b-7bdc4f297bc1.663cdeec-e9b4-4136-a1e0-4e0f6793729b -F qcow2 /opt/stack/data/cinder/mnt/fc20d80567e24af38e5075f5777d5073/volume-fda890d2-449c-4c10-953b-7bdc4f297bc1.5fc91ceb-d5f2-4e3d-a2b5-5a31798a38b7 {{(pid=83885) execute /opt/stack/data/venv/lib/python3.12/site-packages/oslo_concurrency/processutils.py:440}}
Apr 29 08:35:30 devstack sudo[87170]: quobyte : PWD=/ ; USER=root ; COMMAND=/opt/stack/data/venv/bin/cinder-rootwrap /etc/cinder/rootwrap.conf qemu-img rebase -u -b volume-fda890d2-449c-4c10-953b-7bdc4f297bc1.663cdeec-e9b4-4136-a1e0-4e0f6793729b -F qcow2 /opt/stack/data/cinder/mnt/fc20d80567e24af38e5075f5777d5073/volume-fda890d2-449c-4c10-953b-7bdc4f297bc1.5fc91ceb-d5f2-4e3d-a2b5-5a31798a38b7
Apr 29 08:35:30 devstack sudo[87170]: pam_unix(sudo:session): session opened for user root(uid=0) by (uid=1000)
Apr 29 08:35:31 devstack sudo[87170]: pam_unix(sudo:session): session closed for user root
Apr 29 08:35:31 devstack cinder-volume[83885]: DEBUG oslo_concurrency.processutils [None req-efc9c1ec-dd1b-45e8-9d3f-a041d232a49d tempest-SnapshotsActionsTest-47070833 None] CMD "sudo cinder-rootwrap /etc/cinder/rootwrap.conf qemu-img rebase -u -b volume-fda890d2-449c-4c10-953b-7bdc4f297bc1.663cdeec-e9b4-4136-a1e0-4e0f6793729b -F qcow2 /opt/stack/data/cinder/mnt/fc20d80567e24af38e5075f5777d5073/volume-fda890d2-449c-4c10-953b-7bdc4f297bc1.5fc91ceb-d5f2-4e3d-a2b5-5a31798a38b7" returned: 0 in 0.868s {{(pid=83885) execute /opt/stack/data/venv/lib/python3.12/site-packages/oslo_concurrency/processutils.py:468}}
Apr 29 08:35:31 devstack cinder-volume[83885]: WARNING cinder.volume.drivers.remotefs [None req-efc9c1ec-dd1b-45e8-9d3f-a041d232a49d tempest-SnapshotsActionsTest-47070833 None] /opt/stack/data/cinder/mnt/fc20d80567e24af38e5075f5777d5073/volume-fda890d2-449c-4c10-953b-7bdc4f297bc1.5fc91ceb-d5f2-4e3d-a2b5-5a31798a38b7 is being set with open permissions: ugo+rw
Apr 29 08:35:31 devstack cinder-volume[83885]: DEBUG oslo_concurrency.processutils [None req-efc9c1ec-dd1b-45e8-9d3f-a041d232a49d tempest-SnapshotsActionsTest-47070833 None] Running cmd (subprocess): sudo cinder-rootwrap /etc/cinder/rootwrap.conf chmod ugo+rw /opt/stack/data/cinder/mnt/fc20d80567e24af38e5075f5777d5073/volume-fda890d2-449c-4c10-953b-7bdc4f297bc1.5fc91ceb-d5f2-4e3d-a2b5-5a31798a38b7 {{(pid=83885) execute /opt/stack/data/venv/lib/python3.12/site-packages/oslo_concurrency/processutils.py:440}}
Apr 29 08:35:31 devstack sudo[87182]: quobyte : PWD=/ ; USER=root ; COMMAND=/opt/stack/data/venv/bin/cinder-rootwrap /etc/cinder/rootwrap.conf chmod ugo+rw /opt/stack/data/cinder/mnt/fc20d80567e24af38e5075f5777d5073/volume-fda890d2-449c-4c10-953b-7bdc4f297bc1.5fc91ceb-d5f2-4e3d-a2b5-5a31798a38b7
Apr 29 08:35:31 devstack sudo[87182]: pam_unix(sudo:session): session opened for user root(uid=0) by (uid=1000)
Apr 29 08:35:32 devstack sudo[87182]: pam_unix(sudo:session): session closed for user root
Apr 29 08:35:32 devstack cinder-volume[83885]: DEBUG oslo_concurrency.processutils [None req-efc9c1ec-dd1b-45e8-9d3f-a041d232a49d tempest-SnapshotsActionsTest-47070833 None] CMD "sudo cinder-rootwrap /etc/cinder/rootwrap.conf chmod ugo+rw /opt/stack/data/cinder/mnt/fc20d80567e24af38e5075f5777d5073/volume-fda890d2-449c-4c10-953b-7bdc4f297bc1.5fc91ceb-d5f2-4e3d-a2b5-5a31798a38b7" returned: 0 in 0.699s {{(pid=83885) execute /opt/stack/data/venv/lib/python3.12/site-packages/oslo_concurrency/processutils.py:468}}
Apr 29 08:35:32 devstack cinder-volume[83885]: DEBUG oslo_concurrency.lockutils [None req-efc9c1ec-dd1b-45e8-9d3f-a041d232a49d tempest-SnapshotsActionsTest-47070833 None] Lock "quobyte" "released" by "cinder.volume.drivers.quobyte.QuobyteDriver.create_snapshot" :: held 3.869s {{(pid=83885) inner /opt/stack/data/venv/lib/python3.12/site-packages/oslo_concurrency/lockutils.py:538}}
Apr 29 08:35:32 devstack cinder-volume[83885]: INFO cinder.volume.manager [None req-efc9c1ec-dd1b-45e8-9d3f-a041d232a49d tempest-SnapshotsActionsTest-47070833 None] Create snapshot completed successfully
Apr 29 08:35:32 devstack cinder-volume[83885]: DEBUG cinder.coordination [None req-a3c7a9af-c5bb-4638-a92d-6dd501a56c0a tempest-SnapshotsActionsTest-824830933 None] Acquiring lock "cinder-5fc91ceb-d5f2-4e3d-a2b5-5a31798a38b7-delete_snapshot" by "delete_snapshot" {{(pid=83885) __acquire /opt/stack/cinder/cinder/coordination.py:138}}
Apr 29 08:35:32 devstack cinder-volume[83885]: DEBUG cinder.coordination [None req-a3c7a9af-c5bb-4638-a92d-6dd501a56c0a tempest-SnapshotsActionsTest-824830933 None] Lock "cinder-5fc91ceb-d5f2-4e3d-a2b5-5a31798a38b7-delete_snapshot" acquired by "delete_snapshot" :: waited 0.025s {{(pid=83885) __acquire /opt/stack/cinder/cinder/coordination.py:141}}
Apr 29 08:35:32 devstack cinder-volume[83885]: DEBUG cinder.coordination [None req-a3c7a9af-c5bb-4638-a92d-6dd501a56c0a tempest-SnapshotsActionsTest-824830933 None] Acquiring lock "cinder-quobyte-fda890d2-449c-4c10-953b-7bdc4f297bc1" by "delete_snapshot" {{(pid=83885) __acquire /opt/stack/cinder/cinder/coordination.py:138}}
Apr 29 08:35:32 devstack cinder-volume[83885]: DEBUG cinder.coordination [None req-a3c7a9af-c5bb-4638-a92d-6dd501a56c0a tempest-SnapshotsActionsTest-824830933 None] Lock "cinder-quobyte-fda890d2-449c-4c10-953b-7bdc4f297bc1" acquired by "delete_snapshot" :: waited 0.018s {{(pid=83885) __acquire /opt/stack/cinder/cinder/coordination.py:141}}
Apr 29 08:35:32 devstack cinder-volume[83885]: DEBUG cinder.coordination [None req-a3c7a9af-c5bb-4638-a92d-6dd501a56c0a tempest-SnapshotsActionsTest-824830933 None] Acquiring lock "cinder-quobyte-5fc91ceb-d5f2-4e3d-a2b5-5a31798a38b7" by "_delete_snapshot" {{(pid=83885) __acquire /opt/stack/cinder/cinder/coordination.py:138}}
Apr 29 08:35:32 devstack cinder-volume[83885]: DEBUG cinder.coordination [None req-a3c7a9af-c5bb-4638-a92d-6dd501a56c0a tempest-SnapshotsActionsTest-824830933 None] Lock "cinder-quobyte-5fc91ceb-d5f2-4e3d-a2b5-5a31798a38b7" acquired by "_delete_snapshot" :: waited 0.019s {{(pid=83885) __acquire /opt/stack/cinder/cinder/coordination.py:141}}
Apr 29 08:35:32 devstack cinder-volume[83885]: DEBUG cinder.volume.drivers.remotefs [None req-a3c7a9af-c5bb-4638-a92d-6dd501a56c0a tempest-SnapshotsActionsTest-824830933 None] Deleting offline snapshot 5fc91ceb-d5f2-4e3d-a2b5-5a31798a38b7 of volume fda890d2-449c-4c10-953b-7bdc4f297bc1 {{(pid=83885) _delete_snapshot /opt/stack/cinder/cinder/volume/drivers/remotefs.py:1288}}
Apr 29 08:35:32 devstack cinder-volume[83885]: DEBUG cinder.volume.drivers.remotefs [None req-a3c7a9af-c5bb-4638-a92d-6dd501a56c0a tempest-SnapshotsActionsTest-824830933 None] snapshot_file for this snap is: volume-fda890d2-449c-4c10-953b-7bdc4f297bc1.5fc91ceb-d5f2-4e3d-a2b5-5a31798a38b7 {{(pid=83885) _delete_snapshot /opt/stack/cinder/cinder/volume/drivers/remotefs.py:1317}}
Apr 29 08:35:32 devstack cinder-volume[83885]: DEBUG oslo.privsep.daemon [-] privsep: reply[96267ccc-adca-4d85-b317-b4bb57b3601d]: (4, 'qcow2') {{(pid=84946) _call_back /opt/stack/data/venv/lib/python3.12/site-packages/oslo_privsep/daemon.py:573}}
Apr 29 08:35:32 devstack cinder-volume[83885]: DEBUG oslo_concurrency.processutils [None req-a3c7a9af-c5bb-4638-a92d-6dd501a56c0a tempest-SnapshotsActionsTest-824830933 None] Running cmd (subprocess): /opt/stack/data/venv/bin/python3.12 -m oslo_concurrency.prlimit --as=1073741824 --cpu=60 -- sudo cinder-rootwrap /etc/cinder/rootwrap.conf env LC_ALL=C qemu-img info -f qcow2 --output=json --force-share /opt/stack/data/cinder/mnt/fc20d80567e24af38e5075f5777d5073/volume-fda890d2-449c-4c10-953b-7bdc4f297bc1.5fc91ceb-d5f2-4e3d-a2b5-5a31798a38b7 {{(pid=83885) execute /opt/stack/data/venv/lib/python3.12/site-packages/oslo_concurrency/processutils.py:440}}
Apr 29 08:35:32 devstack sudo[87190]: quobyte : PWD=/ ; USER=root ; COMMAND=/opt/stack/data/venv/bin/cinder-rootwrap /etc/cinder/rootwrap.conf env LC_ALL=C qemu-img info -f qcow2 --output=json --force-share /opt/stack/data/cinder/mnt/fc20d80567e24af38e5075f5777d5073/volume-fda890d2-449c-4c10-953b-7bdc4f297bc1.5fc91ceb-d5f2-4e3d-a2b5-5a31798a38b7
Apr 29 08:35:32 devstack sudo[87190]: pam_unix(sudo:session): session opened for user root(uid=0) by (uid=1000)
Apr 29 08:35:33 devstack sudo[87190]: pam_unix(sudo:session): session closed for user root
Apr 29 08:35:33 devstack cinder-volume[83885]: DEBUG oslo_concurrency.processutils [None req-a3c7a9af-c5bb-4638-a92d-6dd501a56c0a tempest-SnapshotsActionsTest-824830933 None] CMD "/opt/stack/data/venv/bin/python3.12 -m oslo_concurrency.prlimit --as=1073741824 --cpu=60 -- sudo cinder-rootwrap /etc/cinder/rootwrap.conf env LC_ALL=C qemu-img info -f qcow2 --output=json --force-share /opt/stack/data/cinder/mnt/fc20d80567e24af38e5075f5777d5073/volume-fda890d2-449c-4c10-953b-7bdc4f297bc1.5fc91ceb-d5f2-4e3d-a2b5-5a31798a38b7" returned: 0 in 1.033s {{(pid=83885) execute /opt/stack/data/venv/lib/python3.12/site-packages/oslo_concurrency/processutils.py:468}}
Apr 29 08:35:33 devstack cinder-volume[83885]: DEBUG cinder.volume.drivers.remotefs [None req-a3c7a9af-c5bb-4638-a92d-6dd501a56c0a tempest-SnapshotsActionsTest-824830933 None] Fetching qemu-img info with special backing_file_template: (/opt/stack/data/cinder/mnt/[0-9a-f]+/)?(volume-fda890d2-449c-4c10-953b-7bdc4f297bc1(.(tmp-snap-)?[0-9a-f-]+)?|volume_from_snapshot_cache/(tmp-snap-)?[0-9a-f-]+(.(child-|parent-)[0-9a-f-]+)?)$ {{(pid=83885) _qemu_img_info_base /opt/stack/cinder/cinder/volume/drivers/remotefs.py:896}}
Apr 29 08:35:33 devstack cinder-volume[83885]: DEBUG oslo.privsep.daemon [-] privsep: reply[97392e42-fe5f-4d38-b604-8bb999a3b976]: (4, 'qcow2') {{(pid=84946) _call_back /opt/stack/data/venv/lib/python3.12/site-packages/oslo_privsep/daemon.py:573}}
Apr 29 08:35:33 devstack cinder-volume[83885]: DEBUG oslo_concurrency.processutils [None req-a3c7a9af-c5bb-4638-a92d-6dd501a56c0a tempest-SnapshotsActionsTest-824830933 None] Running cmd (subprocess): /opt/stack/data/venv/bin/python3.12 -m oslo_concurrency.prlimit --as=1073741824 --cpu=60 -- sudo cinder-rootwrap /etc/cinder/rootwrap.conf env LC_ALL=C qemu-img info -f qcow2 --output=json --force-share /opt/stack/data/cinder/mnt/fc20d80567e24af38e5075f5777d5073/volume-fda890d2-449c-4c10-953b-7bdc4f297bc1.663cdeec-e9b4-4136-a1e0-4e0f6793729b {{(pid=83885) execute /opt/stack/data/venv/lib/python3.12/site-packages/oslo_concurrency/processutils.py:440}}
Apr 29 08:35:33 devstack sudo[87231]: quobyte : PWD=/ ; USER=root ; COMMAND=/opt/stack/data/venv/bin/cinder-rootwrap /etc/cinder/rootwrap.conf env LC_ALL=C qemu-img info -f qcow2 --output=json --force-share /opt/stack/data/cinder/mnt/fc20d80567e24af38e5075f5777d5073/volume-fda890d2-449c-4c10-953b-7bdc4f297bc1.663cdeec-e9b4-4136-a1e0-4e0f6793729b
Apr 29 08:35:33 devstack sudo[87231]: pam_unix(sudo:session): session opened for user root(uid=0) by (uid=1000)
Apr 29 08:35:35 devstack sudo[87231]: pam_unix(sudo:session): session closed for user root
Apr 29 08:35:35 devstack cinder-volume[83885]: DEBUG oslo_concurrency.processutils [None req-a3c7a9af-c5bb-4638-a92d-6dd501a56c0a tempest-SnapshotsActionsTest-824830933 None] CMD "/opt/stack/data/venv/bin/python3.12 -m oslo_concurrency.prlimit --as=1073741824 --cpu=60 -- sudo cinder-rootwrap /etc/cinder/rootwrap.conf env LC_ALL=C qemu-img info -f qcow2 --output=json --force-share /opt/stack/data/cinder/mnt/fc20d80567e24af38e5075f5777d5073/volume-fda890d2-449c-4c10-953b-7bdc4f297bc1.663cdeec-e9b4-4136-a1e0-4e0f6793729b" returned: 0 in 1.411s {{(pid=83885) execute /opt/stack/data/venv/lib/python3.12/site-packages/oslo_concurrency/processutils.py:468}}
Apr 29 08:35:35 devstack cinder-volume[83885]: DEBUG cinder.volume.drivers.remotefs [None req-a3c7a9af-c5bb-4638-a92d-6dd501a56c0a tempest-SnapshotsActionsTest-824830933 None] Fetching qemu-img info with special backing_file_template: (/opt/stack/data/cinder/mnt/[0-9a-f]+/)?(volume-fda890d2-449c-4c10-953b-7bdc4f297bc1(.(tmp-snap-)?[0-9a-f-]+)?|volume_from_snapshot_cache/(tmp-snap-)?[0-9a-f-]+(.(child-|parent-)[0-9a-f-]+)?)$ {{(pid=83885) _qemu_img_info_base /opt/stack/cinder/cinder/volume/drivers/remotefs.py:896}}
Apr 29 08:35:35 devstack cinder-volume[83885]: DEBUG oslo_concurrency.processutils [None req-a3c7a9af-c5bb-4638-a92d-6dd501a56c0a tempest-SnapshotsActionsTest-824830933 None] Running cmd (subprocess): sudo cinder-rootwrap /etc/cinder/rootwrap.conf qemu-img commit -d /opt/stack/data/cinder/mnt/fc20d80567e24af38e5075f5777d5073/volume-fda890d2-449c-4c10-953b-7bdc4f297bc1.5fc91ceb-d5f2-4e3d-a2b5-5a31798a38b7 {{(pid=83885) execute /opt/stack/data/venv/lib/python3.12/site-packages/oslo_concurrency/processutils.py:440}}
Apr 29 08:35:35 devstack sudo[87240]: quobyte : PWD=/ ; USER=root ; COMMAND=/opt/stack/data/venv/bin/cinder-rootwrap /etc/cinder/rootwrap.conf qemu-img commit -d /opt/stack/data/cinder/mnt/fc20d80567e24af38e5075f5777d5073/volume-fda890d2-449c-4c10-953b-7bdc4f297bc1.5fc91ceb-d5f2-4e3d-a2b5-5a31798a38b7
Apr 29 08:35:35 devstack sudo[87240]: pam_unix(sudo:session): session opened for user root(uid=0) by (uid=1000)
Apr 29 08:35:36 devstack sudo[87240]: pam_unix(sudo:session): session closed for user root
