Aug 17 18:26:17 devstack devstack@g-api.service[84332]: DEBUG glance.common.config [None req-111114ef-8ffa-44c6-a6ad-15249d331c11 None None] barbican_service_user.certfile = None {{(pid=84332) log_opt_values /opt/stack/data/venv/lib/python3.12/site-packages/oslo_config/cfg.py:3560}}
Aug 17 18:26:17 devstack devstack@g-api.service[84332]: DEBUG glance.common.config [None req-111114ef-8ffa-44c6-a6ad-15249d331c11 None None] barbican_service_user.collect_timing = False {{(pid=84332) log_opt_values /opt/stack/data/venv/lib/python3.12/site-packages/oslo_config/cfg.py:3560}}
Aug 17 18:26:17 devstack devstack@g-api.service[84332]: DEBUG glance.common.config [None req-111114ef-8ffa-44c6-a6ad-15249d331c11 None None] barbican_service_user.insecure = False {{(pid=84332) log_opt_values /opt/stack/data/venv/lib/python3.12/site-packages/oslo_config/cfg.py:3560}}
Aug 17 18:26:17 devstack devstack@g-api.service[84332]: DEBUG glance.common.config [None req-111114ef-8ffa-44c6-a6ad-15249d331c11 None None] barbican_service_user.keyfile = None {{(pid=84332) log_opt_values /opt/stack/data/venv/lib/python3.12/site-packages/oslo_config/cfg.py:3560}}
Aug 17 18:26:17 devstack devstack@g-api.service[84332]: DEBUG glance.common.config [None req-111114ef-8ffa-44c6-a6ad-15249d331c11 None None] barbican_service_user.split_loggers = False {{(pid=84332) log_opt_values /opt/stack/data/venv/lib/python3.12/site-packages/oslo_config/cfg.py:3560}}
Aug 17 18:26:17 devstack devstack@g-api.service[84332]: DEBUG glance.common.config [None req-111114ef-8ffa-44c6-a6ad-15249d331c11 None None] barbican_service_user.timeout = None {{(pid=84332) log_opt_values /opt/stack/data/venv/lib/python3.12/site-packages/oslo_config/cfg.py:3560}}
Aug 17 18:26:17 devstack devstack@g-api.service[84332]: DEBUG glance.common.config [None req-111114ef-8ffa-44c6-a6ad-15249d331c11 None None] database.asyncio_connection = **** {{(pid=84332) log_opt_values /opt/stack/data/venv/lib/python3.12/site-packages/oslo_config/cfg.py:3560}}
Aug 17 18:26:17 devstack devstack@g-api.service[84332]: DEBUG glance.common.config [None req-111114ef-8ffa-44c6-a6ad-15249d331c11 None None] database.asyncio_slave_connection = **** {{(pid=84332) log_opt_values /opt/stack/data/venv/lib/python3.12/site-packages/oslo_config/cfg.py:3560}}
Aug 17 18:26:17 devstack devstack@g-api.service[84332]: DEBUG glance.common.config [None req-111114ef-8ffa-44c6-a6ad-15249d331c11 None None] database.backend = sqlalchemy {{(pid=84332) log_opt_values /opt/stack/data/venv/lib/python3.12/site-packages/oslo_config/cfg.py:3560}}
Aug 17 18:26:17 devstack devstack@g-api.service[84332]: DEBUG glance.common.config [None req-111114ef-8ffa-44c6-a6ad-15249d331c11 None None] database.connection = **** {{(pid=84332) log_opt_values /opt/stack/data/venv/lib/python3.12/site-packages/oslo_config/cfg.py:3560}}
Aug 17 18:26:17 devstack devstack@g-api.service[84332]: DEBUG glance.common.config [None req-111114ef-8ffa-44c6-a6ad-15249d331c11 None None] database.connection_debug = 0 {{(pid=84332) log_opt_values /opt/stack/data/venv/lib/python3.12/site-packages/oslo_config/cfg.py:3560}}
Aug 17 18:26:17 devstack devstack@g-api.service[84332]: DEBUG glance.common.config [None req-111114ef-8ffa-44c6-a6ad-15249d331c11 None None] database.connection_parameters = {{(pid=84332) log_opt_values /opt/stack/data/venv/lib/python3.12/site-packages/oslo_config/cfg.py:3560}}
Aug 17 18:26:17 devstack devstack@g-api.service[84332]: DEBUG glance.common.config [None req-111114ef-8ffa-44c6-a6ad-15249d331c11 None None] database.connection_recycle_time = 3600 {{(pid=84332) log_opt_values /opt/stack/data/venv/lib/python3.12/site-packages/oslo_config/cfg.py:3560}}
Aug 17 18:26:17 devstack devstack@g-api.service[84332]: DEBUG glance.common.config [None req-111114ef-8ffa-44c6-a6ad-15249d331c11 None None] database.connection_trace = False {{(pid=84332) log_opt_values /opt/stack/data/venv/lib/python3.12/site-packages/oslo_config/cfg.py:3560}}
Aug 17 18:26:17 devstack devstack@g-api.service[84332]: DEBUG glance.common.config [None req-111114ef-8ffa-44c6-a6ad-15249d331c11 None None] database.db_inc_retry_interval = True {{(pid=84332) log_opt_values /opt/stack/data/venv/lib/python3.12/site-packages/oslo_config/cfg.py:3560}}
Aug 17 18:26:17 devstack devstack@g-api.service[84332]: DEBUG glance.common.config [None req-111114ef-8ffa-44c6-a6ad-15249d331c11 None None] database.db_max_retries = 20 {{(pid=84332) log_opt_values /opt/stack/data/venv/lib/python3.12/site-packages/oslo_config/cfg.py:3560}}
Aug 17 18:26:17 devstack devstack@g-api.service[84332]: DEBUG glance.common.config [None req-111114ef-8ffa-44c6-a6ad-15249d331c11 None None] database.db_max_retry_interval = 10 {{(pid=84332) log_opt_values /opt/stack/data/venv/lib/python3.12/site-packages/oslo_config/cfg.py:3560}}
Aug 17 18:26:17 devstack devstack@g-api.service[84332]: DEBUG glance.common.config [None req-111114ef-8ffa-44c6-a6ad-15249d331c11 None None] database.db_retry_interval = 1 {{(pid=84332) log_opt_values /opt/stack/data/venv/lib/python3.12/site-packages/oslo_config/cfg.py:3560}}
Aug 17 18:26:17 devstack devstack@g-api.service[84332]: DEBUG glance.common.config [None req-111114ef-8ffa-44c6-a6ad-15249d331c11 None None] database.max_overflow = 50 {{(pid=84332) log_opt_values /opt/stack/data/venv/lib/python3.12/site-packages/oslo_config/cfg.py:3560}}
Aug 17 18:26:17 devstack devstack@g-api.service[84332]: DEBUG glance.common.config [None req-111114ef-8ffa-44c6-a6ad-15249d331c11 None None] database.max_pool_size = 5 {{(pid=84332) log_opt_values /opt/stack/data/venv/lib/python3.12/site-packages/oslo_config/cfg.py:3560}}
Aug 17 18:26:17 devstack devstack@g-api.service[84332]: DEBUG glance.common.config [None req-111114ef-8ffa-44c6-a6ad-15249d331c11 None None] database.max_retries = 10 {{(pid=84332) log_opt_values /opt/stack/data/venv/lib/python3.12/site-packages/oslo_config/cfg.py:3560}}
Aug 17 18:26:17 devstack devstack@g-api.service[84332]: DEBUG glance.common.config [None req-111114ef-8ffa-44c6-a6ad-15249d331c11 None None] database.mysql_sql_mode = TRADITIONAL {{(pid=84332) log_opt_values /opt/stack/data/venv/lib/python3.12/site-packages/oslo_config/cfg.py:3560}}
Aug 17 18:26:17 devstack devstack@g-api.service[84332]: DEBUG glance.common.config [None req-111114ef-8ffa-44c6-a6ad-15249d331c11 None None] database.mysql_wsrep_sync_wait = None {{(pid=84332) log_opt_values /opt/stack/data/venv/lib/python3.12/site-packages/oslo_config/cfg.py:3560}}
Aug 17 18:26:17 devstack devstack@g-api.service[84332]: DEBUG glance.common.config [None req-111114ef-8ffa-44c6-a6ad-15249d331c11 None None] database.pool_timeout = None {{(pid=84332) log_opt_values /opt/stack/data/venv/lib/python3.12/site-packages/oslo_config/cfg.py:3560}}
Aug 17 18:26:17 devstack devstack@g-api.service[84332]: DEBUG glance.common.config [None req-111114ef-8ffa-44c6-a6ad-15249d331c11 None None] database.retry_interval = 10 {{(pid=84332) log_opt_values /opt/stack/data/venv/lib/python3.12/site-packages/oslo_config/cfg.py:3560}}
Aug 17 18:26:17 devstack devstack@g-api.service[84332]: DEBUG glance.common.config [None req-111114ef-8ffa-44c6-a6ad-15249d331c11 None None] database.slave_connection = **** {{(pid=84332) log_opt_values /opt/stack/data/venv/lib/python3.12/site-packages/oslo_config/cfg.py:3560}}
Aug 17 18:26:17 devstack devstack@g-api.service[84332]: DEBUG glance.common.config [None req-111114ef-8ffa-44c6-a6ad-15249d331c11 None None] database.sqlite_synchronous = True {{(pid=84332) log_opt_values /opt/stack/data/venv/lib/python3.12/site-packages/oslo_config/cfg.py:3560}}
Aug 17 18:26:17 devstack devstack@g-api.service[84332]: DEBUG glance.common.config [None req-111114ef-8ffa-44c6-a6ad-15249d331c11 None None] database.synchronous_reader = True {{(pid=84332) log_opt_values /opt/stack/data/venv/lib/python3.12/site-packages/oslo_config/cfg.py:3560}}
Aug 17 18:26:17 devstack devstack@g-api.service[84332]: DEBUG glance.common.config [None req-111114ef-8ffa-44c6-a6ad-15249d331c11 None None] database.use_db_reconnect = False {{(pid=84332) log_opt_values /opt/stack/data/venv/lib/python3.12/site-packages/oslo_config/cfg.py:3560}}
Aug 17 18:26:17 devstack devstack@g-api.service[84332]: DEBUG glance.common.config [None req-111114ef-8ffa-44c6-a6ad-15249d331c11 None None] healthcheck.allowed_source_ranges = [] {{(pid=84332) log_opt_values /opt/stack/data/venv/lib/python3.12/site-packages/oslo_config/cfg.py:3560}}
Aug 17 18:26:17 devstack devstack@g-api.service[84332]: DEBUG glance.common.config [None req-111114ef-8ffa-44c6-a6ad-15249d331c11 None None] healthcheck.backends = ['disable_by_file'] {{(pid=84332) log_opt_values /opt/stack/data/venv/lib/python3.12/site-packages/oslo_config/cfg.py:3560}}
Aug 17 18:26:17 devstack devstack@g-api.service[84332]: DEBUG glance.common.config [None req-111114ef-8ffa-44c6-a6ad-15249d331c11 None None] healthcheck.detailed = False {{(pid=84332) log_opt_values /opt/stack/data/venv/lib/python3.12/site-packages/oslo_config/cfg.py:3560}}
Aug 17 18:26:17 devstack devstack@g-api.service[84332]: DEBUG glance.common.config [None req-111114ef-8ffa-44c6-a6ad-15249d331c11 None None] healthcheck.disable_by_file_path = None {{(pid=84332) log_opt_values /opt/stack/data/venv/lib/python3.12/site-packages/oslo_config/cfg.py:3560}}
Aug 17 18:26:17 devstack devstack@g-api.service[84332]: DEBUG glance.common.config [None req-111114ef-8ffa-44c6-a6ad-15249d331c11 None None] healthcheck.ignore_proxied_requests = False {{(pid=84332) log_opt_values /opt/stack/data/venv/lib/python3.12/site-packages/oslo_config/cfg.py:3560}}
Aug 17 18:26:17 devstack devstack@g-api.service[84332]: DEBUG glance.common.config [None req-111114ef-8ffa-44c6-a6ad-15249d331c11 None None] ******************************************************************************** {{(pid=84332) log_opt_values /opt/stack/data/venv/lib/python3.12/site-packages/oslo_config/cfg.py:3567}}
Aug 17 18:26:17 devstack devstack@g-api.service[84332]: WSGI app 0 (mountpoint='') ready in 5 seconds on interpreter 0x7bb8788a4668 pid: 84332 (default app)
Aug 17 18:26:21 devstack devstack@g-api.service[84333]: DEBUG glance.api.middleware.version_negotiation [None req-5a9b1e60-2523-4efd-84c7-5c8833948a07 None None] Determining version of request: GET / Accept: application/json {{(pid=84333) process_request /opt/stack/glance/glance/api/middleware/version_negotiation.py:44}}
Aug 17 18:26:21 devstack devstack@g-api.service[84333]: DEBUG glance.api.middleware.version_negotiation [None req-5a9b1e60-2523-4efd-84c7-5c8833948a07 None None] Using url versioning {{(pid=84333) process_request /opt/stack/glance/glance/api/middleware/version_negotiation.py:57}}
Aug 17 18:26:21 devstack devstack@g-api.service[84333]: DEBUG glance.api.middleware.version_negotiation [None req-5a9b1e60-2523-4efd-84c7-5c8833948a07 None None] Unknown version. Returning version choices. {{(pid=84333) process_request /opt/stack/glance/glance/api/middleware/version_negotiation.py:64}}
Aug 17 18:26:21 devstack devstack@g-api.service[84333]: [pid: 84333|app: 0|req: 2/2] 127.0.0.1 () {34 vars in 519 bytes} [Mon Aug 17 18:26:21 2026] GET / => generated 1571 bytes in 3 msecs (HTTP/1.1 300) 3 headers in 106 bytes (1 switches on core 0)
Aug 17 18:26:21 devstack devstack@g-api.service[84332]: DEBUG glance.api.middleware.version_negotiation [None req-111114ef-8ffa-44c6-a6ad-15249d331c11 None None] Determining version of request: POST /v2/images Accept: */* {{(pid=84332) process_request /opt/stack/glance/glance/api/middleware/version_negotiation.py:44}}
Aug 17 18:26:21 devstack devstack@g-api.service[84332]: DEBUG glance.api.middleware.version_negotiation [None req-111114ef-8ffa-44c6-a6ad-15249d331c11 None None] Using url versioning {{(pid=84332) process_request /opt/stack/glance/glance/api/middleware/version_negotiation.py:57}}
Aug 17 18:26:21 devstack devstack@g-api.service[84332]: DEBUG glance.api.middleware.version_negotiation [None req-111114ef-8ffa-44c6-a6ad-15249d331c11 None None] Matched version: v2 {{(pid=84332) process_request /opt/stack/glance/glance/api/middleware/version_negotiation.py:69}}
Aug 17 18:26:21 devstack devstack@g-api.service[84332]: DEBUG glance.api.middleware.version_negotiation [None req-111114ef-8ffa-44c6-a6ad-15249d331c11 None None] new path /v2/images {{(pid=84332) process_request /opt/stack/glance/glance/api/middleware/version_negotiation.py:70}}
Aug 17 18:26:22 devstack devstack@g-api.service[84332]: [pid: 84332|app: 0|req: 1/3] 127.0.0.1 () {40 vars in 782 bytes} [Mon Aug 17 18:26:21 2026] POST /v2/images => generated 807 bytes in 1184 msecs (HTTP/1.1 201) 6 headers in 314 bytes (1 switches on core 0)
Aug 17 18:26:22 devstack devstack@g-api.service[84333]: DEBUG glance.api.middleware.version_negotiation [None req-5a9b1e60-2523-4efd-84c7-5c8833948a07 None None] Determining version of request: PUT /v2/images/267c4cb0-9ae2-4b3c-a74a-68ad2d0071d7/file Accept: {{(pid=84333) process_request /opt/stack/glance/glance/api/middleware/version_negotiation.py:44}}
Aug 17 18:26:22 devstack devstack@g-api.service[84333]: DEBUG glance.api.middleware.version_negotiation [None req-5a9b1e60-2523-4efd-84c7-5c8833948a07 None None] Using url versioning {{(pid=84333) process_request /opt/stack/glance/glance/api/middleware/version_negotiation.py:57}}
Aug 17 18:26:22 devstack devstack@g-api.service[84333]: DEBUG glance.api.middleware.version_negotiation [None req-5a9b1e60-2523-4efd-84c7-5c8833948a07 None None] Matched version: v2 {{(pid=84333) process_request /opt/stack/glance/glance/api/middleware/version_negotiation.py:69}}
Aug 17 18:26:22 devstack devstack@g-api.service[84333]: DEBUG glance.api.middleware.version_negotiation [None req-5a9b1e60-2523-4efd-84c7-5c8833948a07 None None] new path /v2/images/267c4cb0-9ae2-4b3c-a74a-68ad2d0071d7/file {{(pid=84333) process_request /opt/stack/glance/glance/api/middleware/version_negotiation.py:70}}
Aug 17 18:26:23 devstack devstack@g-api.service[84333]: INFO glance.api.v2.image_data [None req-14bcf50c-3a84-49b2-8a8e-69132b1e261b admin admin] Unable to create trust: no such option collect_timing in group [keystone_authtoken] Use the existing user token.
Aug 17 18:26:24 devstack devstack@g-api.service[84333]: DEBUG glance.location [None req-14bcf50c-3a84-49b2-8a8e-69132b1e261b admin admin] Enabling in-flight format inspection for qcow2 {{(pid=84333) set_data /opt/stack/glance/glance/location.py:596}}
Aug 17 18:26:24 devstack devstack@g-api.service[84333]: DEBUG oslo_utils.imageutils.format_inspector [None req-14bcf50c-3a84-49b2-8a8e-69132b1e261b admin admin] Format inspector for vmdk does not match, excluding from consideration (Signature KDMV not found: b'QFI\xfb') {{(pid=84333) _process_chunk /opt/stack/data/venv/lib/python3.12/site-packages/oslo_utils/imageutils/format_inspector.py:1758}}
Aug 17 18:26:24 devstack devstack@g-api.service[84333]: DEBUG oslo_utils.imageutils.format_inspector [None req-14bcf50c-3a84-49b2-8a8e-69132b1e261b admin admin] Format inspector for vhdx does not match, excluding from consideration (Region signature not found at 30000) {{(pid=84333) _process_chunk /opt/stack/data/venv/lib/python3.12/site-packages/oslo_utils/imageutils/format_inspector.py:1758}}
Aug 17 18:26:24 devstack devstack@g-api.service[84333]: DEBUG glance_store._drivers.filesystem [None req-14bcf50c-3a84-49b2-8a8e-69132b1e261b admin admin] Wrote 21692416 bytes to /opt/stack/data/glance/images/267c4cb0-9ae2-4b3c-a74a-68ad2d0071d7 with checksum 87617e24a5e30cb3b87fda8c0764838f and multihash 9a9bce0083a00939ec17c11febbfc767aa211aaa54f51e75c5a8b271a9b5637c77205a518b7a2007cb391d23cceb01e0e4e8d64832317151bc85b734b92a7be0 {{(pid=84333) add /opt/stack/data/venv/lib/python3.12/site-packages/glance_store/_drivers/filesystem.py:899}}
Aug 17 18:26:24 devstack devstack@g-api.service[84333]: INFO glance.location [None req-14bcf50c-3a84-49b2-8a8e-69132b1e261b admin admin] Image format matched and virtual size computed: 117440512
Aug 17 18:26:24 devstack devstack@g-api.service[84333]: DEBUG glance_store.backend [None req-14bcf50c-3a84-49b2-8a8e-69132b1e261b admin admin] Skipping store.set_acls... not implemented. {{(pid=84333) set_acls /opt/stack/data/venv/lib/python3.12/site-packages/glance_store/backend.py:507}}
Aug 17 18:26:24 devstack devstack@g-api.service[84333]: [pid: 84333|app: 0|req: 3/4] 127.0.0.1 () {42 vars in 914 bytes} [Mon Aug 17 18:26:22 2026] PUT /v2/images/267c4cb0-9ae2-4b3c-a74a-68ad2d0071d7/file => generated 0 bytes in 1908 msecs (HTTP/1.1 204) 4 headers in 171 bytes (1 switches on core 0)
Aug 17 18:26:24 devstack devstack@g-api.service[84332]: DEBUG glance.api.middleware.version_negotiation [None req-a3b58a50-5a97-4476-b11d-11755f0771a7 admin admin] Determining version of request: GET /v2/images/267c4cb0-9ae2-4b3c-a74a-68ad2d0071d7 Accept: */* {{(pid=84332) process_request /opt/stack/glance/glance/api/middleware/version_negotiation.py:44}}
Aug 17 18:26:24 devstack devstack@g-api.service[84332]: DEBUG glance.api.middleware.version_negotiation [None req-a3b58a50-5a97-4476-b11d-11755f0771a7 admin admin] Using url versioning {{(pid=84332) process_request /opt/stack/glance/glance/api/middleware/version_negotiation.py:57}}
Aug 17 18:26:24 devstack devstack@g-api.service[84332]: DEBUG glance.api.middleware.version_negotiation [None req-a3b58a50-5a97-4476-b11d-11755f0771a7 admin admin] Matched version: v2 {{(pid=84332) process_request /opt/stack/glance/glance/api/middleware/version_negotiation.py:69}}
Aug 17 18:26:24 devstack devstack@g-api.service[84332]: DEBUG glance.api.middleware.version_negotiation [None req-a3b58a50-5a97-4476-b11d-11755f0771a7 admin admin] new path /v2/images/267c4cb0-9ae2-4b3c-a74a-68ad2d0071d7 {{(pid=84332) process_request /opt/stack/glance/glance/api/middleware/version_negotiation.py:70}}
Aug 17 18:26:24 devstack devstack@g-api.service[84332]: [pid: 84332|app: 0|req: 2/5] 127.0.0.1 () {36 vars in 802 bytes} [Mon Aug 17 18:26:24 2026] GET /v2/images/267c4cb0-9ae2-4b3c-a74a-68ad2d0071d7 => generated 976 bytes in 21 msecs (HTTP/1.1 200) 4 headers in 157 bytes (1 switches on core 0)
Aug 17 18:26:34 devstack devstack@g-api.service[84333]: DEBUG dbcounter [-] [84333] Writing DB stats glance:INSERT=5,glance:SELECT=16,glance:UPDATE=2 {{(pid=84333) stat_writer /opt/stack/data/venv/lib/python3.12/site-packages/dbcounter.py:115}}
Aug 17 18:26:34 devstack devstack@g-api.service[84332]: DEBUG dbcounter [-] [84332] Writing DB stats glance:INSERT=9,glance:SELECT=6 {{(pid=84332) stat_writer /opt/stack/data/venv/lib/python3.12/site-packages/dbcounter.py:115}}
Aug 17 18:27:09 devstack devstack@g-api.service[84333]: DEBUG glance.api.middleware.version_negotiation [None req-14bcf50c-3a84-49b2-8a8e-69132b1e261b admin admin] Determining version of request: GET / Accept: application/json {{(pid=84333) process_request /opt/stack/glance/glance/api/middleware/version_negotiation.py:44}}
Aug 17 18:27:09 devstack devstack@g-api.service[84333]: DEBUG glance.api.middleware.version_negotiation [None req-14bcf50c-3a84-49b2-8a8e-69132b1e261b admin admin] Using url versioning {{(pid=84333) process_request /opt/stack/glance/glance/api/middleware/version_negotiation.py:57}}
Aug 17 18:27:09 devstack devstack@g-api.service[84333]: DEBUG glance.api.middleware.version_negotiation [None req-14bcf50c-3a84-49b2-8a8e-69132b1e261b admin admin] Unknown version. Returning version choices. {{(pid=84333) process_request /opt/stack/glance/glance/api/middleware/version_negotiation.py:64}}
Aug 17 18:27:09 devstack devstack@g-api.service[84333]: [pid: 84333|app: 0|req: 4/6] 127.0.0.1 () {34 vars in 519 bytes} [Mon Aug 17 18:27:09 2026] GET / => generated 1571 bytes in 2 msecs (HTTP/1.1 300) 3 headers in 106 bytes (1 switches on core 0)
Aug 17 18:27:09 devstack devstack@g-api.service[84332]: DEBUG glance.api.middleware.version_negotiation [None req-7e58d1da-578b-469d-9654-ea9f641321c0 admin admin] Determining version of request: GET /v2/images Accept: application/json {{(pid=84332) process_request /opt/stack/glance/glance/api/middleware/version_negotiation.py:44}}
Aug 17 18:27:09 devstack devstack@g-api.service[84332]: DEBUG glance.api.middleware.version_negotiation [None req-7e58d1da-578b-469d-9654-ea9f641321c0 admin admin] Using url versioning {{(pid=84332) process_request /opt/stack/glance/glance/api/middleware/version_negotiation.py:57}}
Aug 17 18:27:09 devstack devstack@g-api.service[84332]: DEBUG glance.api.middleware.version_negotiation [None req-7e58d1da-578b-469d-9654-ea9f641321c0 admin admin] Matched version: v2 {{(pid=84332) process_request /opt/stack/glance/glance/api/middleware/version_negotiation.py:69}}
Aug 17 18:27:09 devstack devstack@g-api.service[84332]: DEBUG glance.api.middleware.version_negotiation [None req-7e58d1da-578b-469d-9654-ea9f641321c0 admin admin] new path /v2/images {{(pid=84332) process_request /opt/stack/glance/glance/api/middleware/version_negotiation.py:70}}
Aug 17 18:27:09 devstack devstack@g-api.service[84332]: [pid: 84332|app: 0|req: 3/7] 127.0.0.1 () {36 vars in 741 bytes} [Mon Aug 17 18:27:09 2026] GET /v2/images => generated 1045 bytes in 105 msecs (HTTP/1.1 200) 4 headers in 158 bytes (1 switches on core 0)
Aug 17 18:27:19 devstack devstack@g-api.service[84332]: DEBUG dbcounter [-] [84332] Writing DB stats glance:SELECT=1 {{(pid=84332) stat_writer /opt/stack/data/venv/lib/python3.12/site-packages/dbcounter.py:115}}
Aug 17 18:27:20 devstack devstack@g-api.service[84333]: DEBUG glance.api.middleware.version_negotiation [None req-14bcf50c-3a84-49b2-8a8e-69132b1e261b admin admin] Determining version of request: GET / Accept: application/json {{(pid=84333) process_request /opt/stack/glance/glance/api/middleware/version_negotiation.py:44}}
Aug 17 18:27:20 devstack devstack@g-api.service[84333]: DEBUG glance.api.middleware.version_negotiation [None req-14bcf50c-3a84-49b2-8a8e-69132b1e261b admin admin] Using url versioning {{(pid=84333) process_request /opt/stack/glance/glance/api/middleware/version_negotiation.py:57}}
Aug 17 18:27:20 devstack devstack@g-api.service[84333]: DEBUG glance.api.middleware.version_negotiation [None req-14bcf50c-3a84-49b2-8a8e-69132b1e261b admin admin] Unknown version. Returning version choices. {{(pid=84333) process_request /opt/stack/glance/glance/api/middleware/version_negotiation.py:64}}
Aug 17 18:27:20 devstack devstack@g-api.service[84333]: [pid: 84333|app: 0|req: 5/8] 127.0.0.1 () {34 vars in 519 bytes} [Mon Aug 17 18:27:20 2026] GET / => generated 1571 bytes in 2 msecs (HTTP/1.1 300) 3 headers in 106 bytes (1 switches on core 0)
Aug 17 18:27:20 devstack devstack@g-api.service[84332]: DEBUG glance.api.middleware.version_negotiation [None req-f0912042-ad5d-40ee-b163-9c809402837f admin admin] Determining version of request: GET /v2/images/267c4cb0-9ae2-4b3c-a74a-68ad2d0071d7 Accept: */* {{(pid=84332) process_request /opt/stack/glance/glance/api/middleware/version_negotiation.py:44}}
Aug 17 18:27:20 devstack devstack@g-api.service[84332]: DEBUG glance.api.middleware.version_negotiation [None req-f0912042-ad5d-40ee-b163-9c809402837f admin admin] Using url versioning {{(pid=84332) process_request /opt/stack/glance/glance/api/middleware/version_negotiation.py:57}}
Aug 17 18:27:20 devstack devstack@g-api.service[84332]: DEBUG glance.api.middleware.version_negotiation [None req-f0912042-ad5d-40ee-b163-9c809402837f admin admin] Matched version: v2 {{(pid=84332) process_request /opt/stack/glance/glance/api/middleware/version_negotiation.py:69}}
Aug 17 18:27:20 devstack devstack@g-api.service[84332]: DEBUG glance.api.middleware.version_negotiation [None req-f0912042-ad5d-40ee-b163-9c809402837f admin admin] new path /v2/images/267c4cb0-9ae2-4b3c-a74a-68ad2d0071d7 {{(pid=84332) process_request /opt/stack/glance/glance/api/middleware/version_negotiation.py:70}}
Aug 17 18:27:20 devstack devstack@g-api.service[84332]: [pid: 84332|app: 0|req: 4/9] 127.0.0.1 () {36 vars in 802 bytes} [Mon Aug 17 18:27:20 2026] GET /v2/images/267c4cb0-9ae2-4b3c-a74a-68ad2d0071d7 => generated 976 bytes in 80 msecs (HTTP/1.1 200) 4 headers in 157 bytes (1 switches on core 0)
Aug 17 18:27:26 devstack devstack@g-api.service[84333]: DEBUG glance.api.middleware.version_negotiation [None req-14bcf50c-3a84-49b2-8a8e-69132b1e261b admin admin] Determining version of request: GET / Accept: application/json {{(pid=84333) process_request /opt/stack/glance/glance/api/middleware/version_negotiation.py:44}}
Aug 17 18:27:26 devstack devstack@g-api.service[84333]: DEBUG glance.api.middleware.version_negotiation [None req-14bcf50c-3a84-49b2-8a8e-69132b1e261b admin admin] Using url versioning {{(pid=84333) process_request /opt/stack/glance/glance/api/middleware/version_negotiation.py:57}}
Aug 17 18:27:26 devstack devstack@g-api.service[84333]: DEBUG glance.api.middleware.version_negotiation [None req-14bcf50c-3a84-49b2-8a8e-69132b1e261b admin admin] Unknown version. Returning version choices. {{(pid=84333) process_request /opt/stack/glance/glance/api/middleware/version_negotiation.py:64}}
Aug 17 18:27:26 devstack devstack@g-api.service[84333]: [pid: 84333|app: 0|req: 6/10] 127.0.0.1 () {34 vars in 519 bytes} [Mon Aug 17 18:27:26 2026] GET / => generated 1571 bytes in 2 msecs (HTTP/1.1 300) 3 headers in 106 bytes (1 switches on core 0)
Aug 17 18:27:26 devstack devstack@g-api.service[84332]: DEBUG glance.api.middleware.version_negotiation [None req-8aa32737-4fac-4477-9421-bd3b791ad356 admin admin] Determining version of request: GET /v2/images/267c4cb0-9ae2-4b3c-a74a-68ad2d0071d7 Accept: */* {{(pid=84332) process_request /opt/stack/glance/glance/api/middleware/version_negotiation.py:44}}
Aug 17 18:27:26 devstack devstack@g-api.service[84332]: DEBUG glance.api.middleware.version_negotiation [None req-8aa32737-4fac-4477-9421-bd3b791ad356 admin admin] Using url versioning {{(pid=84332) process_request /opt/stack/glance/glance/api/middleware/version_negotiation.py:57}}
Aug 17 18:27:26 devstack devstack@g-api.service[84332]: DEBUG glance.api.middleware.version_negotiation [None req-8aa32737-4fac-4477-9421-bd3b791ad356 admin admin] Matched version: v2 {{(pid=84332) process_request /opt/stack/glance/glance/api/middleware/version_negotiation.py:69}}
Aug 17 18:27:26 devstack devstack@g-api.service[84332]: DEBUG glance.api.middleware.version_negotiation [None req-8aa32737-4fac-4477-9421-bd3b791ad356 admin admin] new path /v2/images/267c4cb0-9ae2-4b3c-a74a-68ad2d0071d7 {{(pid=84332) process_request /opt/stack/glance/glance/api/middleware/version_negotiation.py:70}}
Aug 17 18:27:26 devstack devstack@g-api.service[84332]: [pid: 84332|app: 0|req: 5/11] 127.0.0.1 () {36 vars in 802 bytes} [Mon Aug 17 18:27:26 2026] GET /v2/images/267c4cb0-9ae2-4b3c-a74a-68ad2d0071d7 => generated 976 bytes in 73 msecs (HTTP/1.1 200) 4 headers in 157 bytes (1 switches on core 0)
Aug 17 18:27:36 devstack devstack@g-api.service[84332]: DEBUG dbcounter [-] [84332] Writing DB stats glance:SELECT=4 {{(pid=84332) stat_writer /opt/stack/data/venv/lib/python3.12/site-packages/dbcounter.py:115}}
Aug 17 18:28:44 devstack devstack@g-api.service[84333]: DEBUG glance.api.middleware.version_negotiation [None req-14bcf50c-3a84-49b2-8a8e-69132b1e261b admin admin] Determining version of request: GET / Accept: application/json {{(pid=84333) process_request /opt/stack/glance/glance/api/middleware/version_negotiation.py:44}}
Aug 17 18:28:44 devstack devstack@g-api.service[84333]: DEBUG glance.api.middleware.version_negotiation [None req-14bcf50c-3a84-49b2-8a8e-69132b1e261b admin admin] Using url versioning {{(pid=84333) process_request /opt/stack/glance/glance/api/middleware/version_negotiation.py:57}}
Aug 17 18:28:44 devstack devstack@g-api.service[84333]: DEBUG glance.api.middleware.version_negotiation [None req-14bcf50c-3a84-49b2-8a8e-69132b1e261b admin admin] Unknown version. Returning version choices. {{(pid=84333) process_request /opt/stack/glance/glance/api/middleware/version_negotiation.py:64}}
Aug 17 18:28:44 devstack devstack@g-api.service[84333]: [pid: 84333|app: 0|req: 7/12] 127.0.0.1 () {36 vars in 488 bytes} [Mon Aug 17 18:28:44 2026] GET / => generated 1571 bytes in 3 msecs (HTTP/1.1 300) 3 headers in 106 bytes (1 switches on core 0)
Aug 17 18:31:50 devstack devstack@g-api.service[84332]: DEBUG glance.api.middleware.version_negotiation [None req-65775329-d817-4629-b446-c2688b058a85 admin admin] Determining version of request: GET / Accept: application/json {{(pid=84332) process_request /opt/stack/glance/glance/api/middleware/version_negotiation.py:44}}
Aug 17 18:31:50 devstack devstack@g-api.service[84332]: DEBUG glance.api.middleware.version_negotiation [None req-65775329-d817-4629-b446-c2688b058a85 admin admin] Using url versioning {{(pid=84332) process_request /opt/stack/glance/glance/api/middleware/version_negotiation.py:57}}
Aug 17 18:31:50 devstack devstack@g-api.service[84332]: DEBUG glance.api.middleware.version_negotiation [None req-65775329-d817-4629-b446-c2688b058a85 admin admin] Unknown version. Returning version choices. {{(pid=84332) process_request /opt/stack/glance/glance/api/middleware/version_negotiation.py:64}}
Aug 17 18:31:50 devstack devstack@g-api.service[84332]: [pid: 84332|app: 0|req: 6/13] 127.0.0.1 () {34 vars in 505 bytes} [Mon Aug 17 18:31:50 2026] GET / => generated 1571 bytes in 3 msecs (HTTP/1.1 300) 3 headers in 106 bytes (1 switches on core 0)
Aug 17 18:31:50 devstack devstack@g-api.service[84333]: DEBUG glance.api.middleware.version_negotiation [None req-14bcf50c-3a84-49b2-8a8e-69132b1e261b admin admin] Determining version of request: GET /v2/images/267c4cb0-9ae2-4b3c-a74a-68ad2d0071d7 Accept: */* {{(pid=84333) process_request /opt/stack/glance/glance/api/middleware/version_negotiation.py:44}}
Aug 17 18:31:50 devstack devstack@g-api.service[84333]: DEBUG glance.api.middleware.version_negotiation [None req-14bcf50c-3a84-49b2-8a8e-69132b1e261b admin admin] Using url versioning {{(pid=84333) process_request /opt/stack/glance/glance/api/middleware/version_negotiation.py:57}}
Aug 17 18:31:50 devstack devstack@g-api.service[84333]: DEBUG glance.api.middleware.version_negotiation [None req-14bcf50c-3a84-49b2-8a8e-69132b1e261b admin admin] Matched version: v2 {{(pid=84333) process_request /opt/stack/glance/glance/api/middleware/version_negotiation.py:69}}
Aug 17 18:31:50 devstack devstack@g-api.service[84333]: DEBUG glance.api.middleware.version_negotiation [None req-14bcf50c-3a84-49b2-8a8e-69132b1e261b admin admin] new path /v2/images/267c4cb0-9ae2-4b3c-a74a-68ad2d0071d7 {{(pid=84333) process_request /opt/stack/glance/glance/api/middleware/version_negotiation.py:70}}
Aug 17 18:31:50 devstack devstack@g-api.service[84333]: [pid: 84333|app: 0|req: 8/14] 127.0.0.1 () {42 vars in 1061 bytes} [Mon Aug 17 18:31:50 2026] GET /v2/images/267c4cb0-9ae2-4b3c-a74a-68ad2d0071d7 => generated 976 bytes in 390 msecs (HTTP/1.1 200) 4 headers in 157 bytes (1 switches on core 0)
Aug 17 18:31:50 devstack devstack@g-api.service[84332]: DEBUG glance.api.middleware.version_negotiation [None req-65775329-d817-4629-b446-c2688b058a85 admin admin] Determining version of request: GET /v2/schemas/image Accept: */* {{(pid=84332) process_request /opt/stack/glance/glance/api/middleware/version_negotiation.py:44}}
Aug 17 18:31:50 devstack devstack@g-api.service[84332]: DEBUG glance.api.middleware.version_negotiation [None req-65775329-d817-4629-b446-c2688b058a85 admin admin] Using url versioning {{(pid=84332) process_request /opt/stack/glance/glance/api/middleware/version_negotiation.py:57}}
Aug 17 18:31:50 devstack devstack@g-api.service[84332]: DEBUG glance.api.middleware.version_negotiation [None req-65775329-d817-4629-b446-c2688b058a85 admin admin] Matched version: v2 {{(pid=84332) process_request /opt/stack/glance/glance/api/middleware/version_negotiation.py:69}}
Aug 17 18:31:50 devstack devstack@g-api.service[84332]: DEBUG glance.api.middleware.version_negotiation [None req-65775329-d817-4629-b446-c2688b058a85 admin admin] new path /v2/schemas/image {{(pid=84332) process_request /opt/stack/glance/glance/api/middleware/version_negotiation.py:70}}
Aug 17 18:31:50 devstack devstack@g-api.service[84332]: [pid: 84332|app: 0|req: 7/15] 127.0.0.1 () {42 vars in 1001 bytes} [Mon Aug 17 18:31:50 2026] GET /v2/schemas/image => generated 6083 bytes in 8 msecs (HTTP/1.1 200) 4 headers in 158 bytes (1 switches on core 0)
Aug 17 18:32:00 devstack devstack@g-api.service[84333]: DEBUG dbcounter [-] [84333] Writing DB stats glance:SELECT=2 {{(pid=84333) stat_writer /opt/stack/data/venv/lib/python3.12/site-packages/dbcounter.py:115}}
Aug 17 18:32:03 devstack devstack@g-api.service[84333]: DEBUG glance.api.middleware.version_negotiation [None req-3e047207-5d75-46a7-ae9f-374c024d230f tempest-DeleteServersTestJSON-1074637745 tempest-DeleteServersTestJSON-1074637745-project-member] Determining version of request: GET / Accept: application/json {{(pid=84333) process_request /opt/stack/glance/glance/api/middleware/version_negotiation.py:44}}
Aug 17 18:32:03 devstack devstack@g-api.service[84333]: DEBUG glance.api.middleware.version_negotiation [None req-3e047207-5d75-46a7-ae9f-374c024d230f tempest-DeleteServersTestJSON-1074637745 tempest-DeleteServersTestJSON-1074637745-project-member] Using url versioning {{(pid=84333) process_request /opt/stack/glance/glance/api/middleware/version_negotiation.py:57}}
Aug 17 18:32:03 devstack devstack@g-api.service[84333]: DEBUG glance.api.middleware.version_negotiation [None req-3e047207-5d75-46a7-ae9f-374c024d230f tempest-DeleteServersTestJSON-1074637745 tempest-DeleteServersTestJSON-1074637745-project-member] Unknown version. Returning version choices. {{(pid=84333) process_request /opt/stack/glance/glance/api/middleware/version_negotiation.py:64}}
Aug 17 18:32:03 devstack devstack@g-api.service[84333]: [pid: 84333|app: 0|req: 9/16] 127.0.0.1 () {34 vars in 505 bytes} [Mon Aug 17 18:32:03 2026] GET / => generated 1571 bytes in 6 msecs (HTTP/1.1 300) 3 headers in 106 bytes (1 switches on core 0)
Aug 17 18:32:03 devstack devstack@g-api.service[84332]: DEBUG glance.api.middleware.version_negotiation [None req-3e047207-5d75-46a7-ae9f-374c024d230f tempest-DeleteServersTestJSON-1074637745 tempest-DeleteServersTestJSON-1074637745-project-member] Determining version of request: GET /v2/images/267c4cb0-9ae2-4b3c-a74a-68ad2d0071d7 Accept: */* {{(pid=84332) process_request /opt/stack/glance/glance/api/middleware/version_negotiation.py:44}}
Aug 17 18:32:03 devstack devstack@g-api.service[84332]: DEBUG glance.api.middleware.version_negotiation [None req-3e047207-5d75-46a7-ae9f-374c024d230f tempest-DeleteServersTestJSON-1074637745 tempest-DeleteServersTestJSON-1074637745-project-member] Using url versioning {{(pid=84332) process_request /opt/stack/glance/glance/api/middleware/version_negotiation.py:57}}
Aug 17 18:32:03 devstack devstack@g-api.service[84332]: DEBUG glance.api.middleware.version_negotiation [None req-3e047207-5d75-46a7-ae9f-374c024d230f tempest-DeleteServersTestJSON-1074637745 tempest-DeleteServersTestJSON-1074637745-project-member] Matched version: v2 {{(pid=84332) process_request /opt/stack/glance/glance/api/middleware/version_negotiation.py:69}}
Aug 17 18:32:03 devstack devstack@g-api.service[84332]: DEBUG glance.api.middleware.version_negotiation [None req-3e047207-5d75-46a7-ae9f-374c024d230f tempest-DeleteServersTestJSON-1074637745 tempest-DeleteServersTestJSON-1074637745-project-member] new path /v2/images/267c4cb0-9ae2-4b3c-a74a-68ad2d0071d7 {{(pid=84332) process_request /opt/stack/glance/glance/api/middleware/version_negotiation.py:70}}
Aug 17 18:32:03 devstack devstack@g-api.service[84332]: [pid: 84332|app: 0|req: 8/17] 127.0.0.1 () {42 vars in 1061 bytes} [Mon Aug 17 18:32:03 2026] GET /v2/images/267c4cb0-9ae2-4b3c-a74a-68ad2d0071d7 => generated 976 bytes in 243 msecs (HTTP/1.1 200) 4 headers in 157 bytes (1 switches on core 0)
Aug 17 18:32:03 devstack devstack@g-api.service[84333]: DEBUG glance.api.middleware.version_negotiation [None req-3e047207-5d75-46a7-ae9f-374c024d230f tempest-DeleteServersTestJSON-1074637745 tempest-DeleteServersTestJSON-1074637745-project-member] Determining version of request: GET /v2/schemas/image Accept: */* {{(pid=84333) process_request /opt/stack/glance/glance/api/middleware/version_negotiation.py:44}}
Aug 17 18:32:03 devstack devstack@g-api.service[84333]: DEBUG glance.api.middleware.version_negotiation [None req-3e047207-5d75-46a7-ae9f-374c024d230f tempest-DeleteServersTestJSON-1074637745 tempest-DeleteServersTestJSON-1074637745-project-member] Using url versioning {{(pid=84333) process_request /opt/stack/glance/glance/api/middleware/version_negotiation.py:57}}
Aug 17 18:32:03 devstack devstack@g-api.service[84333]: DEBUG glance.api.middleware.version_negotiation [None req-3e047207-5d75-46a7-ae9f-374c024d230f tempest-DeleteServersTestJSON-1074637745 tempest-DeleteServersTestJSON-1074637745-project-member] Matched version: v2 {{(pid=84333) process_request /opt/stack/glance/glance/api/middleware/version_negotiation.py:69}}
Aug 17 18:32:03 devstack devstack@g-api.service[84333]: DEBUG glance.api.middleware.version_negotiation [None req-3e047207-5d75-46a7-ae9f-374c024d230f tempest-DeleteServersTestJSON-1074637745 tempest-DeleteServersTestJSON-1074637745-project-member] new path /v2/schemas/image {{(pid=84333) process_request /opt/stack/glance/glance/api/middleware/version_negotiation.py:70}}
Aug 17 18:32:03 devstack devstack@g-api.service[84333]: [pid: 84333|app: 0|req: 10/18] 127.0.0.1 () {42 vars in 1001 bytes} [Mon Aug 17 18:32:03 2026] GET /v2/schemas/image => generated 6083 bytes in 16 msecs (HTTP/1.1 200) 4 headers in 158 bytes (1 switches on core 0)
Aug 17 18:32:08 devstack devstack@g-api.service[84332]: DEBUG glance.api.middleware.version_negotiation [None req-e1f351ed-bf83-46b4-904f-3b53b24acd66 tempest-AttachVolumeNegativeTest-999346168 tempest-AttachVolumeNegativeTest-999346168-project-member] Determining version of request: GET /v2/images/267c4cb0-9ae2-4b3c-a74a-68ad2d0071d7 Accept: */* {{(pid=84332) process_request /opt/stack/glance/glance/api/middleware/version_negotiation.py:44}}
Aug 17 18:32:08 devstack devstack@g-api.service[84332]: DEBUG glance.api.middleware.version_negotiation [None req-e1f351ed-bf83-46b4-904f-3b53b24acd66 tempest-AttachVolumeNegativeTest-999346168 tempest-AttachVolumeNegativeTest-999346168-project-member] Using url versioning {{(pid=84332) process_request /opt/stack/glance/glance/api/middleware/version_negotiation.py:57}}
Aug 17 18:32:08 devstack devstack@g-api.service[84332]: DEBUG glance.api.middleware.version_negotiation [None req-e1f351ed-bf83-46b4-904f-3b53b24acd66 tempest-AttachVolumeNegativeTest-999346168 tempest-AttachVolumeNegativeTest-999346168-project-member] Matched version: v2 {{(pid=84332) process_request /opt/stack/glance/glance/api/middleware/version_negotiation.py:69}}
Aug 17 18:32:08 devstack devstack@g-api.service[84332]: DEBUG glance.api.middleware.version_negotiation [None req-e1f351ed-bf83-46b4-904f-3b53b24acd66 tempest-AttachVolumeNegativeTest-999346168 tempest-AttachVolumeNegativeTest-999346168-project-member] new path /v2/images/267c4cb0-9ae2-4b3c-a74a-68ad2d0071d7 {{(pid=84332) process_request /opt/stack/glance/glance/api/middleware/version_negotiation.py:70}}
Aug 17 18:32:08 devstack devstack@g-api.service[84332]: [pid: 84332|app: 0|req: 9/19] 127.0.0.1 () {42 vars in 1061 bytes} [Mon Aug 17 18:32:08 2026] GET /v2/images/267c4cb0-9ae2-4b3c-a74a-68ad2d0071d7 => generated 976 bytes in 92 msecs (HTTP/1.1 200) 4 headers in 157 bytes (1 switches on core 0)
Aug 17 18:32:08 devstack devstack@g-api.service[84333]: DEBUG glance.api.middleware.version_negotiation [None req-e1f351ed-bf83-46b4-904f-3b53b24acd66 tempest-AttachVolumeNegativeTest-999346168 tempest-AttachVolumeNegativeTest-999346168-project-member] Determining version of request: GET /v2/images/267c4cb0-9ae2-4b3c-a74a-68ad2d0071d7/file Accept: */* {{(pid=84333) process_request /opt/stack/glance/glance/api/middleware/version_negotiation.py:44}}
Aug 17 18:32:08 devstack devstack@g-api.service[84333]: DEBUG glance.api.middleware.version_negotiation [None req-e1f351ed-bf83-46b4-904f-3b53b24acd66 tempest-AttachVolumeNegativeTest-999346168 tempest-AttachVolumeNegativeTest-999346168-project-member] Using url versioning {{(pid=84333) process_request /opt/stack/glance/glance/api/middleware/version_negotiation.py:57}}
Aug 17 18:32:08 devstack devstack@g-api.service[84333]: DEBUG glance.api.middleware.version_negotiation [None req-e1f351ed-bf83-46b4-904f-3b53b24acd66 tempest-AttachVolumeNegativeTest-999346168 tempest-AttachVolumeNegativeTest-999346168-project-member] Matched version: v2 {{(pid=84333) process_request /opt/stack/glance/glance/api/middleware/version_negotiation.py:69}}
Aug 17 18:32:08 devstack devstack@g-api.service[84333]: DEBUG glance.api.middleware.version_negotiation [None req-e1f351ed-bf83-46b4-904f-3b53b24acd66 tempest-AttachVolumeNegativeTest-999346168 tempest-AttachVolumeNegativeTest-999346168-project-member] new path /v2/images/267c4cb0-9ae2-4b3c-a74a-68ad2d0071d7/file {{(pid=84333) process_request /opt/stack/glance/glance/api/middleware/version_negotiation.py:70}}
Aug 17 18:32:08 devstack devstack@g-api.service[84333]: DEBUG glance_store._drivers.filesystem [None req-3e047207-5d75-46a7-ae9f-374c024d230f tempest-DeleteServersTestJSON-1074637745 tempest-DeleteServersTestJSON-1074637745-project-member] Found image at /opt/stack/data/glance/images/267c4cb0-9ae2-4b3c-a74a-68ad2d0071d7. Returning in ChunkedFile. {{(pid=84333) get /opt/stack/data/venv/lib/python3.12/site-packages/glance_store/_drivers/filesystem.py:724}}
Aug 17 18:32:08 devstack devstack@g-api.service[84333]: DEBUG glance.image_cache [None req-3e047207-5d75-46a7-ae9f-374c024d230f tempest-DeleteServersTestJSON-1074637745 tempest-DeleteServersTestJSON-1074637745-project-member] Tee'ing image '267c4cb0-9ae2-4b3c-a74a-68ad2d0071d7' into cache {{(pid=84333) get_caching_iter /opt/stack/glance/glance/image_cache/__init__.py:356}}
Aug 17 18:32:08 devstack devstack@g-api.service[84333]: DEBUG glance.image_cache.drivers.centralized_db [None req-3e047207-5d75-46a7-ae9f-374c024d230f tempest-DeleteServersTestJSON-1074637745 tempest-DeleteServersTestJSON-1074637745-project-member] Fetch finished, moving '/opt/stack/data/glance/cache/incomplete/267c4cb0-9ae2-4b3c-a74a-68ad2d0071d7' to '/opt/stack/data/glance/cache/267c4cb0-9ae2-4b3c-a74a-68ad2d0071d7' {{(pid=84333) commit /opt/stack/glance/glance/image_cache/drivers/centralized_db.py:243}}
Aug 17 18:32:08 devstack devstack@g-api.service[84333]: DEBUG glance.image_cache.drivers.centralized_db [None req-3e047207-5d75-46a7-ae9f-374c024d230f tempest-DeleteServersTestJSON-1074637745 tempest-DeleteServersTestJSON-1074637745-project-member] Image cached successfully. {{(pid=84333) commit /opt/stack/glance/glance/image_cache/drivers/centralized_db.py:258}}
Aug 17 18:32:08 devstack devstack@g-api.service[84333]: [pid: 84333|app: 0|req: 11/20] 127.0.0.1 () {42 vars in 1071 bytes} [Mon Aug 17 18:32:08 2026] GET /v2/images/267c4cb0-9ae2-4b3c-a74a-68ad2d0071d7/file => generated 21692416 bytes in 401 msecs (HTTP/1.1 200) 4 headers in 191 bytes (335 switches on core 0)
Aug 17 18:32:08 devstack devstack@g-api.service[84332]: DEBUG glance.api.middleware.version_negotiation [None req-3e047207-5d75-46a7-ae9f-374c024d230f tempest-DeleteServersTestJSON-1074637745 tempest-DeleteServersTestJSON-1074637745-project-member] Determining version of request: GET /v2/images/267c4cb0-9ae2-4b3c-a74a-68ad2d0071d7 Accept: */* {{(pid=84332) process_request /opt/stack/glance/glance/api/middleware/version_negotiation.py:44}}
Aug 17 18:32:08 devstack devstack@g-api.service[84332]: DEBUG glance.api.middleware.version_negotiation [None req-3e047207-5d75-46a7-ae9f-374c024d230f tempest-DeleteServersTestJSON-1074637745 tempest-DeleteServersTestJSON-1074637745-project-member] Using url versioning {{(pid=84332) process_request /opt/stack/glance/glance/api/middleware/version_negotiation.py:57}}
Aug 17 18:32:08 devstack devstack@g-api.service[84332]: DEBUG glance.api.middleware.version_negotiation [None req-3e047207-5d75-46a7-ae9f-374c024d230f tempest-DeleteServersTestJSON-1074637745 tempest-DeleteServersTestJSON-1074637745-project-member] Matched version: v2 {{(pid=84332) process_request /opt/stack/glance/glance/api/middleware/version_negotiation.py:69}}
Aug 17 18:32:08 devstack devstack@g-api.service[84332]: DEBUG glance.api.middleware.version_negotiation [None req-3e047207-5d75-46a7-ae9f-374c024d230f tempest-DeleteServersTestJSON-1074637745 tempest-DeleteServersTestJSON-1074637745-project-member] new path /v2/images/267c4cb0-9ae2-4b3c-a74a-68ad2d0071d7 {{(pid=84332) process_request /opt/stack/glance/glance/api/middleware/version_negotiation.py:70}}
Aug 17 18:32:09 devstack devstack@g-api.service[84332]: [pid: 84332|app: 0|req: 10/21] 127.0.0.1 () {42 vars in 1061 bytes} [Mon Aug 17 18:32:08 2026] GET /v2/images/267c4cb0-9ae2-4b3c-a74a-68ad2d0071d7 => generated 976 bytes in 37 msecs (HTTP/1.1 200) 4 headers in 157 bytes (1 switches on core 0)
Aug 17 18:32:09 devstack devstack@g-api.service[84333]: DEBUG glance.api.middleware.version_negotiation [None req-3e047207-5d75-46a7-ae9f-374c024d230f tempest-DeleteServersTestJSON-1074637745 tempest-DeleteServersTestJSON-1074637745-project-member] Determining version of request: GET /v2/schemas/image Accept: */* {{(pid=84333) process_request /opt/stack/glance/glance/api/middleware/version_negotiation.py:44}}
Aug 17 18:32:09 devstack devstack@g-api.service[84333]: DEBUG glance.api.middleware.version_negotiation [None req-3e047207-5d75-46a7-ae9f-374c024d230f tempest-DeleteServersTestJSON-1074637745 tempest-DeleteServersTestJSON-1074637745-project-member] Using url versioning {{(pid=84333) process_request /opt/stack/glance/glance/api/middleware/version_negotiation.py:57}}
Aug 17 18:32:09 devstack devstack@g-api.service[84333]: DEBUG glance.api.middleware.version_negotiation [None req-3e047207-5d75-46a7-ae9f-374c024d230f tempest-DeleteServersTestJSON-1074637745 tempest-DeleteServersTestJSON-1074637745-project-member] Matched version: v2 {{(pid=84333) process_request /opt/stack/glance/glance/api/middleware/version_negotiation.py:69}}
Aug 17 18:32:09 devstack devstack@g-api.service[84333]: DEBUG glance.api.middleware.version_negotiation [None req-3e047207-5d75-46a7-ae9f-374c024d230f tempest-DeleteServersTestJSON-1074637745 tempest-DeleteServersTestJSON-1074637745-project-member] new path /v2/schemas/image {{(pid=84333) process_request /opt/stack/glance/glance/api/middleware/version_negotiation.py:70}}
Aug 17 18:32:09 devstack devstack@g-api.service[84333]: [pid: 84333|app: 0|req: 12/22] 127.0.0.1 () {42 vars in 1001 bytes} [Mon Aug 17 18:32:09 2026] GET /v2/schemas/image => generated 6083 bytes in 30 msecs (HTTP/1.1 200) 4 headers in 158 bytes (1 switches on core 0)
Aug 17 18:32:18 devstack devstack@g-api.service[84333]: DEBUG dbcounter [-] [84333] Writing DB stats glance:SELECT=5,glance:INSERT=1 {{(pid=84333) stat_writer /opt/stack/data/venv/lib/python3.12/site-packages/dbcounter.py:115}}
Aug 17 18:32:19 devstack devstack@g-api.service[84332]: DEBUG dbcounter [-] [84332] Writing DB stats glance:SELECT=6 {{(pid=84332) stat_writer /opt/stack/data/venv/lib/python3.12/site-packages/dbcounter.py:115}}
Aug 17 18:32:36 devstack devstack@g-api.service[84332]: DEBUG glance.api.middleware.version_negotiation [None req-3e047207-5d75-46a7-ae9f-374c024d230f tempest-DeleteServersTestJSON-1074637745 tempest-DeleteServersTestJSON-1074637745-project-member] Determining version of request: GET /v2/images/267c4cb0-9ae2-4b3c-a74a-68ad2d0071d7 Accept: */* {{(pid=84332) process_request /opt/stack/glance/glance/api/middleware/version_negotiation.py:44}}
Aug 17 18:32:36 devstack devstack@g-api.service[84332]: DEBUG glance.api.middleware.version_negotiation [None req-3e047207-5d75-46a7-ae9f-374c024d230f tempest-DeleteServersTestJSON-1074637745 tempest-DeleteServersTestJSON-1074637745-project-member] Using url versioning {{(pid=84332) process_request /opt/stack/glance/glance/api/middleware/version_negotiation.py:57}}
Aug 17 18:32:36 devstack devstack@g-api.service[84332]: DEBUG glance.api.middleware.version_negotiation [None req-3e047207-5d75-46a7-ae9f-374c024d230f tempest-DeleteServersTestJSON-1074637745 tempest-DeleteServersTestJSON-1074637745-project-member] Matched version: v2 {{(pid=84332) process_request /opt/stack/glance/glance/api/middleware/version_negotiation.py:69}}
Aug 17 18:32:36 devstack devstack@g-api.service[84332]: DEBUG glance.api.middleware.version_negotiation [None req-3e047207-5d75-46a7-ae9f-374c024d230f tempest-DeleteServersTestJSON-1074637745 tempest-DeleteServersTestJSON-1074637745-project-member] new path /v2/images/267c4cb0-9ae2-4b3c-a74a-68ad2d0071d7 {{(pid=84332) process_request /opt/stack/glance/glance/api/middleware/version_negotiation.py:70}}
Aug 17 18:32:36 devstack devstack@g-api.service[84332]: [pid: 84332|app: 0|req: 11/23] 127.0.0.1 () {42 vars in 1061 bytes} [Mon Aug 17 18:32:36 2026] GET /v2/images/267c4cb0-9ae2-4b3c-a74a-68ad2d0071d7 => generated 976 bytes in 89 msecs (HTTP/1.1 200) 4 headers in 157 bytes (1 switches on core 0)
Aug 17 18:32:36 devstack devstack@g-api.service[84333]: DEBUG glance.api.middleware.version_negotiation [None req-3e047207-5d75-46a7-ae9f-374c024d230f tempest-DeleteServersTestJSON-1074637745 tempest-DeleteServersTestJSON-1074637745-project-member] Determining version of request: GET /v2/schemas/image Accept: */* {{(pid=84333) process_request /opt/stack/glance/glance/api/middleware/version_negotiation.py:44}}
Aug 17 18:32:36 devstack devstack@g-api.service[84333]: DEBUG glance.api.middleware.version_negotiation [None req-3e047207-5d75-46a7-ae9f-374c024d230f tempest-DeleteServersTestJSON-1074637745 tempest-DeleteServersTestJSON-1074637745-project-member] Using url versioning {{(pid=84333) process_request /opt/stack/glance/glance/api/middleware/version_negotiation.py:57}}
