Feb 11 06:46:28 devstack cinder-volume[79109]: DEBUG cinder.coordination [None req-599fce2d-b332-4049-91d7-ab464752023d tempest-VolumesAdminNegativeTest-984725822 None] Lock "cinder-quobyte-9a8d8e0b-99ef-4831-a8fa-8ed43b603813" acquired by "delete_volume" :: waited 0.007s {{(pid=79109) __acquire /opt/stack/cinder/cinder/coordination.py:146}}
Feb 11 06:46:28 devstack cinder-volume[79109]: DEBUG oslo.privsep.daemon [-] privsep: reply[891e51b7-d656-43f6-8f28-02cf599cc0b9]: (4, 'qcow2') {{(pid=79823) _call_back /opt/stack/data/venv/lib/python3.10/site-packages/oslo_privsep/daemon.py:515}}
Feb 11 06:46:28 devstack cinder-volume[79109]: DEBUG oslo_concurrency.processutils [None req-599fce2d-b332-4049-91d7-ab464752023d tempest-VolumesAdminNegativeTest-984725822 None] Running cmd (subprocess): /opt/stack/data/venv/bin/python3.10 -m oslo_concurrency.prlimit --as=1073741824 --cpu=60 -- sudo cinder-rootwrap /etc/cinder/rootwrap.conf env LC_ALL=C qemu-img info -f qcow2 --output=json --force-share /opt/stack/data/cinder/mnt/1c9f2f81890a853962b9dbdfb0a37cbb/volume-9a8d8e0b-99ef-4831-a8fa-8ed43b603813 {{(pid=79109) execute /opt/stack/data/venv/lib/python3.10/site-packages/oslo_concurrency/processutils.py:368}}
Feb 11 06:46:28 devstack sudo[80173]: quobyte : PWD=/ ; USER=root ; COMMAND=/opt/stack/data/venv/bin/cinder-rootwrap /etc/cinder/rootwrap.conf env LC_ALL=C qemu-img info -f qcow2 --output=json --force-share /opt/stack/data/cinder/mnt/1c9f2f81890a853962b9dbdfb0a37cbb/volume-9a8d8e0b-99ef-4831-a8fa-8ed43b603813
Feb 11 06:46:28 devstack sudo[80173]: pam_unix(sudo:session): session opened for user root(uid=0) by (uid=1000)
Feb 11 06:46:29 devstack sudo[80173]: pam_unix(sudo:session): session closed for user root
Feb 11 06:46:29 devstack cinder-volume[79109]: DEBUG oslo_concurrency.processutils [None req-599fce2d-b332-4049-91d7-ab464752023d tempest-VolumesAdminNegativeTest-984725822 None] CMD "/opt/stack/data/venv/bin/python3.10 -m oslo_concurrency.prlimit --as=1073741824 --cpu=60 -- sudo cinder-rootwrap /etc/cinder/rootwrap.conf env LC_ALL=C qemu-img info -f qcow2 --output=json --force-share /opt/stack/data/cinder/mnt/1c9f2f81890a853962b9dbdfb0a37cbb/volume-9a8d8e0b-99ef-4831-a8fa-8ed43b603813" returned: 0 in 0.475s {{(pid=79109) execute /opt/stack/data/venv/lib/python3.10/site-packages/oslo_concurrency/processutils.py:396}}
Feb 11 06:46:29 devstack cinder-volume[79109]: DEBUG oslo_concurrency.processutils [None req-599fce2d-b332-4049-91d7-ab464752023d tempest-VolumesAdminNegativeTest-984725822 None] Running cmd (subprocess): sudo cinder-rootwrap /etc/cinder/rootwrap.conf rm -f /opt/stack/data/cinder/mnt/1c9f2f81890a853962b9dbdfb0a37cbb/volume-9a8d8e0b-99ef-4831-a8fa-8ed43b603813 {{(pid=79109) execute /opt/stack/data/venv/lib/python3.10/site-packages/oslo_concurrency/processutils.py:368}}
Feb 11 06:46:29 devstack sudo[80178]: quobyte : PWD=/ ; USER=root ; COMMAND=/opt/stack/data/venv/bin/cinder-rootwrap /etc/cinder/rootwrap.conf rm -f /opt/stack/data/cinder/mnt/1c9f2f81890a853962b9dbdfb0a37cbb/volume-9a8d8e0b-99ef-4831-a8fa-8ed43b603813
Feb 11 06:46:29 devstack sudo[80178]: pam_unix(sudo:session): session opened for user root(uid=0) by (uid=1000)
Feb 11 06:46:29 devstack sudo[80178]: pam_unix(sudo:session): session closed for user root
Feb 11 06:46:29 devstack cinder-volume[79109]: DEBUG oslo_concurrency.processutils [None req-599fce2d-b332-4049-91d7-ab464752023d tempest-VolumesAdminNegativeTest-984725822 None] CMD "sudo cinder-rootwrap /etc/cinder/rootwrap.conf rm -f /opt/stack/data/cinder/mnt/1c9f2f81890a853962b9dbdfb0a37cbb/volume-9a8d8e0b-99ef-4831-a8fa-8ed43b603813" returned: 0 in 0.398s {{(pid=79109) execute /opt/stack/data/venv/lib/python3.10/site-packages/oslo_concurrency/processutils.py:396}}
Feb 11 06:46:29 devstack cinder-volume[79109]: DEBUG cinder.coordination [None req-599fce2d-b332-4049-91d7-ab464752023d tempest-VolumesAdminNegativeTest-984725822 None] Lock "cinder-quobyte-9a8d8e0b-99ef-4831-a8fa-8ed43b603813" released by "delete_volume" :: held 0.909s {{(pid=79109) __release /opt/stack/cinder/cinder/coordination.py:157}}
Feb 11 06:46:29 devstack cinder-volume[79109]: DEBUG cinder.quota [None req-599fce2d-b332-4049-91d7-ab464752023d tempest-VolumesAdminNegativeTest-984725822 None] Created reservations ['224c0b77-cc39-4698-add9-703d907c09e6', 'cc336bd3-bb25-4dc4-b85a-e2094470a348', 'b6b276ba-f11a-4c36-a8c7-d507e950cd89', 'f0a1965e-ef9c-4c98-a513-80d190295bad'] {{(pid=79109) reserve /opt/stack/cinder/cinder/quota.py:752}}
Feb 11 06:46:29 devstack cinder-volume[79109]: DEBUG oslo_concurrency.lockutils [None req-599fce2d-b332-4049-91d7-ab464752023d tempest-VolumesAdminNegativeTest-984725822 None] Acquiring lock "quobyte_ensure" by "cinder.volume.drivers.quobyte.QuobyteDriver._ensure_shares_mounted" {{(pid=79109) inner /opt/stack/data/venv/lib/python3.10/site-packages/oslo_concurrency/lockutils.py:506}}
Feb 11 06:46:29 devstack cinder-volume[79109]: DEBUG oslo_concurrency.lockutils [None req-599fce2d-b332-4049-91d7-ab464752023d tempest-VolumesAdminNegativeTest-984725822 None] Lock "quobyte_ensure" acquired by "cinder.volume.drivers.quobyte.QuobyteDriver._ensure_shares_mounted" :: waited 0.001s {{(pid=79109) inner /opt/stack/data/venv/lib/python3.10/site-packages/oslo_concurrency/lockutils.py:519}}
Feb 11 06:46:29 devstack cinder-volume[79109]: DEBUG cinder.volume.drivers.quobyte [None req-599fce2d-b332-4049-91d7-ab464752023d tempest-VolumesAdminNegativeTest-984725822 None] Quobyte Volume URL set to: {'osci02.corp.quobyte.com/cinder-vol-7ff281e1-387c-40f5-845c-f0d874cce018': None} {{(pid=79109) _load_shares_config /opt/stack/cinder/cinder/volume/drivers/quobyte.py:620}}
Feb 11 06:46:29 devstack cinder-volume[79109]: DEBUG cinder.volume.drivers.quobyte [None req-599fce2d-b332-4049-91d7-ab464752023d tempest-VolumesAdminNegativeTest-984725822 None] Available shares ['osci02.corp.quobyte.com/cinder-vol-7ff281e1-387c-40f5-845c-f0d874cce018'] {{(pid=79109) _ensure_shares_mounted /opt/stack/cinder/cinder/volume/drivers/quobyte.py:650}}
Feb 11 06:46:29 devstack cinder-volume[79109]: DEBUG oslo_concurrency.lockutils [None req-599fce2d-b332-4049-91d7-ab464752023d tempest-VolumesAdminNegativeTest-984725822 None] Lock "quobyte_ensure" "released" by "cinder.volume.drivers.quobyte.QuobyteDriver._ensure_shares_mounted" :: held 0.024s {{(pid=79109) inner /opt/stack/data/venv/lib/python3.10/site-packages/oslo_concurrency/lockutils.py:538}}
Feb 11 06:46:29 devstack cinder-volume[79109]: DEBUG oslo_concurrency.processutils [None req-599fce2d-b332-4049-91d7-ab464752023d tempest-VolumesAdminNegativeTest-984725822 None] Running cmd (subprocess): sudo cinder-rootwrap /etc/cinder/rootwrap.conf df --portability --block-size 1 /opt/stack/data/cinder/mnt/1c9f2f81890a853962b9dbdfb0a37cbb {{(pid=79109) execute /opt/stack/data/venv/lib/python3.10/site-packages/oslo_concurrency/processutils.py:368}}
Feb 11 06:46:29 devstack sudo[80181]: quobyte : PWD=/ ; USER=root ; COMMAND=/opt/stack/data/venv/bin/cinder-rootwrap /etc/cinder/rootwrap.conf df --portability --block-size 1 /opt/stack/data/cinder/mnt/1c9f2f81890a853962b9dbdfb0a37cbb
Feb 11 06:46:29 devstack sudo[80181]: pam_unix(sudo:session): session opened for user root(uid=0) by (uid=1000)
Feb 11 06:46:30 devstack cinder-volume[79109]: WARNING cinder.volume.volume_utils [None req-34e08923-68e6-44fc-b434-e63a7152f067 tempest-GroupSnapshotsTest-204558277 None] Volume driver (QuobyteDriver 1.1.14) is currently unsupported and may be removed in the next release of OpenStack. Use at your own risk.
Feb 11 06:46:30 devstack cinder-volume[79109]: INFO cinder.volume.manager [None req-34e08923-68e6-44fc-b434-e63a7152f067 tempest-GroupSnapshotsTest-204558277 None] Update group completed successfully.
Feb 11 06:46:30 devstack sudo[80181]: pam_unix(sudo:session): session closed for user root
Feb 11 06:46:30 devstack cinder-volume[79109]: DEBUG oslo_concurrency.processutils [None req-599fce2d-b332-4049-91d7-ab464752023d tempest-VolumesAdminNegativeTest-984725822 None] CMD "sudo cinder-rootwrap /etc/cinder/rootwrap.conf df --portability --block-size 1 /opt/stack/data/cinder/mnt/1c9f2f81890a853962b9dbdfb0a37cbb" returned: 0 in 0.683s {{(pid=79109) execute /opt/stack/data/venv/lib/python3.10/site-packages/oslo_concurrency/processutils.py:396}}
Feb 11 06:46:30 devstack cinder-volume[79109]: DEBUG cinder.manager [None req-599fce2d-b332-4049-91d7-ab464752023d tempest-VolumesAdminNegativeTest-984725822 None] Notifying Schedulers of capabilities ... {{(pid=79109) _publish_service_capabilities /opt/stack/cinder/cinder/manager.py:202}}
Feb 11 06:46:30 devstack cinder-volume[79109]: INFO cinder.volume.manager [None req-599fce2d-b332-4049-91d7-ab464752023d tempest-VolumesAdminNegativeTest-984725822 None] Deleted volume successfully.
Feb 11 06:46:30 devstack cinder-volume[79109]: DEBUG cinder.coordination [None req-599fce2d-b332-4049-91d7-ab464752023d tempest-VolumesAdminNegativeTest-984725822 None] Lock "cinder-9a8d8e0b-99ef-4831-a8fa-8ed43b603813-delete_volume" released by "delete_volume" :: held 1.820s {{(pid=79109) __release /opt/stack/cinder/cinder/coordination.py:157}}
Feb 11 06:46:31 devstack cinder-volume[79109]: WARNING cinder.volume.volume_utils [None req-80a85fec-6ed1-4ef6-8e49-72fbffe6a84b tempest-GroupSnapshotsTest-204558277 None] Volume driver (QuobyteDriver 1.1.14) is currently unsupported and may be removed in the next release of OpenStack. Use at your own risk.
Feb 11 06:46:31 devstack cinder-volume[79109]: INFO cinder.volume.manager [None req-80a85fec-6ed1-4ef6-8e49-72fbffe6a84b tempest-GroupSnapshotsTest-204558277 None] Update group completed successfully.
Feb 11 06:46:32 devstack cinder-volume[79109]: WARNING cinder.volume.volume_utils [None req-e0be662b-5744-4c0b-b9da-cf9ca472f2c8 tempest-GroupSnapshotsTest-204558277 None] Volume driver (QuobyteDriver 1.1.14) is currently unsupported and may be removed in the next release of OpenStack. Use at your own risk.
Feb 11 06:46:32 devstack cinder-volume[79109]: INFO cinder.volume.manager [None req-e0be662b-5744-4c0b-b9da-cf9ca472f2c8 tempest-GroupSnapshotsTest-204558277 None] Update group completed successfully.
Feb 11 06:46:33 devstack cinder-volume[79109]: INFO cinder.volume.manager [None req-1dbe2eb0-96a1-4030-9033-870dfa171847 tempest-GroupSnapshotsTest-204558277 None] GroupSnapshot b132496c-1665-4a4e-b958-0e6e8a050bba: creating.
Feb 11 06:46:33 devstack cinder-volume[79109]: WARNING cinder.volume.volume_utils [None req-1dbe2eb0-96a1-4030-9033-870dfa171847 tempest-GroupSnapshotsTest-204558277 None] Volume driver (QuobyteDriver 1.1.14) is currently unsupported and may be removed in the next release of OpenStack. Use at your own risk.
Feb 11 06:46:33 devstack cinder-volume[79109]: DEBUG cinder.volume.manager [None req-1dbe2eb0-96a1-4030-9033-870dfa171847 tempest-GroupSnapshotsTest-204558277 None] Group snapshot b132496c-1665-4a4e-b958-0e6e8a050bba: creating. {{(pid=79109) create_group_snapshot /opt/stack/cinder/cinder/volume/manager.py:4175}}
Feb 11 06:46:33 devstack cinder-volume[79109]: DEBUG oslo_concurrency.lockutils [None req-1dbe2eb0-96a1-4030-9033-870dfa171847 tempest-GroupSnapshotsTest-204558277 None] Acquiring lock "quobyte" by "cinder.volume.drivers.quobyte.QuobyteDriver.create_snapshot" {{(pid=79109) inner /opt/stack/data/venv/lib/python3.10/site-packages/oslo_concurrency/lockutils.py:506}}
Feb 11 06:46:33 devstack cinder-volume[79109]: DEBUG oslo_concurrency.lockutils [None req-1dbe2eb0-96a1-4030-9033-870dfa171847 tempest-GroupSnapshotsTest-204558277 None] Lock "quobyte" acquired by "cinder.volume.drivers.quobyte.QuobyteDriver.create_snapshot" :: waited 0.001s {{(pid=79109) inner /opt/stack/data/venv/lib/python3.10/site-packages/oslo_concurrency/lockutils.py:519}}
Feb 11 06:46:33 devstack cinder-volume[79109]: DEBUG cinder.volume.drivers.remotefs [None req-1dbe2eb0-96a1-4030-9033-870dfa171847 tempest-GroupSnapshotsTest-204558277 None] Creating offline snapshot 5789cd73-d2f6-4d60-b19c-87bdfa090a8c of volume 19302ff0-8627-4169-905a-378c50050c62 {{(pid=79109) _create_snapshot /opt/stack/cinder/cinder/volume/drivers/remotefs.py:1817}}
Feb 11 06:46:33 devstack cinder-volume[79109]: DEBUG oslo.privsep.daemon [-] privsep: reply[78037562-a89d-45e0-9b8a-2e6639183235]: (4, 'qcow2') {{(pid=79823) _call_back /opt/stack/data/venv/lib/python3.10/site-packages/oslo_privsep/daemon.py:515}}
Feb 11 06:46:33 devstack cinder-volume[79109]: DEBUG oslo_concurrency.processutils [None req-1dbe2eb0-96a1-4030-9033-870dfa171847 tempest-GroupSnapshotsTest-204558277 None] Running cmd (subprocess): /opt/stack/data/venv/bin/python3.10 -m oslo_concurrency.prlimit --as=1073741824 --cpu=60 -- sudo cinder-rootwrap /etc/cinder/rootwrap.conf env LC_ALL=C qemu-img info -f qcow2 --output=json --force-share /opt/stack/data/cinder/mnt/1c9f2f81890a853962b9dbdfb0a37cbb/volume-19302ff0-8627-4169-905a-378c50050c62 {{(pid=79109) execute /opt/stack/data/venv/lib/python3.10/site-packages/oslo_concurrency/processutils.py:368}}
Feb 11 06:46:33 devstack sudo[80234]: quobyte : PWD=/ ; USER=root ; COMMAND=/opt/stack/data/venv/bin/cinder-rootwrap /etc/cinder/rootwrap.conf env LC_ALL=C qemu-img info -f qcow2 --output=json --force-share /opt/stack/data/cinder/mnt/1c9f2f81890a853962b9dbdfb0a37cbb/volume-19302ff0-8627-4169-905a-378c50050c62
Feb 11 06:46:33 devstack sudo[80234]: pam_unix(sudo:session): session opened for user root(uid=0) by (uid=1000)
Feb 11 06:46:34 devstack sudo[80234]: pam_unix(sudo:session): session closed for user root
Feb 11 06:46:34 devstack cinder-volume[79109]: DEBUG oslo_concurrency.processutils [None req-1dbe2eb0-96a1-4030-9033-870dfa171847 tempest-GroupSnapshotsTest-204558277 None] CMD "/opt/stack/data/venv/bin/python3.10 -m oslo_concurrency.prlimit --as=1073741824 --cpu=60 -- sudo cinder-rootwrap /etc/cinder/rootwrap.conf env LC_ALL=C qemu-img info -f qcow2 --output=json --force-share /opt/stack/data/cinder/mnt/1c9f2f81890a853962b9dbdfb0a37cbb/volume-19302ff0-8627-4169-905a-378c50050c62" returned: 0 in 0.518s {{(pid=79109) execute /opt/stack/data/venv/lib/python3.10/site-packages/oslo_concurrency/processutils.py:396}}
Feb 11 06:46:34 devstack cinder-volume[79109]: DEBUG oslo_concurrency.processutils [None req-1dbe2eb0-96a1-4030-9033-870dfa171847 tempest-GroupSnapshotsTest-204558277 None] Running cmd (subprocess): sudo cinder-rootwrap /etc/cinder/rootwrap.conf qemu-img create -f qcow2 -o backing_file=/opt/stack/data/cinder/mnt/1c9f2f81890a853962b9dbdfb0a37cbb/volume-19302ff0-8627-4169-905a-378c50050c62,backing_fmt=qcow2 /opt/stack/data/cinder/mnt/1c9f2f81890a853962b9dbdfb0a37cbb/volume-19302ff0-8627-4169-905a-378c50050c62.5789cd73-d2f6-4d60-b19c-87bdfa090a8c 1G {{(pid=79109) execute /opt/stack/data/venv/lib/python3.10/site-packages/oslo_concurrency/processutils.py:368}}
Feb 11 06:46:34 devstack sudo[80239]: quobyte : PWD=/ ; USER=root ; COMMAND=/opt/stack/data/venv/bin/cinder-rootwrap /etc/cinder/rootwrap.conf qemu-img create -f qcow2 -o backing_file=/opt/stack/data/cinder/mnt/1c9f2f81890a853962b9dbdfb0a37cbb/volume-19302ff0-8627-4169-905a-378c50050c62,backing_fmt=qcow2 /opt/stack/data/cinder/mnt/1c9f2f81890a853962b9dbdfb0a37cbb/volume-19302ff0-8627-4169-905a-378c50050c62.5789cd73-d2f6-4d60-b19c-87bdfa090a8c 1G
Feb 11 06:46:34 devstack sudo[80239]: pam_unix(sudo:session): session opened for user root(uid=0) by (uid=1000)
Feb 11 06:46:34 devstack sudo[80239]: pam_unix(sudo:session): session closed for user root
Feb 11 06:46:34 devstack cinder-volume[79109]: DEBUG oslo_concurrency.processutils [None req-1dbe2eb0-96a1-4030-9033-870dfa171847 tempest-GroupSnapshotsTest-204558277 None] CMD "sudo cinder-rootwrap /etc/cinder/rootwrap.conf qemu-img create -f qcow2 -o backing_file=/opt/stack/data/cinder/mnt/1c9f2f81890a853962b9dbdfb0a37cbb/volume-19302ff0-8627-4169-905a-378c50050c62,backing_fmt=qcow2 /opt/stack/data/cinder/mnt/1c9f2f81890a853962b9dbdfb0a37cbb/volume-19302ff0-8627-4169-905a-378c50050c62.5789cd73-d2f6-4d60-b19c-87bdfa090a8c 1G" returned: 0 in 0.481s {{(pid=79109) execute /opt/stack/data/venv/lib/python3.10/site-packages/oslo_concurrency/processutils.py:396}}
Feb 11 06:46:34 devstack cinder-volume[79109]: DEBUG oslo_concurrency.processutils [None req-1dbe2eb0-96a1-4030-9033-870dfa171847 tempest-GroupSnapshotsTest-204558277 None] Running cmd (subprocess): sudo cinder-rootwrap /etc/cinder/rootwrap.conf qemu-img rebase -u -b volume-19302ff0-8627-4169-905a-378c50050c62 -F qcow2 /opt/stack/data/cinder/mnt/1c9f2f81890a853962b9dbdfb0a37cbb/volume-19302ff0-8627-4169-905a-378c50050c62.5789cd73-d2f6-4d60-b19c-87bdfa090a8c {{(pid=79109) execute /opt/stack/data/venv/lib/python3.10/site-packages/oslo_concurrency/processutils.py:368}}
Feb 11 06:46:34 devstack sudo[80245]: quobyte : PWD=/ ; USER=root ; COMMAND=/opt/stack/data/venv/bin/cinder-rootwrap /etc/cinder/rootwrap.conf qemu-img rebase -u -b volume-19302ff0-8627-4169-905a-378c50050c62 -F qcow2 /opt/stack/data/cinder/mnt/1c9f2f81890a853962b9dbdfb0a37cbb/volume-19302ff0-8627-4169-905a-378c50050c62.5789cd73-d2f6-4d60-b19c-87bdfa090a8c
Feb 11 06:46:34 devstack sudo[80245]: pam_unix(sudo:session): session opened for user root(uid=0) by (uid=1000)
Feb 11 06:46:35 devstack sudo[80245]: pam_unix(sudo:session): session closed for user root
Feb 11 06:46:35 devstack cinder-volume[79109]: DEBUG oslo_concurrency.processutils [None req-1dbe2eb0-96a1-4030-9033-870dfa171847 tempest-GroupSnapshotsTest-204558277 None] CMD "sudo cinder-rootwrap /etc/cinder/rootwrap.conf qemu-img rebase -u -b volume-19302ff0-8627-4169-905a-378c50050c62 -F qcow2 /opt/stack/data/cinder/mnt/1c9f2f81890a853962b9dbdfb0a37cbb/volume-19302ff0-8627-4169-905a-378c50050c62.5789cd73-d2f6-4d60-b19c-87bdfa090a8c" returned: 0 in 0.461s {{(pid=79109) execute /opt/stack/data/venv/lib/python3.10/site-packages/oslo_concurrency/processutils.py:396}}
Feb 11 06:46:35 devstack cinder-volume[79109]: WARNING cinder.volume.drivers.remotefs [None req-1dbe2eb0-96a1-4030-9033-870dfa171847 tempest-GroupSnapshotsTest-204558277 None] /opt/stack/data/cinder/mnt/1c9f2f81890a853962b9dbdfb0a37cbb/volume-19302ff0-8627-4169-905a-378c50050c62.5789cd73-d2f6-4d60-b19c-87bdfa090a8c is being set with open permissions: ugo+rw: NotImplementedError
Feb 11 06:46:35 devstack cinder-volume[79109]: DEBUG oslo_concurrency.processutils [None req-1dbe2eb0-96a1-4030-9033-870dfa171847 tempest-GroupSnapshotsTest-204558277 None] Running cmd (subprocess): sudo cinder-rootwrap /etc/cinder/rootwrap.conf chmod ugo+rw /opt/stack/data/cinder/mnt/1c9f2f81890a853962b9dbdfb0a37cbb/volume-19302ff0-8627-4169-905a-378c50050c62.5789cd73-d2f6-4d60-b19c-87bdfa090a8c {{(pid=79109) execute /opt/stack/data/venv/lib/python3.10/site-packages/oslo_concurrency/processutils.py:368}}
Feb 11 06:46:35 devstack sudo[80250]: quobyte : PWD=/ ; USER=root ; COMMAND=/opt/stack/data/venv/bin/cinder-rootwrap /etc/cinder/rootwrap.conf chmod ugo+rw /opt/stack/data/cinder/mnt/1c9f2f81890a853962b9dbdfb0a37cbb/volume-19302ff0-8627-4169-905a-378c50050c62.5789cd73-d2f6-4d60-b19c-87bdfa090a8c
Feb 11 06:46:35 devstack sudo[80250]: pam_unix(sudo:session): session opened for user root(uid=0) by (uid=1000)
Feb 11 06:46:35 devstack sudo[80250]: pam_unix(sudo:session): session closed for user root
Feb 11 06:46:35 devstack cinder-volume[79109]: DEBUG oslo_concurrency.processutils [None req-1dbe2eb0-96a1-4030-9033-870dfa171847 tempest-GroupSnapshotsTest-204558277 None] CMD "sudo cinder-rootwrap /etc/cinder/rootwrap.conf chmod ugo+rw /opt/stack/data/cinder/mnt/1c9f2f81890a853962b9dbdfb0a37cbb/volume-19302ff0-8627-4169-905a-378c50050c62.5789cd73-d2f6-4d60-b19c-87bdfa090a8c" returned: 0 in 0.426s {{(pid=79109) execute /opt/stack/data/venv/lib/python3.10/site-packages/oslo_concurrency/processutils.py:396}}
Feb 11 06:46:35 devstack cinder-volume[79109]: DEBUG dbcounter [-] [79109] Writing DB stats cinder:SELECT=82,cinder:UPDATE=90,cinder:INSERT=11,cinder:DELETE=2 {{(pid=79109) stat_writer /opt/stack/data/venv/lib/python3.10/site-packages/dbcounter.py:115}}
Feb 11 06:46:35 devstack cinder-volume[79109]: DEBUG dbcounter [-] [79109] Writing DB stats cinder:SELECT=61,cinder:UPDATE=52,cinder:INSERT=18,cinder:DELETE=6 {{(pid=79109) stat_writer /opt/stack/data/venv/lib/python3.10/site-packages/dbcounter.py:115}}
Feb 11 06:46:35 devstack cinder-volume[79109]: DEBUG oslo_concurrency.processutils [None req-1dbe2eb0-96a1-4030-9033-870dfa171847 tempest-GroupSnapshotsTest-204558277 None] Running cmd (subprocess): sudo cinder-rootwrap /etc/cinder/rootwrap.conf truncate -s0 /opt/stack/data/cinder/mnt/1c9f2f81890a853962b9dbdfb0a37cbb/volume-19302ff0-8627-4169-905a-378c50050c62.info {{(pid=79109) execute /opt/stack/data/venv/lib/python3.10/site-packages/oslo_concurrency/processutils.py:368}}
Feb 11 06:46:35 devstack sudo[80254]: quobyte : PWD=/ ; USER=root ; COMMAND=/opt/stack/data/venv/bin/cinder-rootwrap /etc/cinder/rootwrap.conf truncate -s0 /opt/stack/data/cinder/mnt/1c9f2f81890a853962b9dbdfb0a37cbb/volume-19302ff0-8627-4169-905a-378c50050c62.info
Feb 11 06:46:35 devstack sudo[80254]: pam_unix(sudo:session): session opened for user root(uid=0) by (uid=1000)
Feb 11 06:46:36 devstack sudo[80254]: pam_unix(sudo:session): session closed for user root
Feb 11 06:46:36 devstack cinder-volume[79109]: DEBUG oslo_concurrency.processutils [None req-1dbe2eb0-96a1-4030-9033-870dfa171847 tempest-GroupSnapshotsTest-204558277 None] CMD "sudo cinder-rootwrap /etc/cinder/rootwrap.conf truncate -s0 /opt/stack/data/cinder/mnt/1c9f2f81890a853962b9dbdfb0a37cbb/volume-19302ff0-8627-4169-905a-378c50050c62.info" returned: 0 in 0.399s {{(pid=79109) execute /opt/stack/data/venv/lib/python3.10/site-packages/oslo_concurrency/processutils.py:396}}
Feb 11 06:46:36 devstack cinder-volume[79109]: WARNING cinder.volume.drivers.remotefs [None req-1dbe2eb0-96a1-4030-9033-870dfa171847 tempest-GroupSnapshotsTest-204558277 None] /opt/stack/data/cinder/mnt/1c9f2f81890a853962b9dbdfb0a37cbb/volume-19302ff0-8627-4169-905a-378c50050c62.info is being set with open permissions: ugo+rw: NotImplementedError
Feb 11 06:46:36 devstack cinder-volume[79109]: DEBUG oslo_concurrency.processutils [None req-1dbe2eb0-96a1-4030-9033-870dfa171847 tempest-GroupSnapshotsTest-204558277 None] Running cmd (subprocess): sudo cinder-rootwrap /etc/cinder/rootwrap.conf chmod ugo+rw /opt/stack/data/cinder/mnt/1c9f2f81890a853962b9dbdfb0a37cbb/volume-19302ff0-8627-4169-905a-378c50050c62.info {{(pid=79109) execute /opt/stack/data/venv/lib/python3.10/site-packages/oslo_concurrency/processutils.py:368}}
Feb 11 06:46:36 devstack sudo[80257]: quobyte : PWD=/ ; USER=root ; COMMAND=/opt/stack/data/venv/bin/cinder-rootwrap /etc/cinder/rootwrap.conf chmod ugo+rw /opt/stack/data/cinder/mnt/1c9f2f81890a853962b9dbdfb0a37cbb/volume-19302ff0-8627-4169-905a-378c50050c62.info
Feb 11 06:46:36 devstack sudo[80257]: pam_unix(sudo:session): session opened for user root(uid=0) by (uid=1000)
Feb 11 06:46:36 devstack cinder-volume[79109]: DEBUG oslo_service.periodic_task [None req-bc5d2dbd-fea4-4e5c-8ffc-58145ad8e53b None None] Running periodic task VolumeManager.publish_service_capabilities {{(pid=79109) run_periodic_tasks /opt/stack/data/venv/lib/python3.10/site-packages/oslo_service/periodic_task.py:210}}
Feb 11 06:46:36 devstack cinder-volume[79109]: DEBUG oslo_concurrency.lockutils [None req-bc5d2dbd-fea4-4e5c-8ffc-58145ad8e53b None None] Acquiring lock "quobyte_ensure" by "cinder.volume.drivers.quobyte.QuobyteDriver._ensure_shares_mounted" {{(pid=79109) inner /opt/stack/data/venv/lib/python3.10/site-packages/oslo_concurrency/lockutils.py:506}}
Feb 11 06:46:36 devstack cinder-volume[79109]: DEBUG oslo_concurrency.lockutils [None req-bc5d2dbd-fea4-4e5c-8ffc-58145ad8e53b None None] Lock "quobyte_ensure" acquired by "cinder.volume.drivers.quobyte.QuobyteDriver._ensure_shares_mounted" :: waited 0.001s {{(pid=79109) inner /opt/stack/data/venv/lib/python3.10/site-packages/oslo_concurrency/lockutils.py:519}}
Feb 11 06:46:36 devstack cinder-volume[79109]: DEBUG cinder.volume.drivers.quobyte [None req-bc5d2dbd-fea4-4e5c-8ffc-58145ad8e53b None None] Quobyte Volume URL set to: {'osci02.corp.quobyte.com/cinder-vol-7ff281e1-387c-40f5-845c-f0d874cce018': None} {{(pid=79109) _load_shares_config /opt/stack/cinder/cinder/volume/drivers/quobyte.py:620}}
Feb 11 06:46:36 devstack cinder-volume[79109]: DEBUG cinder.volume.drivers.quobyte [None req-bc5d2dbd-fea4-4e5c-8ffc-58145ad8e53b None None] Available shares ['osci02.corp.quobyte.com/cinder-vol-7ff281e1-387c-40f5-845c-f0d874cce018'] {{(pid=79109) _ensure_shares_mounted /opt/stack/cinder/cinder/volume/drivers/quobyte.py:650}}
Feb 11 06:46:36 devstack cinder-volume[79109]: DEBUG oslo_concurrency.lockutils [None req-bc5d2dbd-fea4-4e5c-8ffc-58145ad8e53b None None] Lock "quobyte_ensure" "released" by "cinder.volume.drivers.quobyte.QuobyteDriver._ensure_shares_mounted" :: held 0.004s {{(pid=79109) inner /opt/stack/data/venv/lib/python3.10/site-packages/oslo_concurrency/lockutils.py:538}}
Feb 11 06:46:36 devstack cinder-volume[79109]: DEBUG oslo_concurrency.processutils [None req-bc5d2dbd-fea4-4e5c-8ffc-58145ad8e53b None None] Running cmd (subprocess): sudo cinder-rootwrap /etc/cinder/rootwrap.conf df --portability --block-size 1 /opt/stack/data/cinder/mnt/1c9f2f81890a853962b9dbdfb0a37cbb {{(pid=79109) execute /opt/stack/data/venv/lib/python3.10/site-packages/oslo_concurrency/processutils.py:368}}
Feb 11 06:46:36 devstack sudo[80260]: quobyte : PWD=/ ; USER=root ; COMMAND=/opt/stack/data/venv/bin/cinder-rootwrap /etc/cinder/rootwrap.conf df --portability --block-size 1 /opt/stack/data/cinder/mnt/1c9f2f81890a853962b9dbdfb0a37cbb
Feb 11 06:46:36 devstack sudo[80260]: pam_unix(sudo:session): session opened for user root(uid=0) by (uid=1000)
Feb 11 06:46:36 devstack sudo[80257]: pam_unix(sudo:session): session closed for user root
Feb 11 06:46:36 devstack cinder-volume[79109]: DEBUG oslo_concurrency.processutils [None req-1dbe2eb0-96a1-4030-9033-870dfa171847 tempest-GroupSnapshotsTest-204558277 None] CMD "sudo cinder-rootwrap /etc/cinder/rootwrap.conf chmod ugo+rw /opt/stack/data/cinder/mnt/1c9f2f81890a853962b9dbdfb0a37cbb/volume-19302ff0-8627-4169-905a-378c50050c62.info" returned: 0 in 0.366s {{(pid=79109) execute /opt/stack/data/venv/lib/python3.10/site-packages/oslo_concurrency/processutils.py:396}}
Feb 11 06:46:36 devstack cinder-volume[79109]: DEBUG oslo_concurrency.lockutils [None req-1dbe2eb0-96a1-4030-9033-870dfa171847 tempest-GroupSnapshotsTest-204558277 None] Lock "quobyte" "released" by "cinder.volume.drivers.quobyte.QuobyteDriver.create_snapshot" :: held 2.716s {{(pid=79109) inner /opt/stack/data/venv/lib/python3.10/site-packages/oslo_concurrency/lockutils.py:538}}
Feb 11 06:46:36 devstack cinder-volume[79109]: DEBUG oslo_concurrency.lockutils [None req-1dbe2eb0-96a1-4030-9033-870dfa171847 tempest-GroupSnapshotsTest-204558277 None] Acquiring lock "quobyte" by "cinder.volume.drivers.quobyte.QuobyteDriver.create_snapshot" {{(pid=79109) inner /opt/stack/data/venv/lib/python3.10/site-packages/oslo_concurrency/lockutils.py:506}}
Feb 11 06:46:36 devstack cinder-volume[79109]: DEBUG oslo_concurrency.lockutils [None req-1dbe2eb0-96a1-4030-9033-870dfa171847 tempest-GroupSnapshotsTest-204558277 None] Lock "quobyte" acquired by "cinder.volume.drivers.quobyte.QuobyteDriver.create_snapshot" :: waited 0.001s {{(pid=79109) inner /opt/stack/data/venv/lib/python3.10/site-packages/oslo_concurrency/lockutils.py:519}}
Feb 11 06:46:36 devstack cinder-volume[79109]: DEBUG cinder.volume.drivers.remotefs [None req-1dbe2eb0-96a1-4030-9033-870dfa171847 tempest-GroupSnapshotsTest-204558277 None] Creating offline snapshot ca883142-ad4b-45fe-bcd9-2af175939247 of volume 243d69f3-01b4-4f57-8a40-21bdf4041af8 {{(pid=79109) _create_snapshot /opt/stack/cinder/cinder/volume/drivers/remotefs.py:1817}}
Feb 11 06:46:36 devstack cinder-volume[79109]: DEBUG oslo.privsep.daemon [-] privsep: reply[6b1b930f-a47c-4fad-a326-bc5570f8d052]: (4, 'qcow2') {{(pid=79823) _call_back /opt/stack/data/venv/lib/python3.10/site-packages/oslo_privsep/daemon.py:515}}
Feb 11 06:46:36 devstack cinder-volume[79109]: DEBUG oslo_concurrency.processutils [None req-1dbe2eb0-96a1-4030-9033-870dfa171847 tempest-GroupSnapshotsTest-204558277 None] Running cmd (subprocess): /opt/stack/data/venv/bin/python3.10 -m oslo_concurrency.prlimit --as=1073741824 --cpu=60 -- sudo cinder-rootwrap /etc/cinder/rootwrap.conf env LC_ALL=C qemu-img info -f qcow2 --output=json --force-share /opt/stack/data/cinder/mnt/1c9f2f81890a853962b9dbdfb0a37cbb/volume-243d69f3-01b4-4f57-8a40-21bdf4041af8 {{(pid=79109) execute /opt/stack/data/venv/lib/python3.10/site-packages/oslo_concurrency/processutils.py:368}}
Feb 11 06:46:36 devstack sudo[80262]: quobyte : PWD=/ ; USER=root ; COMMAND=/opt/stack/data/venv/bin/cinder-rootwrap /etc/cinder/rootwrap.conf env LC_ALL=C qemu-img info -f qcow2 --output=json --force-share /opt/stack/data/cinder/mnt/1c9f2f81890a853962b9dbdfb0a37cbb/volume-243d69f3-01b4-4f57-8a40-21bdf4041af8
Feb 11 06:46:36 devstack sudo[80262]: pam_unix(sudo:session): session opened for user root(uid=0) by (uid=1000)
Feb 11 06:46:36 devstack sudo[80260]: pam_unix(sudo:session): session closed for user root
Feb 11 06:46:36 devstack cinder-volume[79109]: DEBUG oslo_concurrency.processutils [None req-bc5d2dbd-fea4-4e5c-8ffc-58145ad8e53b None None] CMD "sudo cinder-rootwrap /etc/cinder/rootwrap.conf df --portability --block-size 1 /opt/stack/data/cinder/mnt/1c9f2f81890a853962b9dbdfb0a37cbb" returned: 0 in 0.414s {{(pid=79109) execute /opt/stack/data/venv/lib/python3.10/site-packages/oslo_concurrency/processutils.py:396}}
Feb 11 06:46:36 devstack cinder-volume[79109]: DEBUG cinder.manager [None req-bc5d2dbd-fea4-4e5c-8ffc-58145ad8e53b None None] Notifying Schedulers of capabilities ... {{(pid=79109) _publish_service_capabilities /opt/stack/cinder/cinder/manager.py:202}}
Feb 11 06:46:36 devstack sudo[80262]: pam_unix(sudo:session): session closed for user root
Feb 11 06:46:36 devstack cinder-volume[79109]: DEBUG oslo_concurrency.processutils [None req-1dbe2eb0-96a1-4030-9033-870dfa171847 tempest-GroupSnapshotsTest-204558277 None] CMD "/opt/stack/data/venv/bin/python3.10 -m oslo_concurrency.prlimit --as=1073741824 --cpu=60 -- sudo cinder-rootwrap /etc/cinder/rootwrap.conf env LC_ALL=C qemu-img info -f qcow2 --output=json --force-share /opt/stack/data/cinder/mnt/1c9f2f81890a853962b9dbdfb0a37cbb/volume-243d69f3-01b4-4f57-8a40-21bdf4041af8" returned: 0 in 0.432s {{(pid=79109) execute /opt/stack/data/venv/lib/python3.10/site-packages/oslo_concurrency/processutils.py:396}}
Feb 11 06:46:36 devstack cinder-volume[79109]: DEBUG oslo_concurrency.processutils [None req-1dbe2eb0-96a1-4030-9033-870dfa171847 tempest-GroupSnapshotsTest-204558277 None] Running cmd (subprocess): sudo cinder-rootwrap /etc/cinder/rootwrap.conf qemu-img create -f qcow2 -o backing_file=/opt/stack/data/cinder/mnt/1c9f2f81890a853962b9dbdfb0a37cbb/volume-243d69f3-01b4-4f57-8a40-21bdf4041af8,backing_fmt=qcow2 /opt/stack/data/cinder/mnt/1c9f2f81890a853962b9dbdfb0a37cbb/volume-243d69f3-01b4-4f57-8a40-21bdf4041af8.ca883142-ad4b-45fe-bcd9-2af175939247 1G {{(pid=79109) execute /opt/stack/data/venv/lib/python3.10/site-packages/oslo_concurrency/processutils.py:368}}
Feb 11 06:46:36 devstack sudo[80271]: quobyte : PWD=/ ; USER=root ; COMMAND=/opt/stack/data/venv/bin/cinder-rootwrap /etc/cinder/rootwrap.conf qemu-img create -f qcow2 -o backing_file=/opt/stack/data/cinder/mnt/1c9f2f81890a853962b9dbdfb0a37cbb/volume-243d69f3-01b4-4f57-8a40-21bdf4041af8,backing_fmt=qcow2 /opt/stack/data/cinder/mnt/1c9f2f81890a853962b9dbdfb0a37cbb/volume-243d69f3-01b4-4f57-8a40-21bdf4041af8.ca883142-ad4b-45fe-bcd9-2af175939247 1G
Feb 11 06:46:36 devstack sudo[80271]: pam_unix(sudo:session): session opened for user root(uid=0) by (uid=1000)
Feb 11 06:46:37 devstack sudo[80271]: pam_unix(sudo:session): session closed for user root
Feb 11 06:46:37 devstack cinder-volume[79109]: DEBUG oslo_concurrency.processutils [None req-1dbe2eb0-96a1-4030-9033-870dfa171847 tempest-GroupSnapshotsTest-204558277 None] CMD "sudo cinder-rootwrap /etc/cinder/rootwrap.conf qemu-img create -f qcow2 -o backing_file=/opt/stack/data/cinder/mnt/1c9f2f81890a853962b9dbdfb0a37cbb/volume-243d69f3-01b4-4f57-8a40-21bdf4041af8,backing_fmt=qcow2 /opt/stack/data/cinder/mnt/1c9f2f81890a853962b9dbdfb0a37cbb/volume-243d69f3-01b4-4f57-8a40-21bdf4041af8.ca883142-ad4b-45fe-bcd9-2af175939247 1G" returned: 0 in 0.446s {{(pid=79109) execute /opt/stack/data/venv/lib/python3.10/site-packages/oslo_concurrency/processutils.py:396}}
Feb 11 06:46:37 devstack cinder-volume[79109]: DEBUG oslo_concurrency.processutils [None req-1dbe2eb0-96a1-4030-9033-870dfa171847 tempest-GroupSnapshotsTest-204558277 None] Running cmd (subprocess): sudo cinder-rootwrap /etc/cinder/rootwrap.conf qemu-img rebase -u -b volume-243d69f3-01b4-4f57-8a40-21bdf4041af8 -F qcow2 /opt/stack/data/cinder/mnt/1c9f2f81890a853962b9dbdfb0a37cbb/volume-243d69f3-01b4-4f57-8a40-21bdf4041af8.ca883142-ad4b-45fe-bcd9-2af175939247 {{(pid=79109) execute /opt/stack/data/venv/lib/python3.10/site-packages/oslo_concurrency/processutils.py:368}}
Feb 11 06:46:37 devstack sudo[80276]: quobyte : PWD=/ ; USER=root ; COMMAND=/opt/stack/data/venv/bin/cinder-rootwrap /etc/cinder/rootwrap.conf qemu-img rebase -u -b volume-243d69f3-01b4-4f57-8a40-21bdf4041af8 -F qcow2 /opt/stack/data/cinder/mnt/1c9f2f81890a853962b9dbdfb0a37cbb/volume-243d69f3-01b4-4f57-8a40-21bdf4041af8.ca883142-ad4b-45fe-bcd9-2af175939247
Feb 11 06:46:37 devstack sudo[80276]: pam_unix(sudo:session): session opened for user root(uid=0) by (uid=1000)
Feb 11 06:46:37 devstack sudo[80276]: pam_unix(sudo:session): session closed for user root
Feb 11 06:46:37 devstack cinder-volume[79109]: DEBUG oslo_concurrency.processutils [None req-1dbe2eb0-96a1-4030-9033-870dfa171847 tempest-GroupSnapshotsTest-204558277 None] CMD "sudo cinder-rootwrap /etc/cinder/rootwrap.conf qemu-img rebase -u -b volume-243d69f3-01b4-4f57-8a40-21bdf4041af8 -F qcow2 /opt/stack/data/cinder/mnt/1c9f2f81890a853962b9dbdfb0a37cbb/volume-243d69f3-01b4-4f57-8a40-21bdf4041af8.ca883142-ad4b-45fe-bcd9-2af175939247" returned: 0 in 0.442s {{(pid=79109) execute /opt/stack/data/venv/lib/python3.10/site-packages/oslo_concurrency/processutils.py:396}}
Feb 11 06:46:37 devstack cinder-volume[79109]: WARNING cinder.volume.drivers.remotefs [None req-1dbe2eb0-96a1-4030-9033-870dfa171847 tempest-GroupSnapshotsTest-204558277 None] /opt/stack/data/cinder/mnt/1c9f2f81890a853962b9dbdfb0a37cbb/volume-243d69f3-01b4-4f57-8a40-21bdf4041af8.ca883142-ad4b-45fe-bcd9-2af175939247 is being set with open permissions: ugo+rw: NotImplementedError
Feb 11 06:46:37 devstack cinder-volume[79109]: DEBUG oslo_concurrency.processutils [None req-1dbe2eb0-96a1-4030-9033-870dfa171847 tempest-GroupSnapshotsTest-204558277 None] Running cmd (subprocess): sudo cinder-rootwrap /etc/cinder/rootwrap.conf chmod ugo+rw /opt/stack/data/cinder/mnt/1c9f2f81890a853962b9dbdfb0a37cbb/volume-243d69f3-01b4-4f57-8a40-21bdf4041af8.ca883142-ad4b-45fe-bcd9-2af175939247 {{(pid=79109) execute /opt/stack/data/venv/lib/python3.10/site-packages/oslo_concurrency/processutils.py:368}}
Feb 11 06:46:37 devstack sudo[80284]: quobyte : PWD=/ ; USER=root ; COMMAND=/opt/stack/data/venv/bin/cinder-rootwrap /etc/cinder/rootwrap.conf chmod ugo+rw /opt/stack/data/cinder/mnt/1c9f2f81890a853962b9dbdfb0a37cbb/volume-243d69f3-01b4-4f57-8a40-21bdf4041af8.ca883142-ad4b-45fe-bcd9-2af175939247
Feb 11 06:46:37 devstack sudo[80284]: pam_unix(sudo:session): session opened for user root(uid=0) by (uid=1000)
Feb 11 06:46:38 devstack sudo[80284]: pam_unix(sudo:session): session closed for user root
Feb 11 06:46:38 devstack cinder-volume[79109]: DEBUG oslo_concurrency.processutils [None req-1dbe2eb0-96a1-4030-9033-870dfa171847 tempest-GroupSnapshotsTest-204558277 None] CMD "sudo cinder-rootwrap /etc/cinder/rootwrap.conf chmod ugo+rw /opt/stack/data/cinder/mnt/1c9f2f81890a853962b9dbdfb0a37cbb/volume-243d69f3-01b4-4f57-8a40-21bdf4041af8.ca883142-ad4b-45fe-bcd9-2af175939247" returned: 0 in 0.374s {{(pid=79109) execute /opt/stack/data/venv/lib/python3.10/site-packages/oslo_concurrency/processutils.py:396}}
Feb 11 06:46:38 devstack cinder-volume[79109]: DEBUG oslo_concurrency.processutils [None req-1dbe2eb0-96a1-4030-9033-870dfa171847 tempest-GroupSnapshotsTest-204558277 None] Running cmd (subprocess): sudo cinder-rootwrap /etc/cinder/rootwrap.conf truncate -s0 /opt/stack/data/cinder/mnt/1c9f2f81890a853962b9dbdfb0a37cbb/volume-243d69f3-01b4-4f57-8a40-21bdf4041af8.info {{(pid=79109) execute /opt/stack/data/venv/lib/python3.10/site-packages/oslo_concurrency/processutils.py:368}}
Feb 11 06:46:38 devstack sudo[80298]: quobyte : PWD=/ ; USER=root ; COMMAND=/opt/stack/data/venv/bin/cinder-rootwrap /etc/cinder/rootwrap.conf truncate -s0 /opt/stack/data/cinder/mnt/1c9f2f81890a853962b9dbdfb0a37cbb/volume-243d69f3-01b4-4f57-8a40-21bdf4041af8.info
Feb 11 06:46:38 devstack sudo[80298]: pam_unix(sudo:session): session opened for user root(uid=0) by (uid=1000)
Feb 11 06:46:38 devstack sudo[80298]: pam_unix(sudo:session): session closed for user root
Feb 11 06:46:38 devstack cinder-volume[79109]: DEBUG oslo_concurrency.processutils [None req-1dbe2eb0-96a1-4030-9033-870dfa171847 tempest-GroupSnapshotsTest-204558277 None] CMD "sudo cinder-rootwrap /etc/cinder/rootwrap.conf truncate -s0 /opt/stack/data/cinder/mnt/1c9f2f81890a853962b9dbdfb0a37cbb/volume-243d69f3-01b4-4f57-8a40-21bdf4041af8.info" returned: 0 in 0.439s {{(pid=79109) execute /opt/stack/data/venv/lib/python3.10/site-packages/oslo_concurrency/processutils.py:396}}
Feb 11 06:46:38 devstack cinder-volume[79109]: WARNING cinder.volume.drivers.remotefs [None req-1dbe2eb0-96a1-4030-9033-870dfa171847 tempest-GroupSnapshotsTest-204558277 None] /opt/stack/data/cinder/mnt/1c9f2f81890a853962b9dbdfb0a37cbb/volume-243d69f3-01b4-4f57-8a40-21bdf4041af8.info is being set with open permissions: ugo+rw: NotImplementedError
Feb 11 06:46:38 devstack cinder-volume[79109]: DEBUG oslo_concurrency.processutils [None req-1dbe2eb0-96a1-4030-9033-870dfa171847 tempest-GroupSnapshotsTest-204558277 None] Running cmd (subprocess): sudo cinder-rootwrap /etc/cinder/rootwrap.conf chmod ugo+rw /opt/stack/data/cinder/mnt/1c9f2f81890a853962b9dbdfb0a37cbb/volume-243d69f3-01b4-4f57-8a40-21bdf4041af8.info {{(pid=79109) execute /opt/stack/data/venv/lib/python3.10/site-packages/oslo_concurrency/processutils.py:368}}
Feb 11 06:46:38 devstack sudo[80301]: quobyte : PWD=/ ; USER=root ; COMMAND=/opt/stack/data/venv/bin/cinder-rootwrap /etc/cinder/rootwrap.conf chmod ugo+rw /opt/stack/data/cinder/mnt/1c9f2f81890a853962b9dbdfb0a37cbb/volume-243d69f3-01b4-4f57-8a40-21bdf4041af8.info
Feb 11 06:46:38 devstack sudo[80301]: pam_unix(sudo:session): session opened for user root(uid=0) by (uid=1000)
Feb 11 06:46:39 devstack sudo[80301]: pam_unix(sudo:session): session closed for user root
Feb 11 06:46:39 devstack cinder-volume[79109]: DEBUG oslo_concurrency.processutils [None req-1dbe2eb0-96a1-4030-9033-870dfa171847 tempest-GroupSnapshotsTest-204558277 None] CMD "sudo cinder-rootwrap /etc/cinder/rootwrap.conf chmod ugo+rw /opt/stack/data/cinder/mnt/1c9f2f81890a853962b9dbdfb0a37cbb/volume-243d69f3-01b4-4f57-8a40-21bdf4041af8.info" returned: 0 in 0.487s {{(pid=79109) execute /opt/stack/data/venv/lib/python3.10/site-packages/oslo_concurrency/processutils.py:396}}
Feb 11 06:46:39 devstack cinder-volume[79109]: DEBUG oslo_concurrency.lockutils [None req-1dbe2eb0-96a1-4030-9033-870dfa171847 tempest-GroupSnapshotsTest-204558277 None] Lock "quobyte" "released" by "cinder.volume.drivers.quobyte.QuobyteDriver.create_snapshot" :: held 2.691s {{(pid=79109) inner /opt/stack/data/venv/lib/python3.10/site-packages/oslo_concurrency/lockutils.py:538}}
Feb 11 06:46:39 devstack cinder-volume[79109]: INFO cinder.volume.manager [None req-1dbe2eb0-96a1-4030-9033-870dfa171847 tempest-GroupSnapshotsTest-204558277 None] group_snapshot b132496c-1665-4a4e-b958-0e6e8a050bba: created successfully
Feb 11 06:46:40 devstack cinder-volume[79109]: INFO cinder.volume.manager [None req-81ac1896-2f5c-4bed-84c8-c715fd05188a tempest-GroupSnapshotsTest-204558277 None] group_snapshot b132496c-1665-4a4e-b958-0e6e8a050bba: deleting
Feb 11 06:46:40 devstack cinder-volume[79109]: WARNING cinder.volume.volume_utils [None req-81ac1896-2f5c-4bed-84c8-c715fd05188a tempest-GroupSnapshotsTest-204558277 None] Volume driver (QuobyteDriver 1.1.14) is currently unsupported and may be removed in the next release of OpenStack. Use at your own risk.
Feb 11 06:46:40 devstack cinder-volume[79109]: DEBUG cinder.volume.manager [None req-81ac1896-2f5c-4bed-84c8-c715fd05188a tempest-GroupSnapshotsTest-204558277 None] group_snapshot b132496c-1665-4a4e-b958-0e6e8a050bba: deleting {{(pid=79109) delete_group_snapshot /opt/stack/cinder/cinder/volume/manager.py:4350}}
Feb 11 06:46:40 devstack cinder-volume[79109]: DEBUG cinder.coordination [None req-81ac1896-2f5c-4bed-84c8-c715fd05188a tempest-GroupSnapshotsTest-204558277 None] Acquiring lock "cinder-quobyte-19302ff0-8627-4169-905a-378c50050c62" by "delete_snapshot" {{(pid=79109) __acquire /opt/stack/cinder/cinder/coordination.py:143}}
Feb 11 06:46:40 devstack cinder-volume[79109]: DEBUG cinder.coordination [None req-81ac1896-2f5c-4bed-84c8-c715fd05188a tempest-GroupSnapshotsTest-204558277 None] Lock "cinder-quobyte-19302ff0-8627-4169-905a-378c50050c62" acquired by "delete_snapshot" :: waited 0.012s {{(pid=79109) __acquire /opt/stack/cinder/cinder/coordination.py:146}}
Feb 11 06:46:40 devstack cinder-volume[79109]: DEBUG cinder.coordination [None req-81ac1896-2f5c-4bed-84c8-c715fd05188a tempest-GroupSnapshotsTest-204558277 None] Acquiring lock "cinder-quobyte-5789cd73-d2f6-4d60-b19c-87bdfa090a8c" by "_delete_snapshot" {{(pid=79109) __acquire /opt/stack/cinder/cinder/coordination.py:143}}
Feb 11 06:46:40 devstack cinder-volume[79109]: DEBUG cinder.coordination [None req-81ac1896-2f5c-4bed-84c8-c715fd05188a tempest-GroupSnapshotsTest-204558277 None] Lock "cinder-quobyte-5789cd73-d2f6-4d60-b19c-87bdfa090a8c" acquired by "_delete_snapshot" :: waited 0.008s {{(pid=79109) __acquire /opt/stack/cinder/cinder/coordination.py:146}}
Feb 11 06:46:40 devstack cinder-volume[79109]: DEBUG cinder.volume.drivers.remotefs [None req-81ac1896-2f5c-4bed-84c8-c715fd05188a tempest-GroupSnapshotsTest-204558277 None] Deleting offline snapshot 5789cd73-d2f6-4d60-b19c-87bdfa090a8c of volume 19302ff0-8627-4169-905a-378c50050c62 {{(pid=79109) _delete_snapshot /opt/stack/cinder/cinder/volume/drivers/remotefs.py:1290}}
Feb 11 06:46:40 devstack cinder-volume[79109]: DEBUG cinder.volume.drivers.remotefs [None req-81ac1896-2f5c-4bed-84c8-c715fd05188a tempest-GroupSnapshotsTest-204558277 None] snapshot_file for this snap is: volume-19302ff0-8627-4169-905a-378c50050c62.5789cd73-d2f6-4d60-b19c-87bdfa090a8c {{(pid=79109) _delete_snapshot /opt/stack/cinder/cinder/volume/drivers/remotefs.py:1319}}
Feb 11 06:46:40 devstack cinder-volume[79109]: DEBUG oslo.privsep.daemon [-] privsep: reply[4794af44-70c9-459e-b572-619aa0ab3d3c]: (4, 'qcow2') {{(pid=79823) _call_back /opt/stack/data/venv/lib/python3.10/site-packages/oslo_privsep/daemon.py:515}}
Feb 11 06:46:40 devstack cinder-volume[79109]: DEBUG oslo_concurrency.processutils [None req-81ac1896-2f5c-4bed-84c8-c715fd05188a tempest-GroupSnapshotsTest-204558277 None] Running cmd (subprocess): /opt/stack/data/venv/bin/python3.10 -m oslo_concurrency.prlimit --as=1073741824 --cpu=60 -- sudo cinder-rootwrap /etc/cinder/rootwrap.conf env LC_ALL=C qemu-img info -f qcow2 --output=json --force-share /opt/stack/data/cinder/mnt/1c9f2f81890a853962b9dbdfb0a37cbb/volume-19302ff0-8627-4169-905a-378c50050c62.5789cd73-d2f6-4d60-b19c-87bdfa090a8c {{(pid=79109) execute /opt/stack/data/venv/lib/python3.10/site-packages/oslo_concurrency/processutils.py:368}}
Feb 11 06:46:40 devstack sudo[80325]: quobyte : PWD=/ ; USER=root ; COMMAND=/opt/stack/data/venv/bin/cinder-rootwrap /etc/cinder/rootwrap.conf env LC_ALL=C qemu-img info -f qcow2 --output=json --force-share /opt/stack/data/cinder/mnt/1c9f2f81890a853962b9dbdfb0a37cbb/volume-19302ff0-8627-4169-905a-378c50050c62.5789cd73-d2f6-4d60-b19c-87bdfa090a8c
Feb 11 06:46:40 devstack sudo[80325]: pam_unix(sudo:session): session opened for user root(uid=0) by (uid=1000)
Feb 11 06:46:40 devstack sudo[80325]: pam_unix(sudo:session): session closed for user root
Feb 11 06:46:40 devstack cinder-volume[79109]: DEBUG oslo_concurrency.processutils [None req-81ac1896-2f5c-4bed-84c8-c715fd05188a tempest-GroupSnapshotsTest-204558277 None] CMD "/opt/stack/data/venv/bin/python3.10 -m oslo_concurrency.prlimit --as=1073741824 --cpu=60 -- sudo cinder-rootwrap /etc/cinder/rootwrap.conf env LC_ALL=C qemu-img info -f qcow2 --output=json --force-share /opt/stack/data/cinder/mnt/1c9f2f81890a853962b9dbdfb0a37cbb/volume-19302ff0-8627-4169-905a-378c50050c62.5789cd73-d2f6-4d60-b19c-87bdfa090a8c" returned: 0 in 0.511s {{(pid=79109) execute /opt/stack/data/venv/lib/python3.10/site-packages/oslo_concurrency/processutils.py:396}}
Feb 11 06:46:40 devstack cinder-volume[79109]: DEBUG cinder.volume.drivers.remotefs [None req-81ac1896-2f5c-4bed-84c8-c715fd05188a tempest-GroupSnapshotsTest-204558277 None] Fetching qemu-img info with special backing_file_template: (/opt/stack/data/cinder/mnt/[0-9a-f]+/)?(volume-19302ff0-8627-4169-905a-378c50050c62(.(tmp-snap-)?[0-9a-f-]+)?|volume_from_snapshot_cache/(tmp-snap-)?[0-9a-f-]+(.(child-|parent-)[0-9a-f-]+)?)$ {{(pid=79109) _qemu_img_info_base /opt/stack/cinder/cinder/volume/drivers/remotefs.py:898}}
Feb 11 06:46:40 devstack cinder-volume[79109]: DEBUG oslo.privsep.daemon [-] privsep: reply[48f4844e-3a6a-4324-bc1e-8eaa226aa6fa]: (4, 'qcow2') {{(pid=79823) _call_back /opt/stack/data/venv/lib/python3.10/site-packages/oslo_privsep/daemon.py:515}}
Feb 11 06:46:40 devstack cinder-volume[79109]: DEBUG oslo_concurrency.processutils [None req-81ac1896-2f5c-4bed-84c8-c715fd05188a tempest-GroupSnapshotsTest-204558277 None] Running cmd (subprocess): /opt/stack/data/venv/bin/python3.10 -m oslo_concurrency.prlimit --as=1073741824 --cpu=60 -- sudo cinder-rootwrap /etc/cinder/rootwrap.conf env LC_ALL=C qemu-img info -f qcow2 --output=json --force-share /opt/stack/data/cinder/mnt/1c9f2f81890a853962b9dbdfb0a37cbb/volume-19302ff0-8627-4169-905a-378c50050c62 {{(pid=79109) execute /opt/stack/data/venv/lib/python3.10/site-packages/oslo_concurrency/processutils.py:368}}
Feb 11 06:46:40 devstack sudo[80331]: quobyte : PWD=/ ; USER=root ; COMMAND=/opt/stack/data/venv/bin/cinder-rootwrap /etc/cinder/rootwrap.conf env LC_ALL=C qemu-img info -f qcow2 --output=json --force-share /opt/stack/data/cinder/mnt/1c9f2f81890a853962b9dbdfb0a37cbb/volume-19302ff0-8627-4169-905a-378c50050c62
Feb 11 06:46:40 devstack sudo[80331]: pam_unix(sudo:session): session opened for user root(uid=0) by (uid=1000)
Feb 11 06:46:41 devstack sudo[80331]: pam_unix(sudo:session): session closed for user root
Feb 11 06:46:41 devstack cinder-volume[79109]: DEBUG oslo_concurrency.processutils [None req-81ac1896-2f5c-4bed-84c8-c715fd05188a tempest-GroupSnapshotsTest-204558277 None] CMD "/opt/stack/data/venv/bin/python3.10 -m oslo_concurrency.prlimit --as=1073741824 --cpu=60 -- sudo cinder-rootwrap /etc/cinder/rootwrap.conf env LC_ALL=C qemu-img info -f qcow2 --output=json --force-share /opt/stack/data/cinder/mnt/1c9f2f81890a853962b9dbdfb0a37cbb/volume-19302ff0-8627-4169-905a-378c50050c62" returned: 0 in 0.489s {{(pid=79109) execute /opt/stack/data/venv/lib/python3.10/site-packages/oslo_concurrency/processutils.py:396}}
Feb 11 06:46:41 devstack cinder-volume[79109]: DEBUG oslo_concurrency.processutils [None req-81ac1896-2f5c-4bed-84c8-c715fd05188a tempest-GroupSnapshotsTest-204558277 None] Running cmd (subprocess): sudo cinder-rootwrap /etc/cinder/rootwrap.conf qemu-img commit -d /opt/stack/data/cinder/mnt/1c9f2f81890a853962b9dbdfb0a37cbb/volume-19302ff0-8627-4169-905a-378c50050c62.5789cd73-d2f6-4d60-b19c-87bdfa090a8c {{(pid=79109) execute /opt/stack/data/venv/lib/python3.10/site-packages/oslo_concurrency/processutils.py:368}}
Feb 11 06:46:41 devstack sudo[80337]: quobyte : PWD=/ ; USER=root ; COMMAND=/opt/stack/data/venv/bin/cinder-rootwrap /etc/cinder/rootwrap.conf qemu-img commit -d /opt/stack/data/cinder/mnt/1c9f2f81890a853962b9dbdfb0a37cbb/volume-19302ff0-8627-4169-905a-378c50050c62.5789cd73-d2f6-4d60-b19c-87bdfa090a8c
Feb 11 06:46:41 devstack sudo[80337]: pam_unix(sudo:session): session opened for user root(uid=0) by (uid=1000)
Feb 11 06:46:41 devstack sudo[80337]: pam_unix(sudo:session): session closed for user root
Feb 11 06:46:41 devstack cinder-volume[79109]: DEBUG oslo_concurrency.processutils [None req-81ac1896-2f5c-4bed-84c8-c715fd05188a tempest-GroupSnapshotsTest-204558277 None] CMD "sudo cinder-rootwrap /etc/cinder/rootwrap.conf qemu-img commit -d /opt/stack/data/cinder/mnt/1c9f2f81890a853962b9dbdfb0a37cbb/volume-19302ff0-8627-4169-905a-378c50050c62.5789cd73-d2f6-4d60-b19c-87bdfa090a8c" returned: 0 in 0.462s {{(pid=79109) execute /opt/stack/data/venv/lib/python3.10/site-packages/oslo_concurrency/processutils.py:396}}
Feb 11 06:46:41 devstack cinder-volume[79109]: DEBUG oslo_concurrency.processutils [None req-81ac1896-2f5c-4bed-84c8-c715fd05188a tempest-GroupSnapshotsTest-204558277 None] Running cmd (subprocess): sudo cinder-rootwrap /etc/cinder/rootwrap.conf rm -f /opt/stack/data/cinder/mnt/1c9f2f81890a853962b9dbdfb0a37cbb/volume-19302ff0-8627-4169-905a-378c50050c62.5789cd73-d2f6-4d60-b19c-87bdfa090a8c {{(pid=79109) execute /opt/stack/data/venv/lib/python3.10/site-packages/oslo_concurrency/processutils.py:368}}
Feb 11 06:46:41 devstack sudo[80342]: quobyte : PWD=/ ; USER=root ; COMMAND=/opt/stack/data/venv/bin/cinder-rootwrap /etc/cinder/rootwrap.conf rm -f /opt/stack/data/cinder/mnt/1c9f2f81890a853962b9dbdfb0a37cbb/volume-19302ff0-8627-4169-905a-378c50050c62.5789cd73-d2f6-4d60-b19c-87bdfa090a8c
Feb 11 06:46:41 devstack sudo[80342]: pam_unix(sudo:session): session opened for user root(uid=0) by (uid=1000)
