Apr 10 10:31:48 devstack cinder-volume[83037]: DEBUG oslo_concurrency.processutils [None req-8dafdfe8-e5e0-41b9-8d7f-b655c523fb30 tempest-ServerRescueNegativeTestJSON-1260655 None] Running cmd (subprocess): /opt/stack/data/venv/bin/python3.10 -m oslo_concurrency.prlimit --as=1073741824 --cpu=60 -- sudo cinder-rootwrap /etc/cinder/rootwrap.conf env LC_ALL=C qemu-img info -f qcow2 --output=json --force-share /opt/stack/data/cinder/mnt/9481d9c67b86fd47bf2e6166a318db49/volume-7e905359-23aa-4493-8b08-938932b5feb7 {{(pid=83037) execute /opt/stack/data/venv/lib/python3.10/site-packages/oslo_concurrency/processutils.py:440}}
Apr 10 10:31:48 devstack cinder-volume[83037]: DEBUG dbcounter [-] [83037] Writing DB stats cinder:SELECT=55,cinder:UPDATE=52,cinder:DELETE=4,cinder:INSERT=12 {{(pid=83037) stat_writer /opt/stack/data/venv/lib/python3.10/site-packages/dbcounter.py:115}}
Apr 10 10:31:48 devstack sudo[84253]: quobyte : PWD=/ ; USER=root ; COMMAND=/opt/stack/data/venv/bin/cinder-rootwrap /etc/cinder/rootwrap.conf env LC_ALL=C qemu-img info -f qcow2 --output=json --force-share /opt/stack/data/cinder/mnt/9481d9c67b86fd47bf2e6166a318db49/volume-7e905359-23aa-4493-8b08-938932b5feb7
Apr 10 10:31:48 devstack sudo[84253]: pam_unix(sudo:session): session opened for user root(uid=0) by (uid=1000)
Apr 10 10:31:48 devstack cinder-volume[83037]: INFO cinder.volume.manager [None req-c98cffdf-42ea-41d0-a5ff-a58fa0a49b73 tempest-GroupSnapshotsTest-1126085628 None] Update group completed successfully.
Apr 10 10:31:50 devstack cinder-volume[83037]: INFO cinder.volume.manager [None req-b21104a3-9f59-4339-bbd1-bb155fb3e3e9 tempest-GroupSnapshotsTest-1126085628 None] Update group completed successfully.
Apr 10 10:31:50 devstack sudo[84253]: pam_unix(sudo:session): session closed for user root
Apr 10 10:31:50 devstack cinder-volume[83037]: DEBUG oslo_concurrency.processutils [None req-8dafdfe8-e5e0-41b9-8d7f-b655c523fb30 tempest-ServerRescueNegativeTestJSON-1260655 None] CMD "/opt/stack/data/venv/bin/python3.10 -m oslo_concurrency.prlimit --as=1073741824 --cpu=60 -- sudo cinder-rootwrap /etc/cinder/rootwrap.conf env LC_ALL=C qemu-img info -f qcow2 --output=json --force-share /opt/stack/data/cinder/mnt/9481d9c67b86fd47bf2e6166a318db49/volume-7e905359-23aa-4493-8b08-938932b5feb7" returned: 0 in 2.111s {{(pid=83037) execute /opt/stack/data/venv/lib/python3.10/site-packages/oslo_concurrency/processutils.py:468}}
Apr 10 10:31:50 devstack cinder-volume[83037]: DEBUG oslo_concurrency.processutils [None req-8dafdfe8-e5e0-41b9-8d7f-b655c523fb30 tempest-ServerRescueNegativeTestJSON-1260655 None] Running cmd (subprocess): sudo cinder-rootwrap /etc/cinder/rootwrap.conf rm -f /opt/stack/data/cinder/mnt/9481d9c67b86fd47bf2e6166a318db49/volume-7e905359-23aa-4493-8b08-938932b5feb7 {{(pid=83037) execute /opt/stack/data/venv/lib/python3.10/site-packages/oslo_concurrency/processutils.py:440}}
Apr 10 10:31:50 devstack sudo[84282]: quobyte : PWD=/ ; USER=root ; COMMAND=/opt/stack/data/venv/bin/cinder-rootwrap /etc/cinder/rootwrap.conf rm -f /opt/stack/data/cinder/mnt/9481d9c67b86fd47bf2e6166a318db49/volume-7e905359-23aa-4493-8b08-938932b5feb7
Apr 10 10:31:50 devstack sudo[84282]: pam_unix(sudo:session): session opened for user root(uid=0) by (uid=1000)
Apr 10 10:31:51 devstack cinder-volume[83037]: INFO cinder.volume.manager [None req-04226a40-fe49-458d-9ea8-0587327c7623 tempest-GroupSnapshotsTest-1126085628 None] Update group completed successfully.
Apr 10 10:31:51 devstack sudo[84282]: pam_unix(sudo:session): session closed for user root
Apr 10 10:31:51 devstack cinder-volume[83037]: DEBUG oslo_concurrency.processutils [None req-8dafdfe8-e5e0-41b9-8d7f-b655c523fb30 tempest-ServerRescueNegativeTestJSON-1260655 None] CMD "sudo cinder-rootwrap /etc/cinder/rootwrap.conf rm -f /opt/stack/data/cinder/mnt/9481d9c67b86fd47bf2e6166a318db49/volume-7e905359-23aa-4493-8b08-938932b5feb7" returned: 0 in 0.939s {{(pid=83037) execute /opt/stack/data/venv/lib/python3.10/site-packages/oslo_concurrency/processutils.py:468}}
Apr 10 10:31:51 devstack cinder-volume[83037]: DEBUG cinder.coordination [None req-8dafdfe8-e5e0-41b9-8d7f-b655c523fb30 tempest-ServerRescueNegativeTestJSON-1260655 None] Lock "cinder-quobyte-7e905359-23aa-4493-8b08-938932b5feb7" released by "delete_volume" :: held 3.227s {{(pid=83037) __release /opt/stack/cinder/cinder/coordination.py:152}}
Apr 10 10:31:51 devstack cinder-volume[83037]: DEBUG cinder.quota [None req-8dafdfe8-e5e0-41b9-8d7f-b655c523fb30 tempest-ServerRescueNegativeTestJSON-1260655 None] Created reservations ['724e6fa2-0229-4806-b0c9-d7dcc165c6b9', 'f0891263-e4dc-4531-8949-12e8724e1598', '8e8f9eb0-0128-48d8-b481-56148f4dfe52', '60e6d58c-8b0c-42dc-9dab-806050f0f718'] {{(pid=83037) reserve /opt/stack/cinder/cinder/quota.py:752}}
Apr 10 10:31:51 devstack cinder-volume[83037]: DEBUG oslo_concurrency.lockutils [None req-8dafdfe8-e5e0-41b9-8d7f-b655c523fb30 tempest-ServerRescueNegativeTestJSON-1260655 None] Acquiring lock "quobyte_ensure" by "cinder.volume.drivers.quobyte.QuobyteDriver._ensure_shares_mounted" {{(pid=83037) inner /opt/stack/data/venv/lib/python3.10/site-packages/oslo_concurrency/lockutils.py:506}}
Apr 10 10:31:51 devstack cinder-volume[83037]: DEBUG oslo_concurrency.lockutils [None req-8dafdfe8-e5e0-41b9-8d7f-b655c523fb30 tempest-ServerRescueNegativeTestJSON-1260655 None] Lock "quobyte_ensure" acquired by "cinder.volume.drivers.quobyte.QuobyteDriver._ensure_shares_mounted" :: waited 0.001s {{(pid=83037) inner /opt/stack/data/venv/lib/python3.10/site-packages/oslo_concurrency/lockutils.py:519}}
Apr 10 10:31:51 devstack cinder-volume[83037]: DEBUG cinder.volume.drivers.quobyte [None req-8dafdfe8-e5e0-41b9-8d7f-b655c523fb30 tempest-ServerRescueNegativeTestJSON-1260655 None] Quobyte Volume URL set to: {'osci02.corp.quobyte.com/cinder-vol-96bf8b38-fd73-446a-8102-c34e2b5350ac': None} {{(pid=83037) _load_shares_config /opt/stack/cinder/cinder/volume/drivers/quobyte.py:617}}
Apr 10 10:31:51 devstack cinder-volume[83037]: DEBUG cinder.volume.drivers.quobyte [None req-8dafdfe8-e5e0-41b9-8d7f-b655c523fb30 tempest-ServerRescueNegativeTestJSON-1260655 None] Available shares ['osci02.corp.quobyte.com/cinder-vol-96bf8b38-fd73-446a-8102-c34e2b5350ac'] {{(pid=83037) _ensure_shares_mounted /opt/stack/cinder/cinder/volume/drivers/quobyte.py:647}}
Apr 10 10:31:51 devstack cinder-volume[83037]: DEBUG oslo_concurrency.lockutils [None req-8dafdfe8-e5e0-41b9-8d7f-b655c523fb30 tempest-ServerRescueNegativeTestJSON-1260655 None] Lock "quobyte_ensure" "released" by "cinder.volume.drivers.quobyte.QuobyteDriver._ensure_shares_mounted" :: held 0.008s {{(pid=83037) inner /opt/stack/data/venv/lib/python3.10/site-packages/oslo_concurrency/lockutils.py:538}}
Apr 10 10:31:51 devstack cinder-volume[83037]: DEBUG oslo_concurrency.processutils [None req-8dafdfe8-e5e0-41b9-8d7f-b655c523fb30 tempest-ServerRescueNegativeTestJSON-1260655 None] Running cmd (subprocess): sudo cinder-rootwrap /etc/cinder/rootwrap.conf df --portability --block-size 1 /opt/stack/data/cinder/mnt/9481d9c67b86fd47bf2e6166a318db49 {{(pid=83037) execute /opt/stack/data/venv/lib/python3.10/site-packages/oslo_concurrency/processutils.py:440}}
Apr 10 10:31:52 devstack sudo[84286]: quobyte : PWD=/ ; USER=root ; COMMAND=/opt/stack/data/venv/bin/cinder-rootwrap /etc/cinder/rootwrap.conf df --portability --block-size 1 /opt/stack/data/cinder/mnt/9481d9c67b86fd47bf2e6166a318db49
Apr 10 10:31:52 devstack sudo[84286]: pam_unix(sudo:session): session opened for user root(uid=0) by (uid=1000)
Apr 10 10:31:52 devstack cinder-volume[83037]: INFO cinder.volume.manager [None req-a1c5f8aa-595b-4e2a-a447-e4a28dc34e70 tempest-GroupSnapshotsTest-1126085628 None] Update group completed successfully.
Apr 10 10:31:53 devstack sudo[84286]: pam_unix(sudo:session): session closed for user root
Apr 10 10:31:53 devstack cinder-volume[83037]: DEBUG oslo_concurrency.processutils [None req-8dafdfe8-e5e0-41b9-8d7f-b655c523fb30 tempest-ServerRescueNegativeTestJSON-1260655 None] CMD "sudo cinder-rootwrap /etc/cinder/rootwrap.conf df --portability --block-size 1 /opt/stack/data/cinder/mnt/9481d9c67b86fd47bf2e6166a318db49" returned: 0 in 1.219s {{(pid=83037) execute /opt/stack/data/venv/lib/python3.10/site-packages/oslo_concurrency/processutils.py:468}}
Apr 10 10:31:53 devstack cinder-volume[83037]: DEBUG cinder.manager [None req-8dafdfe8-e5e0-41b9-8d7f-b655c523fb30 tempest-ServerRescueNegativeTestJSON-1260655 None] Notifying Schedulers of capabilities ... {{(pid=83037) _publish_service_capabilities /opt/stack/cinder/cinder/manager.py:202}}
Apr 10 10:31:53 devstack cinder-volume[83037]: INFO cinder.volume.manager [None req-8dafdfe8-e5e0-41b9-8d7f-b655c523fb30 tempest-ServerRescueNegativeTestJSON-1260655 None] Deleted volume successfully.
Apr 10 10:31:53 devstack cinder-volume[83037]: DEBUG cinder.coordination [None req-8dafdfe8-e5e0-41b9-8d7f-b655c523fb30 tempest-ServerRescueNegativeTestJSON-1260655 None] Lock "cinder-7e905359-23aa-4493-8b08-938932b5feb7-delete_volume" released by "delete_volume" :: held 4.887s {{(pid=83037) __release /opt/stack/cinder/cinder/coordination.py:152}}
Apr 10 10:31:54 devstack cinder-volume[83037]: INFO cinder.volume.manager [None req-b41116a1-df33-4624-9c51-e126fa049639 tempest-GroupSnapshotsTest-1126085628 None] GroupSnapshot 9d46902f-3370-40d0-9729-6ff8f2149254: creating.
Apr 10 10:31:54 devstack cinder-volume[83037]: DEBUG cinder.volume.manager [None req-b41116a1-df33-4624-9c51-e126fa049639 tempest-GroupSnapshotsTest-1126085628 None] Group snapshot 9d46902f-3370-40d0-9729-6ff8f2149254: creating. {{(pid=83037) create_group_snapshot /opt/stack/cinder/cinder/volume/manager.py:4175}}
Apr 10 10:31:54 devstack cinder-volume[83037]: DEBUG oslo_concurrency.lockutils [None req-b41116a1-df33-4624-9c51-e126fa049639 tempest-GroupSnapshotsTest-1126085628 None] Acquiring lock "quobyte" by "cinder.volume.drivers.quobyte.QuobyteDriver.create_snapshot" {{(pid=83037) inner /opt/stack/data/venv/lib/python3.10/site-packages/oslo_concurrency/lockutils.py:506}}
Apr 10 10:31:54 devstack cinder-volume[83037]: DEBUG oslo_concurrency.lockutils [None req-b41116a1-df33-4624-9c51-e126fa049639 tempest-GroupSnapshotsTest-1126085628 None] Lock "quobyte" acquired by "cinder.volume.drivers.quobyte.QuobyteDriver.create_snapshot" :: waited 0.001s {{(pid=83037) inner /opt/stack/data/venv/lib/python3.10/site-packages/oslo_concurrency/lockutils.py:519}}
Apr 10 10:31:54 devstack cinder-volume[83037]: DEBUG cinder.volume.drivers.remotefs [None req-b41116a1-df33-4624-9c51-e126fa049639 tempest-GroupSnapshotsTest-1126085628 None] Creating offline snapshot 17747fc9-f8ec-4422-a451-eee78aff3e57 of volume 61aac9cb-6db7-4361-95e3-f762119f9e65 {{(pid=83037) _create_snapshot /opt/stack/cinder/cinder/volume/drivers/remotefs.py:1815}}
Apr 10 10:31:54 devstack cinder-volume[83037]: DEBUG oslo.privsep.daemon [-] privsep: reply[528120ca-6e41-4f84-a92a-5f5135791a5c]: (4, 'qcow2') {{(pid=83755) _call_back /opt/stack/data/venv/lib/python3.10/site-packages/oslo_privsep/daemon.py:573}}
Apr 10 10:31:54 devstack cinder-volume[83037]: DEBUG oslo_concurrency.processutils [None req-b41116a1-df33-4624-9c51-e126fa049639 tempest-GroupSnapshotsTest-1126085628 None] Running cmd (subprocess): /opt/stack/data/venv/bin/python3.10 -m oslo_concurrency.prlimit --as=1073741824 --cpu=60 -- sudo cinder-rootwrap /etc/cinder/rootwrap.conf env LC_ALL=C qemu-img info -f qcow2 --output=json --force-share /opt/stack/data/cinder/mnt/9481d9c67b86fd47bf2e6166a318db49/volume-61aac9cb-6db7-4361-95e3-f762119f9e65 {{(pid=83037) execute /opt/stack/data/venv/lib/python3.10/site-packages/oslo_concurrency/processutils.py:440}}
Apr 10 10:31:55 devstack sudo[84345]: quobyte : PWD=/ ; USER=root ; COMMAND=/opt/stack/data/venv/bin/cinder-rootwrap /etc/cinder/rootwrap.conf env LC_ALL=C qemu-img info -f qcow2 --output=json --force-share /opt/stack/data/cinder/mnt/9481d9c67b86fd47bf2e6166a318db49/volume-61aac9cb-6db7-4361-95e3-f762119f9e65
Apr 10 10:31:55 devstack sudo[84345]: pam_unix(sudo:session): session opened for user root(uid=0) by (uid=1000)
Apr 10 10:31:56 devstack sudo[84345]: pam_unix(sudo:session): session closed for user root
Apr 10 10:31:56 devstack cinder-volume[83037]: DEBUG oslo_concurrency.processutils [None req-b41116a1-df33-4624-9c51-e126fa049639 tempest-GroupSnapshotsTest-1126085628 None] CMD "/opt/stack/data/venv/bin/python3.10 -m oslo_concurrency.prlimit --as=1073741824 --cpu=60 -- sudo cinder-rootwrap /etc/cinder/rootwrap.conf env LC_ALL=C qemu-img info -f qcow2 --output=json --force-share /opt/stack/data/cinder/mnt/9481d9c67b86fd47bf2e6166a318db49/volume-61aac9cb-6db7-4361-95e3-f762119f9e65" returned: 0 in 1.503s {{(pid=83037) execute /opt/stack/data/venv/lib/python3.10/site-packages/oslo_concurrency/processutils.py:468}}
Apr 10 10:31:56 devstack cinder-volume[83037]: DEBUG oslo_concurrency.processutils [None req-b41116a1-df33-4624-9c51-e126fa049639 tempest-GroupSnapshotsTest-1126085628 None] Running cmd (subprocess): sudo cinder-rootwrap /etc/cinder/rootwrap.conf qemu-img create -f qcow2 -o backing_file=/opt/stack/data/cinder/mnt/9481d9c67b86fd47bf2e6166a318db49/volume-61aac9cb-6db7-4361-95e3-f762119f9e65,backing_fmt=qcow2 /opt/stack/data/cinder/mnt/9481d9c67b86fd47bf2e6166a318db49/volume-61aac9cb-6db7-4361-95e3-f762119f9e65.17747fc9-f8ec-4422-a451-eee78aff3e57 1G {{(pid=83037) execute /opt/stack/data/venv/lib/python3.10/site-packages/oslo_concurrency/processutils.py:440}}
Apr 10 10:31:56 devstack sudo[84352]: quobyte : PWD=/ ; USER=root ; COMMAND=/opt/stack/data/venv/bin/cinder-rootwrap /etc/cinder/rootwrap.conf qemu-img create -f qcow2 -o backing_file=/opt/stack/data/cinder/mnt/9481d9c67b86fd47bf2e6166a318db49/volume-61aac9cb-6db7-4361-95e3-f762119f9e65,backing_fmt=qcow2 /opt/stack/data/cinder/mnt/9481d9c67b86fd47bf2e6166a318db49/volume-61aac9cb-6db7-4361-95e3-f762119f9e65.17747fc9-f8ec-4422-a451-eee78aff3e57 1G
Apr 10 10:31:56 devstack sudo[84352]: pam_unix(sudo:session): session opened for user root(uid=0) by (uid=1000)
Apr 10 10:31:57 devstack cinder-volume[83037]: DEBUG oslo_service.periodic_task [None req-4625733f-95a6-4bbe-9301-e623c178c3bd None None] Running periodic task VolumeManager.publish_service_capabilities {{(pid=83037) run_periodic_tasks /opt/stack/data/venv/lib/python3.10/site-packages/oslo_service/periodic_task.py:210}}
Apr 10 10:31:57 devstack cinder-volume[83037]: DEBUG oslo_concurrency.lockutils [None req-4625733f-95a6-4bbe-9301-e623c178c3bd None None] Acquiring lock "quobyte_ensure" by "cinder.volume.drivers.quobyte.QuobyteDriver._ensure_shares_mounted" {{(pid=83037) inner /opt/stack/data/venv/lib/python3.10/site-packages/oslo_concurrency/lockutils.py:506}}
Apr 10 10:31:57 devstack cinder-volume[83037]: DEBUG oslo_concurrency.lockutils [None req-4625733f-95a6-4bbe-9301-e623c178c3bd None None] Lock "quobyte_ensure" acquired by "cinder.volume.drivers.quobyte.QuobyteDriver._ensure_shares_mounted" :: waited 0.000s {{(pid=83037) inner /opt/stack/data/venv/lib/python3.10/site-packages/oslo_concurrency/lockutils.py:519}}
Apr 10 10:31:57 devstack cinder-volume[83037]: DEBUG cinder.volume.drivers.quobyte [None req-4625733f-95a6-4bbe-9301-e623c178c3bd None None] Quobyte Volume URL set to: {'osci02.corp.quobyte.com/cinder-vol-96bf8b38-fd73-446a-8102-c34e2b5350ac': None} {{(pid=83037) _load_shares_config /opt/stack/cinder/cinder/volume/drivers/quobyte.py:617}}
Apr 10 10:31:57 devstack cinder-volume[83037]: DEBUG cinder.volume.drivers.quobyte [None req-4625733f-95a6-4bbe-9301-e623c178c3bd None None] Available shares ['osci02.corp.quobyte.com/cinder-vol-96bf8b38-fd73-446a-8102-c34e2b5350ac'] {{(pid=83037) _ensure_shares_mounted /opt/stack/cinder/cinder/volume/drivers/quobyte.py:647}}
Apr 10 10:31:57 devstack cinder-volume[83037]: DEBUG oslo_concurrency.lockutils [None req-4625733f-95a6-4bbe-9301-e623c178c3bd None None] Lock "quobyte_ensure" "released" by "cinder.volume.drivers.quobyte.QuobyteDriver._ensure_shares_mounted" :: held 0.005s {{(pid=83037) inner /opt/stack/data/venv/lib/python3.10/site-packages/oslo_concurrency/lockutils.py:538}}
Apr 10 10:31:57 devstack cinder-volume[83037]: DEBUG oslo_concurrency.processutils [None req-4625733f-95a6-4bbe-9301-e623c178c3bd None None] Running cmd (subprocess): sudo cinder-rootwrap /etc/cinder/rootwrap.conf df --portability --block-size 1 /opt/stack/data/cinder/mnt/9481d9c67b86fd47bf2e6166a318db49 {{(pid=83037) execute /opt/stack/data/venv/lib/python3.10/site-packages/oslo_concurrency/processutils.py:440}}
Apr 10 10:31:57 devstack sudo[84359]: quobyte : PWD=/ ; USER=root ; COMMAND=/opt/stack/data/venv/bin/cinder-rootwrap /etc/cinder/rootwrap.conf df --portability --block-size 1 /opt/stack/data/cinder/mnt/9481d9c67b86fd47bf2e6166a318db49
Apr 10 10:31:57 devstack sudo[84359]: pam_unix(sudo:session): session opened for user root(uid=0) by (uid=1000)
Apr 10 10:31:58 devstack sudo[84359]: pam_unix(sudo:session): session closed for user root
Apr 10 10:31:58 devstack cinder-volume[83037]: DEBUG oslo_concurrency.processutils [None req-4625733f-95a6-4bbe-9301-e623c178c3bd None None] CMD "sudo cinder-rootwrap /etc/cinder/rootwrap.conf df --portability --block-size 1 /opt/stack/data/cinder/mnt/9481d9c67b86fd47bf2e6166a318db49" returned: 0 in 0.617s {{(pid=83037) execute /opt/stack/data/venv/lib/python3.10/site-packages/oslo_concurrency/processutils.py:468}}
Apr 10 10:31:58 devstack cinder-volume[83037]: DEBUG cinder.manager [None req-4625733f-95a6-4bbe-9301-e623c178c3bd None None] Notifying Schedulers of capabilities ... {{(pid=83037) _publish_service_capabilities /opt/stack/cinder/cinder/manager.py:202}}
Apr 10 10:31:58 devstack sudo[84352]: pam_unix(sudo:session): session closed for user root
Apr 10 10:31:58 devstack cinder-volume[83037]: DEBUG oslo_concurrency.processutils [None req-b41116a1-df33-4624-9c51-e126fa049639 tempest-GroupSnapshotsTest-1126085628 None] CMD "sudo cinder-rootwrap /etc/cinder/rootwrap.conf qemu-img create -f qcow2 -o backing_file=/opt/stack/data/cinder/mnt/9481d9c67b86fd47bf2e6166a318db49/volume-61aac9cb-6db7-4361-95e3-f762119f9e65,backing_fmt=qcow2 /opt/stack/data/cinder/mnt/9481d9c67b86fd47bf2e6166a318db49/volume-61aac9cb-6db7-4361-95e3-f762119f9e65.17747fc9-f8ec-4422-a451-eee78aff3e57 1G" returned: 0 in 1.872s {{(pid=83037) execute /opt/stack/data/venv/lib/python3.10/site-packages/oslo_concurrency/processutils.py:468}}
Apr 10 10:31:58 devstack cinder-volume[83037]: DEBUG oslo_concurrency.processutils [None req-b41116a1-df33-4624-9c51-e126fa049639 tempest-GroupSnapshotsTest-1126085628 None] Running cmd (subprocess): sudo cinder-rootwrap /etc/cinder/rootwrap.conf qemu-img rebase -u -b volume-61aac9cb-6db7-4361-95e3-f762119f9e65 -F qcow2 /opt/stack/data/cinder/mnt/9481d9c67b86fd47bf2e6166a318db49/volume-61aac9cb-6db7-4361-95e3-f762119f9e65.17747fc9-f8ec-4422-a451-eee78aff3e57 {{(pid=83037) execute /opt/stack/data/venv/lib/python3.10/site-packages/oslo_concurrency/processutils.py:440}}
Apr 10 10:31:58 devstack sudo[84363]: quobyte : PWD=/ ; USER=root ; COMMAND=/opt/stack/data/venv/bin/cinder-rootwrap /etc/cinder/rootwrap.conf qemu-img rebase -u -b volume-61aac9cb-6db7-4361-95e3-f762119f9e65 -F qcow2 /opt/stack/data/cinder/mnt/9481d9c67b86fd47bf2e6166a318db49/volume-61aac9cb-6db7-4361-95e3-f762119f9e65.17747fc9-f8ec-4422-a451-eee78aff3e57
Apr 10 10:31:58 devstack sudo[84363]: pam_unix(sudo:session): session opened for user root(uid=0) by (uid=1000)
Apr 10 10:31:59 devstack sudo[84363]: pam_unix(sudo:session): session closed for user root
Apr 10 10:31:59 devstack cinder-volume[83037]: DEBUG oslo_concurrency.processutils [None req-b41116a1-df33-4624-9c51-e126fa049639 tempest-GroupSnapshotsTest-1126085628 None] CMD "sudo cinder-rootwrap /etc/cinder/rootwrap.conf qemu-img rebase -u -b volume-61aac9cb-6db7-4361-95e3-f762119f9e65 -F qcow2 /opt/stack/data/cinder/mnt/9481d9c67b86fd47bf2e6166a318db49/volume-61aac9cb-6db7-4361-95e3-f762119f9e65.17747fc9-f8ec-4422-a451-eee78aff3e57" returned: 0 in 0.701s {{(pid=83037) execute /opt/stack/data/venv/lib/python3.10/site-packages/oslo_concurrency/processutils.py:468}}
Apr 10 10:31:59 devstack cinder-volume[83037]: WARNING cinder.volume.drivers.remotefs [None req-b41116a1-df33-4624-9c51-e126fa049639 tempest-GroupSnapshotsTest-1126085628 None] /opt/stack/data/cinder/mnt/9481d9c67b86fd47bf2e6166a318db49/volume-61aac9cb-6db7-4361-95e3-f762119f9e65.17747fc9-f8ec-4422-a451-eee78aff3e57 is being set with open permissions: ugo+rw: NotImplementedError
Apr 10 10:31:59 devstack cinder-volume[83037]: DEBUG oslo_concurrency.processutils [None req-b41116a1-df33-4624-9c51-e126fa049639 tempest-GroupSnapshotsTest-1126085628 None] Running cmd (subprocess): sudo cinder-rootwrap /etc/cinder/rootwrap.conf chmod ugo+rw /opt/stack/data/cinder/mnt/9481d9c67b86fd47bf2e6166a318db49/volume-61aac9cb-6db7-4361-95e3-f762119f9e65.17747fc9-f8ec-4422-a451-eee78aff3e57 {{(pid=83037) execute /opt/stack/data/venv/lib/python3.10/site-packages/oslo_concurrency/processutils.py:440}}
Apr 10 10:31:59 devstack sudo[84369]: quobyte : PWD=/ ; USER=root ; COMMAND=/opt/stack/data/venv/bin/cinder-rootwrap /etc/cinder/rootwrap.conf chmod ugo+rw /opt/stack/data/cinder/mnt/9481d9c67b86fd47bf2e6166a318db49/volume-61aac9cb-6db7-4361-95e3-f762119f9e65.17747fc9-f8ec-4422-a451-eee78aff3e57
Apr 10 10:31:59 devstack sudo[84369]: pam_unix(sudo:session): session opened for user root(uid=0) by (uid=1000)
Apr 10 10:31:59 devstack sudo[84369]: pam_unix(sudo:session): session closed for user root
Apr 10 10:31:59 devstack cinder-volume[83037]: DEBUG oslo_concurrency.processutils [None req-b41116a1-df33-4624-9c51-e126fa049639 tempest-GroupSnapshotsTest-1126085628 None] CMD "sudo cinder-rootwrap /etc/cinder/rootwrap.conf chmod ugo+rw /opt/stack/data/cinder/mnt/9481d9c67b86fd47bf2e6166a318db49/volume-61aac9cb-6db7-4361-95e3-f762119f9e65.17747fc9-f8ec-4422-a451-eee78aff3e57" returned: 0 in 0.841s {{(pid=83037) execute /opt/stack/data/venv/lib/python3.10/site-packages/oslo_concurrency/processutils.py:468}}
Apr 10 10:31:59 devstack cinder-volume[83037]: DEBUG oslo_concurrency.processutils [None req-b41116a1-df33-4624-9c51-e126fa049639 tempest-GroupSnapshotsTest-1126085628 None] Running cmd (subprocess): sudo cinder-rootwrap /etc/cinder/rootwrap.conf truncate -s0 /opt/stack/data/cinder/mnt/9481d9c67b86fd47bf2e6166a318db49/volume-61aac9cb-6db7-4361-95e3-f762119f9e65.info {{(pid=83037) execute /opt/stack/data/venv/lib/python3.10/site-packages/oslo_concurrency/processutils.py:440}}
Apr 10 10:31:59 devstack sudo[84372]: quobyte : PWD=/ ; USER=root ; COMMAND=/opt/stack/data/venv/bin/cinder-rootwrap /etc/cinder/rootwrap.conf truncate -s0 /opt/stack/data/cinder/mnt/9481d9c67b86fd47bf2e6166a318db49/volume-61aac9cb-6db7-4361-95e3-f762119f9e65.info
Apr 10 10:31:59 devstack sudo[84372]: pam_unix(sudo:session): session opened for user root(uid=0) by (uid=1000)
Apr 10 10:32:01 devstack sudo[84372]: pam_unix(sudo:session): session closed for user root
Apr 10 10:32:01 devstack cinder-volume[83037]: DEBUG oslo_concurrency.processutils [None req-b41116a1-df33-4624-9c51-e126fa049639 tempest-GroupSnapshotsTest-1126085628 None] CMD "sudo cinder-rootwrap /etc/cinder/rootwrap.conf truncate -s0 /opt/stack/data/cinder/mnt/9481d9c67b86fd47bf2e6166a318db49/volume-61aac9cb-6db7-4361-95e3-f762119f9e65.info" returned: 0 in 1.385s {{(pid=83037) execute /opt/stack/data/venv/lib/python3.10/site-packages/oslo_concurrency/processutils.py:468}}
Apr 10 10:32:01 devstack cinder-volume[83037]: WARNING cinder.volume.drivers.remotefs [None req-b41116a1-df33-4624-9c51-e126fa049639 tempest-GroupSnapshotsTest-1126085628 None] /opt/stack/data/cinder/mnt/9481d9c67b86fd47bf2e6166a318db49/volume-61aac9cb-6db7-4361-95e3-f762119f9e65.info is being set with open permissions: ugo+rw: NotImplementedError
Apr 10 10:32:01 devstack cinder-volume[83037]: DEBUG oslo_concurrency.processutils [None req-b41116a1-df33-4624-9c51-e126fa049639 tempest-GroupSnapshotsTest-1126085628 None] Running cmd (subprocess): sudo cinder-rootwrap /etc/cinder/rootwrap.conf chmod ugo+rw /opt/stack/data/cinder/mnt/9481d9c67b86fd47bf2e6166a318db49/volume-61aac9cb-6db7-4361-95e3-f762119f9e65.info {{(pid=83037) execute /opt/stack/data/venv/lib/python3.10/site-packages/oslo_concurrency/processutils.py:440}}
Apr 10 10:32:01 devstack sudo[84375]: quobyte : PWD=/ ; USER=root ; COMMAND=/opt/stack/data/venv/bin/cinder-rootwrap /etc/cinder/rootwrap.conf chmod ugo+rw /opt/stack/data/cinder/mnt/9481d9c67b86fd47bf2e6166a318db49/volume-61aac9cb-6db7-4361-95e3-f762119f9e65.info
Apr 10 10:32:01 devstack sudo[84375]: pam_unix(sudo:session): session opened for user root(uid=0) by (uid=1000)
Apr 10 10:32:01 devstack cinder-volume[83037]: DEBUG cinder.volume.flows.manager.create_volume [None req-df6737f1-88d2-4346-8bb8-3a316c48230c tempest-ServersNegativeTestJSON-1087412955 None] Volume reschedule parameters: True retry: {'num_attempts': 1, 'backends': ['devstack@QuobyteHD#QuobyteHD'], 'hosts': ['devstack@QuobyteHD#QuobyteHD']} {{(pid=83037) get_flow /opt/stack/cinder/cinder/volume/flows/manager/create_volume.py:1395}}
Apr 10 10:32:01 devstack cinder-volume[83037]: DEBUG cinder.volume.manager [None req-df6737f1-88d2-4346-8bb8-3a316c48230c tempest-ServersNegativeTestJSON-1087412955 None] Flow 'volume_create_manager' (b49d2609-41ca-4415-bb0a-eb126fa90b4e) transitioned into state 'RUNNING' from state 'PENDING' {{(pid=83037) _flow_receiver /opt/stack/data/venv/lib/python3.10/site-packages/taskflow/listeners/logging.py:145}}
Apr 10 10:32:01 devstack cinder-volume[83037]: DEBUG cinder.volume.manager [None req-df6737f1-88d2-4346-8bb8-3a316c48230c tempest-ServersNegativeTestJSON-1087412955 None] Task 'cinder.volume.flows.manager.create_volume.ExtractVolumeRefTask;volume:create' (eb3bdefa-b989-40ac-998e-191e60660574) transitioned into state 'RUNNING' from state 'PENDING' {{(pid=83037) _task_receiver /opt/stack/data/venv/lib/python3.10/site-packages/taskflow/listeners/logging.py:194}}
Apr 10 10:32:01 devstack cinder-volume[83037]: DEBUG cinder.volume.manager [None req-df6737f1-88d2-4346-8bb8-3a316c48230c tempest-ServersNegativeTestJSON-1087412955 None] Task 'cinder.volume.flows.manager.create_volume.ExtractVolumeRefTask;volume:create' (eb3bdefa-b989-40ac-998e-191e60660574) transitioned into state 'SUCCESS' from state 'RUNNING' with result 'Volume(_name_id=None,admin_metadata=,attach_status='detached',availability_zone='nova',bootable=False,cluster=,cluster_name=None,consistencygroup=,consistencygroup_id=None,created_at=2026-04-10T08:32:01Z,deleted=False,deleted_at=None,display_description=None,display_name='tempest-ServersNegativeTestJSON-volume-1609127510',ec2_id=None,encryption_key_id=None,glance_metadata=,group=,group_id=None,host='devstack@QuobyteHD#QuobyteHD',id=0a57464d-d34a-42ad-bbd9-b35e6c22d221,launched_at=None,metadata={},migration_status=None,multiattach=False,previous_status=None,project_id='6a22290c438945b39bb98015fafa8857',provider_auth=None,provider_geometry=None,provider_id=None,provider_location=None,replication_driver_data=None,replication_extended_status=None,replication_status=None,scheduled_at=2026-04-10T08:32:02Z,service_uuid=None,shared_targets=True,size=1,snapshot_id=None,snapshots=,source_volid=None,status='creating',terminated_at=None,updated_at=2026-04-10T08:32:02Z,use_quota=True,user_id='c1b7ac7ba1ef4a0a8c0fad5d499e5eff',volume_attachment=VolumeAttachmentList,volume_type=VolumeType(52ebc954-3831-43bb-9701-9705f3a06412),volume_type_id=52ebc954-3831-43bb-9701-9705f3a06412)' {{(pid=83037) _task_receiver /opt/stack/data/venv/lib/python3.10/site-packages/taskflow/listeners/logging.py:182}}
Apr 10 10:32:01 devstack cinder-volume[83037]: DEBUG cinder.volume.manager [None req-df6737f1-88d2-4346-8bb8-3a316c48230c tempest-ServersNegativeTestJSON-1087412955 None] Task 'cinder.volume.flows.manager.create_volume.OnFailureRescheduleTask;volume:create' (7a800678-f425-4a76-b258-762554941325) transitioned into state 'RUNNING' from state 'PENDING' {{(pid=83037) _task_receiver /opt/stack/data/venv/lib/python3.10/site-packages/taskflow/listeners/logging.py:194}}
Apr 10 10:32:01 devstack cinder-volume[83037]: DEBUG cinder.volume.manager [None req-df6737f1-88d2-4346-8bb8-3a316c48230c tempest-ServersNegativeTestJSON-1087412955 None] Task 'cinder.volume.flows.manager.create_volume.OnFailureRescheduleTask;volume:create' (7a800678-f425-4a76-b258-762554941325) transitioned into state 'SUCCESS' from state 'RUNNING' with result 'None' {{(pid=83037) _task_receiver /opt/stack/data/venv/lib/python3.10/site-packages/taskflow/listeners/logging.py:182}}
Apr 10 10:32:01 devstack cinder-volume[83037]: DEBUG cinder.volume.manager [None req-df6737f1-88d2-4346-8bb8-3a316c48230c tempest-ServersNegativeTestJSON-1087412955 None] Task 'cinder.volume.flows.manager.create_volume.ExtractVolumeSpecTask;volume:create' (93476393-7bfe-41d7-9414-54f75bf2d81f) transitioned into state 'RUNNING' from state 'PENDING' {{(pid=83037) _task_receiver /opt/stack/data/venv/lib/python3.10/site-packages/taskflow/listeners/logging.py:194}}
Apr 10 10:32:01 devstack cinder-volume[83037]: DEBUG cinder.volume.manager [None req-df6737f1-88d2-4346-8bb8-3a316c48230c tempest-ServersNegativeTestJSON-1087412955 None] Task 'cinder.volume.flows.manager.create_volume.ExtractVolumeSpecTask;volume:create' (93476393-7bfe-41d7-9414-54f75bf2d81f) transitioned into state 'SUCCESS' from state 'RUNNING' with result '{'status': 'creating', 'type': 'raw', 'volume_id': '0a57464d-d34a-42ad-bbd9-b35e6c22d221', 'volume_name': 'volume-0a57464d-d34a-42ad-bbd9-b35e6c22d221', 'volume_size': 1}' {{(pid=83037) _task_receiver /opt/stack/data/venv/lib/python3.10/site-packages/taskflow/listeners/logging.py:182}}
Apr 10 10:32:02 devstack cinder-volume[83037]: DEBUG cinder.volume.manager [None req-df6737f1-88d2-4346-8bb8-3a316c48230c tempest-ServersNegativeTestJSON-1087412955 None] Task 'cinder.volume.flows.manager.create_volume.NotifyVolumeActionTask;volume:create, create.start' (52df18eb-d576-4ac7-972e-ab6008cef285) transitioned into state 'RUNNING' from state 'PENDING' {{(pid=83037) _task_receiver /opt/stack/data/venv/lib/python3.10/site-packages/taskflow/listeners/logging.py:194}}
Apr 10 10:32:02 devstack cinder-volume[83037]: DEBUG cinder.volume.manager [None req-df6737f1-88d2-4346-8bb8-3a316c48230c tempest-ServersNegativeTestJSON-1087412955 None] Task 'cinder.volume.flows.manager.create_volume.NotifyVolumeActionTask;volume:create, create.start' (52df18eb-d576-4ac7-972e-ab6008cef285) transitioned into state 'SUCCESS' from state 'RUNNING' with result 'None' {{(pid=83037) _task_receiver /opt/stack/data/venv/lib/python3.10/site-packages/taskflow/listeners/logging.py:182}}
Apr 10 10:32:02 devstack cinder-volume[83037]: DEBUG cinder.volume.manager [None req-df6737f1-88d2-4346-8bb8-3a316c48230c tempest-ServersNegativeTestJSON-1087412955 None] Task 'cinder.volume.flows.manager.create_volume.CreateVolumeFromSpecTask;volume:create' (704f2701-8d66-4377-8c60-3f2da149d459) transitioned into state 'RUNNING' from state 'PENDING' {{(pid=83037) _task_receiver /opt/stack/data/venv/lib/python3.10/site-packages/taskflow/listeners/logging.py:194}}
Apr 10 10:32:02 devstack cinder-volume[83037]: INFO cinder.volume.flows.manager.create_volume [None req-df6737f1-88d2-4346-8bb8-3a316c48230c tempest-ServersNegativeTestJSON-1087412955 None] Volume 0a57464d-d34a-42ad-bbd9-b35e6c22d221: being created as raw with specification: {'status': 'creating', 'volume_name': 'volume-0a57464d-d34a-42ad-bbd9-b35e6c22d221', 'volume_size': 1}
Apr 10 10:32:02 devstack cinder-volume[83037]: DEBUG oslo_concurrency.lockutils [None req-df6737f1-88d2-4346-8bb8-3a316c48230c tempest-ServersNegativeTestJSON-1087412955 None] Acquiring lock "quobyte" by "cinder.volume.drivers.quobyte.QuobyteDriver.create_volume" {{(pid=83037) inner /opt/stack/data/venv/lib/python3.10/site-packages/oslo_concurrency/lockutils.py:506}}
Apr 10 10:32:02 devstack sudo[84375]: pam_unix(sudo:session): session closed for user root
Apr 10 10:32:02 devstack cinder-volume[83037]: DEBUG oslo_concurrency.processutils [None req-b41116a1-df33-4624-9c51-e126fa049639 tempest-GroupSnapshotsTest-1126085628 None] CMD "sudo cinder-rootwrap /etc/cinder/rootwrap.conf chmod ugo+rw /opt/stack/data/cinder/mnt/9481d9c67b86fd47bf2e6166a318db49/volume-61aac9cb-6db7-4361-95e3-f762119f9e65.info" returned: 0 in 1.070s {{(pid=83037) execute /opt/stack/data/venv/lib/python3.10/site-packages/oslo_concurrency/processutils.py:468}}
Apr 10 10:32:02 devstack cinder-volume[83037]: DEBUG oslo_concurrency.lockutils [None req-b41116a1-df33-4624-9c51-e126fa049639 tempest-GroupSnapshotsTest-1126085628 None] Lock "quobyte" "released" by "cinder.volume.drivers.quobyte.QuobyteDriver.create_snapshot" :: held 7.641s {{(pid=83037) inner /opt/stack/data/venv/lib/python3.10/site-packages/oslo_concurrency/lockutils.py:538}}
Apr 10 10:32:02 devstack cinder-volume[83037]: DEBUG oslo_concurrency.lockutils [None req-b41116a1-df33-4624-9c51-e126fa049639 tempest-GroupSnapshotsTest-1126085628 None] Acquiring lock "quobyte" by "cinder.volume.drivers.quobyte.QuobyteDriver.create_snapshot" {{(pid=83037) inner /opt/stack/data/venv/lib/python3.10/site-packages/oslo_concurrency/lockutils.py:506}}
Apr 10 10:32:02 devstack cinder-volume[83037]: DEBUG oslo_concurrency.lockutils [None req-b41116a1-df33-4624-9c51-e126fa049639 tempest-GroupSnapshotsTest-1126085628 None] Lock "quobyte" acquired by "cinder.volume.drivers.quobyte.QuobyteDriver.create_snapshot" :: waited 0.001s {{(pid=83037) inner /opt/stack/data/venv/lib/python3.10/site-packages/oslo_concurrency/lockutils.py:519}}
Apr 10 10:32:02 devstack cinder-volume[83037]: DEBUG cinder.volume.drivers.remotefs [None req-b41116a1-df33-4624-9c51-e126fa049639 tempest-GroupSnapshotsTest-1126085628 None] Creating offline snapshot ab288b1d-d490-4fcc-a09d-709a7b02187f of volume 68f28349-46af-4e33-8a99-84cbdded0170 {{(pid=83037) _create_snapshot /opt/stack/cinder/cinder/volume/drivers/remotefs.py:1815}}
Apr 10 10:32:02 devstack cinder-volume[83037]: DEBUG oslo.privsep.daemon [-] privsep: reply[f0923b9a-246c-44d5-b9d5-32905192ca88]: (4, 'qcow2') {{(pid=83755) _call_back /opt/stack/data/venv/lib/python3.10/site-packages/oslo_privsep/daemon.py:573}}
Apr 10 10:32:02 devstack cinder-volume[83037]: DEBUG oslo_concurrency.processutils [None req-b41116a1-df33-4624-9c51-e126fa049639 tempest-GroupSnapshotsTest-1126085628 None] Running cmd (subprocess): /opt/stack/data/venv/bin/python3.10 -m oslo_concurrency.prlimit --as=1073741824 --cpu=60 -- sudo cinder-rootwrap /etc/cinder/rootwrap.conf env LC_ALL=C qemu-img info -f qcow2 --output=json --force-share /opt/stack/data/cinder/mnt/9481d9c67b86fd47bf2e6166a318db49/volume-68f28349-46af-4e33-8a99-84cbdded0170 {{(pid=83037) execute /opt/stack/data/venv/lib/python3.10/site-packages/oslo_concurrency/processutils.py:440}}
Apr 10 10:32:02 devstack sudo[84392]: quobyte : PWD=/ ; USER=root ; COMMAND=/opt/stack/data/venv/bin/cinder-rootwrap /etc/cinder/rootwrap.conf env LC_ALL=C qemu-img info -f qcow2 --output=json --force-share /opt/stack/data/cinder/mnt/9481d9c67b86fd47bf2e6166a318db49/volume-68f28349-46af-4e33-8a99-84cbdded0170
Apr 10 10:32:02 devstack sudo[84392]: pam_unix(sudo:session): session opened for user root(uid=0) by (uid=1000)
Apr 10 10:32:03 devstack sudo[84392]: pam_unix(sudo:session): session closed for user root
Apr 10 10:32:03 devstack cinder-volume[83037]: DEBUG oslo_concurrency.processutils [None req-b41116a1-df33-4624-9c51-e126fa049639 tempest-GroupSnapshotsTest-1126085628 None] CMD "/opt/stack/data/venv/bin/python3.10 -m oslo_concurrency.prlimit --as=1073741824 --cpu=60 -- sudo cinder-rootwrap /etc/cinder/rootwrap.conf env LC_ALL=C qemu-img info -f qcow2 --output=json --force-share /opt/stack/data/cinder/mnt/9481d9c67b86fd47bf2e6166a318db49/volume-68f28349-46af-4e33-8a99-84cbdded0170" returned: 0 in 1.218s {{(pid=83037) execute /opt/stack/data/venv/lib/python3.10/site-packages/oslo_concurrency/processutils.py:468}}
Apr 10 10:32:03 devstack cinder-volume[83037]: DEBUG oslo_concurrency.processutils [None req-b41116a1-df33-4624-9c51-e126fa049639 tempest-GroupSnapshotsTest-1126085628 None] Running cmd (subprocess): sudo cinder-rootwrap /etc/cinder/rootwrap.conf qemu-img create -f qcow2 -o backing_file=/opt/stack/data/cinder/mnt/9481d9c67b86fd47bf2e6166a318db49/volume-68f28349-46af-4e33-8a99-84cbdded0170,backing_fmt=qcow2 /opt/stack/data/cinder/mnt/9481d9c67b86fd47bf2e6166a318db49/volume-68f28349-46af-4e33-8a99-84cbdded0170.ab288b1d-d490-4fcc-a09d-709a7b02187f 1G {{(pid=83037) execute /opt/stack/data/venv/lib/python3.10/site-packages/oslo_concurrency/processutils.py:440}}
Apr 10 10:32:03 devstack sudo[84404]: quobyte : PWD=/ ; USER=root ; COMMAND=/opt/stack/data/venv/bin/cinder-rootwrap /etc/cinder/rootwrap.conf qemu-img create -f qcow2 -o backing_file=/opt/stack/data/cinder/mnt/9481d9c67b86fd47bf2e6166a318db49/volume-68f28349-46af-4e33-8a99-84cbdded0170,backing_fmt=qcow2 /opt/stack/data/cinder/mnt/9481d9c67b86fd47bf2e6166a318db49/volume-68f28349-46af-4e33-8a99-84cbdded0170.ab288b1d-d490-4fcc-a09d-709a7b02187f 1G
Apr 10 10:32:03 devstack sudo[84404]: pam_unix(sudo:session): session opened for user root(uid=0) by (uid=1000)
Apr 10 10:32:04 devstack sudo[84404]: pam_unix(sudo:session): session closed for user root
Apr 10 10:32:04 devstack cinder-volume[83037]: DEBUG oslo_concurrency.processutils [None req-b41116a1-df33-4624-9c51-e126fa049639 tempest-GroupSnapshotsTest-1126085628 None] CMD "sudo cinder-rootwrap /etc/cinder/rootwrap.conf qemu-img create -f qcow2 -o backing_file=/opt/stack/data/cinder/mnt/9481d9c67b86fd47bf2e6166a318db49/volume-68f28349-46af-4e33-8a99-84cbdded0170,backing_fmt=qcow2 /opt/stack/data/cinder/mnt/9481d9c67b86fd47bf2e6166a318db49/volume-68f28349-46af-4e33-8a99-84cbdded0170.ab288b1d-d490-4fcc-a09d-709a7b02187f 1G" returned: 0 in 0.903s {{(pid=83037) execute /opt/stack/data/venv/lib/python3.10/site-packages/oslo_concurrency/processutils.py:468}}
Apr 10 10:32:04 devstack cinder-volume[83037]: DEBUG oslo_concurrency.processutils [None req-b41116a1-df33-4624-9c51-e126fa049639 tempest-GroupSnapshotsTest-1126085628 None] Running cmd (subprocess): sudo cinder-rootwrap /etc/cinder/rootwrap.conf qemu-img rebase -u -b volume-68f28349-46af-4e33-8a99-84cbdded0170 -F qcow2 /opt/stack/data/cinder/mnt/9481d9c67b86fd47bf2e6166a318db49/volume-68f28349-46af-4e33-8a99-84cbdded0170.ab288b1d-d490-4fcc-a09d-709a7b02187f {{(pid=83037) execute /opt/stack/data/venv/lib/python3.10/site-packages/oslo_concurrency/processutils.py:440}}
Apr 10 10:32:04 devstack sudo[84435]: quobyte : PWD=/ ; USER=root ; COMMAND=/opt/stack/data/venv/bin/cinder-rootwrap /etc/cinder/rootwrap.conf qemu-img rebase -u -b volume-68f28349-46af-4e33-8a99-84cbdded0170 -F qcow2 /opt/stack/data/cinder/mnt/9481d9c67b86fd47bf2e6166a318db49/volume-68f28349-46af-4e33-8a99-84cbdded0170.ab288b1d-d490-4fcc-a09d-709a7b02187f
Apr 10 10:32:04 devstack sudo[84435]: pam_unix(sudo:session): session opened for user root(uid=0) by (uid=1000)
Apr 10 10:32:05 devstack sudo[84435]: pam_unix(sudo:session): session closed for user root
Apr 10 10:32:05 devstack cinder-volume[83037]: DEBUG oslo_concurrency.processutils [None req-b41116a1-df33-4624-9c51-e126fa049639 tempest-GroupSnapshotsTest-1126085628 None] CMD "sudo cinder-rootwrap /etc/cinder/rootwrap.conf qemu-img rebase -u -b volume-68f28349-46af-4e33-8a99-84cbdded0170 -F qcow2 /opt/stack/data/cinder/mnt/9481d9c67b86fd47bf2e6166a318db49/volume-68f28349-46af-4e33-8a99-84cbdded0170.ab288b1d-d490-4fcc-a09d-709a7b02187f" returned: 0 in 0.702s {{(pid=83037) execute /opt/stack/data/venv/lib/python3.10/site-packages/oslo_concurrency/processutils.py:468}}
Apr 10 10:32:05 devstack cinder-volume[83037]: WARNING cinder.volume.drivers.remotefs [None req-b41116a1-df33-4624-9c51-e126fa049639 tempest-GroupSnapshotsTest-1126085628 None] /opt/stack/data/cinder/mnt/9481d9c67b86fd47bf2e6166a318db49/volume-68f28349-46af-4e33-8a99-84cbdded0170.ab288b1d-d490-4fcc-a09d-709a7b02187f is being set with open permissions: ugo+rw: NotImplementedError
Apr 10 10:32:05 devstack cinder-volume[83037]: DEBUG oslo_concurrency.processutils [None req-b41116a1-df33-4624-9c51-e126fa049639 tempest-GroupSnapshotsTest-1126085628 None] Running cmd (subprocess): sudo cinder-rootwrap /etc/cinder/rootwrap.conf chmod ugo+rw /opt/stack/data/cinder/mnt/9481d9c67b86fd47bf2e6166a318db49/volume-68f28349-46af-4e33-8a99-84cbdded0170.ab288b1d-d490-4fcc-a09d-709a7b02187f {{(pid=83037) execute /opt/stack/data/venv/lib/python3.10/site-packages/oslo_concurrency/processutils.py:440}}
Apr 10 10:32:05 devstack sudo[84441]: quobyte : PWD=/ ; USER=root ; COMMAND=/opt/stack/data/venv/bin/cinder-rootwrap /etc/cinder/rootwrap.conf chmod ugo+rw /opt/stack/data/cinder/mnt/9481d9c67b86fd47bf2e6166a318db49/volume-68f28349-46af-4e33-8a99-84cbdded0170.ab288b1d-d490-4fcc-a09d-709a7b02187f
Apr 10 10:32:05 devstack sudo[84441]: pam_unix(sudo:session): session opened for user root(uid=0) by (uid=1000)
Apr 10 10:32:05 devstack sudo[84441]: pam_unix(sudo:session): session closed for user root
Apr 10 10:32:05 devstack cinder-volume[83037]: DEBUG oslo_concurrency.processutils [None req-b41116a1-df33-4624-9c51-e126fa049639 tempest-GroupSnapshotsTest-1126085628 None] CMD "sudo cinder-rootwrap /etc/cinder/rootwrap.conf chmod ugo+rw /opt/stack/data/cinder/mnt/9481d9c67b86fd47bf2e6166a318db49/volume-68f28349-46af-4e33-8a99-84cbdded0170.ab288b1d-d490-4fcc-a09d-709a7b02187f" returned: 0 in 0.637s {{(pid=83037) execute /opt/stack/data/venv/lib/python3.10/site-packages/oslo_concurrency/processutils.py:468}}
Apr 10 10:32:06 devstack cinder-volume[83037]: DEBUG oslo_concurrency.processutils [None req-b41116a1-df33-4624-9c51-e126fa049639 tempest-GroupSnapshotsTest-1126085628 None] Running cmd (subprocess): sudo cinder-rootwrap /etc/cinder/rootwrap.conf truncate -s0 /opt/stack/data/cinder/mnt/9481d9c67b86fd47bf2e6166a318db49/volume-68f28349-46af-4e33-8a99-84cbdded0170.info {{(pid=83037) execute /opt/stack/data/venv/lib/python3.10/site-packages/oslo_concurrency/processutils.py:440}}
Apr 10 10:32:06 devstack sudo[84445]: quobyte : PWD=/ ; USER=root ; COMMAND=/opt/stack/data/venv/bin/cinder-rootwrap /etc/cinder/rootwrap.conf truncate -s0 /opt/stack/data/cinder/mnt/9481d9c67b86fd47bf2e6166a318db49/volume-68f28349-46af-4e33-8a99-84cbdded0170.info
Apr 10 10:32:06 devstack sudo[84445]: pam_unix(sudo:session): session opened for user root(uid=0) by (uid=1000)
Apr 10 10:32:06 devstack sudo[84445]: pam_unix(sudo:session): session closed for user root
Apr 10 10:32:06 devstack cinder-volume[83037]: DEBUG oslo_concurrency.processutils [None req-b41116a1-df33-4624-9c51-e126fa049639 tempest-GroupSnapshotsTest-1126085628 None] CMD "sudo cinder-rootwrap /etc/cinder/rootwrap.conf truncate -s0 /opt/stack/data/cinder/mnt/9481d9c67b86fd47bf2e6166a318db49/volume-68f28349-46af-4e33-8a99-84cbdded0170.info" returned: 0 in 0.656s {{(pid=83037) execute /opt/stack/data/venv/lib/python3.10/site-packages/oslo_concurrency/processutils.py:468}}
Apr 10 10:32:06 devstack cinder-volume[83037]: WARNING cinder.volume.drivers.remotefs [None req-b41116a1-df33-4624-9c51-e126fa049639 tempest-GroupSnapshotsTest-1126085628 None] /opt/stack/data/cinder/mnt/9481d9c67b86fd47bf2e6166a318db49/volume-68f28349-46af-4e33-8a99-84cbdded0170.info is being set with open permissions: ugo+rw: NotImplementedError
Apr 10 10:32:06 devstack cinder-volume[83037]: DEBUG oslo_concurrency.processutils [None req-b41116a1-df33-4624-9c51-e126fa049639 tempest-GroupSnapshotsTest-1126085628 None] Running cmd (subprocess): sudo cinder-rootwrap /etc/cinder/rootwrap.conf chmod ugo+rw /opt/stack/data/cinder/mnt/9481d9c67b86fd47bf2e6166a318db49/volume-68f28349-46af-4e33-8a99-84cbdded0170.info {{(pid=83037) execute /opt/stack/data/venv/lib/python3.10/site-packages/oslo_concurrency/processutils.py:440}}
Apr 10 10:32:06 devstack sudo[84448]: quobyte : PWD=/ ; USER=root ; COMMAND=/opt/stack/data/venv/bin/cinder-rootwrap /etc/cinder/rootwrap.conf chmod ugo+rw /opt/stack/data/cinder/mnt/9481d9c67b86fd47bf2e6166a318db49/volume-68f28349-46af-4e33-8a99-84cbdded0170.info
Apr 10 10:32:06 devstack sudo[84448]: pam_unix(sudo:session): session opened for user root(uid=0) by (uid=1000)
Apr 10 10:32:07 devstack sudo[84448]: pam_unix(sudo:session): session closed for user root
Apr 10 10:32:07 devstack cinder-volume[83037]: DEBUG oslo_concurrency.processutils [None req-b41116a1-df33-4624-9c51-e126fa049639 tempest-GroupSnapshotsTest-1126085628 None] CMD "sudo cinder-rootwrap /etc/cinder/rootwrap.conf chmod ugo+rw /opt/stack/data/cinder/mnt/9481d9c67b86fd47bf2e6166a318db49/volume-68f28349-46af-4e33-8a99-84cbdded0170.info" returned: 0 in 0.646s {{(pid=83037) execute /opt/stack/data/venv/lib/python3.10/site-packages/oslo_concurrency/processutils.py:468}}
Apr 10 10:32:07 devstack cinder-volume[83037]: DEBUG oslo_concurrency.lockutils [None req-b41116a1-df33-4624-9c51-e126fa049639 tempest-GroupSnapshotsTest-1126085628 None] Lock "quobyte" "released" by "cinder.volume.drivers.quobyte.QuobyteDriver.create_snapshot" :: held 4.855s {{(pid=83037) inner /opt/stack/data/venv/lib/python3.10/site-packages/oslo_concurrency/lockutils.py:538}}
Apr 10 10:32:07 devstack cinder-volume[83037]: DEBUG oslo_concurrency.lockutils [None req-df6737f1-88d2-4346-8bb8-3a316c48230c tempest-ServersNegativeTestJSON-1087412955 None] Lock "quobyte" acquired by "cinder.volume.drivers.quobyte.QuobyteDriver.create_volume" :: waited 5.304s {{(pid=83037) inner /opt/stack/data/venv/lib/python3.10/site-packages/oslo_concurrency/lockutils.py:519}}
Apr 10 10:32:07 devstack cinder-volume[83037]: DEBUG cinder.volume.drivers.quobyte [None req-df6737f1-88d2-4346-8bb8-3a316c48230c tempest-ServersNegativeTestJSON-1087412955 None] ==> create_volume: call "{'self': , 'volume': Volume(_name_id=None,admin_metadata=,attach_status='detached',availability_zone='nova',bootable=False,cluster=,cluster_name=None,consistencygroup=,consistencygroup_id=None,created_at=2026-04-10T08:32:01Z,deleted=False,deleted_at=None,display_description=None,display_name='tempest-ServersNegativeTestJSON-volume-1609127510',ec2_id=None,encryption_key_id=None,glance_metadata=,group=,group_id=None,host='devstack@QuobyteHD#QuobyteHD',id=0a57464d-d34a-42ad-bbd9-b35e6c22d221,launched_at=None,metadata={},migration_status=None,multiattach=False,previous_status=None,project_id='6a22290c438945b39bb98015fafa8857',provider_auth=None,provider_geometry=None,provider_id=None,provider_location=None,replication_driver_data=None,replication_extended_status=None,replication_status=None,scheduled_at=2026-04-10T08:32:02Z,service_uuid=None,shared_targets=True,size=1,snapshot_id=None,snapshots=,source_volid=None,status='creating',terminated_at=None,updated_at=2026-04-10T08:32:02Z,use_quota=True,user_id='c1b7ac7ba1ef4a0a8c0fad5d499e5eff',volume_attachment=VolumeAttachmentList,volume_type=VolumeType(52ebc954-3831-43bb-9701-9705f3a06412),volume_type_id=52ebc954-3831-43bb-9701-9705f3a06412)}" {{(pid=83037) trace_logging_wrapper /opt/stack/cinder/cinder/volume/volume_utils.py:1498}}
Apr 10 10:32:07 devstack cinder-volume[83037]: DEBUG cinder.volume.drivers.remotefs [None req-df6737f1-88d2-4346-8bb8-3a316c48230c tempest-ServersNegativeTestJSON-1087412955 None] Creating volume 0a57464d-d34a-42ad-bbd9-b35e6c22d221 {{(pid=83037) create_volume /opt/stack/cinder/cinder/volume/drivers/remotefs.py:292}}
Apr 10 10:32:07 devstack cinder-volume[83037]: DEBUG oslo_concurrency.lockutils [None req-df6737f1-88d2-4346-8bb8-3a316c48230c tempest-ServersNegativeTestJSON-1087412955 None] Acquiring lock "quobyte_ensure" by "cinder.volume.drivers.quobyte.QuobyteDriver._ensure_shares_mounted" {{(pid=83037) inner /opt/stack/data/venv/lib/python3.10/site-packages/oslo_concurrency/lockutils.py:506}}
Apr 10 10:32:07 devstack cinder-volume[83037]: DEBUG oslo_concurrency.lockutils [None req-df6737f1-88d2-4346-8bb8-3a316c48230c tempest-ServersNegativeTestJSON-1087412955 None] Lock "quobyte_ensure" acquired by "cinder.volume.drivers.quobyte.QuobyteDriver._ensure_shares_mounted" :: waited 0.000s {{(pid=83037) inner /opt/stack/data/venv/lib/python3.10/site-packages/oslo_concurrency/lockutils.py:519}}
Apr 10 10:32:07 devstack cinder-volume[83037]: DEBUG cinder.volume.drivers.quobyte [None req-df6737f1-88d2-4346-8bb8-3a316c48230c tempest-ServersNegativeTestJSON-1087412955 None] Quobyte Volume URL set to: {'osci02.corp.quobyte.com/cinder-vol-96bf8b38-fd73-446a-8102-c34e2b5350ac': None} {{(pid=83037) _load_shares_config /opt/stack/cinder/cinder/volume/drivers/quobyte.py:617}}
Apr 10 10:32:07 devstack cinder-volume[83037]: DEBUG cinder.volume.drivers.quobyte [None req-df6737f1-88d2-4346-8bb8-3a316c48230c tempest-ServersNegativeTestJSON-1087412955 None] Available shares ['osci02.corp.quobyte.com/cinder-vol-96bf8b38-fd73-446a-8102-c34e2b5350ac'] {{(pid=83037) _ensure_shares_mounted /opt/stack/cinder/cinder/volume/drivers/quobyte.py:647}}
Apr 10 10:32:07 devstack cinder-volume[83037]: DEBUG oslo_concurrency.lockutils [None req-df6737f1-88d2-4346-8bb8-3a316c48230c tempest-ServersNegativeTestJSON-1087412955 None] Lock "quobyte_ensure" "released" by "cinder.volume.drivers.quobyte.QuobyteDriver._ensure_shares_mounted" :: held 0.012s {{(pid=83037) inner /opt/stack/data/venv/lib/python3.10/site-packages/oslo_concurrency/lockutils.py:538}}
Apr 10 10:32:07 devstack cinder-volume[83037]: DEBUG cinder.volume.drivers.quobyte [None req-df6737f1-88d2-4346-8bb8-3a316c48230c tempest-ServersNegativeTestJSON-1087412955 None] Selected osci02.corp.quobyte.com/cinder-vol-96bf8b38-fd73-446a-8102-c34e2b5350ac as target Quobyte volume. {{(pid=83037) _find_share /opt/stack/cinder/cinder/volume/drivers/quobyte.py:668}}
Apr 10 10:32:07 devstack cinder-volume[83037]: INFO cinder.volume.drivers.remotefs [None req-df6737f1-88d2-4346-8bb8-3a316c48230c tempest-ServersNegativeTestJSON-1087412955 None] casted to osci02.corp.quobyte.com/cinder-vol-96bf8b38-fd73-446a-8102-c34e2b5350ac
