Jul 05 17:25:55 devstack sudo[95326]: quobyte : PWD=/ ; USER=root ; COMMAND=/opt/stack/data/venv/bin/cinder-rootwrap /etc/cinder/rootwrap.conf env LC_ALL=C qemu-img info -f qcow2 --output=json --force-share /opt/stack/data/cinder/mnt/9b29f729aef4452f32135c3f251cbdb4/volume-7909e75c-b133-4b0a-abcb-4669dfee3778.94f6fe93-79f7-416c-9c7b-478d9f154df4
Jul 05 17:25:55 devstack sudo[95326]: pam_unix(sudo:session): session opened for user root(uid=0) by (uid=1000)
Jul 05 17:25:55 devstack cinder-volume[86459]: DEBUG cinder.volume.manager [None req-64a1a726-05df-4b06-9d9d-913ff36cfea5 tempest-GroupSnapshotsTest-244745086 None] Group snapshot c4cc892b-1fad-4531-9662-9300d5ef299d: creating. {{(pid=86459) create_group_snapshot /opt/stack/cinder/cinder/volume/manager.py:4175}}
Jul 05 17:25:55 devstack cinder-volume[86459]: DEBUG oslo_concurrency.lockutils [None req-64a1a726-05df-4b06-9d9d-913ff36cfea5 tempest-GroupSnapshotsTest-244745086 None] Acquiring lock "quobyte" by "cinder.volume.drivers.quobyte.QuobyteDriver.create_snapshot" {{(pid=86459) inner /opt/stack/data/venv/lib/python3.12/site-packages/oslo_concurrency/lockutils.py:511}}
Jul 05 17:25:56 devstack sudo[95324]: pam_unix(sudo:session): session closed for user root
Jul 05 17:25:56 devstack cinder-volume[86459]: DEBUG oslo_concurrency.processutils [None req-b22a7a58-69a7-4e69-a991-615fcee2dcba tempest-VolumesNegativeTest-537915217 None] CMD "sudo cinder-rootwrap /etc/cinder/rootwrap.conf qemu-img create -f qcow2 -o preallocation=metadata /opt/stack/data/cinder/mnt/9b29f729aef4452f32135c3f251cbdb4/volume-40b98d17-84e7-4f40-906e-3e02b6ae28d8 1073741824" returned: 0 in 0.971s {{(pid=86459) execute /opt/stack/data/venv/lib/python3.12/site-packages/oslo_concurrency/processutils.py:468}}
Jul 05 17:25:56 devstack cinder-volume[86459]: DEBUG oslo_concurrency.processutils [None req-b22a7a58-69a7-4e69-a991-615fcee2dcba tempest-VolumesNegativeTest-537915217 None] Running cmd (subprocess): sudo cinder-rootwrap /etc/cinder/rootwrap.conf chmod ugo+rw /opt/stack/data/cinder/mnt/9b29f729aef4452f32135c3f251cbdb4/volume-40b98d17-84e7-4f40-906e-3e02b6ae28d8 {{(pid=86459) execute /opt/stack/data/venv/lib/python3.12/site-packages/oslo_concurrency/processutils.py:440}}
Jul 05 17:25:56 devstack sudo[95326]: pam_unix(sudo:session): session closed for user root
Jul 05 17:25:56 devstack cinder-volume[86459]: DEBUG oslo_concurrency.processutils [None req-715be1b2-19d3-49ca-b9f2-7405c7faffd9 tempest-SnapshotsActionsTest-1372504404 None] CMD "/opt/stack/data/venv/bin/python3.12 -m oslo_concurrency.prlimit --as=1073741824 --cpu=60 -- sudo cinder-rootwrap /etc/cinder/rootwrap.conf env LC_ALL=C qemu-img info -f qcow2 --output=json --force-share /opt/stack/data/cinder/mnt/9b29f729aef4452f32135c3f251cbdb4/volume-7909e75c-b133-4b0a-abcb-4669dfee3778.94f6fe93-79f7-416c-9c7b-478d9f154df4" returned: 0 in 0.897s {{(pid=86459) execute /opt/stack/data/venv/lib/python3.12/site-packages/oslo_concurrency/processutils.py:468}}
Jul 05 17:25:56 devstack cinder-volume[86459]: DEBUG cinder.volume.drivers.remotefs [None req-715be1b2-19d3-49ca-b9f2-7405c7faffd9 tempest-SnapshotsActionsTest-1372504404 None] Fetching qemu-img info with special backing_file_template: (/opt/stack/data/cinder/mnt/[0-9a-f]+/)?(volume-7909e75c-b133-4b0a-abcb-4669dfee3778(.(tmp-snap-)?[0-9a-f-]+)?|volume_from_snapshot_cache/(tmp-snap-)?[0-9a-f-]+(.(child-|parent-)[0-9a-f-]+)?)$ {{(pid=86459) _qemu_img_info_base /opt/stack/cinder/cinder/volume/drivers/remotefs.py:896}}
Jul 05 17:25:56 devstack sudo[95336]: quobyte : PWD=/ ; USER=root ; COMMAND=/opt/stack/data/venv/bin/cinder-rootwrap /etc/cinder/rootwrap.conf chmod ugo+rw /opt/stack/data/cinder/mnt/9b29f729aef4452f32135c3f251cbdb4/volume-40b98d17-84e7-4f40-906e-3e02b6ae28d8
Jul 05 17:25:56 devstack sudo[95336]: pam_unix(sudo:session): session opened for user root(uid=0) by (uid=1000)
Jul 05 17:25:56 devstack cinder-volume[86459]: DEBUG oslo.privsep.daemon [-] privsep: reply[6b02e81a-6972-40b6-ab33-79a84b8a8dd0]: (4, 'qcow2') {{(pid=87482) _call_back /opt/stack/data/venv/lib/python3.12/site-packages/oslo_privsep/daemon.py:580}}
Jul 05 17:25:56 devstack cinder-volume[86459]: DEBUG oslo_concurrency.processutils [None req-715be1b2-19d3-49ca-b9f2-7405c7faffd9 tempest-SnapshotsActionsTest-1372504404 None] Running cmd (subprocess): /opt/stack/data/venv/bin/python3.12 -m oslo_concurrency.prlimit --as=1073741824 --cpu=60 -- sudo cinder-rootwrap /etc/cinder/rootwrap.conf env LC_ALL=C qemu-img info -f qcow2 --output=json --force-share /opt/stack/data/cinder/mnt/9b29f729aef4452f32135c3f251cbdb4/volume-7909e75c-b133-4b0a-abcb-4669dfee3778.f7412510-d7c5-4265-b0fe-0e31c7d94364 {{(pid=86459) execute /opt/stack/data/venv/lib/python3.12/site-packages/oslo_concurrency/processutils.py:440}}
Jul 05 17:25:56 devstack sudo[95338]: quobyte : PWD=/ ; USER=root ; COMMAND=/opt/stack/data/venv/bin/cinder-rootwrap /etc/cinder/rootwrap.conf env LC_ALL=C qemu-img info -f qcow2 --output=json --force-share /opt/stack/data/cinder/mnt/9b29f729aef4452f32135c3f251cbdb4/volume-7909e75c-b133-4b0a-abcb-4669dfee3778.f7412510-d7c5-4265-b0fe-0e31c7d94364
Jul 05 17:25:56 devstack sudo[95338]: pam_unix(sudo:session): session opened for user root(uid=0) by (uid=1000)
Jul 05 17:25:56 devstack sudo[95336]: pam_unix(sudo:session): session closed for user root
Jul 05 17:25:56 devstack cinder-volume[86459]: DEBUG oslo_concurrency.processutils [None req-b22a7a58-69a7-4e69-a991-615fcee2dcba tempest-VolumesNegativeTest-537915217 None] CMD "sudo cinder-rootwrap /etc/cinder/rootwrap.conf chmod ugo+rw /opt/stack/data/cinder/mnt/9b29f729aef4452f32135c3f251cbdb4/volume-40b98d17-84e7-4f40-906e-3e02b6ae28d8" returned: 0 in 0.661s {{(pid=86459) execute /opt/stack/data/venv/lib/python3.12/site-packages/oslo_concurrency/processutils.py:468}}
Jul 05 17:25:56 devstack cinder-volume[86459]: DEBUG cinder.volume.drivers.quobyte [None req-b22a7a58-69a7-4e69-a991-615fcee2dcba tempest-VolumesNegativeTest-537915217 None] <== create_volume: return (1684ms) {'provider_location': 'osci02.corp.quobyte.com/cinder-vol-27564f73-fbfd-41a0-90a0-b8d90d49bf2e'} {{(pid=86459) trace_logging_wrapper /opt/stack/cinder/cinder/volume/volume_utils.py:1522}}
Jul 05 17:25:56 devstack cinder-volume[86459]: DEBUG oslo_concurrency.lockutils [None req-b22a7a58-69a7-4e69-a991-615fcee2dcba tempest-VolumesNegativeTest-537915217 None] Lock "quobyte" "released" by "cinder.volume.drivers.quobyte.QuobyteDriver.create_volume" :: held 1.687s {{(pid=86459) inner /opt/stack/data/venv/lib/python3.12/site-packages/oslo_concurrency/lockutils.py:543}}
Jul 05 17:25:56 devstack cinder-volume[86459]: DEBUG oslo_concurrency.lockutils [None req-64a1a726-05df-4b06-9d9d-913ff36cfea5 tempest-GroupSnapshotsTest-244745086 None] Lock "quobyte" acquired by "cinder.volume.drivers.quobyte.QuobyteDriver.create_snapshot" :: waited 1.329s {{(pid=86459) inner /opt/stack/data/venv/lib/python3.12/site-packages/oslo_concurrency/lockutils.py:524}}
Jul 05 17:25:56 devstack cinder-volume[86459]: DEBUG cinder.volume.manager [None req-b22a7a58-69a7-4e69-a991-615fcee2dcba tempest-VolumesNegativeTest-537915217 None] Task 'cinder.volume.flows.manager.create_volume.CreateVolumeFromSpecTask;volume:create' (e0de754d-04cb-4171-9b0c-d0ef1ff98e05) transitioned into state 'SUCCESS' from state 'RUNNING' with result '{'status': 'creating', 'volume_name': 'volume-40b98d17-84e7-4f40-906e-3e02b6ae28d8', 'volume_size': 1}' {{(pid=86459) _task_receiver /opt/stack/data/venv/lib/python3.12/site-packages/taskflow/listeners/logging.py:218}}
Jul 05 17:25:56 devstack cinder-volume[86459]: DEBUG cinder.volume.manager [None req-b22a7a58-69a7-4e69-a991-615fcee2dcba tempest-VolumesNegativeTest-537915217 None] Task 'cinder.volume.flows.manager.create_volume.CreateVolumeOnFinishTask;volume:create, create.end' (73cd2ed7-113c-423a-8c4f-6b27bd7e46ad) transitioned into state 'RUNNING' from state 'PENDING' {{(pid=86459) _task_receiver /opt/stack/data/venv/lib/python3.12/site-packages/taskflow/listeners/logging.py:242}}
Jul 05 17:25:56 devstack cinder-volume[86459]: DEBUG cinder.volume.drivers.remotefs [None req-64a1a726-05df-4b06-9d9d-913ff36cfea5 tempest-GroupSnapshotsTest-244745086 None] Creating offline snapshot 7087ea10-e085-405a-bba4-09d4d32c2404 of volume a30e775d-40e8-40d1-a10b-11cc745dc65d {{(pid=86459) _create_snapshot /opt/stack/cinder/cinder/volume/drivers/remotefs.py:1816}}
Jul 05 17:25:57 devstack cinder-volume[86459]: INFO cinder.volume.flows.manager.create_volume [None req-b22a7a58-69a7-4e69-a991-615fcee2dcba tempest-VolumesNegativeTest-537915217 None] Volume volume-40b98d17-84e7-4f40-906e-3e02b6ae28d8 (40b98d17-84e7-4f40-906e-3e02b6ae28d8): created successfully
Jul 05 17:25:57 devstack cinder-volume[86459]: DEBUG cinder.volume.manager [None req-b22a7a58-69a7-4e69-a991-615fcee2dcba tempest-VolumesNegativeTest-537915217 None] Task 'cinder.volume.flows.manager.create_volume.CreateVolumeOnFinishTask;volume:create, create.end' (73cd2ed7-113c-423a-8c4f-6b27bd7e46ad) transitioned into state 'SUCCESS' from state 'RUNNING' with result 'None' {{(pid=86459) _task_receiver /opt/stack/data/venv/lib/python3.12/site-packages/taskflow/listeners/logging.py:218}}
Jul 05 17:25:57 devstack cinder-volume[86459]: DEBUG cinder.volume.manager [None req-b22a7a58-69a7-4e69-a991-615fcee2dcba tempest-VolumesNegativeTest-537915217 None] Flow 'volume_create_manager' (16be802a-1ec1-49e1-9c6e-3db0431471c3) transitioned into state 'SUCCESS' from state 'RUNNING' {{(pid=86459) _flow_receiver /opt/stack/data/venv/lib/python3.12/site-packages/taskflow/listeners/logging.py:160}}
Jul 05 17:25:57 devstack cinder-volume[86459]: DEBUG oslo.privsep.daemon [-] privsep: reply[1aad83e5-d36f-4524-b6a6-81d0e4cf07da]: (4, 'qcow2') {{(pid=87482) _call_back /opt/stack/data/venv/lib/python3.12/site-packages/oslo_privsep/daemon.py:580}}
Jul 05 17:25:57 devstack cinder-volume[86459]: DEBUG oslo_concurrency.processutils [None req-64a1a726-05df-4b06-9d9d-913ff36cfea5 tempest-GroupSnapshotsTest-244745086 None] Running cmd (subprocess): /opt/stack/data/venv/bin/python3.12 -m oslo_concurrency.prlimit --as=1073741824 --cpu=60 -- sudo cinder-rootwrap /etc/cinder/rootwrap.conf env LC_ALL=C qemu-img info -f qcow2 --output=json --force-share /opt/stack/data/cinder/mnt/9b29f729aef4452f32135c3f251cbdb4/volume-a30e775d-40e8-40d1-a10b-11cc745dc65d {{(pid=86459) execute /opt/stack/data/venv/lib/python3.12/site-packages/oslo_concurrency/processutils.py:440}}
Jul 05 17:25:57 devstack cinder-volume[86459]: INFO cinder.volume.manager [None req-b22a7a58-69a7-4e69-a991-615fcee2dcba tempest-VolumesNegativeTest-537915217 None] Created volume successfully.
Jul 05 17:25:57 devstack sudo[95344]: quobyte : PWD=/ ; USER=root ; COMMAND=/opt/stack/data/venv/bin/cinder-rootwrap /etc/cinder/rootwrap.conf env LC_ALL=C qemu-img info -f qcow2 --output=json --force-share /opt/stack/data/cinder/mnt/9b29f729aef4452f32135c3f251cbdb4/volume-a30e775d-40e8-40d1-a10b-11cc745dc65d
Jul 05 17:25:57 devstack sudo[95344]: pam_unix(sudo:session): session opened for user root(uid=0) by (uid=1000)
Jul 05 17:25:57 devstack sudo[95338]: pam_unix(sudo:session): session closed for user root
Jul 05 17:25:57 devstack cinder-volume[86459]: DEBUG oslo_concurrency.processutils [None req-715be1b2-19d3-49ca-b9f2-7405c7faffd9 tempest-SnapshotsActionsTest-1372504404 None] CMD "/opt/stack/data/venv/bin/python3.12 -m oslo_concurrency.prlimit --as=1073741824 --cpu=60 -- sudo cinder-rootwrap /etc/cinder/rootwrap.conf env LC_ALL=C qemu-img info -f qcow2 --output=json --force-share /opt/stack/data/cinder/mnt/9b29f729aef4452f32135c3f251cbdb4/volume-7909e75c-b133-4b0a-abcb-4669dfee3778.f7412510-d7c5-4265-b0fe-0e31c7d94364" returned: 0 in 0.888s {{(pid=86459) execute /opt/stack/data/venv/lib/python3.12/site-packages/oslo_concurrency/processutils.py:468}}
Jul 05 17:25:57 devstack cinder-volume[86459]: DEBUG cinder.volume.drivers.remotefs [None req-715be1b2-19d3-49ca-b9f2-7405c7faffd9 tempest-SnapshotsActionsTest-1372504404 None] Fetching qemu-img info with special backing_file_template: (/opt/stack/data/cinder/mnt/[0-9a-f]+/)?(volume-7909e75c-b133-4b0a-abcb-4669dfee3778(.(tmp-snap-)?[0-9a-f-]+)?|volume_from_snapshot_cache/(tmp-snap-)?[0-9a-f-]+(.(child-|parent-)[0-9a-f-]+)?)$ {{(pid=86459) _qemu_img_info_base /opt/stack/cinder/cinder/volume/drivers/remotefs.py:896}}
Jul 05 17:25:57 devstack cinder-volume[86459]: DEBUG oslo_concurrency.processutils [None req-715be1b2-19d3-49ca-b9f2-7405c7faffd9 tempest-SnapshotsActionsTest-1372504404 None] Running cmd (subprocess): sudo cinder-rootwrap /etc/cinder/rootwrap.conf qemu-img commit -d /opt/stack/data/cinder/mnt/9b29f729aef4452f32135c3f251cbdb4/volume-7909e75c-b133-4b0a-abcb-4669dfee3778.94f6fe93-79f7-416c-9c7b-478d9f154df4 {{(pid=86459) execute /opt/stack/data/venv/lib/python3.12/site-packages/oslo_concurrency/processutils.py:440}}
Jul 05 17:25:57 devstack sudo[95348]: quobyte : PWD=/ ; USER=root ; COMMAND=/opt/stack/data/venv/bin/cinder-rootwrap /etc/cinder/rootwrap.conf qemu-img commit -d /opt/stack/data/cinder/mnt/9b29f729aef4452f32135c3f251cbdb4/volume-7909e75c-b133-4b0a-abcb-4669dfee3778.94f6fe93-79f7-416c-9c7b-478d9f154df4
Jul 05 17:25:57 devstack sudo[95348]: pam_unix(sudo:session): session opened for user root(uid=0) by (uid=1000)
Jul 05 17:25:57 devstack sudo[95344]: pam_unix(sudo:session): session closed for user root
Jul 05 17:25:57 devstack cinder-volume[86459]: DEBUG oslo_concurrency.processutils [None req-64a1a726-05df-4b06-9d9d-913ff36cfea5 tempest-GroupSnapshotsTest-244745086 None] CMD "/opt/stack/data/venv/bin/python3.12 -m oslo_concurrency.prlimit --as=1073741824 --cpu=60 -- sudo cinder-rootwrap /etc/cinder/rootwrap.conf env LC_ALL=C qemu-img info -f qcow2 --output=json --force-share /opt/stack/data/cinder/mnt/9b29f729aef4452f32135c3f251cbdb4/volume-a30e775d-40e8-40d1-a10b-11cc745dc65d" returned: 0 in 0.959s {{(pid=86459) execute /opt/stack/data/venv/lib/python3.12/site-packages/oslo_concurrency/processutils.py:468}}
Jul 05 17:25:57 devstack cinder-volume[86459]: DEBUG oslo_concurrency.processutils [None req-64a1a726-05df-4b06-9d9d-913ff36cfea5 tempest-GroupSnapshotsTest-244745086 None] Running cmd (subprocess): sudo cinder-rootwrap /etc/cinder/rootwrap.conf qemu-img create -f qcow2 -o backing_file=/opt/stack/data/cinder/mnt/9b29f729aef4452f32135c3f251cbdb4/volume-a30e775d-40e8-40d1-a10b-11cc745dc65d,backing_fmt=qcow2 /opt/stack/data/cinder/mnt/9b29f729aef4452f32135c3f251cbdb4/volume-a30e775d-40e8-40d1-a10b-11cc745dc65d.7087ea10-e085-405a-bba4-09d4d32c2404 1G {{(pid=86459) execute /opt/stack/data/venv/lib/python3.12/site-packages/oslo_concurrency/processutils.py:440}}
Jul 05 17:25:58 devstack sudo[95361]: quobyte : PWD=/ ; USER=root ; COMMAND=/opt/stack/data/venv/bin/cinder-rootwrap /etc/cinder/rootwrap.conf qemu-img create -f qcow2 -o backing_file=/opt/stack/data/cinder/mnt/9b29f729aef4452f32135c3f251cbdb4/volume-a30e775d-40e8-40d1-a10b-11cc745dc65d,backing_fmt=qcow2 /opt/stack/data/cinder/mnt/9b29f729aef4452f32135c3f251cbdb4/volume-a30e775d-40e8-40d1-a10b-11cc745dc65d.7087ea10-e085-405a-bba4-09d4d32c2404 1G
Jul 05 17:25:58 devstack sudo[95361]: pam_unix(sudo:session): session opened for user root(uid=0) by (uid=1000)
Jul 05 17:25:58 devstack sudo[95348]: pam_unix(sudo:session): session closed for user root
Jul 05 17:25:58 devstack cinder-volume[86459]: DEBUG oslo_concurrency.processutils [None req-715be1b2-19d3-49ca-b9f2-7405c7faffd9 tempest-SnapshotsActionsTest-1372504404 None] CMD "sudo cinder-rootwrap /etc/cinder/rootwrap.conf qemu-img commit -d /opt/stack/data/cinder/mnt/9b29f729aef4452f32135c3f251cbdb4/volume-7909e75c-b133-4b0a-abcb-4669dfee3778.94f6fe93-79f7-416c-9c7b-478d9f154df4" returned: 0 in 0.958s {{(pid=86459) execute /opt/stack/data/venv/lib/python3.12/site-packages/oslo_concurrency/processutils.py:468}}
Jul 05 17:25:58 devstack cinder-volume[86459]: DEBUG oslo_concurrency.processutils [None req-715be1b2-19d3-49ca-b9f2-7405c7faffd9 tempest-SnapshotsActionsTest-1372504404 None] Running cmd (subprocess): sudo cinder-rootwrap /etc/cinder/rootwrap.conf rm -f /opt/stack/data/cinder/mnt/9b29f729aef4452f32135c3f251cbdb4/volume-7909e75c-b133-4b0a-abcb-4669dfee3778.94f6fe93-79f7-416c-9c7b-478d9f154df4 {{(pid=86459) execute /opt/stack/data/venv/lib/python3.12/site-packages/oslo_concurrency/processutils.py:440}}
Jul 05 17:25:58 devstack sudo[95364]: quobyte : PWD=/ ; USER=root ; COMMAND=/opt/stack/data/venv/bin/cinder-rootwrap /etc/cinder/rootwrap.conf rm -f /opt/stack/data/cinder/mnt/9b29f729aef4452f32135c3f251cbdb4/volume-7909e75c-b133-4b0a-abcb-4669dfee3778.94f6fe93-79f7-416c-9c7b-478d9f154df4
Jul 05 17:25:58 devstack sudo[95364]: pam_unix(sudo:session): session opened for user root(uid=0) by (uid=1000)
Jul 05 17:25:58 devstack sudo[95361]: pam_unix(sudo:session): session closed for user root
Jul 05 17:25:58 devstack cinder-volume[86459]: DEBUG oslo_concurrency.processutils [None req-64a1a726-05df-4b06-9d9d-913ff36cfea5 tempest-GroupSnapshotsTest-244745086 None] CMD "sudo cinder-rootwrap /etc/cinder/rootwrap.conf qemu-img create -f qcow2 -o backing_file=/opt/stack/data/cinder/mnt/9b29f729aef4452f32135c3f251cbdb4/volume-a30e775d-40e8-40d1-a10b-11cc745dc65d,backing_fmt=qcow2 /opt/stack/data/cinder/mnt/9b29f729aef4452f32135c3f251cbdb4/volume-a30e775d-40e8-40d1-a10b-11cc745dc65d.7087ea10-e085-405a-bba4-09d4d32c2404 1G" returned: 0 in 0.975s {{(pid=86459) execute /opt/stack/data/venv/lib/python3.12/site-packages/oslo_concurrency/processutils.py:468}}
Jul 05 17:25:58 devstack cinder-volume[86459]: DEBUG oslo_concurrency.processutils [None req-64a1a726-05df-4b06-9d9d-913ff36cfea5 tempest-GroupSnapshotsTest-244745086 None] Running cmd (subprocess): sudo cinder-rootwrap /etc/cinder/rootwrap.conf qemu-img rebase -u -b volume-a30e775d-40e8-40d1-a10b-11cc745dc65d -F qcow2 /opt/stack/data/cinder/mnt/9b29f729aef4452f32135c3f251cbdb4/volume-a30e775d-40e8-40d1-a10b-11cc745dc65d.7087ea10-e085-405a-bba4-09d4d32c2404 {{(pid=86459) execute /opt/stack/data/venv/lib/python3.12/site-packages/oslo_concurrency/processutils.py:440}}
Jul 05 17:25:58 devstack sudo[95364]: pam_unix(sudo:session): session closed for user root
Jul 05 17:25:58 devstack cinder-volume[86459]: DEBUG oslo_concurrency.processutils [None req-715be1b2-19d3-49ca-b9f2-7405c7faffd9 tempest-SnapshotsActionsTest-1372504404 None] CMD "sudo cinder-rootwrap /etc/cinder/rootwrap.conf rm -f /opt/stack/data/cinder/mnt/9b29f729aef4452f32135c3f251cbdb4/volume-7909e75c-b133-4b0a-abcb-4669dfee3778.94f6fe93-79f7-416c-9c7b-478d9f154df4" returned: 0 in 0.800s {{(pid=86459) execute /opt/stack/data/venv/lib/python3.12/site-packages/oslo_concurrency/processutils.py:468}}
Jul 05 17:25:58 devstack sudo[95372]: quobyte : PWD=/ ; USER=root ; COMMAND=/opt/stack/data/venv/bin/cinder-rootwrap /etc/cinder/rootwrap.conf qemu-img rebase -u -b volume-a30e775d-40e8-40d1-a10b-11cc745dc65d -F qcow2 /opt/stack/data/cinder/mnt/9b29f729aef4452f32135c3f251cbdb4/volume-a30e775d-40e8-40d1-a10b-11cc745dc65d.7087ea10-e085-405a-bba4-09d4d32c2404
Jul 05 17:25:58 devstack sudo[95372]: pam_unix(sudo:session): session opened for user root(uid=0) by (uid=1000)
Jul 05 17:25:59 devstack cinder-volume[86459]: DEBUG cinder.coordination [None req-715be1b2-19d3-49ca-b9f2-7405c7faffd9 tempest-SnapshotsActionsTest-1372504404 None] Lock "cinder-quobyte-94f6fe93-79f7-416c-9c7b-478d9f154df4" released by "_delete_snapshot" :: held 3.664s {{(pid=86459) __release /opt/stack/cinder/cinder/coordination.py:152}}
Jul 05 17:25:59 devstack cinder-volume[86459]: DEBUG cinder.coordination [None req-715be1b2-19d3-49ca-b9f2-7405c7faffd9 tempest-SnapshotsActionsTest-1372504404 None] Lock "cinder-quobyte-7909e75c-b133-4b0a-abcb-4669dfee3778" released by "delete_snapshot" :: held 3.697s {{(pid=86459) __release /opt/stack/cinder/cinder/coordination.py:152}}
Jul 05 17:25:59 devstack cinder-volume[86459]: DEBUG cinder.quota [None req-715be1b2-19d3-49ca-b9f2-7405c7faffd9 tempest-SnapshotsActionsTest-1372504404 None] Created reservations ['59ef7269-58d0-47eb-82cc-d9452a723dec', '562b4669-6b4d-4db0-addc-7731f98b2d4f', 'e9d6485f-28b6-4d8b-ada7-580475cdf874', '916552ca-f87c-4eac-ab44-ea0a3bc41573'] {{(pid=86459) reserve /opt/stack/cinder/cinder/quota.py:752}}
Jul 05 17:25:59 devstack cinder-volume[86459]: INFO cinder.volume.manager [None req-715be1b2-19d3-49ca-b9f2-7405c7faffd9 tempest-SnapshotsActionsTest-1372504404 None] Delete snapshot completed successfully.
Jul 05 17:25:59 devstack cinder-volume[86459]: DEBUG cinder.coordination [None req-715be1b2-19d3-49ca-b9f2-7405c7faffd9 tempest-SnapshotsActionsTest-1372504404 None] Lock "cinder-94f6fe93-79f7-416c-9c7b-478d9f154df4-delete_snapshot" released by "delete_snapshot" :: held 3.884s {{(pid=86459) __release /opt/stack/cinder/cinder/coordination.py:152}}
Jul 05 17:25:59 devstack sudo[95372]: pam_unix(sudo:session): session closed for user root
Jul 05 17:25:59 devstack cinder-volume[86459]: DEBUG oslo_concurrency.processutils [None req-64a1a726-05df-4b06-9d9d-913ff36cfea5 tempest-GroupSnapshotsTest-244745086 None] CMD "sudo cinder-rootwrap /etc/cinder/rootwrap.conf qemu-img rebase -u -b volume-a30e775d-40e8-40d1-a10b-11cc745dc65d -F qcow2 /opt/stack/data/cinder/mnt/9b29f729aef4452f32135c3f251cbdb4/volume-a30e775d-40e8-40d1-a10b-11cc745dc65d.7087ea10-e085-405a-bba4-09d4d32c2404" returned: 0 in 0.779s {{(pid=86459) execute /opt/stack/data/venv/lib/python3.12/site-packages/oslo_concurrency/processutils.py:468}}
Jul 05 17:25:59 devstack cinder-volume[86459]: WARNING cinder.volume.drivers.remotefs [None req-64a1a726-05df-4b06-9d9d-913ff36cfea5 tempest-GroupSnapshotsTest-244745086 None] /opt/stack/data/cinder/mnt/9b29f729aef4452f32135c3f251cbdb4/volume-a30e775d-40e8-40d1-a10b-11cc745dc65d.7087ea10-e085-405a-bba4-09d4d32c2404 is being set with open permissions: ugo+rw: NotImplementedError
Jul 05 17:25:59 devstack cinder-volume[86459]: DEBUG oslo_concurrency.processutils [None req-64a1a726-05df-4b06-9d9d-913ff36cfea5 tempest-GroupSnapshotsTest-244745086 None] Running cmd (subprocess): sudo cinder-rootwrap /etc/cinder/rootwrap.conf chmod ugo+rw /opt/stack/data/cinder/mnt/9b29f729aef4452f32135c3f251cbdb4/volume-a30e775d-40e8-40d1-a10b-11cc745dc65d.7087ea10-e085-405a-bba4-09d4d32c2404 {{(pid=86459) execute /opt/stack/data/venv/lib/python3.12/site-packages/oslo_concurrency/processutils.py:440}}
Jul 05 17:25:59 devstack sudo[95378]: quobyte : PWD=/ ; USER=root ; COMMAND=/opt/stack/data/venv/bin/cinder-rootwrap /etc/cinder/rootwrap.conf chmod ugo+rw /opt/stack/data/cinder/mnt/9b29f729aef4452f32135c3f251cbdb4/volume-a30e775d-40e8-40d1-a10b-11cc745dc65d.7087ea10-e085-405a-bba4-09d4d32c2404
Jul 05 17:25:59 devstack sudo[95378]: pam_unix(sudo:session): session opened for user root(uid=0) by (uid=1000)
Jul 05 17:25:59 devstack cinder-volume[86459]: DEBUG oslo_concurrency.lockutils [None req-3e880690-e1c9-462a-9515-35c4f645dfc1 tempest-SnapshotsActionsTest-1392168243 None] Acquiring lock "quobyte" by "cinder.volume.drivers.quobyte.QuobyteDriver.create_snapshot" {{(pid=86459) inner /opt/stack/data/venv/lib/python3.12/site-packages/oslo_concurrency/lockutils.py:511}}
Jul 05 17:26:00 devstack sudo[95378]: pam_unix(sudo:session): session closed for user root
Jul 05 17:26:00 devstack cinder-volume[86459]: DEBUG oslo_concurrency.processutils [None req-64a1a726-05df-4b06-9d9d-913ff36cfea5 tempest-GroupSnapshotsTest-244745086 None] CMD "sudo cinder-rootwrap /etc/cinder/rootwrap.conf chmod ugo+rw /opt/stack/data/cinder/mnt/9b29f729aef4452f32135c3f251cbdb4/volume-a30e775d-40e8-40d1-a10b-11cc745dc65d.7087ea10-e085-405a-bba4-09d4d32c2404" returned: 0 in 0.733s {{(pid=86459) execute /opt/stack/data/venv/lib/python3.12/site-packages/oslo_concurrency/processutils.py:468}}
Jul 05 17:26:00 devstack cinder-volume[86459]: DEBUG oslo_concurrency.processutils [None req-64a1a726-05df-4b06-9d9d-913ff36cfea5 tempest-GroupSnapshotsTest-244745086 None] Running cmd (subprocess): sudo cinder-rootwrap /etc/cinder/rootwrap.conf truncate -s0 /opt/stack/data/cinder/mnt/9b29f729aef4452f32135c3f251cbdb4/volume-a30e775d-40e8-40d1-a10b-11cc745dc65d.info {{(pid=86459) execute /opt/stack/data/venv/lib/python3.12/site-packages/oslo_concurrency/processutils.py:440}}
Jul 05 17:26:00 devstack sudo[95381]: quobyte : PWD=/ ; USER=root ; COMMAND=/opt/stack/data/venv/bin/cinder-rootwrap /etc/cinder/rootwrap.conf truncate -s0 /opt/stack/data/cinder/mnt/9b29f729aef4452f32135c3f251cbdb4/volume-a30e775d-40e8-40d1-a10b-11cc745dc65d.info
Jul 05 17:26:00 devstack sudo[95381]: pam_unix(sudo:session): session opened for user root(uid=0) by (uid=1000)
Jul 05 17:26:01 devstack sudo[95381]: pam_unix(sudo:session): session closed for user root
Jul 05 17:26:01 devstack cinder-volume[86459]: DEBUG oslo_concurrency.processutils [None req-64a1a726-05df-4b06-9d9d-913ff36cfea5 tempest-GroupSnapshotsTest-244745086 None] CMD "sudo cinder-rootwrap /etc/cinder/rootwrap.conf truncate -s0 /opt/stack/data/cinder/mnt/9b29f729aef4452f32135c3f251cbdb4/volume-a30e775d-40e8-40d1-a10b-11cc745dc65d.info" returned: 0 in 0.671s {{(pid=86459) execute /opt/stack/data/venv/lib/python3.12/site-packages/oslo_concurrency/processutils.py:468}}
Jul 05 17:26:01 devstack cinder-volume[86459]: WARNING cinder.volume.drivers.remotefs [None req-64a1a726-05df-4b06-9d9d-913ff36cfea5 tempest-GroupSnapshotsTest-244745086 None] /opt/stack/data/cinder/mnt/9b29f729aef4452f32135c3f251cbdb4/volume-a30e775d-40e8-40d1-a10b-11cc745dc65d.info is being set with open permissions: ugo+rw: NotImplementedError
Jul 05 17:26:01 devstack cinder-volume[86459]: DEBUG oslo_concurrency.processutils [None req-64a1a726-05df-4b06-9d9d-913ff36cfea5 tempest-GroupSnapshotsTest-244745086 None] Running cmd (subprocess): sudo cinder-rootwrap /etc/cinder/rootwrap.conf chmod ugo+rw /opt/stack/data/cinder/mnt/9b29f729aef4452f32135c3f251cbdb4/volume-a30e775d-40e8-40d1-a10b-11cc745dc65d.info {{(pid=86459) execute /opt/stack/data/venv/lib/python3.12/site-packages/oslo_concurrency/processutils.py:440}}
Jul 05 17:26:01 devstack sudo[95390]: quobyte : PWD=/ ; USER=root ; COMMAND=/opt/stack/data/venv/bin/cinder-rootwrap /etc/cinder/rootwrap.conf chmod ugo+rw /opt/stack/data/cinder/mnt/9b29f729aef4452f32135c3f251cbdb4/volume-a30e775d-40e8-40d1-a10b-11cc745dc65d.info
Jul 05 17:26:01 devstack sudo[95390]: pam_unix(sudo:session): session opened for user root(uid=0) by (uid=1000)
Jul 05 17:26:01 devstack sudo[95390]: pam_unix(sudo:session): session closed for user root
Jul 05 17:26:01 devstack cinder-volume[86459]: DEBUG oslo_concurrency.processutils [None req-64a1a726-05df-4b06-9d9d-913ff36cfea5 tempest-GroupSnapshotsTest-244745086 None] CMD "sudo cinder-rootwrap /etc/cinder/rootwrap.conf chmod ugo+rw /opt/stack/data/cinder/mnt/9b29f729aef4452f32135c3f251cbdb4/volume-a30e775d-40e8-40d1-a10b-11cc745dc65d.info" returned: 0 in 0.660s {{(pid=86459) execute /opt/stack/data/venv/lib/python3.12/site-packages/oslo_concurrency/processutils.py:468}}
Jul 05 17:26:01 devstack cinder-volume[86459]: DEBUG oslo_concurrency.lockutils [None req-64a1a726-05df-4b06-9d9d-913ff36cfea5 tempest-GroupSnapshotsTest-244745086 None] Lock "quobyte" "released" by "cinder.volume.drivers.quobyte.QuobyteDriver.create_snapshot" :: held 4.901s {{(pid=86459) inner /opt/stack/data/venv/lib/python3.12/site-packages/oslo_concurrency/lockutils.py:543}}
Jul 05 17:26:01 devstack cinder-volume[86459]: DEBUG oslo_concurrency.lockutils [None req-64a1a726-05df-4b06-9d9d-913ff36cfea5 tempest-GroupSnapshotsTest-244745086 None] Acquiring lock "quobyte" by "cinder.volume.drivers.quobyte.QuobyteDriver.create_snapshot" {{(pid=86459) inner /opt/stack/data/venv/lib/python3.12/site-packages/oslo_concurrency/lockutils.py:511}}
Jul 05 17:26:01 devstack cinder-volume[86459]: DEBUG oslo_concurrency.lockutils [None req-64a1a726-05df-4b06-9d9d-913ff36cfea5 tempest-GroupSnapshotsTest-244745086 None] Lock "quobyte" acquired by "cinder.volume.drivers.quobyte.QuobyteDriver.create_snapshot" :: waited 0.000s {{(pid=86459) inner /opt/stack/data/venv/lib/python3.12/site-packages/oslo_concurrency/lockutils.py:524}}
Jul 05 17:26:01 devstack cinder-volume[86459]: DEBUG cinder.volume.drivers.remotefs [None req-64a1a726-05df-4b06-9d9d-913ff36cfea5 tempest-GroupSnapshotsTest-244745086 None] Creating offline snapshot 8815bbe7-dfe7-4848-850e-0eae253833d8 of volume d6ae6366-bedc-4a4e-afbc-8fd521146155 {{(pid=86459) _create_snapshot /opt/stack/cinder/cinder/volume/drivers/remotefs.py:1816}}
Jul 05 17:26:01 devstack cinder-volume[86459]: DEBUG oslo.privsep.daemon [-] privsep: reply[838c93a0-e2b3-4fe5-928a-dd5d8bb9c3b4]: (4, 'qcow2') {{(pid=87482) _call_back /opt/stack/data/venv/lib/python3.12/site-packages/oslo_privsep/daemon.py:580}}
Jul 05 17:26:01 devstack cinder-volume[86459]: DEBUG oslo_concurrency.processutils [None req-64a1a726-05df-4b06-9d9d-913ff36cfea5 tempest-GroupSnapshotsTest-244745086 None] Running cmd (subprocess): /opt/stack/data/venv/bin/python3.12 -m oslo_concurrency.prlimit --as=1073741824 --cpu=60 -- sudo cinder-rootwrap /etc/cinder/rootwrap.conf env LC_ALL=C qemu-img info -f qcow2 --output=json --force-share /opt/stack/data/cinder/mnt/9b29f729aef4452f32135c3f251cbdb4/volume-d6ae6366-bedc-4a4e-afbc-8fd521146155 {{(pid=86459) execute /opt/stack/data/venv/lib/python3.12/site-packages/oslo_concurrency/processutils.py:440}}
Jul 05 17:26:01 devstack sudo[95409]: quobyte : PWD=/ ; USER=root ; COMMAND=/opt/stack/data/venv/bin/cinder-rootwrap /etc/cinder/rootwrap.conf env LC_ALL=C qemu-img info -f qcow2 --output=json --force-share /opt/stack/data/cinder/mnt/9b29f729aef4452f32135c3f251cbdb4/volume-d6ae6366-bedc-4a4e-afbc-8fd521146155
Jul 05 17:26:01 devstack sudo[95409]: pam_unix(sudo:session): session opened for user root(uid=0) by (uid=1000)
Jul 05 17:26:02 devstack sudo[95409]: pam_unix(sudo:session): session closed for user root
Jul 05 17:26:02 devstack cinder-volume[86459]: DEBUG oslo_concurrency.processutils [None req-64a1a726-05df-4b06-9d9d-913ff36cfea5 tempest-GroupSnapshotsTest-244745086 None] CMD "/opt/stack/data/venv/bin/python3.12 -m oslo_concurrency.prlimit --as=1073741824 --cpu=60 -- sudo cinder-rootwrap /etc/cinder/rootwrap.conf env LC_ALL=C qemu-img info -f qcow2 --output=json --force-share /opt/stack/data/cinder/mnt/9b29f729aef4452f32135c3f251cbdb4/volume-d6ae6366-bedc-4a4e-afbc-8fd521146155" returned: 0 in 0.764s {{(pid=86459) execute /opt/stack/data/venv/lib/python3.12/site-packages/oslo_concurrency/processutils.py:468}}
Jul 05 17:26:02 devstack cinder-volume[86459]: DEBUG oslo_concurrency.processutils [None req-64a1a726-05df-4b06-9d9d-913ff36cfea5 tempest-GroupSnapshotsTest-244745086 None] Running cmd (subprocess): sudo cinder-rootwrap /etc/cinder/rootwrap.conf qemu-img create -f qcow2 -o backing_file=/opt/stack/data/cinder/mnt/9b29f729aef4452f32135c3f251cbdb4/volume-d6ae6366-bedc-4a4e-afbc-8fd521146155,backing_fmt=qcow2 /opt/stack/data/cinder/mnt/9b29f729aef4452f32135c3f251cbdb4/volume-d6ae6366-bedc-4a4e-afbc-8fd521146155.8815bbe7-dfe7-4848-850e-0eae253833d8 1G {{(pid=86459) execute /opt/stack/data/venv/lib/python3.12/site-packages/oslo_concurrency/processutils.py:440}}
Jul 05 17:26:02 devstack sudo[95414]: quobyte : PWD=/ ; USER=root ; COMMAND=/opt/stack/data/venv/bin/cinder-rootwrap /etc/cinder/rootwrap.conf qemu-img create -f qcow2 -o backing_file=/opt/stack/data/cinder/mnt/9b29f729aef4452f32135c3f251cbdb4/volume-d6ae6366-bedc-4a4e-afbc-8fd521146155,backing_fmt=qcow2 /opt/stack/data/cinder/mnt/9b29f729aef4452f32135c3f251cbdb4/volume-d6ae6366-bedc-4a4e-afbc-8fd521146155.8815bbe7-dfe7-4848-850e-0eae253833d8 1G
Jul 05 17:26:02 devstack sudo[95414]: pam_unix(sudo:session): session opened for user root(uid=0) by (uid=1000)
Jul 05 17:26:03 devstack sudo[95414]: pam_unix(sudo:session): session closed for user root
Jul 05 17:26:03 devstack cinder-volume[86459]: DEBUG oslo_concurrency.processutils [None req-64a1a726-05df-4b06-9d9d-913ff36cfea5 tempest-GroupSnapshotsTest-244745086 None] CMD "sudo cinder-rootwrap /etc/cinder/rootwrap.conf qemu-img create -f qcow2 -o backing_file=/opt/stack/data/cinder/mnt/9b29f729aef4452f32135c3f251cbdb4/volume-d6ae6366-bedc-4a4e-afbc-8fd521146155,backing_fmt=qcow2 /opt/stack/data/cinder/mnt/9b29f729aef4452f32135c3f251cbdb4/volume-d6ae6366-bedc-4a4e-afbc-8fd521146155.8815bbe7-dfe7-4848-850e-0eae253833d8 1G" returned: 0 in 0.858s {{(pid=86459) execute /opt/stack/data/venv/lib/python3.12/site-packages/oslo_concurrency/processutils.py:468}}
Jul 05 17:26:03 devstack cinder-volume[86459]: DEBUG oslo_concurrency.processutils [None req-64a1a726-05df-4b06-9d9d-913ff36cfea5 tempest-GroupSnapshotsTest-244745086 None] Running cmd (subprocess): sudo cinder-rootwrap /etc/cinder/rootwrap.conf qemu-img rebase -u -b volume-d6ae6366-bedc-4a4e-afbc-8fd521146155 -F qcow2 /opt/stack/data/cinder/mnt/9b29f729aef4452f32135c3f251cbdb4/volume-d6ae6366-bedc-4a4e-afbc-8fd521146155.8815bbe7-dfe7-4848-850e-0eae253833d8 {{(pid=86459) execute /opt/stack/data/venv/lib/python3.12/site-packages/oslo_concurrency/processutils.py:440}}
Jul 05 17:26:03 devstack sudo[95422]: quobyte : PWD=/ ; USER=root ; COMMAND=/opt/stack/data/venv/bin/cinder-rootwrap /etc/cinder/rootwrap.conf qemu-img rebase -u -b volume-d6ae6366-bedc-4a4e-afbc-8fd521146155 -F qcow2 /opt/stack/data/cinder/mnt/9b29f729aef4452f32135c3f251cbdb4/volume-d6ae6366-bedc-4a4e-afbc-8fd521146155.8815bbe7-dfe7-4848-850e-0eae253833d8
Jul 05 17:26:03 devstack sudo[95422]: pam_unix(sudo:session): session opened for user root(uid=0) by (uid=1000)
Jul 05 17:26:04 devstack sudo[95422]: pam_unix(sudo:session): session closed for user root
Jul 05 17:26:04 devstack cinder-volume[86459]: DEBUG oslo_concurrency.processutils [None req-64a1a726-05df-4b06-9d9d-913ff36cfea5 tempest-GroupSnapshotsTest-244745086 None] CMD "sudo cinder-rootwrap /etc/cinder/rootwrap.conf qemu-img rebase -u -b volume-d6ae6366-bedc-4a4e-afbc-8fd521146155 -F qcow2 /opt/stack/data/cinder/mnt/9b29f729aef4452f32135c3f251cbdb4/volume-d6ae6366-bedc-4a4e-afbc-8fd521146155.8815bbe7-dfe7-4848-850e-0eae253833d8" returned: 0 in 0.831s {{(pid=86459) execute /opt/stack/data/venv/lib/python3.12/site-packages/oslo_concurrency/processutils.py:468}}
Jul 05 17:26:04 devstack cinder-volume[86459]: WARNING cinder.volume.drivers.remotefs [None req-64a1a726-05df-4b06-9d9d-913ff36cfea5 tempest-GroupSnapshotsTest-244745086 None] /opt/stack/data/cinder/mnt/9b29f729aef4452f32135c3f251cbdb4/volume-d6ae6366-bedc-4a4e-afbc-8fd521146155.8815bbe7-dfe7-4848-850e-0eae253833d8 is being set with open permissions: ugo+rw: NotImplementedError
Jul 05 17:26:04 devstack cinder-volume[86459]: DEBUG oslo_concurrency.processutils [None req-64a1a726-05df-4b06-9d9d-913ff36cfea5 tempest-GroupSnapshotsTest-244745086 None] Running cmd (subprocess): sudo cinder-rootwrap /etc/cinder/rootwrap.conf chmod ugo+rw /opt/stack/data/cinder/mnt/9b29f729aef4452f32135c3f251cbdb4/volume-d6ae6366-bedc-4a4e-afbc-8fd521146155.8815bbe7-dfe7-4848-850e-0eae253833d8 {{(pid=86459) execute /opt/stack/data/venv/lib/python3.12/site-packages/oslo_concurrency/processutils.py:440}}
Jul 05 17:26:04 devstack sudo[95427]: quobyte : PWD=/ ; USER=root ; COMMAND=/opt/stack/data/venv/bin/cinder-rootwrap /etc/cinder/rootwrap.conf chmod ugo+rw /opt/stack/data/cinder/mnt/9b29f729aef4452f32135c3f251cbdb4/volume-d6ae6366-bedc-4a4e-afbc-8fd521146155.8815bbe7-dfe7-4848-850e-0eae253833d8
Jul 05 17:26:04 devstack sudo[95427]: pam_unix(sudo:session): session opened for user root(uid=0) by (uid=1000)
Jul 05 17:26:05 devstack sudo[95427]: pam_unix(sudo:session): session closed for user root
Jul 05 17:26:05 devstack cinder-volume[86459]: DEBUG oslo_concurrency.processutils [None req-64a1a726-05df-4b06-9d9d-913ff36cfea5 tempest-GroupSnapshotsTest-244745086 None] CMD "sudo cinder-rootwrap /etc/cinder/rootwrap.conf chmod ugo+rw /opt/stack/data/cinder/mnt/9b29f729aef4452f32135c3f251cbdb4/volume-d6ae6366-bedc-4a4e-afbc-8fd521146155.8815bbe7-dfe7-4848-850e-0eae253833d8" returned: 0 in 0.740s {{(pid=86459) execute /opt/stack/data/venv/lib/python3.12/site-packages/oslo_concurrency/processutils.py:468}}
Jul 05 17:26:05 devstack cinder-volume[86459]: DEBUG oslo_concurrency.processutils [None req-64a1a726-05df-4b06-9d9d-913ff36cfea5 tempest-GroupSnapshotsTest-244745086 None] Running cmd (subprocess): sudo cinder-rootwrap /etc/cinder/rootwrap.conf truncate -s0 /opt/stack/data/cinder/mnt/9b29f729aef4452f32135c3f251cbdb4/volume-d6ae6366-bedc-4a4e-afbc-8fd521146155.info {{(pid=86459) execute /opt/stack/data/venv/lib/python3.12/site-packages/oslo_concurrency/processutils.py:440}}
Jul 05 17:26:05 devstack sudo[95445]: quobyte : PWD=/ ; USER=root ; COMMAND=/opt/stack/data/venv/bin/cinder-rootwrap /etc/cinder/rootwrap.conf truncate -s0 /opt/stack/data/cinder/mnt/9b29f729aef4452f32135c3f251cbdb4/volume-d6ae6366-bedc-4a4e-afbc-8fd521146155.info
Jul 05 17:26:05 devstack sudo[95445]: pam_unix(sudo:session): session opened for user root(uid=0) by (uid=1000)
Jul 05 17:26:05 devstack sudo[95445]: pam_unix(sudo:session): session closed for user root
Jul 05 17:26:05 devstack cinder-volume[86459]: DEBUG oslo_concurrency.processutils [None req-64a1a726-05df-4b06-9d9d-913ff36cfea5 tempest-GroupSnapshotsTest-244745086 None] CMD "sudo cinder-rootwrap /etc/cinder/rootwrap.conf truncate -s0 /opt/stack/data/cinder/mnt/9b29f729aef4452f32135c3f251cbdb4/volume-d6ae6366-bedc-4a4e-afbc-8fd521146155.info" returned: 0 in 0.671s {{(pid=86459) execute /opt/stack/data/venv/lib/python3.12/site-packages/oslo_concurrency/processutils.py:468}}
Jul 05 17:26:05 devstack cinder-volume[86459]: WARNING cinder.volume.drivers.remotefs [None req-64a1a726-05df-4b06-9d9d-913ff36cfea5 tempest-GroupSnapshotsTest-244745086 None] /opt/stack/data/cinder/mnt/9b29f729aef4452f32135c3f251cbdb4/volume-d6ae6366-bedc-4a4e-afbc-8fd521146155.info is being set with open permissions: ugo+rw: NotImplementedError
Jul 05 17:26:05 devstack cinder-volume[86459]: DEBUG oslo_concurrency.processutils [None req-64a1a726-05df-4b06-9d9d-913ff36cfea5 tempest-GroupSnapshotsTest-244745086 None] Running cmd (subprocess): sudo cinder-rootwrap /etc/cinder/rootwrap.conf chmod ugo+rw /opt/stack/data/cinder/mnt/9b29f729aef4452f32135c3f251cbdb4/volume-d6ae6366-bedc-4a4e-afbc-8fd521146155.info {{(pid=86459) execute /opt/stack/data/venv/lib/python3.12/site-packages/oslo_concurrency/processutils.py:440}}
Jul 05 17:26:05 devstack sudo[95450]: quobyte : PWD=/ ; USER=root ; COMMAND=/opt/stack/data/venv/bin/cinder-rootwrap /etc/cinder/rootwrap.conf chmod ugo+rw /opt/stack/data/cinder/mnt/9b29f729aef4452f32135c3f251cbdb4/volume-d6ae6366-bedc-4a4e-afbc-8fd521146155.info
Jul 05 17:26:05 devstack sudo[95450]: pam_unix(sudo:session): session opened for user root(uid=0) by (uid=1000)
Jul 05 17:26:06 devstack sudo[95450]: pam_unix(sudo:session): session closed for user root
Jul 05 17:26:06 devstack cinder-volume[86459]: DEBUG oslo_concurrency.processutils [None req-64a1a726-05df-4b06-9d9d-913ff36cfea5 tempest-GroupSnapshotsTest-244745086 None] CMD "sudo cinder-rootwrap /etc/cinder/rootwrap.conf chmod ugo+rw /opt/stack/data/cinder/mnt/9b29f729aef4452f32135c3f251cbdb4/volume-d6ae6366-bedc-4a4e-afbc-8fd521146155.info" returned: 0 in 0.654s {{(pid=86459) execute /opt/stack/data/venv/lib/python3.12/site-packages/oslo_concurrency/processutils.py:468}}
Jul 05 17:26:06 devstack cinder-volume[86459]: DEBUG oslo_concurrency.lockutils [None req-64a1a726-05df-4b06-9d9d-913ff36cfea5 tempest-GroupSnapshotsTest-244745086 None] Lock "quobyte" "released" by "cinder.volume.drivers.quobyte.QuobyteDriver.create_snapshot" :: held 4.625s {{(pid=86459) inner /opt/stack/data/venv/lib/python3.12/site-packages/oslo_concurrency/lockutils.py:543}}
Jul 05 17:26:06 devstack cinder-volume[86459]: DEBUG oslo_concurrency.lockutils [None req-3e880690-e1c9-462a-9515-35c4f645dfc1 tempest-SnapshotsActionsTest-1392168243 None] Lock "quobyte" acquired by "cinder.volume.drivers.quobyte.QuobyteDriver.create_snapshot" :: waited 6.617s {{(pid=86459) inner /opt/stack/data/venv/lib/python3.12/site-packages/oslo_concurrency/lockutils.py:524}}
Jul 05 17:26:06 devstack cinder-volume[86459]: DEBUG cinder.volume.drivers.remotefs [None req-3e880690-e1c9-462a-9515-35c4f645dfc1 tempest-SnapshotsActionsTest-1392168243 None] Creating offline snapshot 3bae37ab-b66a-4866-be5f-9f2334b5b7a6 of volume 7909e75c-b133-4b0a-abcb-4669dfee3778 {{(pid=86459) _create_snapshot /opt/stack/cinder/cinder/volume/drivers/remotefs.py:1816}}
Jul 05 17:26:06 devstack cinder-volume[86459]: DEBUG oslo.privsep.daemon [-] privsep: reply[b0104f33-c2df-4117-a608-21a9f230945c]: (4, 'qcow2') {{(pid=87482) _call_back /opt/stack/data/venv/lib/python3.12/site-packages/oslo_privsep/daemon.py:580}}
Jul 05 17:26:06 devstack cinder-volume[86459]: DEBUG oslo_concurrency.processutils [None req-3e880690-e1c9-462a-9515-35c4f645dfc1 tempest-SnapshotsActionsTest-1392168243 None] Running cmd (subprocess): /opt/stack/data/venv/bin/python3.12 -m oslo_concurrency.prlimit --as=1073741824 --cpu=60 -- sudo cinder-rootwrap /etc/cinder/rootwrap.conf env LC_ALL=C qemu-img info -f qcow2 --output=json --force-share /opt/stack/data/cinder/mnt/9b29f729aef4452f32135c3f251cbdb4/volume-7909e75c-b133-4b0a-abcb-4669dfee3778.f7412510-d7c5-4265-b0fe-0e31c7d94364 {{(pid=86459) execute /opt/stack/data/venv/lib/python3.12/site-packages/oslo_concurrency/processutils.py:440}}
Jul 05 17:26:06 devstack cinder-volume[86459]: INFO cinder.volume.manager [None req-64a1a726-05df-4b06-9d9d-913ff36cfea5 tempest-GroupSnapshotsTest-244745086 None] group_snapshot c4cc892b-1fad-4531-9662-9300d5ef299d: created successfully
Jul 05 17:26:06 devstack sudo[95454]: quobyte : PWD=/ ; USER=root ; COMMAND=/opt/stack/data/venv/bin/cinder-rootwrap /etc/cinder/rootwrap.conf env LC_ALL=C qemu-img info -f qcow2 --output=json --force-share /opt/stack/data/cinder/mnt/9b29f729aef4452f32135c3f251cbdb4/volume-7909e75c-b133-4b0a-abcb-4669dfee3778.f7412510-d7c5-4265-b0fe-0e31c7d94364
Jul 05 17:26:06 devstack sudo[95454]: pam_unix(sudo:session): session opened for user root(uid=0) by (uid=1000)
Jul 05 17:26:07 devstack cinder-volume[86459]: INFO cinder.volume.manager [None req-0d04e9be-89e5-4e2a-87e2-ac5bf3af6a1e tempest-GroupSnapshotsTest-244745086 None] group_snapshot c4cc892b-1fad-4531-9662-9300d5ef299d: deleting
Jul 05 17:26:07 devstack sudo[95454]: pam_unix(sudo:session): session closed for user root
Jul 05 17:26:07 devstack cinder-volume[86459]: DEBUG oslo_concurrency.processutils [None req-3e880690-e1c9-462a-9515-35c4f645dfc1 tempest-SnapshotsActionsTest-1392168243 None] CMD "/opt/stack/data/venv/bin/python3.12 -m oslo_concurrency.prlimit --as=1073741824 --cpu=60 -- sudo cinder-rootwrap /etc/cinder/rootwrap.conf env LC_ALL=C qemu-img info -f qcow2 --output=json --force-share /opt/stack/data/cinder/mnt/9b29f729aef4452f32135c3f251cbdb4/volume-7909e75c-b133-4b0a-abcb-4669dfee3778.f7412510-d7c5-4265-b0fe-0e31c7d94364" returned: 0 in 0.815s {{(pid=86459) execute /opt/stack/data/venv/lib/python3.12/site-packages/oslo_concurrency/processutils.py:468}}
Jul 05 17:26:07 devstack cinder-volume[86459]: DEBUG cinder.volume.drivers.remotefs [None req-3e880690-e1c9-462a-9515-35c4f645dfc1 tempest-SnapshotsActionsTest-1392168243 None] Fetching qemu-img info with special backing_file_template: (/opt/stack/data/cinder/mnt/[0-9a-f]+/)?(volume-7909e75c-b133-4b0a-abcb-4669dfee3778(.(tmp-snap-)?[0-9a-f-]+)?|volume_from_snapshot_cache/(tmp-snap-)?[0-9a-f-]+(.(child-|parent-)[0-9a-f-]+)?)$ {{(pid=86459) _qemu_img_info_base /opt/stack/cinder/cinder/volume/drivers/remotefs.py:896}}
Jul 05 17:26:07 devstack cinder-volume[86459]: DEBUG oslo_concurrency.processutils [None req-3e880690-e1c9-462a-9515-35c4f645dfc1 tempest-SnapshotsActionsTest-1392168243 None] Running cmd (subprocess): sudo cinder-rootwrap /etc/cinder/rootwrap.conf qemu-img create -f qcow2 -o backing_file=/opt/stack/data/cinder/mnt/9b29f729aef4452f32135c3f251cbdb4/volume-7909e75c-b133-4b0a-abcb-4669dfee3778.f7412510-d7c5-4265-b0fe-0e31c7d94364,backing_fmt=qcow2 /opt/stack/data/cinder/mnt/9b29f729aef4452f32135c3f251cbdb4/volume-7909e75c-b133-4b0a-abcb-4669dfee3778.3bae37ab-b66a-4866-be5f-9f2334b5b7a6 1G {{(pid=86459) execute /opt/stack/data/venv/lib/python3.12/site-packages/oslo_concurrency/processutils.py:440}}
Jul 05 17:26:07 devstack cinder-volume[86459]: DEBUG cinder.volume.manager [None req-0d04e9be-89e5-4e2a-87e2-ac5bf3af6a1e tempest-GroupSnapshotsTest-244745086 None] group_snapshot c4cc892b-1fad-4531-9662-9300d5ef299d: deleting {{(pid=86459) delete_group_snapshot /opt/stack/cinder/cinder/volume/manager.py:4350}}
Jul 05 17:26:07 devstack sudo[95459]: quobyte : PWD=/ ; USER=root ; COMMAND=/opt/stack/data/venv/bin/cinder-rootwrap /etc/cinder/rootwrap.conf qemu-img create -f qcow2 -o backing_file=/opt/stack/data/cinder/mnt/9b29f729aef4452f32135c3f251cbdb4/volume-7909e75c-b133-4b0a-abcb-4669dfee3778.f7412510-d7c5-4265-b0fe-0e31c7d94364,backing_fmt=qcow2 /opt/stack/data/cinder/mnt/9b29f729aef4452f32135c3f251cbdb4/volume-7909e75c-b133-4b0a-abcb-4669dfee3778.3bae37ab-b66a-4866-be5f-9f2334b5b7a6 1G
Jul 05 17:26:07 devstack sudo[95459]: pam_unix(sudo:session): session opened for user root(uid=0) by (uid=1000)
Jul 05 17:26:07 devstack cinder-volume[86459]: DEBUG cinder.coordination [None req-0d04e9be-89e5-4e2a-87e2-ac5bf3af6a1e tempest-GroupSnapshotsTest-244745086 None] Acquiring lock "cinder-quobyte-a30e775d-40e8-40d1-a10b-11cc745dc65d" by "delete_snapshot" {{(pid=86459) __acquire /opt/stack/cinder/cinder/coordination.py:138}}
Jul 05 17:26:07 devstack cinder-volume[86459]: DEBUG cinder.coordination [None req-0d04e9be-89e5-4e2a-87e2-ac5bf3af6a1e tempest-GroupSnapshotsTest-244745086 None] Lock "cinder-quobyte-a30e775d-40e8-40d1-a10b-11cc745dc65d" acquired by "delete_snapshot" :: waited 0.017s {{(pid=86459) __acquire /opt/stack/cinder/cinder/coordination.py:141}}
Jul 05 17:26:07 devstack cinder-volume[86459]: DEBUG cinder.coordination [None req-0d04e9be-89e5-4e2a-87e2-ac5bf3af6a1e tempest-GroupSnapshotsTest-244745086 None] Acquiring lock "cinder-quobyte-7087ea10-e085-405a-bba4-09d4d32c2404" by "_delete_snapshot" {{(pid=86459) __acquire /opt/stack/cinder/cinder/coordination.py:138}}
Jul 05 17:26:07 devstack cinder-volume[86459]: DEBUG cinder.coordination [None req-0d04e9be-89e5-4e2a-87e2-ac5bf3af6a1e tempest-GroupSnapshotsTest-244745086 None] Lock "cinder-quobyte-7087ea10-e085-405a-bba4-09d4d32c2404" acquired by "_delete_snapshot" :: waited 0.015s {{(pid=86459) __acquire /opt/stack/cinder/cinder/coordination.py:141}}
Jul 05 17:26:07 devstack cinder-volume[86459]: DEBUG cinder.volume.drivers.remotefs [None req-0d04e9be-89e5-4e2a-87e2-ac5bf3af6a1e tempest-GroupSnapshotsTest-244745086 None] Deleting offline snapshot 7087ea10-e085-405a-bba4-09d4d32c2404 of volume a30e775d-40e8-40d1-a10b-11cc745dc65d {{(pid=86459) _delete_snapshot /opt/stack/cinder/cinder/volume/drivers/remotefs.py:1288}}
Jul 05 17:26:07 devstack cinder-volume[86459]: DEBUG cinder.volume.drivers.remotefs [None req-0d04e9be-89e5-4e2a-87e2-ac5bf3af6a1e tempest-GroupSnapshotsTest-244745086 None] snapshot_file for this snap is: volume-a30e775d-40e8-40d1-a10b-11cc745dc65d.7087ea10-e085-405a-bba4-09d4d32c2404 {{(pid=86459) _delete_snapshot /opt/stack/cinder/cinder/volume/drivers/remotefs.py:1317}}
Jul 05 17:26:07 devstack cinder-volume[86459]: DEBUG oslo.privsep.daemon [-] privsep: reply[b3e9e369-f939-41ee-9228-5e09bf3432cb]: (4, 'qcow2') {{(pid=87482) _call_back /opt/stack/data/venv/lib/python3.12/site-packages/oslo_privsep/daemon.py:580}}
Jul 05 17:26:07 devstack cinder-volume[86459]: DEBUG oslo_concurrency.processutils [None req-0d04e9be-89e5-4e2a-87e2-ac5bf3af6a1e tempest-GroupSnapshotsTest-244745086 None] Running cmd (subprocess): /opt/stack/data/venv/bin/python3.12 -m oslo_concurrency.prlimit --as=1073741824 --cpu=60 -- sudo cinder-rootwrap /etc/cinder/rootwrap.conf env LC_ALL=C qemu-img info -f qcow2 --output=json --force-share /opt/stack/data/cinder/mnt/9b29f729aef4452f32135c3f251cbdb4/volume-a30e775d-40e8-40d1-a10b-11cc745dc65d.7087ea10-e085-405a-bba4-09d4d32c2404 {{(pid=86459) execute /opt/stack/data/venv/lib/python3.12/site-packages/oslo_concurrency/processutils.py:440}}
Jul 05 17:26:07 devstack sudo[95461]: quobyte : PWD=/ ; USER=root ; COMMAND=/opt/stack/data/venv/bin/cinder-rootwrap /etc/cinder/rootwrap.conf env LC_ALL=C qemu-img info -f qcow2 --output=json --force-share /opt/stack/data/cinder/mnt/9b29f729aef4452f32135c3f251cbdb4/volume-a30e775d-40e8-40d1-a10b-11cc745dc65d.7087ea10-e085-405a-bba4-09d4d32c2404
Jul 05 17:26:07 devstack sudo[95461]: pam_unix(sudo:session): session opened for user root(uid=0) by (uid=1000)
Jul 05 17:26:08 devstack sudo[95459]: pam_unix(sudo:session): session closed for user root
Jul 05 17:26:08 devstack cinder-volume[86459]: DEBUG oslo_concurrency.processutils [None req-3e880690-e1c9-462a-9515-35c4f645dfc1 tempest-SnapshotsActionsTest-1392168243 None] CMD "sudo cinder-rootwrap /etc/cinder/rootwrap.conf qemu-img create -f qcow2 -o backing_file=/opt/stack/data/cinder/mnt/9b29f729aef4452f32135c3f251cbdb4/volume-7909e75c-b133-4b0a-abcb-4669dfee3778.f7412510-d7c5-4265-b0fe-0e31c7d94364,backing_fmt=qcow2 /opt/stack/data/cinder/mnt/9b29f729aef4452f32135c3f251cbdb4/volume-7909e75c-b133-4b0a-abcb-4669dfee3778.3bae37ab-b66a-4866-be5f-9f2334b5b7a6 1G" returned: 0 in 0.919s {{(pid=86459) execute /opt/stack/data/venv/lib/python3.12/site-packages/oslo_concurrency/processutils.py:468}}
Jul 05 17:26:08 devstack cinder-volume[86459]: DEBUG oslo_concurrency.processutils [None req-3e880690-e1c9-462a-9515-35c4f645dfc1 tempest-SnapshotsActionsTest-1392168243 None] Running cmd (subprocess): sudo cinder-rootwrap /etc/cinder/rootwrap.conf qemu-img rebase -u -b volume-7909e75c-b133-4b0a-abcb-4669dfee3778.f7412510-d7c5-4265-b0fe-0e31c7d94364 -F qcow2 /opt/stack/data/cinder/mnt/9b29f729aef4452f32135c3f251cbdb4/volume-7909e75c-b133-4b0a-abcb-4669dfee3778.3bae37ab-b66a-4866-be5f-9f2334b5b7a6 {{(pid=86459) execute /opt/stack/data/venv/lib/python3.12/site-packages/oslo_concurrency/processutils.py:440}}
