Jan 07 08:28:41 devstack cinder-volume[80503]: DEBUG oslo_concurrency.processutils [req-5705a92c-a2f6-4cfc-892a-d2d46b60db8c req-345e4b58-26a5-4464-98b7-9b0961cd2bc3 tempest-TaggedBootDevicesTest_v242-1455264045 None] CMD "/opt/stack/data/venv/bin/python3.10 -m oslo_concurrency.prlimit --as=1073741824 --cpu=60 -- sudo cinder-rootwrap /etc/cinder/rootwrap.conf env LC_ALL=C qemu-img info -f raw --output=json --force-share /opt/stack/data/cinder/mnt/87532f78f73fe98b8d2704a9590d1809/volume-5f7e84c4-fa63-466e-b437-bf42a6bb1db7" returned: 0 in 0.782s {{(pid=80503) execute /opt/stack/data/venv/lib/python3.10/site-packages/oslo_concurrency/processutils.py:372}}
Jan 07 08:28:41 devstack cinder-volume[80503]: DEBUG oslo_concurrency.processutils [req-5705a92c-a2f6-4cfc-892a-d2d46b60db8c req-345e4b58-26a5-4464-98b7-9b0961cd2bc3 tempest-TaggedBootDevicesTest_v242-1455264045 None] Running cmd (subprocess): /opt/stack/data/venv/bin/python3.10 -m oslo_concurrency.prlimit --as=1073741824 --cpu=60 -- sudo cinder-rootwrap /etc/cinder/rootwrap.conf env LC_ALL=C qemu-img info -f luks --output=json --force-share /opt/stack/data/cinder/mnt/87532f78f73fe98b8d2704a9590d1809/volume-5f7e84c4-fa63-466e-b437-bf42a6bb1db7 {{(pid=80503) execute /opt/stack/data/venv/lib/python3.10/site-packages/oslo_concurrency/processutils.py:349}}
Jan 07 08:28:41 devstack sudo[89290]: quobyte : PWD=/ ; USER=root ; COMMAND=/opt/stack/data/venv/bin/cinder-rootwrap /etc/cinder/rootwrap.conf df --portability --block-size 1 /opt/stack/data/cinder/mnt/87532f78f73fe98b8d2704a9590d1809
Jan 07 08:28:41 devstack sudo[89290]: pam_unix(sudo:session): session opened for user root(uid=0) by (uid=1000)
Jan 07 08:28:41 devstack sudo[89291]: quobyte : PWD=/ ; USER=root ; COMMAND=/opt/stack/data/venv/bin/cinder-rootwrap /etc/cinder/rootwrap.conf env LC_ALL=C qemu-img info -f luks --output=json --force-share /opt/stack/data/cinder/mnt/87532f78f73fe98b8d2704a9590d1809/volume-5f7e84c4-fa63-466e-b437-bf42a6bb1db7
Jan 07 08:28:41 devstack sudo[89291]: pam_unix(sudo:session): session opened for user root(uid=0) by (uid=1000)
Jan 07 08:28:41 devstack sudo[89284]: pam_unix(sudo:session): session closed for user root
Jan 07 08:28:41 devstack cinder-volume[80503]: DEBUG oslo_concurrency.processutils [None req-095132cb-b716-431a-8103-a923ae33a9ad tempest-VolumesSnapshotNegativeTestJSON-1568608255 None] CMD "/opt/stack/data/venv/bin/python3.10 -m oslo_concurrency.prlimit --as=1073741824 --cpu=60 -- sudo cinder-rootwrap /etc/cinder/rootwrap.conf env LC_ALL=C qemu-img info -f qcow2 --output=json --force-share /opt/stack/data/cinder/mnt/87532f78f73fe98b8d2704a9590d1809/volume-a0473d41-ee53-475d-b45a-fd652ba908d5" returned: 0 in 0.862s {{(pid=80503) execute /opt/stack/data/venv/lib/python3.10/site-packages/oslo_concurrency/processutils.py:372}}
Jan 07 08:28:41 devstack cinder-volume[80503]: DEBUG oslo_concurrency.processutils [None req-095132cb-b716-431a-8103-a923ae33a9ad tempest-VolumesSnapshotNegativeTestJSON-1568608255 None] Running cmd (subprocess): sudo cinder-rootwrap /etc/cinder/rootwrap.conf rm -f /opt/stack/data/cinder/mnt/87532f78f73fe98b8d2704a9590d1809/volume-a0473d41-ee53-475d-b45a-fd652ba908d5 {{(pid=80503) execute /opt/stack/data/venv/lib/python3.10/site-packages/oslo_concurrency/processutils.py:349}}
Jan 07 08:28:41 devstack sudo[89297]: quobyte : PWD=/ ; USER=root ; COMMAND=/opt/stack/data/venv/bin/cinder-rootwrap /etc/cinder/rootwrap.conf rm -f /opt/stack/data/cinder/mnt/87532f78f73fe98b8d2704a9590d1809/volume-a0473d41-ee53-475d-b45a-fd652ba908d5
Jan 07 08:28:41 devstack sudo[89297]: pam_unix(sudo:session): session opened for user root(uid=0) by (uid=1000)
Jan 07 08:28:42 devstack sudo[89290]: pam_unix(sudo:session): session closed for user root
Jan 07 08:28:42 devstack cinder-volume[80503]: DEBUG oslo_concurrency.processutils [None req-92781d44-0f20-4971-b6df-c35fea4edbfe None None] CMD "sudo cinder-rootwrap /etc/cinder/rootwrap.conf df --portability --block-size 1 /opt/stack/data/cinder/mnt/87532f78f73fe98b8d2704a9590d1809" returned: 0 in 0.822s {{(pid=80503) execute /opt/stack/data/venv/lib/python3.10/site-packages/oslo_concurrency/processutils.py:372}}
Jan 07 08:28:42 devstack cinder-volume[80503]: DEBUG cinder.manager [None req-92781d44-0f20-4971-b6df-c35fea4edbfe None None] Notifying Schedulers of capabilities ... {{(pid=80503) _publish_service_capabilities /opt/stack/cinder/cinder/manager.py:202}}
Jan 07 08:28:42 devstack sudo[89291]: pam_unix(sudo:session): session closed for user root
Jan 07 08:28:42 devstack cinder-volume[80503]: DEBUG oslo_concurrency.processutils [req-5705a92c-a2f6-4cfc-892a-d2d46b60db8c req-345e4b58-26a5-4464-98b7-9b0961cd2bc3 tempest-TaggedBootDevicesTest_v242-1455264045 None] CMD "/opt/stack/data/venv/bin/python3.10 -m oslo_concurrency.prlimit --as=1073741824 --cpu=60 -- sudo cinder-rootwrap /etc/cinder/rootwrap.conf env LC_ALL=C qemu-img info -f luks --output=json --force-share /opt/stack/data/cinder/mnt/87532f78f73fe98b8d2704a9590d1809/volume-5f7e84c4-fa63-466e-b437-bf42a6bb1db7" returned: 1 in 0.953s {{(pid=80503) execute /opt/stack/data/venv/lib/python3.10/site-packages/oslo_concurrency/processutils.py:372}}
Jan 07 08:28:42 devstack cinder-volume[80503]: DEBUG oslo_concurrency.processutils [req-5705a92c-a2f6-4cfc-892a-d2d46b60db8c req-345e4b58-26a5-4464-98b7-9b0961cd2bc3 tempest-TaggedBootDevicesTest_v242-1455264045 None] '/opt/stack/data/venv/bin/python3.10 -m oslo_concurrency.prlimit --as=1073741824 --cpu=60 -- sudo cinder-rootwrap /etc/cinder/rootwrap.conf env LC_ALL=C qemu-img info -f luks --output=json --force-share /opt/stack/data/cinder/mnt/87532f78f73fe98b8d2704a9590d1809/volume-5f7e84c4-fa63-466e-b437-bf42a6bb1db7' failed. Not Retrying. {{(pid=80503) execute /opt/stack/data/venv/lib/python3.10/site-packages/oslo_concurrency/processutils.py:423}}
Jan 07 08:28:42 devstack cinder-volume[80503]: DEBUG oslo_concurrency.lockutils [req-5705a92c-a2f6-4cfc-892a-d2d46b60db8c req-345e4b58-26a5-4464-98b7-9b0961cd2bc3 tempest-TaggedBootDevicesTest_v242-1455264045 None] Lock "quobyte" "released" by "cinder.volume.drivers.quobyte.QuobyteDriver.initialize_connection" :: held 1.771s {{(pid=80503) inner /opt/stack/data/venv/lib/python3.10/site-packages/oslo_concurrency/lockutils.py:424}}
Jan 07 08:28:42 devstack cinder-volume[80503]: DEBUG cinder.volume.manager [req-5705a92c-a2f6-4cfc-892a-d2d46b60db8c req-345e4b58-26a5-4464-98b7-9b0961cd2bc3 tempest-TaggedBootDevicesTest_v242-1455264045 None] Connection info returned from driver {'export': 'osci02.corp.quobyte.com/cinder-vol-3b857850-4571-4ed2-9df6-15bc2759946f', 'name': 'volume-5f7e84c4-fa63-466e-b437-bf42a6bb1db7', 'options': None, 'format': 'raw', 'qos_specs': None, 'access_mode': 'rw', 'encrypted': False, 'cacheable': False, 'driver_volume_type': 'quobyte', 'mount_point_base': '/opt/stack/data/cinder/mnt', 'attachment_id': 'd9cc39a9-cc09-426e-bfea-04018eae8489', 'enforce_multipath': True} {{(pid=80503) _connection_create /opt/stack/cinder/cinder/volume/manager.py:4893}}
Jan 07 08:28:42 devstack cinder-volume[80503]: WARNING cinder.volume.volume_utils [req-5705a92c-a2f6-4cfc-892a-d2d46b60db8c req-345e4b58-26a5-4464-98b7-9b0961cd2bc3 tempest-TaggedBootDevicesTest_v242-1455264045 None] Volume driver (QuobyteDriver 1.1.13) is currently unsupported and may be removed in the next release of OpenStack. Use at your own risk.
Jan 07 08:28:42 devstack cinder-volume[80503]: WARNING cinder.volume.volume_utils [None req-a0117b5b-e6e1-4271-853b-89186bf1bfb7 tempest-GroupSnapshotsTest-1957085327 None] Volume driver (QuobyteDriver 1.1.13) is currently unsupported and may be removed in the next release of OpenStack. Use at your own risk.
Jan 07 08:28:42 devstack sudo[89297]: pam_unix(sudo:session): session closed for user root
Jan 07 08:28:42 devstack cinder-volume[80503]: DEBUG oslo_concurrency.processutils [None req-095132cb-b716-431a-8103-a923ae33a9ad tempest-VolumesSnapshotNegativeTestJSON-1568608255 None] CMD "sudo cinder-rootwrap /etc/cinder/rootwrap.conf rm -f /opt/stack/data/cinder/mnt/87532f78f73fe98b8d2704a9590d1809/volume-a0473d41-ee53-475d-b45a-fd652ba908d5" returned: 0 in 0.812s {{(pid=80503) execute /opt/stack/data/venv/lib/python3.10/site-packages/oslo_concurrency/processutils.py:372}}
Jan 07 08:28:42 devstack cinder-volume[80503]: DEBUG cinder.coordination [None req-095132cb-b716-431a-8103-a923ae33a9ad tempest-VolumesSnapshotNegativeTestJSON-1568608255 None] Lock "cinder-quobyte-a0473d41-ee53-475d-b45a-fd652ba908d5" released by "delete_volume" :: held 1.738s {{(pid=80503) __release /opt/stack/cinder/cinder/coordination.py:157}}
Jan 07 08:28:42 devstack cinder-volume[80503]: INFO cinder.volume.manager [req-5705a92c-a2f6-4cfc-892a-d2d46b60db8c req-345e4b58-26a5-4464-98b7-9b0961cd2bc3 tempest-TaggedBootDevicesTest_v242-1455264045 None] attachment_update completed successfully.
Jan 07 08:28:42 devstack cinder-volume[80503]: INFO cinder.volume.manager [None req-a0117b5b-e6e1-4271-853b-89186bf1bfb7 tempest-GroupSnapshotsTest-1957085327 None] Update group completed successfully.
Jan 07 08:28:42 devstack cinder-volume[80503]: DEBUG cinder.quota [None req-095132cb-b716-431a-8103-a923ae33a9ad tempest-VolumesSnapshotNegativeTestJSON-1568608255 None] Created reservations ['cf124035-82d7-4989-a7a4-97ae4f7df90d', '58d936b9-71c5-4460-8e80-00812d6232ec', '41d5318f-4ef9-4913-ad3d-5f79f9256424', 'e85ca663-cd7b-4488-9afa-0c9f4921f335'] {{(pid=80503) reserve /opt/stack/cinder/cinder/quota.py:752}}
Jan 07 08:28:42 devstack cinder-volume[80503]: DEBUG oslo_concurrency.lockutils [None req-095132cb-b716-431a-8103-a923ae33a9ad tempest-VolumesSnapshotNegativeTestJSON-1568608255 None] Acquiring lock "quobyte_ensure" by "cinder.volume.drivers.quobyte.QuobyteDriver._ensure_shares_mounted" {{(pid=80503) inner /opt/stack/data/venv/lib/python3.10/site-packages/oslo_concurrency/lockutils.py:405}}
Jan 07 08:28:42 devstack cinder-volume[80503]: DEBUG oslo_concurrency.lockutils [None req-095132cb-b716-431a-8103-a923ae33a9ad tempest-VolumesSnapshotNegativeTestJSON-1568608255 None] Lock "quobyte_ensure" acquired by "cinder.volume.drivers.quobyte.QuobyteDriver._ensure_shares_mounted" :: waited 0.001s {{(pid=80503) inner /opt/stack/data/venv/lib/python3.10/site-packages/oslo_concurrency/lockutils.py:410}}
Jan 07 08:28:42 devstack cinder-volume[80503]: DEBUG cinder.volume.drivers.quobyte [None req-095132cb-b716-431a-8103-a923ae33a9ad tempest-VolumesSnapshotNegativeTestJSON-1568608255 None] Quobyte Volume URL set to: {'osci02.corp.quobyte.com/cinder-vol-3b857850-4571-4ed2-9df6-15bc2759946f': None} {{(pid=80503) _load_shares_config /opt/stack/cinder/cinder/volume/drivers/quobyte.py:611}}
Jan 07 08:28:42 devstack cinder-volume[80503]: DEBUG cinder.volume.drivers.quobyte [None req-095132cb-b716-431a-8103-a923ae33a9ad tempest-VolumesSnapshotNegativeTestJSON-1568608255 None] Available shares ['osci02.corp.quobyte.com/cinder-vol-3b857850-4571-4ed2-9df6-15bc2759946f'] {{(pid=80503) _ensure_shares_mounted /opt/stack/cinder/cinder/volume/drivers/quobyte.py:641}}
Jan 07 08:28:42 devstack cinder-volume[80503]: DEBUG oslo_concurrency.lockutils [None req-095132cb-b716-431a-8103-a923ae33a9ad tempest-VolumesSnapshotNegativeTestJSON-1568608255 None] Lock "quobyte_ensure" "released" by "cinder.volume.drivers.quobyte.QuobyteDriver._ensure_shares_mounted" :: held 0.007s {{(pid=80503) inner /opt/stack/data/venv/lib/python3.10/site-packages/oslo_concurrency/lockutils.py:424}}
Jan 07 08:28:42 devstack cinder-volume[80503]: DEBUG oslo_concurrency.processutils [None req-095132cb-b716-431a-8103-a923ae33a9ad tempest-VolumesSnapshotNegativeTestJSON-1568608255 None] Running cmd (subprocess): sudo cinder-rootwrap /etc/cinder/rootwrap.conf df --portability --block-size 1 /opt/stack/data/cinder/mnt/87532f78f73fe98b8d2704a9590d1809 {{(pid=80503) execute /opt/stack/data/venv/lib/python3.10/site-packages/oslo_concurrency/processutils.py:349}}
Jan 07 08:28:42 devstack sudo[89304]: quobyte : PWD=/ ; USER=root ; COMMAND=/opt/stack/data/venv/bin/cinder-rootwrap /etc/cinder/rootwrap.conf df --portability --block-size 1 /opt/stack/data/cinder/mnt/87532f78f73fe98b8d2704a9590d1809
Jan 07 08:28:42 devstack sudo[89304]: pam_unix(sudo:session): session opened for user root(uid=0) by (uid=1000)
Jan 07 08:28:43 devstack sudo[89304]: pam_unix(sudo:session): session closed for user root
Jan 07 08:28:43 devstack cinder-volume[80503]: DEBUG oslo_concurrency.processutils [None req-095132cb-b716-431a-8103-a923ae33a9ad tempest-VolumesSnapshotNegativeTestJSON-1568608255 None] CMD "sudo cinder-rootwrap /etc/cinder/rootwrap.conf df --portability --block-size 1 /opt/stack/data/cinder/mnt/87532f78f73fe98b8d2704a9590d1809" returned: 0 in 0.570s {{(pid=80503) execute /opt/stack/data/venv/lib/python3.10/site-packages/oslo_concurrency/processutils.py:372}}
Jan 07 08:28:43 devstack cinder-volume[80503]: DEBUG cinder.manager [None req-095132cb-b716-431a-8103-a923ae33a9ad tempest-VolumesSnapshotNegativeTestJSON-1568608255 None] Notifying Schedulers of capabilities ... {{(pid=80503) _publish_service_capabilities /opt/stack/cinder/cinder/manager.py:202}}
Jan 07 08:28:43 devstack cinder-volume[80503]: INFO cinder.volume.manager [None req-095132cb-b716-431a-8103-a923ae33a9ad tempest-VolumesSnapshotNegativeTestJSON-1568608255 None] Deleted volume successfully.
Jan 07 08:28:43 devstack cinder-volume[80503]: DEBUG cinder.coordination [None req-095132cb-b716-431a-8103-a923ae33a9ad tempest-VolumesSnapshotNegativeTestJSON-1568608255 None] Lock "cinder-a0473d41-ee53-475d-b45a-fd652ba908d5-delete_volume" released by "delete_volume" :: held 2.540s {{(pid=80503) __release /opt/stack/cinder/cinder/coordination.py:157}}
Jan 07 08:28:43 devstack cinder-volume[80503]: INFO cinder.volume.manager [None req-ef745fa5-37b0-4353-9e9b-759afd4068ad tempest-GroupSnapshotsTest-1957085327 None] GroupSnapshot 12195632-ef30-4163-bf6d-7b0916ebe98a: creating.
Jan 07 08:28:43 devstack cinder-volume[80503]: WARNING cinder.volume.volume_utils [None req-ef745fa5-37b0-4353-9e9b-759afd4068ad tempest-GroupSnapshotsTest-1957085327 None] Volume driver (QuobyteDriver 1.1.13) is currently unsupported and may be removed in the next release of OpenStack. Use at your own risk.
Jan 07 08:28:43 devstack cinder-volume[80503]: DEBUG cinder.volume.manager [None req-ef745fa5-37b0-4353-9e9b-759afd4068ad tempest-GroupSnapshotsTest-1957085327 None] Group snapshot 12195632-ef30-4163-bf6d-7b0916ebe98a: creating. {{(pid=80503) create_group_snapshot /opt/stack/cinder/cinder/volume/manager.py:4144}}
Jan 07 08:28:43 devstack cinder-volume[80503]: DEBUG oslo_concurrency.lockutils [None req-ef745fa5-37b0-4353-9e9b-759afd4068ad tempest-GroupSnapshotsTest-1957085327 None] Acquiring lock "quobyte" by "cinder.volume.drivers.quobyte.QuobyteDriver.create_snapshot" {{(pid=80503) inner /opt/stack/data/venv/lib/python3.10/site-packages/oslo_concurrency/lockutils.py:405}}
Jan 07 08:28:43 devstack cinder-volume[80503]: DEBUG oslo_concurrency.lockutils [None req-ef745fa5-37b0-4353-9e9b-759afd4068ad tempest-GroupSnapshotsTest-1957085327 None] Lock "quobyte" acquired by "cinder.volume.drivers.quobyte.QuobyteDriver.create_snapshot" :: waited 0.001s {{(pid=80503) inner /opt/stack/data/venv/lib/python3.10/site-packages/oslo_concurrency/lockutils.py:410}}
Jan 07 08:28:43 devstack cinder-volume[80503]: DEBUG cinder.volume.drivers.remotefs [None req-ef745fa5-37b0-4353-9e9b-759afd4068ad tempest-GroupSnapshotsTest-1957085327 None] Creating offline snapshot aaebb67c-88a9-418b-a86c-ba3fb0019f4a of volume 5c9679eb-1e41-487f-b3bc-d70d4d1781de {{(pid=80503) _create_snapshot /opt/stack/cinder/cinder/volume/drivers/remotefs.py:1817}}
Jan 07 08:28:43 devstack cinder-volume[80503]: DEBUG oslo.privsep.daemon [-] privsep: reply[c73c1e9d-964d-4f68-b773-f0a8f4ae3279]: (4, 'qcow2') {{(pid=81443) _call_back /opt/stack/data/venv/lib/python3.10/site-packages/oslo_privsep/daemon.py:515}}
Jan 07 08:28:43 devstack cinder-volume[80503]: DEBUG oslo_concurrency.processutils [None req-ef745fa5-37b0-4353-9e9b-759afd4068ad tempest-GroupSnapshotsTest-1957085327 None] Running cmd (subprocess): /opt/stack/data/venv/bin/python3.10 -m oslo_concurrency.prlimit --as=1073741824 --cpu=60 -- sudo cinder-rootwrap /etc/cinder/rootwrap.conf env LC_ALL=C qemu-img info -f qcow2 --output=json --force-share /opt/stack/data/cinder/mnt/87532f78f73fe98b8d2704a9590d1809/volume-5c9679eb-1e41-487f-b3bc-d70d4d1781de {{(pid=80503) execute /opt/stack/data/venv/lib/python3.10/site-packages/oslo_concurrency/processutils.py:349}}
Jan 07 08:28:44 devstack cinder-volume[80503]: DEBUG oslo_concurrency.lockutils [req-5705a92c-a2f6-4cfc-892a-d2d46b60db8c req-b77943f6-9713-4f9b-9c9f-307a7c878399 tempest-TaggedBootDevicesTest_v242-1455264045 None] Acquiring lock "quobyte" by "cinder.volume.drivers.quobyte.QuobyteDriver.initialize_connection" {{(pid=80503) inner /opt/stack/data/venv/lib/python3.10/site-packages/oslo_concurrency/lockutils.py:405}}
Jan 07 08:28:44 devstack sudo[89315]: quobyte : PWD=/ ; USER=root ; COMMAND=/opt/stack/data/venv/bin/cinder-rootwrap /etc/cinder/rootwrap.conf env LC_ALL=C qemu-img info -f qcow2 --output=json --force-share /opt/stack/data/cinder/mnt/87532f78f73fe98b8d2704a9590d1809/volume-5c9679eb-1e41-487f-b3bc-d70d4d1781de
Jan 07 08:28:44 devstack sudo[89315]: pam_unix(sudo:session): session opened for user root(uid=0) by (uid=1000)
Jan 07 08:28:44 devstack sudo[89315]: pam_unix(sudo:session): session closed for user root
Jan 07 08:28:44 devstack cinder-volume[80503]: DEBUG oslo_concurrency.processutils [None req-ef745fa5-37b0-4353-9e9b-759afd4068ad tempest-GroupSnapshotsTest-1957085327 None] CMD "/opt/stack/data/venv/bin/python3.10 -m oslo_concurrency.prlimit --as=1073741824 --cpu=60 -- sudo cinder-rootwrap /etc/cinder/rootwrap.conf env LC_ALL=C qemu-img info -f qcow2 --output=json --force-share /opt/stack/data/cinder/mnt/87532f78f73fe98b8d2704a9590d1809/volume-5c9679eb-1e41-487f-b3bc-d70d4d1781de" returned: 0 in 0.740s {{(pid=80503) execute /opt/stack/data/venv/lib/python3.10/site-packages/oslo_concurrency/processutils.py:372}}
Jan 07 08:28:44 devstack cinder-volume[80503]: DEBUG oslo_concurrency.processutils [None req-ef745fa5-37b0-4353-9e9b-759afd4068ad tempest-GroupSnapshotsTest-1957085327 None] Running cmd (subprocess): sudo cinder-rootwrap /etc/cinder/rootwrap.conf qemu-img create -f qcow2 -o backing_file=/opt/stack/data/cinder/mnt/87532f78f73fe98b8d2704a9590d1809/volume-5c9679eb-1e41-487f-b3bc-d70d4d1781de,backing_fmt=qcow2 /opt/stack/data/cinder/mnt/87532f78f73fe98b8d2704a9590d1809/volume-5c9679eb-1e41-487f-b3bc-d70d4d1781de.aaebb67c-88a9-418b-a86c-ba3fb0019f4a 1G {{(pid=80503) execute /opt/stack/data/venv/lib/python3.10/site-packages/oslo_concurrency/processutils.py:349}}
Jan 07 08:28:44 devstack sudo[89322]: quobyte : PWD=/ ; USER=root ; COMMAND=/opt/stack/data/venv/bin/cinder-rootwrap /etc/cinder/rootwrap.conf qemu-img create -f qcow2 -o backing_file=/opt/stack/data/cinder/mnt/87532f78f73fe98b8d2704a9590d1809/volume-5c9679eb-1e41-487f-b3bc-d70d4d1781de,backing_fmt=qcow2 /opt/stack/data/cinder/mnt/87532f78f73fe98b8d2704a9590d1809/volume-5c9679eb-1e41-487f-b3bc-d70d4d1781de.aaebb67c-88a9-418b-a86c-ba3fb0019f4a 1G
Jan 07 08:28:44 devstack sudo[89322]: pam_unix(sudo:session): session opened for user root(uid=0) by (uid=1000)
Jan 07 08:28:45 devstack sudo[89322]: pam_unix(sudo:session): session closed for user root
Jan 07 08:28:45 devstack cinder-volume[80503]: DEBUG oslo_concurrency.processutils [None req-ef745fa5-37b0-4353-9e9b-759afd4068ad tempest-GroupSnapshotsTest-1957085327 None] CMD "sudo cinder-rootwrap /etc/cinder/rootwrap.conf qemu-img create -f qcow2 -o backing_file=/opt/stack/data/cinder/mnt/87532f78f73fe98b8d2704a9590d1809/volume-5c9679eb-1e41-487f-b3bc-d70d4d1781de,backing_fmt=qcow2 /opt/stack/data/cinder/mnt/87532f78f73fe98b8d2704a9590d1809/volume-5c9679eb-1e41-487f-b3bc-d70d4d1781de.aaebb67c-88a9-418b-a86c-ba3fb0019f4a 1G" returned: 0 in 0.688s {{(pid=80503) execute /opt/stack/data/venv/lib/python3.10/site-packages/oslo_concurrency/processutils.py:372}}
Jan 07 08:28:45 devstack cinder-volume[80503]: DEBUG oslo_concurrency.processutils [None req-ef745fa5-37b0-4353-9e9b-759afd4068ad tempest-GroupSnapshotsTest-1957085327 None] Running cmd (subprocess): sudo cinder-rootwrap /etc/cinder/rootwrap.conf qemu-img rebase -u -b volume-5c9679eb-1e41-487f-b3bc-d70d4d1781de -F qcow2 /opt/stack/data/cinder/mnt/87532f78f73fe98b8d2704a9590d1809/volume-5c9679eb-1e41-487f-b3bc-d70d4d1781de.aaebb67c-88a9-418b-a86c-ba3fb0019f4a {{(pid=80503) execute /opt/stack/data/venv/lib/python3.10/site-packages/oslo_concurrency/processutils.py:349}}
Jan 07 08:28:45 devstack sudo[89327]: quobyte : PWD=/ ; USER=root ; COMMAND=/opt/stack/data/venv/bin/cinder-rootwrap /etc/cinder/rootwrap.conf qemu-img rebase -u -b volume-5c9679eb-1e41-487f-b3bc-d70d4d1781de -F qcow2 /opt/stack/data/cinder/mnt/87532f78f73fe98b8d2704a9590d1809/volume-5c9679eb-1e41-487f-b3bc-d70d4d1781de.aaebb67c-88a9-418b-a86c-ba3fb0019f4a
Jan 07 08:28:45 devstack sudo[89327]: pam_unix(sudo:session): session opened for user root(uid=0) by (uid=1000)
Jan 07 08:28:45 devstack sudo[89327]: pam_unix(sudo:session): session closed for user root
Jan 07 08:28:45 devstack cinder-volume[80503]: DEBUG oslo_concurrency.processutils [None req-ef745fa5-37b0-4353-9e9b-759afd4068ad tempest-GroupSnapshotsTest-1957085327 None] CMD "sudo cinder-rootwrap /etc/cinder/rootwrap.conf qemu-img rebase -u -b volume-5c9679eb-1e41-487f-b3bc-d70d4d1781de -F qcow2 /opt/stack/data/cinder/mnt/87532f78f73fe98b8d2704a9590d1809/volume-5c9679eb-1e41-487f-b3bc-d70d4d1781de.aaebb67c-88a9-418b-a86c-ba3fb0019f4a" returned: 0 in 0.635s {{(pid=80503) execute /opt/stack/data/venv/lib/python3.10/site-packages/oslo_concurrency/processutils.py:372}}
Jan 07 08:28:45 devstack cinder-volume[80503]: WARNING cinder.volume.drivers.remotefs [None req-ef745fa5-37b0-4353-9e9b-759afd4068ad tempest-GroupSnapshotsTest-1957085327 None] /opt/stack/data/cinder/mnt/87532f78f73fe98b8d2704a9590d1809/volume-5c9679eb-1e41-487f-b3bc-d70d4d1781de.aaebb67c-88a9-418b-a86c-ba3fb0019f4a is being set with open permissions: ugo+rw: NotImplementedError
Jan 07 08:28:45 devstack cinder-volume[80503]: DEBUG oslo_concurrency.processutils [None req-ef745fa5-37b0-4353-9e9b-759afd4068ad tempest-GroupSnapshotsTest-1957085327 None] Running cmd (subprocess): sudo cinder-rootwrap /etc/cinder/rootwrap.conf chmod ugo+rw /opt/stack/data/cinder/mnt/87532f78f73fe98b8d2704a9590d1809/volume-5c9679eb-1e41-487f-b3bc-d70d4d1781de.aaebb67c-88a9-418b-a86c-ba3fb0019f4a {{(pid=80503) execute /opt/stack/data/venv/lib/python3.10/site-packages/oslo_concurrency/processutils.py:349}}
Jan 07 08:28:46 devstack sudo[89333]: quobyte : PWD=/ ; USER=root ; COMMAND=/opt/stack/data/venv/bin/cinder-rootwrap /etc/cinder/rootwrap.conf chmod ugo+rw /opt/stack/data/cinder/mnt/87532f78f73fe98b8d2704a9590d1809/volume-5c9679eb-1e41-487f-b3bc-d70d4d1781de.aaebb67c-88a9-418b-a86c-ba3fb0019f4a
Jan 07 08:28:46 devstack sudo[89333]: pam_unix(sudo:session): session opened for user root(uid=0) by (uid=1000)
Jan 07 08:28:46 devstack sudo[89333]: pam_unix(sudo:session): session closed for user root
Jan 07 08:28:46 devstack cinder-volume[80503]: DEBUG oslo_concurrency.processutils [None req-ef745fa5-37b0-4353-9e9b-759afd4068ad tempest-GroupSnapshotsTest-1957085327 None] CMD "sudo cinder-rootwrap /etc/cinder/rootwrap.conf chmod ugo+rw /opt/stack/data/cinder/mnt/87532f78f73fe98b8d2704a9590d1809/volume-5c9679eb-1e41-487f-b3bc-d70d4d1781de.aaebb67c-88a9-418b-a86c-ba3fb0019f4a" returned: 0 in 0.636s {{(pid=80503) execute /opt/stack/data/venv/lib/python3.10/site-packages/oslo_concurrency/processutils.py:372}}
Jan 07 08:28:46 devstack cinder-volume[80503]: DEBUG oslo_concurrency.processutils [None req-ef745fa5-37b0-4353-9e9b-759afd4068ad tempest-GroupSnapshotsTest-1957085327 None] Running cmd (subprocess): sudo cinder-rootwrap /etc/cinder/rootwrap.conf truncate -s0 /opt/stack/data/cinder/mnt/87532f78f73fe98b8d2704a9590d1809/volume-5c9679eb-1e41-487f-b3bc-d70d4d1781de.info {{(pid=80503) execute /opt/stack/data/venv/lib/python3.10/site-packages/oslo_concurrency/processutils.py:349}}
Jan 07 08:28:46 devstack sudo[89371]: quobyte : PWD=/ ; USER=root ; COMMAND=/opt/stack/data/venv/bin/cinder-rootwrap /etc/cinder/rootwrap.conf truncate -s0 /opt/stack/data/cinder/mnt/87532f78f73fe98b8d2704a9590d1809/volume-5c9679eb-1e41-487f-b3bc-d70d4d1781de.info
Jan 07 08:28:46 devstack sudo[89371]: pam_unix(sudo:session): session opened for user root(uid=0) by (uid=1000)
Jan 07 08:28:47 devstack sudo[89371]: pam_unix(sudo:session): session closed for user root
Jan 07 08:28:47 devstack cinder-volume[80503]: DEBUG oslo_concurrency.processutils [None req-ef745fa5-37b0-4353-9e9b-759afd4068ad tempest-GroupSnapshotsTest-1957085327 None] CMD "sudo cinder-rootwrap /etc/cinder/rootwrap.conf truncate -s0 /opt/stack/data/cinder/mnt/87532f78f73fe98b8d2704a9590d1809/volume-5c9679eb-1e41-487f-b3bc-d70d4d1781de.info" returned: 0 in 0.603s {{(pid=80503) execute /opt/stack/data/venv/lib/python3.10/site-packages/oslo_concurrency/processutils.py:372}}
Jan 07 08:28:47 devstack cinder-volume[80503]: WARNING cinder.volume.drivers.remotefs [None req-ef745fa5-37b0-4353-9e9b-759afd4068ad tempest-GroupSnapshotsTest-1957085327 None] /opt/stack/data/cinder/mnt/87532f78f73fe98b8d2704a9590d1809/volume-5c9679eb-1e41-487f-b3bc-d70d4d1781de.info is being set with open permissions: ugo+rw: NotImplementedError
Jan 07 08:28:47 devstack cinder-volume[80503]: DEBUG oslo_concurrency.processutils [None req-ef745fa5-37b0-4353-9e9b-759afd4068ad tempest-GroupSnapshotsTest-1957085327 None] Running cmd (subprocess): sudo cinder-rootwrap /etc/cinder/rootwrap.conf chmod ugo+rw /opt/stack/data/cinder/mnt/87532f78f73fe98b8d2704a9590d1809/volume-5c9679eb-1e41-487f-b3bc-d70d4d1781de.info {{(pid=80503) execute /opt/stack/data/venv/lib/python3.10/site-packages/oslo_concurrency/processutils.py:349}}
Jan 07 08:28:47 devstack sudo[89375]: quobyte : PWD=/ ; USER=root ; COMMAND=/opt/stack/data/venv/bin/cinder-rootwrap /etc/cinder/rootwrap.conf chmod ugo+rw /opt/stack/data/cinder/mnt/87532f78f73fe98b8d2704a9590d1809/volume-5c9679eb-1e41-487f-b3bc-d70d4d1781de.info
Jan 07 08:28:47 devstack sudo[89375]: pam_unix(sudo:session): session opened for user root(uid=0) by (uid=1000)
Jan 07 08:28:47 devstack sudo[89375]: pam_unix(sudo:session): session closed for user root
Jan 07 08:28:47 devstack cinder-volume[80503]: DEBUG oslo_concurrency.processutils [None req-ef745fa5-37b0-4353-9e9b-759afd4068ad tempest-GroupSnapshotsTest-1957085327 None] CMD "sudo cinder-rootwrap /etc/cinder/rootwrap.conf chmod ugo+rw /opt/stack/data/cinder/mnt/87532f78f73fe98b8d2704a9590d1809/volume-5c9679eb-1e41-487f-b3bc-d70d4d1781de.info" returned: 0 in 0.498s {{(pid=80503) execute /opt/stack/data/venv/lib/python3.10/site-packages/oslo_concurrency/processutils.py:372}}
Jan 07 08:28:47 devstack cinder-volume[80503]: DEBUG oslo_concurrency.lockutils [None req-ef745fa5-37b0-4353-9e9b-759afd4068ad tempest-GroupSnapshotsTest-1957085327 None] Lock "quobyte" "released" by "cinder.volume.drivers.quobyte.QuobyteDriver.create_snapshot" :: held 3.891s {{(pid=80503) inner /opt/stack/data/venv/lib/python3.10/site-packages/oslo_concurrency/lockutils.py:424}}
Jan 07 08:28:47 devstack cinder-volume[80503]: DEBUG oslo_concurrency.lockutils [None req-ef745fa5-37b0-4353-9e9b-759afd4068ad tempest-GroupSnapshotsTest-1957085327 None] Acquiring lock "quobyte" by "cinder.volume.drivers.quobyte.QuobyteDriver.create_snapshot" {{(pid=80503) inner /opt/stack/data/venv/lib/python3.10/site-packages/oslo_concurrency/lockutils.py:405}}
Jan 07 08:28:47 devstack cinder-volume[80503]: DEBUG oslo_concurrency.lockutils [None req-ef745fa5-37b0-4353-9e9b-759afd4068ad tempest-GroupSnapshotsTest-1957085327 None] Lock "quobyte" acquired by "cinder.volume.drivers.quobyte.QuobyteDriver.create_snapshot" :: waited 0.000s {{(pid=80503) inner /opt/stack/data/venv/lib/python3.10/site-packages/oslo_concurrency/lockutils.py:410}}
Jan 07 08:28:47 devstack cinder-volume[80503]: DEBUG cinder.volume.drivers.remotefs [None req-ef745fa5-37b0-4353-9e9b-759afd4068ad tempest-GroupSnapshotsTest-1957085327 None] Creating offline snapshot ae9b4027-5942-4540-8a43-f5a7db9b9a1b of volume 4cb9ab82-be20-4633-821e-ed066bfba90f {{(pid=80503) _create_snapshot /opt/stack/cinder/cinder/volume/drivers/remotefs.py:1817}}
Jan 07 08:28:47 devstack cinder-volume[80503]: DEBUG oslo.privsep.daemon [-] privsep: reply[32438cbb-0f93-4bd0-acd4-1511552f1e7c]: (4, 'qcow2') {{(pid=81443) _call_back /opt/stack/data/venv/lib/python3.10/site-packages/oslo_privsep/daemon.py:515}}
Jan 07 08:28:47 devstack cinder-volume[80503]: DEBUG oslo_concurrency.processutils [None req-ef745fa5-37b0-4353-9e9b-759afd4068ad tempest-GroupSnapshotsTest-1957085327 None] Running cmd (subprocess): /opt/stack/data/venv/bin/python3.10 -m oslo_concurrency.prlimit --as=1073741824 --cpu=60 -- sudo cinder-rootwrap /etc/cinder/rootwrap.conf env LC_ALL=C qemu-img info -f qcow2 --output=json --force-share /opt/stack/data/cinder/mnt/87532f78f73fe98b8d2704a9590d1809/volume-4cb9ab82-be20-4633-821e-ed066bfba90f {{(pid=80503) execute /opt/stack/data/venv/lib/python3.10/site-packages/oslo_concurrency/processutils.py:349}}
Jan 07 08:28:47 devstack sudo[89378]: quobyte : PWD=/ ; USER=root ; COMMAND=/opt/stack/data/venv/bin/cinder-rootwrap /etc/cinder/rootwrap.conf env LC_ALL=C qemu-img info -f qcow2 --output=json --force-share /opt/stack/data/cinder/mnt/87532f78f73fe98b8d2704a9590d1809/volume-4cb9ab82-be20-4633-821e-ed066bfba90f
Jan 07 08:28:47 devstack sudo[89378]: pam_unix(sudo:session): session opened for user root(uid=0) by (uid=1000)
Jan 07 08:28:48 devstack sudo[89378]: pam_unix(sudo:session): session closed for user root
Jan 07 08:28:48 devstack cinder-volume[80503]: DEBUG oslo_concurrency.processutils [None req-ef745fa5-37b0-4353-9e9b-759afd4068ad tempest-GroupSnapshotsTest-1957085327 None] CMD "/opt/stack/data/venv/bin/python3.10 -m oslo_concurrency.prlimit --as=1073741824 --cpu=60 -- sudo cinder-rootwrap /etc/cinder/rootwrap.conf env LC_ALL=C qemu-img info -f qcow2 --output=json --force-share /opt/stack/data/cinder/mnt/87532f78f73fe98b8d2704a9590d1809/volume-4cb9ab82-be20-4633-821e-ed066bfba90f" returned: 0 in 0.682s {{(pid=80503) execute /opt/stack/data/venv/lib/python3.10/site-packages/oslo_concurrency/processutils.py:372}}
Jan 07 08:28:48 devstack cinder-volume[80503]: DEBUG oslo_concurrency.processutils [None req-ef745fa5-37b0-4353-9e9b-759afd4068ad tempest-GroupSnapshotsTest-1957085327 None] Running cmd (subprocess): sudo cinder-rootwrap /etc/cinder/rootwrap.conf qemu-img create -f qcow2 -o backing_file=/opt/stack/data/cinder/mnt/87532f78f73fe98b8d2704a9590d1809/volume-4cb9ab82-be20-4633-821e-ed066bfba90f,backing_fmt=qcow2 /opt/stack/data/cinder/mnt/87532f78f73fe98b8d2704a9590d1809/volume-4cb9ab82-be20-4633-821e-ed066bfba90f.ae9b4027-5942-4540-8a43-f5a7db9b9a1b 1G {{(pid=80503) execute /opt/stack/data/venv/lib/python3.10/site-packages/oslo_concurrency/processutils.py:349}}
Jan 07 08:28:48 devstack sudo[89384]: quobyte : PWD=/ ; USER=root ; COMMAND=/opt/stack/data/venv/bin/cinder-rootwrap /etc/cinder/rootwrap.conf qemu-img create -f qcow2 -o backing_file=/opt/stack/data/cinder/mnt/87532f78f73fe98b8d2704a9590d1809/volume-4cb9ab82-be20-4633-821e-ed066bfba90f,backing_fmt=qcow2 /opt/stack/data/cinder/mnt/87532f78f73fe98b8d2704a9590d1809/volume-4cb9ab82-be20-4633-821e-ed066bfba90f.ae9b4027-5942-4540-8a43-f5a7db9b9a1b 1G
Jan 07 08:28:48 devstack sudo[89384]: pam_unix(sudo:session): session opened for user root(uid=0) by (uid=1000)
Jan 07 08:28:49 devstack sudo[89384]: pam_unix(sudo:session): session closed for user root
Jan 07 08:28:49 devstack cinder-volume[80503]: DEBUG oslo_concurrency.processutils [None req-ef745fa5-37b0-4353-9e9b-759afd4068ad tempest-GroupSnapshotsTest-1957085327 None] CMD "sudo cinder-rootwrap /etc/cinder/rootwrap.conf qemu-img create -f qcow2 -o backing_file=/opt/stack/data/cinder/mnt/87532f78f73fe98b8d2704a9590d1809/volume-4cb9ab82-be20-4633-821e-ed066bfba90f,backing_fmt=qcow2 /opt/stack/data/cinder/mnt/87532f78f73fe98b8d2704a9590d1809/volume-4cb9ab82-be20-4633-821e-ed066bfba90f.ae9b4027-5942-4540-8a43-f5a7db9b9a1b 1G" returned: 0 in 0.670s {{(pid=80503) execute /opt/stack/data/venv/lib/python3.10/site-packages/oslo_concurrency/processutils.py:372}}
Jan 07 08:28:49 devstack cinder-volume[80503]: DEBUG oslo_concurrency.processutils [None req-ef745fa5-37b0-4353-9e9b-759afd4068ad tempest-GroupSnapshotsTest-1957085327 None] Running cmd (subprocess): sudo cinder-rootwrap /etc/cinder/rootwrap.conf qemu-img rebase -u -b volume-4cb9ab82-be20-4633-821e-ed066bfba90f -F qcow2 /opt/stack/data/cinder/mnt/87532f78f73fe98b8d2704a9590d1809/volume-4cb9ab82-be20-4633-821e-ed066bfba90f.ae9b4027-5942-4540-8a43-f5a7db9b9a1b {{(pid=80503) execute /opt/stack/data/venv/lib/python3.10/site-packages/oslo_concurrency/processutils.py:349}}
Jan 07 08:28:49 devstack sudo[89390]: quobyte : PWD=/ ; USER=root ; COMMAND=/opt/stack/data/venv/bin/cinder-rootwrap /etc/cinder/rootwrap.conf qemu-img rebase -u -b volume-4cb9ab82-be20-4633-821e-ed066bfba90f -F qcow2 /opt/stack/data/cinder/mnt/87532f78f73fe98b8d2704a9590d1809/volume-4cb9ab82-be20-4633-821e-ed066bfba90f.ae9b4027-5942-4540-8a43-f5a7db9b9a1b
Jan 07 08:28:49 devstack sudo[89390]: pam_unix(sudo:session): session opened for user root(uid=0) by (uid=1000)
Jan 07 08:28:49 devstack sudo[89390]: pam_unix(sudo:session): session closed for user root
Jan 07 08:28:49 devstack cinder-volume[80503]: DEBUG oslo_concurrency.processutils [None req-ef745fa5-37b0-4353-9e9b-759afd4068ad tempest-GroupSnapshotsTest-1957085327 None] CMD "sudo cinder-rootwrap /etc/cinder/rootwrap.conf qemu-img rebase -u -b volume-4cb9ab82-be20-4633-821e-ed066bfba90f -F qcow2 /opt/stack/data/cinder/mnt/87532f78f73fe98b8d2704a9590d1809/volume-4cb9ab82-be20-4633-821e-ed066bfba90f.ae9b4027-5942-4540-8a43-f5a7db9b9a1b" returned: 0 in 0.525s {{(pid=80503) execute /opt/stack/data/venv/lib/python3.10/site-packages/oslo_concurrency/processutils.py:372}}
Jan 07 08:28:49 devstack cinder-volume[80503]: WARNING cinder.volume.drivers.remotefs [None req-ef745fa5-37b0-4353-9e9b-759afd4068ad tempest-GroupSnapshotsTest-1957085327 None] /opt/stack/data/cinder/mnt/87532f78f73fe98b8d2704a9590d1809/volume-4cb9ab82-be20-4633-821e-ed066bfba90f.ae9b4027-5942-4540-8a43-f5a7db9b9a1b is being set with open permissions: ugo+rw: NotImplementedError
Jan 07 08:28:49 devstack cinder-volume[80503]: DEBUG oslo_concurrency.processutils [None req-ef745fa5-37b0-4353-9e9b-759afd4068ad tempest-GroupSnapshotsTest-1957085327 None] Running cmd (subprocess): sudo cinder-rootwrap /etc/cinder/rootwrap.conf chmod ugo+rw /opt/stack/data/cinder/mnt/87532f78f73fe98b8d2704a9590d1809/volume-4cb9ab82-be20-4633-821e-ed066bfba90f.ae9b4027-5942-4540-8a43-f5a7db9b9a1b {{(pid=80503) execute /opt/stack/data/venv/lib/python3.10/site-packages/oslo_concurrency/processutils.py:349}}
Jan 07 08:28:49 devstack sudo[89395]: quobyte : PWD=/ ; USER=root ; COMMAND=/opt/stack/data/venv/bin/cinder-rootwrap /etc/cinder/rootwrap.conf chmod ugo+rw /opt/stack/data/cinder/mnt/87532f78f73fe98b8d2704a9590d1809/volume-4cb9ab82-be20-4633-821e-ed066bfba90f.ae9b4027-5942-4540-8a43-f5a7db9b9a1b
Jan 07 08:28:49 devstack sudo[89395]: pam_unix(sudo:session): session opened for user root(uid=0) by (uid=1000)
Jan 07 08:28:50 devstack sudo[89395]: pam_unix(sudo:session): session closed for user root
Jan 07 08:28:50 devstack cinder-volume[80503]: DEBUG oslo_concurrency.processutils [None req-ef745fa5-37b0-4353-9e9b-759afd4068ad tempest-GroupSnapshotsTest-1957085327 None] CMD "sudo cinder-rootwrap /etc/cinder/rootwrap.conf chmod ugo+rw /opt/stack/data/cinder/mnt/87532f78f73fe98b8d2704a9590d1809/volume-4cb9ab82-be20-4633-821e-ed066bfba90f.ae9b4027-5942-4540-8a43-f5a7db9b9a1b" returned: 0 in 0.687s {{(pid=80503) execute /opt/stack/data/venv/lib/python3.10/site-packages/oslo_concurrency/processutils.py:372}}
Jan 07 08:28:50 devstack cinder-volume[80503]: DEBUG dbcounter [-] [80503] Writing DB stats cinder:SELECT=117,cinder:UPDATE=116,cinder:DELETE=5,cinder:INSERT=23 {{(pid=80503) stat_writer /opt/stack/data/venv/lib/python3.10/site-packages/dbcounter.py:115}}
Jan 07 08:28:50 devstack cinder-volume[80503]: DEBUG dbcounter [-] [80503] Writing DB stats cinder:SELECT=128,cinder:UPDATE=98,cinder:INSERT=34,cinder:DELETE=8 {{(pid=80503) stat_writer /opt/stack/data/venv/lib/python3.10/site-packages/dbcounter.py:115}}
Jan 07 08:28:50 devstack cinder-volume[80503]: DEBUG oslo_concurrency.processutils [None req-ef745fa5-37b0-4353-9e9b-759afd4068ad tempest-GroupSnapshotsTest-1957085327 None] Running cmd (subprocess): sudo cinder-rootwrap /etc/cinder/rootwrap.conf truncate -s0 /opt/stack/data/cinder/mnt/87532f78f73fe98b8d2704a9590d1809/volume-4cb9ab82-be20-4633-821e-ed066bfba90f.info {{(pid=80503) execute /opt/stack/data/venv/lib/python3.10/site-packages/oslo_concurrency/processutils.py:349}}
Jan 07 08:28:50 devstack sudo[89398]: quobyte : PWD=/ ; USER=root ; COMMAND=/opt/stack/data/venv/bin/cinder-rootwrap /etc/cinder/rootwrap.conf truncate -s0 /opt/stack/data/cinder/mnt/87532f78f73fe98b8d2704a9590d1809/volume-4cb9ab82-be20-4633-821e-ed066bfba90f.info
Jan 07 08:28:50 devstack sudo[89398]: pam_unix(sudo:session): session opened for user root(uid=0) by (uid=1000)
Jan 07 08:28:51 devstack sudo[89398]: pam_unix(sudo:session): session closed for user root
Jan 07 08:28:51 devstack cinder-volume[80503]: DEBUG oslo_concurrency.processutils [None req-ef745fa5-37b0-4353-9e9b-759afd4068ad tempest-GroupSnapshotsTest-1957085327 None] CMD "sudo cinder-rootwrap /etc/cinder/rootwrap.conf truncate -s0 /opt/stack/data/cinder/mnt/87532f78f73fe98b8d2704a9590d1809/volume-4cb9ab82-be20-4633-821e-ed066bfba90f.info" returned: 0 in 0.662s {{(pid=80503) execute /opt/stack/data/venv/lib/python3.10/site-packages/oslo_concurrency/processutils.py:372}}
Jan 07 08:28:51 devstack cinder-volume[80503]: WARNING cinder.volume.drivers.remotefs [None req-ef745fa5-37b0-4353-9e9b-759afd4068ad tempest-GroupSnapshotsTest-1957085327 None] /opt/stack/data/cinder/mnt/87532f78f73fe98b8d2704a9590d1809/volume-4cb9ab82-be20-4633-821e-ed066bfba90f.info is being set with open permissions: ugo+rw: NotImplementedError
Jan 07 08:28:51 devstack cinder-volume[80503]: DEBUG oslo_concurrency.processutils [None req-ef745fa5-37b0-4353-9e9b-759afd4068ad tempest-GroupSnapshotsTest-1957085327 None] Running cmd (subprocess): sudo cinder-rootwrap /etc/cinder/rootwrap.conf chmod ugo+rw /opt/stack/data/cinder/mnt/87532f78f73fe98b8d2704a9590d1809/volume-4cb9ab82-be20-4633-821e-ed066bfba90f.info {{(pid=80503) execute /opt/stack/data/venv/lib/python3.10/site-packages/oslo_concurrency/processutils.py:349}}
Jan 07 08:28:51 devstack sudo[89401]: quobyte : PWD=/ ; USER=root ; COMMAND=/opt/stack/data/venv/bin/cinder-rootwrap /etc/cinder/rootwrap.conf chmod ugo+rw /opt/stack/data/cinder/mnt/87532f78f73fe98b8d2704a9590d1809/volume-4cb9ab82-be20-4633-821e-ed066bfba90f.info
Jan 07 08:28:51 devstack sudo[89401]: pam_unix(sudo:session): session opened for user root(uid=0) by (uid=1000)
Jan 07 08:28:51 devstack sudo[89401]: pam_unix(sudo:session): session closed for user root
Jan 07 08:28:51 devstack cinder-volume[80503]: DEBUG oslo_concurrency.processutils [None req-ef745fa5-37b0-4353-9e9b-759afd4068ad tempest-GroupSnapshotsTest-1957085327 None] CMD "sudo cinder-rootwrap /etc/cinder/rootwrap.conf chmod ugo+rw /opt/stack/data/cinder/mnt/87532f78f73fe98b8d2704a9590d1809/volume-4cb9ab82-be20-4633-821e-ed066bfba90f.info" returned: 0 in 0.585s {{(pid=80503) execute /opt/stack/data/venv/lib/python3.10/site-packages/oslo_concurrency/processutils.py:372}}
Jan 07 08:28:51 devstack cinder-volume[80503]: DEBUG oslo_concurrency.lockutils [None req-ef745fa5-37b0-4353-9e9b-759afd4068ad tempest-GroupSnapshotsTest-1957085327 None] Lock "quobyte" "released" by "cinder.volume.drivers.quobyte.QuobyteDriver.create_snapshot" :: held 3.891s {{(pid=80503) inner /opt/stack/data/venv/lib/python3.10/site-packages/oslo_concurrency/lockutils.py:424}}
Jan 07 08:28:51 devstack cinder-volume[80503]: DEBUG oslo_concurrency.lockutils [req-5705a92c-a2f6-4cfc-892a-d2d46b60db8c req-b77943f6-9713-4f9b-9c9f-307a7c878399 tempest-TaggedBootDevicesTest_v242-1455264045 None] Lock "quobyte" acquired by "cinder.volume.drivers.quobyte.QuobyteDriver.initialize_connection" :: waited 7.581s {{(pid=80503) inner /opt/stack/data/venv/lib/python3.10/site-packages/oslo_concurrency/lockutils.py:410}}
Jan 07 08:28:51 devstack cinder-volume[80503]: DEBUG oslo.privsep.daemon [-] privsep: reply[f6666964-a9de-4e97-a85e-91a7136fa7af]: (4, 'qcow2') {{(pid=81443) _call_back /opt/stack/data/venv/lib/python3.10/site-packages/oslo_privsep/daemon.py:515}}
Jan 07 08:28:51 devstack cinder-volume[80503]: DEBUG oslo_concurrency.processutils [req-5705a92c-a2f6-4cfc-892a-d2d46b60db8c req-b77943f6-9713-4f9b-9c9f-307a7c878399 tempest-TaggedBootDevicesTest_v242-1455264045 None] Running cmd (subprocess): /opt/stack/data/venv/bin/python3.10 -m oslo_concurrency.prlimit --as=1073741824 --cpu=60 -- sudo cinder-rootwrap /etc/cinder/rootwrap.conf env LC_ALL=C qemu-img info -f qcow2 --output=json --force-share /opt/stack/data/cinder/mnt/87532f78f73fe98b8d2704a9590d1809/volume-5367f2c1-091d-4f4f-950b-2c388018524e {{(pid=80503) execute /opt/stack/data/venv/lib/python3.10/site-packages/oslo_concurrency/processutils.py:349}}
Jan 07 08:28:51 devstack cinder-volume[80503]: INFO cinder.volume.manager [None req-ef745fa5-37b0-4353-9e9b-759afd4068ad tempest-GroupSnapshotsTest-1957085327 None] group_snapshot 12195632-ef30-4163-bf6d-7b0916ebe98a: created successfully
Jan 07 08:28:51 devstack sudo[89404]: quobyte : PWD=/ ; USER=root ; COMMAND=/opt/stack/data/venv/bin/cinder-rootwrap /etc/cinder/rootwrap.conf env LC_ALL=C qemu-img info -f qcow2 --output=json --force-share /opt/stack/data/cinder/mnt/87532f78f73fe98b8d2704a9590d1809/volume-5367f2c1-091d-4f4f-950b-2c388018524e
Jan 07 08:28:51 devstack sudo[89404]: pam_unix(sudo:session): session opened for user root(uid=0) by (uid=1000)
Jan 07 08:28:52 devstack cinder-volume[80503]: INFO cinder.volume.manager [None req-dbc22665-0cb7-4ff3-bdec-a41a5607d809 tempest-GroupSnapshotsTest-1957085327 None] group_snapshot 12195632-ef30-4163-bf6d-7b0916ebe98a: deleting
Jan 07 08:28:52 devstack cinder-volume[80503]: WARNING cinder.volume.volume_utils [None req-dbc22665-0cb7-4ff3-bdec-a41a5607d809 tempest-GroupSnapshotsTest-1957085327 None] Volume driver (QuobyteDriver 1.1.13) is currently unsupported and may be removed in the next release of OpenStack. Use at your own risk.
Jan 07 08:28:52 devstack cinder-volume[80503]: DEBUG cinder.volume.manager [None req-dbc22665-0cb7-4ff3-bdec-a41a5607d809 tempest-GroupSnapshotsTest-1957085327 None] group_snapshot 12195632-ef30-4163-bf6d-7b0916ebe98a: deleting {{(pid=80503) delete_group_snapshot /opt/stack/cinder/cinder/volume/manager.py:4319}}
Jan 07 08:28:52 devstack cinder-volume[80503]: DEBUG cinder.coordination [None req-dbc22665-0cb7-4ff3-bdec-a41a5607d809 tempest-GroupSnapshotsTest-1957085327 None] Acquiring lock "cinder-quobyte-5c9679eb-1e41-487f-b3bc-d70d4d1781de" by "delete_snapshot" {{(pid=80503) __acquire /opt/stack/cinder/cinder/coordination.py:143}}
Jan 07 08:28:52 devstack cinder-volume[80503]: DEBUG cinder.coordination [None req-dbc22665-0cb7-4ff3-bdec-a41a5607d809 tempest-GroupSnapshotsTest-1957085327 None] Lock "cinder-quobyte-5c9679eb-1e41-487f-b3bc-d70d4d1781de" acquired by "delete_snapshot" :: waited 0.015s {{(pid=80503) __acquire /opt/stack/cinder/cinder/coordination.py:146}}
Jan 07 08:28:52 devstack cinder-volume[80503]: DEBUG cinder.coordination [None req-dbc22665-0cb7-4ff3-bdec-a41a5607d809 tempest-GroupSnapshotsTest-1957085327 None] Acquiring lock "cinder-quobyte-aaebb67c-88a9-418b-a86c-ba3fb0019f4a" by "_delete_snapshot" {{(pid=80503) __acquire /opt/stack/cinder/cinder/coordination.py:143}}
Jan 07 08:28:52 devstack cinder-volume[80503]: DEBUG cinder.coordination [None req-dbc22665-0cb7-4ff3-bdec-a41a5607d809 tempest-GroupSnapshotsTest-1957085327 None] Lock "cinder-quobyte-aaebb67c-88a9-418b-a86c-ba3fb0019f4a" acquired by "_delete_snapshot" :: waited 0.014s {{(pid=80503) __acquire /opt/stack/cinder/cinder/coordination.py:146}}
Jan 07 08:28:52 devstack cinder-volume[80503]: DEBUG cinder.volume.drivers.remotefs [None req-dbc22665-0cb7-4ff3-bdec-a41a5607d809 tempest-GroupSnapshotsTest-1957085327 None] Deleting offline snapshot aaebb67c-88a9-418b-a86c-ba3fb0019f4a of volume 5c9679eb-1e41-487f-b3bc-d70d4d1781de {{(pid=80503) _delete_snapshot /opt/stack/cinder/cinder/volume/drivers/remotefs.py:1290}}
Jan 07 08:28:52 devstack sudo[89404]: pam_unix(sudo:session): session closed for user root
Jan 07 08:28:52 devstack cinder-volume[80503]: DEBUG cinder.volume.drivers.remotefs [None req-dbc22665-0cb7-4ff3-bdec-a41a5607d809 tempest-GroupSnapshotsTest-1957085327 None] snapshot_file for this snap is: volume-5c9679eb-1e41-487f-b3bc-d70d4d1781de.aaebb67c-88a9-418b-a86c-ba3fb0019f4a {{(pid=80503) _delete_snapshot /opt/stack/cinder/cinder/volume/drivers/remotefs.py:1319}}
Jan 07 08:28:52 devstack cinder-volume[80503]: DEBUG oslo_concurrency.processutils [req-5705a92c-a2f6-4cfc-892a-d2d46b60db8c req-b77943f6-9713-4f9b-9c9f-307a7c878399 tempest-TaggedBootDevicesTest_v242-1455264045 None] CMD "/opt/stack/data/venv/bin/python3.10 -m oslo_concurrency.prlimit --as=1073741824 --cpu=60 -- sudo cinder-rootwrap /etc/cinder/rootwrap.conf env LC_ALL=C qemu-img info -f qcow2 --output=json --force-share /opt/stack/data/cinder/mnt/87532f78f73fe98b8d2704a9590d1809/volume-5367f2c1-091d-4f4f-950b-2c388018524e" returned: 0 in 0.888s {{(pid=80503) execute /opt/stack/data/venv/lib/python3.10/site-packages/oslo_concurrency/processutils.py:372}}
Jan 07 08:28:52 devstack cinder-volume[80503]: DEBUG oslo_concurrency.lockutils [req-5705a92c-a2f6-4cfc-892a-d2d46b60db8c req-b77943f6-9713-4f9b-9c9f-307a7c878399 tempest-TaggedBootDevicesTest_v242-1455264045 None] Lock "quobyte" "released" by "cinder.volume.drivers.quobyte.QuobyteDriver.initialize_connection" :: held 0.904s {{(pid=80503) inner /opt/stack/data/venv/lib/python3.10/site-packages/oslo_concurrency/lockutils.py:424}}
Jan 07 08:28:52 devstack cinder-volume[80503]: DEBUG oslo.privsep.daemon [-] privsep: reply[1f6681f2-af09-49d9-8d50-180ee5028d94]: (4, 'qcow2') {{(pid=81443) _call_back /opt/stack/data/venv/lib/python3.10/site-packages/oslo_privsep/daemon.py:515}}
Jan 07 08:28:52 devstack cinder-volume[80503]: DEBUG oslo_concurrency.processutils [None req-dbc22665-0cb7-4ff3-bdec-a41a5607d809 tempest-GroupSnapshotsTest-1957085327 None] Running cmd (subprocess): /opt/stack/data/venv/bin/python3.10 -m oslo_concurrency.prlimit --as=1073741824 --cpu=60 -- sudo cinder-rootwrap /etc/cinder/rootwrap.conf env LC_ALL=C qemu-img info -f qcow2 --output=json --force-share /opt/stack/data/cinder/mnt/87532f78f73fe98b8d2704a9590d1809/volume-5c9679eb-1e41-487f-b3bc-d70d4d1781de.aaebb67c-88a9-418b-a86c-ba3fb0019f4a {{(pid=80503) execute /opt/stack/data/venv/lib/python3.10/site-packages/oslo_concurrency/processutils.py:349}}
Jan 07 08:28:52 devstack cinder-volume[80503]: DEBUG cinder.volume.manager [req-5705a92c-a2f6-4cfc-892a-d2d46b60db8c req-b77943f6-9713-4f9b-9c9f-307a7c878399 tempest-TaggedBootDevicesTest_v242-1455264045 None] Connection info returned from driver {'export': 'osci02.corp.quobyte.com/cinder-vol-3b857850-4571-4ed2-9df6-15bc2759946f', 'name': 'volume-5367f2c1-091d-4f4f-950b-2c388018524e', 'options': None, 'format': 'qcow2', 'qos_specs': None, 'access_mode': 'rw', 'encrypted': False, 'cacheable': False, 'driver_volume_type': 'quobyte', 'mount_point_base': '/opt/stack/data/cinder/mnt', 'attachment_id': '897adc0f-3a62-45ec-ad82-22199b50187d', 'enforce_multipath': True} {{(pid=80503) _connection_create /opt/stack/cinder/cinder/volume/manager.py:4893}}
Jan 07 08:28:52 devstack cinder-volume[80503]: WARNING cinder.volume.volume_utils [req-5705a92c-a2f6-4cfc-892a-d2d46b60db8c req-b77943f6-9713-4f9b-9c9f-307a7c878399 tempest-TaggedBootDevicesTest_v242-1455264045 None] Volume driver (QuobyteDriver 1.1.13) is currently unsupported and may be removed in the next release of OpenStack. Use at your own risk.
Jan 07 08:28:52 devstack cinder-volume[80503]: INFO cinder.volume.manager [req-5705a92c-a2f6-4cfc-892a-d2d46b60db8c req-b77943f6-9713-4f9b-9c9f-307a7c878399 tempest-TaggedBootDevicesTest_v242-1455264045 None] attachment_update completed successfully.
Jan 07 08:28:52 devstack sudo[89415]: quobyte : PWD=/ ; USER=root ; COMMAND=/opt/stack/data/venv/bin/cinder-rootwrap /etc/cinder/rootwrap.conf env LC_ALL=C qemu-img info -f qcow2 --output=json --force-share /opt/stack/data/cinder/mnt/87532f78f73fe98b8d2704a9590d1809/volume-5c9679eb-1e41-487f-b3bc-d70d4d1781de.aaebb67c-88a9-418b-a86c-ba3fb0019f4a
Jan 07 08:28:52 devstack sudo[89415]: pam_unix(sudo:session): session opened for user root(uid=0) by (uid=1000)
Jan 07 08:28:53 devstack sudo[89415]: pam_unix(sudo:session): session closed for user root
Jan 07 08:28:53 devstack cinder-volume[80503]: DEBUG oslo_concurrency.processutils [None req-dbc22665-0cb7-4ff3-bdec-a41a5607d809 tempest-GroupSnapshotsTest-1957085327 None] CMD "/opt/stack/data/venv/bin/python3.10 -m oslo_concurrency.prlimit --as=1073741824 --cpu=60 -- sudo cinder-rootwrap /etc/cinder/rootwrap.conf env LC_ALL=C qemu-img info -f qcow2 --output=json --force-share /opt/stack/data/cinder/mnt/87532f78f73fe98b8d2704a9590d1809/volume-5c9679eb-1e41-487f-b3bc-d70d4d1781de.aaebb67c-88a9-418b-a86c-ba3fb0019f4a" returned: 0 in 0.889s {{(pid=80503) execute /opt/stack/data/venv/lib/python3.10/site-packages/oslo_concurrency/processutils.py:372}}
