Jun 28 14:24:03 devstack cinder-volume[93561]: DEBUG oslo_concurrency.processutils [None req-be63936e-83c5-4111-83d4-6831645c27e9 tempest-SnapshotsActionsTest-1812272739 None] Running cmd (subprocess): sudo cinder-rootwrap /etc/cinder/rootwrap.conf qemu-img commit -d /opt/stack/data/cinder/mnt/26662b4e6046af8948f0eeba93c5bf13/volume-39e61009-dacf-4301-a255-74b84cc03148.d924914a-6b7f-4440-a07a-e102dae10b8f {{(pid=93561) execute /opt/stack/data/venv/lib/python3.12/site-packages/oslo_concurrency/processutils.py:440}}
Jun 28 14:24:03 devstack sudo[97723]: quobyte : PWD=/ ; USER=root ; COMMAND=/opt/stack/data/venv/bin/cinder-rootwrap /etc/cinder/rootwrap.conf qemu-img commit -d /opt/stack/data/cinder/mnt/26662b4e6046af8948f0eeba93c5bf13/volume-39e61009-dacf-4301-a255-74b84cc03148.d924914a-6b7f-4440-a07a-e102dae10b8f
Jun 28 14:24:03 devstack sudo[97723]: pam_unix(sudo:session): session opened for user root(uid=0) by (uid=1000)
Jun 28 14:24:04 devstack sudo[97723]: pam_unix(sudo:session): session closed for user root
Jun 28 14:24:04 devstack cinder-volume[93561]: DEBUG oslo_concurrency.processutils [None req-be63936e-83c5-4111-83d4-6831645c27e9 tempest-SnapshotsActionsTest-1812272739 None] CMD "sudo cinder-rootwrap /etc/cinder/rootwrap.conf qemu-img commit -d /opt/stack/data/cinder/mnt/26662b4e6046af8948f0eeba93c5bf13/volume-39e61009-dacf-4301-a255-74b84cc03148.d924914a-6b7f-4440-a07a-e102dae10b8f" returned: 0 in 1.074s {{(pid=93561) execute /opt/stack/data/venv/lib/python3.12/site-packages/oslo_concurrency/processutils.py:468}}
Jun 28 14:24:04 devstack cinder-volume[93561]: DEBUG oslo_concurrency.processutils [None req-be63936e-83c5-4111-83d4-6831645c27e9 tempest-SnapshotsActionsTest-1812272739 None] Running cmd (subprocess): sudo cinder-rootwrap /etc/cinder/rootwrap.conf rm -f /opt/stack/data/cinder/mnt/26662b4e6046af8948f0eeba93c5bf13/volume-39e61009-dacf-4301-a255-74b84cc03148.d924914a-6b7f-4440-a07a-e102dae10b8f {{(pid=93561) execute /opt/stack/data/venv/lib/python3.12/site-packages/oslo_concurrency/processutils.py:440}}
Jun 28 14:24:04 devstack sudo[97730]: quobyte : PWD=/ ; USER=root ; COMMAND=/opt/stack/data/venv/bin/cinder-rootwrap /etc/cinder/rootwrap.conf rm -f /opt/stack/data/cinder/mnt/26662b4e6046af8948f0eeba93c5bf13/volume-39e61009-dacf-4301-a255-74b84cc03148.d924914a-6b7f-4440-a07a-e102dae10b8f
Jun 28 14:24:04 devstack sudo[97730]: pam_unix(sudo:session): session opened for user root(uid=0) by (uid=1000)
Jun 28 14:24:05 devstack sudo[97730]: pam_unix(sudo:session): session closed for user root
Jun 28 14:24:05 devstack cinder-volume[93561]: DEBUG oslo_concurrency.processutils [None req-be63936e-83c5-4111-83d4-6831645c27e9 tempest-SnapshotsActionsTest-1812272739 None] CMD "sudo cinder-rootwrap /etc/cinder/rootwrap.conf rm -f /opt/stack/data/cinder/mnt/26662b4e6046af8948f0eeba93c5bf13/volume-39e61009-dacf-4301-a255-74b84cc03148.d924914a-6b7f-4440-a07a-e102dae10b8f" returned: 0 in 0.916s {{(pid=93561) execute /opt/stack/data/venv/lib/python3.12/site-packages/oslo_concurrency/processutils.py:468}}
Jun 28 14:24:05 devstack cinder-volume[93561]: DEBUG cinder.coordination [None req-be63936e-83c5-4111-83d4-6831645c27e9 tempest-SnapshotsActionsTest-1812272739 None] Lock "cinder-quobyte-d924914a-6b7f-4440-a07a-e102dae10b8f" released by "_delete_snapshot" :: held 4.113s {{(pid=93561) __release /opt/stack/cinder/cinder/coordination.py:152}}
Jun 28 14:24:05 devstack cinder-volume[93561]: DEBUG cinder.coordination [None req-be63936e-83c5-4111-83d4-6831645c27e9 tempest-SnapshotsActionsTest-1812272739 None] Lock "cinder-quobyte-39e61009-dacf-4301-a255-74b84cc03148" released by "delete_snapshot" :: held 4.156s {{(pid=93561) __release /opt/stack/cinder/cinder/coordination.py:152}}
Jun 28 14:24:05 devstack cinder-volume[93561]: DEBUG cinder.quota [None req-be63936e-83c5-4111-83d4-6831645c27e9 tempest-SnapshotsActionsTest-1812272739 None] Created reservations ['ea218847-36df-40e8-8be4-a808a64be628', '95a2f57d-0787-4a6b-9315-3e725f8a55d3', '8aa2d735-72a7-40f9-9489-102fe3473492', 'b9f98cdb-c0a2-4144-8c1c-a43f71ade7cd'] {{(pid=93561) reserve /opt/stack/cinder/cinder/quota.py:752}}
Jun 28 14:24:05 devstack cinder-volume[93561]: INFO cinder.volume.manager [None req-be63936e-83c5-4111-83d4-6831645c27e9 tempest-SnapshotsActionsTest-1812272739 None] Delete snapshot completed successfully.
Jun 28 14:24:05 devstack cinder-volume[93561]: DEBUG cinder.coordination [None req-be63936e-83c5-4111-83d4-6831645c27e9 tempest-SnapshotsActionsTest-1812272739 None] Lock "cinder-d924914a-6b7f-4440-a07a-e102dae10b8f-delete_snapshot" released by "delete_snapshot" :: held 4.364s {{(pid=93561) __release /opt/stack/cinder/cinder/coordination.py:152}}
Jun 28 14:24:06 devstack cinder-volume[93561]: DEBUG oslo_concurrency.lockutils [None req-8bc166df-7449-4999-ad8d-720c543ce513 tempest-SnapshotsActionsTest-120480439 None] Acquiring lock "quobyte" by "cinder.volume.drivers.quobyte.QuobyteDriver.create_snapshot" {{(pid=93561) inner /opt/stack/data/venv/lib/python3.12/site-packages/oslo_concurrency/lockutils.py:511}}
Jun 28 14:24:06 devstack cinder-volume[93561]: DEBUG oslo_concurrency.lockutils [None req-8bc166df-7449-4999-ad8d-720c543ce513 tempest-SnapshotsActionsTest-120480439 None] Lock "quobyte" acquired by "cinder.volume.drivers.quobyte.QuobyteDriver.create_snapshot" :: waited 0.001s {{(pid=93561) inner /opt/stack/data/venv/lib/python3.12/site-packages/oslo_concurrency/lockutils.py:524}}
Jun 28 14:24:06 devstack cinder-volume[93561]: DEBUG cinder.volume.drivers.remotefs [None req-8bc166df-7449-4999-ad8d-720c543ce513 tempest-SnapshotsActionsTest-120480439 None] Creating offline snapshot 24ac6007-fa96-4b98-b4f7-8293c7473c2e of volume 39e61009-dacf-4301-a255-74b84cc03148 {{(pid=93561) _create_snapshot /opt/stack/cinder/cinder/volume/drivers/remotefs.py:1816}}
Jun 28 14:24:06 devstack cinder-volume[93561]: DEBUG oslo.privsep.daemon [-] privsep: reply[876c523e-5cd8-4214-86ed-a5f5b4c20dbf]: (4, 'qcow2') {{(pid=94796) _call_back /opt/stack/data/venv/lib/python3.12/site-packages/oslo_privsep/daemon.py:580}}
Jun 28 14:24:06 devstack cinder-volume[93561]: DEBUG oslo_concurrency.processutils [None req-8bc166df-7449-4999-ad8d-720c543ce513 tempest-SnapshotsActionsTest-120480439 None] Running cmd (subprocess): /opt/stack/data/venv/bin/python3.12 -m oslo_concurrency.prlimit --as=1073741824 --cpu=60 -- sudo cinder-rootwrap /etc/cinder/rootwrap.conf env LC_ALL=C qemu-img info -f qcow2 --output=json --force-share /opt/stack/data/cinder/mnt/26662b4e6046af8948f0eeba93c5bf13/volume-39e61009-dacf-4301-a255-74b84cc03148.03212e26-7912-489a-be67-9d5977e7d564 {{(pid=93561) execute /opt/stack/data/venv/lib/python3.12/site-packages/oslo_concurrency/processutils.py:440}}
Jun 28 14:24:07 devstack sudo[97734]: quobyte : PWD=/ ; USER=root ; COMMAND=/opt/stack/data/venv/bin/cinder-rootwrap /etc/cinder/rootwrap.conf env LC_ALL=C qemu-img info -f qcow2 --output=json --force-share /opt/stack/data/cinder/mnt/26662b4e6046af8948f0eeba93c5bf13/volume-39e61009-dacf-4301-a255-74b84cc03148.03212e26-7912-489a-be67-9d5977e7d564
Jun 28 14:24:07 devstack sudo[97734]: pam_unix(sudo:session): session opened for user root(uid=0) by (uid=1000)
Jun 28 14:24:08 devstack sudo[97734]: pam_unix(sudo:session): session closed for user root
Jun 28 14:24:08 devstack cinder-volume[93561]: DEBUG oslo_concurrency.processutils [None req-8bc166df-7449-4999-ad8d-720c543ce513 tempest-SnapshotsActionsTest-120480439 None] CMD "/opt/stack/data/venv/bin/python3.12 -m oslo_concurrency.prlimit --as=1073741824 --cpu=60 -- sudo cinder-rootwrap /etc/cinder/rootwrap.conf env LC_ALL=C qemu-img info -f qcow2 --output=json --force-share /opt/stack/data/cinder/mnt/26662b4e6046af8948f0eeba93c5bf13/volume-39e61009-dacf-4301-a255-74b84cc03148.03212e26-7912-489a-be67-9d5977e7d564" returned: 0 in 1.307s {{(pid=93561) execute /opt/stack/data/venv/lib/python3.12/site-packages/oslo_concurrency/processutils.py:468}}
Jun 28 14:24:08 devstack cinder-volume[93561]: DEBUG cinder.volume.drivers.remotefs [None req-8bc166df-7449-4999-ad8d-720c543ce513 tempest-SnapshotsActionsTest-120480439 None] Fetching qemu-img info with special backing_file_template: (/opt/stack/data/cinder/mnt/[0-9a-f]+/)?(volume-39e61009-dacf-4301-a255-74b84cc03148(.(tmp-snap-)?[0-9a-f-]+)?|volume_from_snapshot_cache/(tmp-snap-)?[0-9a-f-]+(.(child-|parent-)[0-9a-f-]+)?)$ {{(pid=93561) _qemu_img_info_base /opt/stack/cinder/cinder/volume/drivers/remotefs.py:896}}
Jun 28 14:24:08 devstack cinder-volume[93561]: DEBUG oslo_concurrency.processutils [None req-8bc166df-7449-4999-ad8d-720c543ce513 tempest-SnapshotsActionsTest-120480439 None] Running cmd (subprocess): sudo cinder-rootwrap /etc/cinder/rootwrap.conf qemu-img create -f qcow2 -o backing_file=/opt/stack/data/cinder/mnt/26662b4e6046af8948f0eeba93c5bf13/volume-39e61009-dacf-4301-a255-74b84cc03148.03212e26-7912-489a-be67-9d5977e7d564,backing_fmt=qcow2 /opt/stack/data/cinder/mnt/26662b4e6046af8948f0eeba93c5bf13/volume-39e61009-dacf-4301-a255-74b84cc03148.24ac6007-fa96-4b98-b4f7-8293c7473c2e 1G {{(pid=93561) execute /opt/stack/data/venv/lib/python3.12/site-packages/oslo_concurrency/processutils.py:440}}
Jun 28 14:24:08 devstack sudo[97760]: quobyte : PWD=/ ; USER=root ; COMMAND=/opt/stack/data/venv/bin/cinder-rootwrap /etc/cinder/rootwrap.conf qemu-img create -f qcow2 -o backing_file=/opt/stack/data/cinder/mnt/26662b4e6046af8948f0eeba93c5bf13/volume-39e61009-dacf-4301-a255-74b84cc03148.03212e26-7912-489a-be67-9d5977e7d564,backing_fmt=qcow2 /opt/stack/data/cinder/mnt/26662b4e6046af8948f0eeba93c5bf13/volume-39e61009-dacf-4301-a255-74b84cc03148.24ac6007-fa96-4b98-b4f7-8293c7473c2e 1G
Jun 28 14:24:08 devstack sudo[97760]: pam_unix(sudo:session): session opened for user root(uid=0) by (uid=1000)
Jun 28 14:24:09 devstack cinder-volume[93561]: DEBUG oslo_concurrency.processutils [None req-8bc166df-7449-4999-ad8d-720c543ce513 tempest-SnapshotsActionsTest-120480439 None] CMD "sudo cinder-rootwrap /etc/cinder/rootwrap.conf qemu-img create -f qcow2 -o backing_file=/opt/stack/data/cinder/mnt/26662b4e6046af8948f0eeba93c5bf13/volume-39e61009-dacf-4301-a255-74b84cc03148.03212e26-7912-489a-be67-9d5977e7d564,backing_fmt=qcow2 /opt/stack/data/cinder/mnt/26662b4e6046af8948f0eeba93c5bf13/volume-39e61009-dacf-4301-a255-74b84cc03148.24ac6007-fa96-4b98-b4f7-8293c7473c2e 1G" returned: 0 in 1.217s {{(pid=93561) execute /opt/stack/data/venv/lib/python3.12/site-packages/oslo_concurrency/processutils.py:468}}
Jun 28 14:24:09 devstack sudo[97760]: pam_unix(sudo:session): session closed for user root
Jun 28 14:24:09 devstack cinder-volume[93561]: DEBUG oslo_concurrency.processutils [None req-8bc166df-7449-4999-ad8d-720c543ce513 tempest-SnapshotsActionsTest-120480439 None] Running cmd (subprocess): sudo cinder-rootwrap /etc/cinder/rootwrap.conf qemu-img rebase -u -b volume-39e61009-dacf-4301-a255-74b84cc03148.03212e26-7912-489a-be67-9d5977e7d564 -F qcow2 /opt/stack/data/cinder/mnt/26662b4e6046af8948f0eeba93c5bf13/volume-39e61009-dacf-4301-a255-74b84cc03148.24ac6007-fa96-4b98-b4f7-8293c7473c2e {{(pid=93561) execute /opt/stack/data/venv/lib/python3.12/site-packages/oslo_concurrency/processutils.py:440}}
Jun 28 14:24:09 devstack sudo[97771]: quobyte : PWD=/ ; USER=root ; COMMAND=/opt/stack/data/venv/bin/cinder-rootwrap /etc/cinder/rootwrap.conf qemu-img rebase -u -b volume-39e61009-dacf-4301-a255-74b84cc03148.03212e26-7912-489a-be67-9d5977e7d564 -F qcow2 /opt/stack/data/cinder/mnt/26662b4e6046af8948f0eeba93c5bf13/volume-39e61009-dacf-4301-a255-74b84cc03148.24ac6007-fa96-4b98-b4f7-8293c7473c2e
Jun 28 14:24:09 devstack sudo[97771]: pam_unix(sudo:session): session opened for user root(uid=0) by (uid=1000)
Jun 28 14:24:09 devstack cinder-volume[93561]: INFO cinder.volume.manager [req-2fa11ea9-437c-42c3-bc03-110c60236242 req-1b6fb1df-a53b-49c1-abe6-ecd81596a73a tempest-ServerActionsTestOtherA-1135190114 None] Terminate volume connection completed successfully.
Jun 28 14:24:09 devstack cinder-volume[93561]: DEBUG cinder.volume.manager [req-2fa11ea9-437c-42c3-bc03-110c60236242 req-1b6fb1df-a53b-49c1-abe6-ecd81596a73a tempest-ServerActionsTestOtherA-1135190114 None] Deleting attachment fe4082b7-f765-420e-8031-020405d0162a. {{(pid=93561) attachment_delete /opt/stack/cinder/cinder/volume/manager.py:5055}}
Jun 28 14:24:10 devstack sudo[97771]: pam_unix(sudo:session): session closed for user root
Jun 28 14:24:10 devstack cinder-volume[93561]: DEBUG oslo_concurrency.processutils [None req-8bc166df-7449-4999-ad8d-720c543ce513 tempest-SnapshotsActionsTest-120480439 None] CMD "sudo cinder-rootwrap /etc/cinder/rootwrap.conf qemu-img rebase -u -b volume-39e61009-dacf-4301-a255-74b84cc03148.03212e26-7912-489a-be67-9d5977e7d564 -F qcow2 /opt/stack/data/cinder/mnt/26662b4e6046af8948f0eeba93c5bf13/volume-39e61009-dacf-4301-a255-74b84cc03148.24ac6007-fa96-4b98-b4f7-8293c7473c2e" returned: 0 in 0.830s {{(pid=93561) execute /opt/stack/data/venv/lib/python3.12/site-packages/oslo_concurrency/processutils.py:468}}
Jun 28 14:24:10 devstack cinder-volume[93561]: WARNING cinder.volume.drivers.remotefs [None req-8bc166df-7449-4999-ad8d-720c543ce513 tempest-SnapshotsActionsTest-120480439 None] /opt/stack/data/cinder/mnt/26662b4e6046af8948f0eeba93c5bf13/volume-39e61009-dacf-4301-a255-74b84cc03148.24ac6007-fa96-4b98-b4f7-8293c7473c2e is being set with open permissions: ugo+rw
Jun 28 14:24:10 devstack cinder-volume[93561]: DEBUG oslo_concurrency.processutils [None req-8bc166df-7449-4999-ad8d-720c543ce513 tempest-SnapshotsActionsTest-120480439 None] Running cmd (subprocess): sudo cinder-rootwrap /etc/cinder/rootwrap.conf chmod ugo+rw /opt/stack/data/cinder/mnt/26662b4e6046af8948f0eeba93c5bf13/volume-39e61009-dacf-4301-a255-74b84cc03148.24ac6007-fa96-4b98-b4f7-8293c7473c2e {{(pid=93561) execute /opt/stack/data/venv/lib/python3.12/site-packages/oslo_concurrency/processutils.py:440}}
Jun 28 14:24:10 devstack sudo[97782]: quobyte : PWD=/ ; USER=root ; COMMAND=/opt/stack/data/venv/bin/cinder-rootwrap /etc/cinder/rootwrap.conf chmod ugo+rw /opt/stack/data/cinder/mnt/26662b4e6046af8948f0eeba93c5bf13/volume-39e61009-dacf-4301-a255-74b84cc03148.24ac6007-fa96-4b98-b4f7-8293c7473c2e
Jun 28 14:24:10 devstack sudo[97782]: pam_unix(sudo:session): session opened for user root(uid=0) by (uid=1000)
Jun 28 14:24:10 devstack sudo[97782]: pam_unix(sudo:session): session closed for user root
Jun 28 14:24:10 devstack cinder-volume[93561]: DEBUG oslo_concurrency.processutils [None req-8bc166df-7449-4999-ad8d-720c543ce513 tempest-SnapshotsActionsTest-120480439 None] CMD "sudo cinder-rootwrap /etc/cinder/rootwrap.conf chmod ugo+rw /opt/stack/data/cinder/mnt/26662b4e6046af8948f0eeba93c5bf13/volume-39e61009-dacf-4301-a255-74b84cc03148.24ac6007-fa96-4b98-b4f7-8293c7473c2e" returned: 0 in 0.679s {{(pid=93561) execute /opt/stack/data/venv/lib/python3.12/site-packages/oslo_concurrency/processutils.py:468}}
Jun 28 14:24:11 devstack cinder-volume[93561]: DEBUG oslo_concurrency.lockutils [None req-8bc166df-7449-4999-ad8d-720c543ce513 tempest-SnapshotsActionsTest-120480439 None] Lock "quobyte" "released" by "cinder.volume.drivers.quobyte.QuobyteDriver.create_snapshot" :: held 4.185s {{(pid=93561) inner /opt/stack/data/venv/lib/python3.12/site-packages/oslo_concurrency/lockutils.py:543}}
Jun 28 14:24:11 devstack cinder-volume[93561]: INFO cinder.volume.manager [None req-8bc166df-7449-4999-ad8d-720c543ce513 tempest-SnapshotsActionsTest-120480439 None] Create snapshot completed successfully
Jun 28 14:24:12 devstack cinder-volume[93561]: DEBUG cinder.coordination [None req-582b3d71-dec8-40e2-89bc-161f5cf110e7 tempest-SnapshotsActionsTest-1812272739 None] Acquiring lock "cinder-24ac6007-fa96-4b98-b4f7-8293c7473c2e-delete_snapshot" by "delete_snapshot" {{(pid=93561) __acquire /opt/stack/cinder/cinder/coordination.py:138}}
Jun 28 14:24:12 devstack cinder-volume[93561]: DEBUG cinder.coordination [None req-582b3d71-dec8-40e2-89bc-161f5cf110e7 tempest-SnapshotsActionsTest-1812272739 None] Lock "cinder-24ac6007-fa96-4b98-b4f7-8293c7473c2e-delete_snapshot" acquired by "delete_snapshot" :: waited 0.030s {{(pid=93561) __acquire /opt/stack/cinder/cinder/coordination.py:141}}
Jun 28 14:24:12 devstack cinder-volume[93561]: DEBUG cinder.coordination [None req-582b3d71-dec8-40e2-89bc-161f5cf110e7 tempest-SnapshotsActionsTest-1812272739 None] Acquiring lock "cinder-quobyte-39e61009-dacf-4301-a255-74b84cc03148" by "delete_snapshot" {{(pid=93561) __acquire /opt/stack/cinder/cinder/coordination.py:138}}
Jun 28 14:24:12 devstack cinder-volume[93561]: DEBUG cinder.coordination [None req-582b3d71-dec8-40e2-89bc-161f5cf110e7 tempest-SnapshotsActionsTest-1812272739 None] Lock "cinder-quobyte-39e61009-dacf-4301-a255-74b84cc03148" acquired by "delete_snapshot" :: waited 0.017s {{(pid=93561) __acquire /opt/stack/cinder/cinder/coordination.py:141}}
Jun 28 14:24:12 devstack cinder-volume[93561]: DEBUG cinder.coordination [None req-582b3d71-dec8-40e2-89bc-161f5cf110e7 tempest-SnapshotsActionsTest-1812272739 None] Acquiring lock "cinder-quobyte-24ac6007-fa96-4b98-b4f7-8293c7473c2e" by "_delete_snapshot" {{(pid=93561) __acquire /opt/stack/cinder/cinder/coordination.py:138}}
Jun 28 14:24:12 devstack cinder-volume[93561]: DEBUG cinder.coordination [None req-582b3d71-dec8-40e2-89bc-161f5cf110e7 tempest-SnapshotsActionsTest-1812272739 None] Lock "cinder-quobyte-24ac6007-fa96-4b98-b4f7-8293c7473c2e" acquired by "_delete_snapshot" :: waited 0.015s {{(pid=93561) __acquire /opt/stack/cinder/cinder/coordination.py:141}}
Jun 28 14:24:12 devstack cinder-volume[93561]: DEBUG cinder.volume.drivers.remotefs [None req-582b3d71-dec8-40e2-89bc-161f5cf110e7 tempest-SnapshotsActionsTest-1812272739 None] Deleting offline snapshot 24ac6007-fa96-4b98-b4f7-8293c7473c2e of volume 39e61009-dacf-4301-a255-74b84cc03148 {{(pid=93561) _delete_snapshot /opt/stack/cinder/cinder/volume/drivers/remotefs.py:1288}}
Jun 28 14:24:12 devstack cinder-volume[93561]: DEBUG cinder.volume.drivers.remotefs [None req-582b3d71-dec8-40e2-89bc-161f5cf110e7 tempest-SnapshotsActionsTest-1812272739 None] snapshot_file for this snap is: volume-39e61009-dacf-4301-a255-74b84cc03148.24ac6007-fa96-4b98-b4f7-8293c7473c2e {{(pid=93561) _delete_snapshot /opt/stack/cinder/cinder/volume/drivers/remotefs.py:1317}}
Jun 28 14:24:12 devstack cinder-volume[93561]: DEBUG oslo.privsep.daemon [-] privsep: reply[53a9bb16-a24e-47b6-b3c5-9d39e2a67b3d]: (4, 'qcow2') {{(pid=94796) _call_back /opt/stack/data/venv/lib/python3.12/site-packages/oslo_privsep/daemon.py:580}}
Jun 28 14:24:12 devstack cinder-volume[93561]: DEBUG oslo_concurrency.processutils [None req-582b3d71-dec8-40e2-89bc-161f5cf110e7 tempest-SnapshotsActionsTest-1812272739 None] Running cmd (subprocess): /opt/stack/data/venv/bin/python3.12 -m oslo_concurrency.prlimit --as=1073741824 --cpu=60 -- sudo cinder-rootwrap /etc/cinder/rootwrap.conf env LC_ALL=C qemu-img info -f qcow2 --output=json --force-share /opt/stack/data/cinder/mnt/26662b4e6046af8948f0eeba93c5bf13/volume-39e61009-dacf-4301-a255-74b84cc03148.24ac6007-fa96-4b98-b4f7-8293c7473c2e {{(pid=93561) execute /opt/stack/data/venv/lib/python3.12/site-packages/oslo_concurrency/processutils.py:440}}
Jun 28 14:24:12 devstack sudo[97786]: quobyte : PWD=/ ; USER=root ; COMMAND=/opt/stack/data/venv/bin/cinder-rootwrap /etc/cinder/rootwrap.conf env LC_ALL=C qemu-img info -f qcow2 --output=json --force-share /opt/stack/data/cinder/mnt/26662b4e6046af8948f0eeba93c5bf13/volume-39e61009-dacf-4301-a255-74b84cc03148.24ac6007-fa96-4b98-b4f7-8293c7473c2e
Jun 28 14:24:12 devstack sudo[97786]: pam_unix(sudo:session): session opened for user root(uid=0) by (uid=1000)
Jun 28 14:24:13 devstack sudo[97786]: pam_unix(sudo:session): session closed for user root
Jun 28 14:24:13 devstack cinder-volume[93561]: DEBUG oslo_concurrency.processutils [None req-582b3d71-dec8-40e2-89bc-161f5cf110e7 tempest-SnapshotsActionsTest-1812272739 None] CMD "/opt/stack/data/venv/bin/python3.12 -m oslo_concurrency.prlimit --as=1073741824 --cpu=60 -- sudo cinder-rootwrap /etc/cinder/rootwrap.conf env LC_ALL=C qemu-img info -f qcow2 --output=json --force-share /opt/stack/data/cinder/mnt/26662b4e6046af8948f0eeba93c5bf13/volume-39e61009-dacf-4301-a255-74b84cc03148.24ac6007-fa96-4b98-b4f7-8293c7473c2e" returned: 0 in 1.079s {{(pid=93561) execute /opt/stack/data/venv/lib/python3.12/site-packages/oslo_concurrency/processutils.py:468}}
Jun 28 14:24:13 devstack cinder-volume[93561]: DEBUG cinder.volume.drivers.remotefs [None req-582b3d71-dec8-40e2-89bc-161f5cf110e7 tempest-SnapshotsActionsTest-1812272739 None] Fetching qemu-img info with special backing_file_template: (/opt/stack/data/cinder/mnt/[0-9a-f]+/)?(volume-39e61009-dacf-4301-a255-74b84cc03148(.(tmp-snap-)?[0-9a-f-]+)?|volume_from_snapshot_cache/(tmp-snap-)?[0-9a-f-]+(.(child-|parent-)[0-9a-f-]+)?)$ {{(pid=93561) _qemu_img_info_base /opt/stack/cinder/cinder/volume/drivers/remotefs.py:896}}
Jun 28 14:24:13 devstack cinder-volume[93561]: DEBUG oslo.privsep.daemon [-] privsep: reply[0ea6a68e-0daf-4612-984b-33c77cef14be]: (4, 'qcow2') {{(pid=94796) _call_back /opt/stack/data/venv/lib/python3.12/site-packages/oslo_privsep/daemon.py:580}}
Jun 28 14:24:13 devstack cinder-volume[93561]: DEBUG oslo_concurrency.processutils [None req-582b3d71-dec8-40e2-89bc-161f5cf110e7 tempest-SnapshotsActionsTest-1812272739 None] Running cmd (subprocess): /opt/stack/data/venv/bin/python3.12 -m oslo_concurrency.prlimit --as=1073741824 --cpu=60 -- sudo cinder-rootwrap /etc/cinder/rootwrap.conf env LC_ALL=C qemu-img info -f qcow2 --output=json --force-share /opt/stack/data/cinder/mnt/26662b4e6046af8948f0eeba93c5bf13/volume-39e61009-dacf-4301-a255-74b84cc03148.03212e26-7912-489a-be67-9d5977e7d564 {{(pid=93561) execute /opt/stack/data/venv/lib/python3.12/site-packages/oslo_concurrency/processutils.py:440}}
Jun 28 14:24:13 devstack sudo[97832]: quobyte : PWD=/ ; USER=root ; COMMAND=/opt/stack/data/venv/bin/cinder-rootwrap /etc/cinder/rootwrap.conf env LC_ALL=C qemu-img info -f qcow2 --output=json --force-share /opt/stack/data/cinder/mnt/26662b4e6046af8948f0eeba93c5bf13/volume-39e61009-dacf-4301-a255-74b84cc03148.03212e26-7912-489a-be67-9d5977e7d564
Jun 28 14:24:13 devstack sudo[97832]: pam_unix(sudo:session): session opened for user root(uid=0) by (uid=1000)
Jun 28 14:24:14 devstack sudo[97832]: pam_unix(sudo:session): session closed for user root
Jun 28 14:24:14 devstack cinder-volume[93561]: DEBUG oslo_concurrency.processutils [None req-582b3d71-dec8-40e2-89bc-161f5cf110e7 tempest-SnapshotsActionsTest-1812272739 None] CMD "/opt/stack/data/venv/bin/python3.12 -m oslo_concurrency.prlimit --as=1073741824 --cpu=60 -- sudo cinder-rootwrap /etc/cinder/rootwrap.conf env LC_ALL=C qemu-img info -f qcow2 --output=json --force-share /opt/stack/data/cinder/mnt/26662b4e6046af8948f0eeba93c5bf13/volume-39e61009-dacf-4301-a255-74b84cc03148.03212e26-7912-489a-be67-9d5977e7d564" returned: 0 in 0.971s {{(pid=93561) execute /opt/stack/data/venv/lib/python3.12/site-packages/oslo_concurrency/processutils.py:468}}
Jun 28 14:24:14 devstack cinder-volume[93561]: DEBUG cinder.volume.drivers.remotefs [None req-582b3d71-dec8-40e2-89bc-161f5cf110e7 tempest-SnapshotsActionsTest-1812272739 None] Fetching qemu-img info with special backing_file_template: (/opt/stack/data/cinder/mnt/[0-9a-f]+/)?(volume-39e61009-dacf-4301-a255-74b84cc03148(.(tmp-snap-)?[0-9a-f-]+)?|volume_from_snapshot_cache/(tmp-snap-)?[0-9a-f-]+(.(child-|parent-)[0-9a-f-]+)?)$ {{(pid=93561) _qemu_img_info_base /opt/stack/cinder/cinder/volume/drivers/remotefs.py:896}}
Jun 28 14:24:14 devstack cinder-volume[93561]: DEBUG oslo_concurrency.processutils [None req-582b3d71-dec8-40e2-89bc-161f5cf110e7 tempest-SnapshotsActionsTest-1812272739 None] Running cmd (subprocess): sudo cinder-rootwrap /etc/cinder/rootwrap.conf qemu-img commit -d /opt/stack/data/cinder/mnt/26662b4e6046af8948f0eeba93c5bf13/volume-39e61009-dacf-4301-a255-74b84cc03148.24ac6007-fa96-4b98-b4f7-8293c7473c2e {{(pid=93561) execute /opt/stack/data/venv/lib/python3.12/site-packages/oslo_concurrency/processutils.py:440}}
Jun 28 14:24:14 devstack sudo[97838]: quobyte : PWD=/ ; USER=root ; COMMAND=/opt/stack/data/venv/bin/cinder-rootwrap /etc/cinder/rootwrap.conf qemu-img commit -d /opt/stack/data/cinder/mnt/26662b4e6046af8948f0eeba93c5bf13/volume-39e61009-dacf-4301-a255-74b84cc03148.24ac6007-fa96-4b98-b4f7-8293c7473c2e
Jun 28 14:24:14 devstack sudo[97838]: pam_unix(sudo:session): session opened for user root(uid=0) by (uid=1000)
Jun 28 14:24:15 devstack sudo[97838]: pam_unix(sudo:session): session closed for user root
Jun 28 14:24:15 devstack cinder-volume[93561]: DEBUG oslo_concurrency.processutils [None req-582b3d71-dec8-40e2-89bc-161f5cf110e7 tempest-SnapshotsActionsTest-1812272739 None] CMD "sudo cinder-rootwrap /etc/cinder/rootwrap.conf qemu-img commit -d /opt/stack/data/cinder/mnt/26662b4e6046af8948f0eeba93c5bf13/volume-39e61009-dacf-4301-a255-74b84cc03148.24ac6007-fa96-4b98-b4f7-8293c7473c2e" returned: 0 in 0.920s {{(pid=93561) execute /opt/stack/data/venv/lib/python3.12/site-packages/oslo_concurrency/processutils.py:468}}
Jun 28 14:24:15 devstack cinder-volume[93561]: DEBUG oslo_concurrency.processutils [None req-582b3d71-dec8-40e2-89bc-161f5cf110e7 tempest-SnapshotsActionsTest-1812272739 None] Running cmd (subprocess): sudo cinder-rootwrap /etc/cinder/rootwrap.conf rm -f /opt/stack/data/cinder/mnt/26662b4e6046af8948f0eeba93c5bf13/volume-39e61009-dacf-4301-a255-74b84cc03148.24ac6007-fa96-4b98-b4f7-8293c7473c2e {{(pid=93561) execute /opt/stack/data/venv/lib/python3.12/site-packages/oslo_concurrency/processutils.py:440}}
Jun 28 14:24:15 devstack sudo[97844]: quobyte : PWD=/ ; USER=root ; COMMAND=/opt/stack/data/venv/bin/cinder-rootwrap /etc/cinder/rootwrap.conf rm -f /opt/stack/data/cinder/mnt/26662b4e6046af8948f0eeba93c5bf13/volume-39e61009-dacf-4301-a255-74b84cc03148.24ac6007-fa96-4b98-b4f7-8293c7473c2e
Jun 28 14:24:15 devstack sudo[97844]: pam_unix(sudo:session): session opened for user root(uid=0) by (uid=1000)
Jun 28 14:24:16 devstack sudo[97844]: pam_unix(sudo:session): session closed for user root
Jun 28 14:24:16 devstack cinder-volume[93561]: DEBUG oslo_concurrency.processutils [None req-582b3d71-dec8-40e2-89bc-161f5cf110e7 tempest-SnapshotsActionsTest-1812272739 None] CMD "sudo cinder-rootwrap /etc/cinder/rootwrap.conf rm -f /opt/stack/data/cinder/mnt/26662b4e6046af8948f0eeba93c5bf13/volume-39e61009-dacf-4301-a255-74b84cc03148.24ac6007-fa96-4b98-b4f7-8293c7473c2e" returned: 0 in 0.840s {{(pid=93561) execute /opt/stack/data/venv/lib/python3.12/site-packages/oslo_concurrency/processutils.py:468}}
Jun 28 14:24:16 devstack cinder-volume[93561]: DEBUG cinder.coordination [None req-582b3d71-dec8-40e2-89bc-161f5cf110e7 tempest-SnapshotsActionsTest-1812272739 None] Lock "cinder-quobyte-24ac6007-fa96-4b98-b4f7-8293c7473c2e" released by "_delete_snapshot" :: held 4.037s {{(pid=93561) __release /opt/stack/cinder/cinder/coordination.py:152}}
Jun 28 14:24:16 devstack cinder-volume[93561]: DEBUG cinder.coordination [None req-582b3d71-dec8-40e2-89bc-161f5cf110e7 tempest-SnapshotsActionsTest-1812272739 None] Lock "cinder-quobyte-39e61009-dacf-4301-a255-74b84cc03148" released by "delete_snapshot" :: held 4.061s {{(pid=93561) __release /opt/stack/cinder/cinder/coordination.py:152}}
Jun 28 14:24:16 devstack cinder-volume[93561]: DEBUG cinder.quota [None req-582b3d71-dec8-40e2-89bc-161f5cf110e7 tempest-SnapshotsActionsTest-1812272739 None] Created reservations ['d9ca8fa2-2385-4ecc-949e-7346cb171afa', '0adcdfe1-9f78-46f4-a934-50fdccf79b1b', 'f7c4fa6f-e1b0-4890-9f67-df1aada174b1', '90c0e490-3da6-4875-aa6c-311392b356d7'] {{(pid=93561) reserve /opt/stack/cinder/cinder/quota.py:752}}
Jun 28 14:24:16 devstack cinder-volume[93561]: DEBUG dbcounter [-] [93561] Writing DB stats cinder:SELECT=88,cinder:UPDATE=74,cinder:INSERT=15,cinder:DELETE=7 {{(pid=93561) stat_writer /opt/stack/data/venv/lib/python3.12/site-packages/dbcounter.py:115}}
Jun 28 14:24:16 devstack cinder-volume[93561]: DEBUG dbcounter [-] [93561] Writing DB stats cinder:SELECT=77,cinder:UPDATE=91,cinder:INSERT=23,cinder:DELETE=3 {{(pid=93561) stat_writer /opt/stack/data/venv/lib/python3.12/site-packages/dbcounter.py:115}}
Jun 28 14:24:16 devstack cinder-volume[93561]: INFO cinder.volume.manager [None req-582b3d71-dec8-40e2-89bc-161f5cf110e7 tempest-SnapshotsActionsTest-1812272739 None] Delete snapshot completed successfully.
Jun 28 14:24:16 devstack cinder-volume[93561]: DEBUG cinder.coordination [None req-582b3d71-dec8-40e2-89bc-161f5cf110e7 tempest-SnapshotsActionsTest-1812272739 None] Lock "cinder-24ac6007-fa96-4b98-b4f7-8293c7473c2e-delete_snapshot" released by "delete_snapshot" :: held 4.300s {{(pid=93561) __release /opt/stack/cinder/cinder/coordination.py:152}}
Jun 28 14:24:18 devstack cinder-volume[93561]: DEBUG oslo_concurrency.lockutils [None req-d0ebff06-2135-46a7-bdbc-0600be7d5766 tempest-SnapshotsActionsTest-120480439 None] Acquiring lock "quobyte" by "cinder.volume.drivers.quobyte.QuobyteDriver.create_snapshot" {{(pid=93561) inner /opt/stack/data/venv/lib/python3.12/site-packages/oslo_concurrency/lockutils.py:511}}
Jun 28 14:24:18 devstack cinder-volume[93561]: DEBUG oslo_concurrency.lockutils [None req-d0ebff06-2135-46a7-bdbc-0600be7d5766 tempest-SnapshotsActionsTest-120480439 None] Lock "quobyte" acquired by "cinder.volume.drivers.quobyte.QuobyteDriver.create_snapshot" :: waited 0.001s {{(pid=93561) inner /opt/stack/data/venv/lib/python3.12/site-packages/oslo_concurrency/lockutils.py:524}}
Jun 28 14:24:18 devstack cinder-volume[93561]: DEBUG cinder.volume.drivers.remotefs [None req-d0ebff06-2135-46a7-bdbc-0600be7d5766 tempest-SnapshotsActionsTest-120480439 None] Creating offline snapshot ed6fffe8-bb7f-4e55-af8a-49f2ebf08cca of volume 39e61009-dacf-4301-a255-74b84cc03148 {{(pid=93561) _create_snapshot /opt/stack/cinder/cinder/volume/drivers/remotefs.py:1816}}
Jun 28 14:24:18 devstack cinder-volume[93561]: DEBUG oslo.privsep.daemon [-] privsep: reply[b7bd8a60-4797-4213-a2ea-96281c9948af]: (4, 'qcow2') {{(pid=94796) _call_back /opt/stack/data/venv/lib/python3.12/site-packages/oslo_privsep/daemon.py:580}}
Jun 28 14:24:18 devstack cinder-volume[93561]: DEBUG oslo_concurrency.processutils [None req-d0ebff06-2135-46a7-bdbc-0600be7d5766 tempest-SnapshotsActionsTest-120480439 None] Running cmd (subprocess): /opt/stack/data/venv/bin/python3.12 -m oslo_concurrency.prlimit --as=1073741824 --cpu=60 -- sudo cinder-rootwrap /etc/cinder/rootwrap.conf env LC_ALL=C qemu-img info -f qcow2 --output=json --force-share /opt/stack/data/cinder/mnt/26662b4e6046af8948f0eeba93c5bf13/volume-39e61009-dacf-4301-a255-74b84cc03148.03212e26-7912-489a-be67-9d5977e7d564 {{(pid=93561) execute /opt/stack/data/venv/lib/python3.12/site-packages/oslo_concurrency/processutils.py:440}}
Jun 28 14:24:18 devstack sudo[97868]: quobyte : PWD=/ ; USER=root ; COMMAND=/opt/stack/data/venv/bin/cinder-rootwrap /etc/cinder/rootwrap.conf env LC_ALL=C qemu-img info -f qcow2 --output=json --force-share /opt/stack/data/cinder/mnt/26662b4e6046af8948f0eeba93c5bf13/volume-39e61009-dacf-4301-a255-74b84cc03148.03212e26-7912-489a-be67-9d5977e7d564
Jun 28 14:24:18 devstack sudo[97868]: pam_unix(sudo:session): session opened for user root(uid=0) by (uid=1000)
Jun 28 14:24:19 devstack sudo[97868]: pam_unix(sudo:session): session closed for user root
Jun 28 14:24:19 devstack cinder-volume[93561]: DEBUG oslo_concurrency.processutils [None req-d0ebff06-2135-46a7-bdbc-0600be7d5766 tempest-SnapshotsActionsTest-120480439 None] CMD "/opt/stack/data/venv/bin/python3.12 -m oslo_concurrency.prlimit --as=1073741824 --cpu=60 -- sudo cinder-rootwrap /etc/cinder/rootwrap.conf env LC_ALL=C qemu-img info -f qcow2 --output=json --force-share /opt/stack/data/cinder/mnt/26662b4e6046af8948f0eeba93c5bf13/volume-39e61009-dacf-4301-a255-74b84cc03148.03212e26-7912-489a-be67-9d5977e7d564" returned: 0 in 0.897s {{(pid=93561) execute /opt/stack/data/venv/lib/python3.12/site-packages/oslo_concurrency/processutils.py:468}}
Jun 28 14:24:19 devstack cinder-volume[93561]: DEBUG cinder.volume.drivers.remotefs [None req-d0ebff06-2135-46a7-bdbc-0600be7d5766 tempest-SnapshotsActionsTest-120480439 None] Fetching qemu-img info with special backing_file_template: (/opt/stack/data/cinder/mnt/[0-9a-f]+/)?(volume-39e61009-dacf-4301-a255-74b84cc03148(.(tmp-snap-)?[0-9a-f-]+)?|volume_from_snapshot_cache/(tmp-snap-)?[0-9a-f-]+(.(child-|parent-)[0-9a-f-]+)?)$ {{(pid=93561) _qemu_img_info_base /opt/stack/cinder/cinder/volume/drivers/remotefs.py:896}}
Jun 28 14:24:19 devstack cinder-volume[93561]: DEBUG oslo_concurrency.processutils [None req-d0ebff06-2135-46a7-bdbc-0600be7d5766 tempest-SnapshotsActionsTest-120480439 None] Running cmd (subprocess): sudo cinder-rootwrap /etc/cinder/rootwrap.conf qemu-img create -f qcow2 -o backing_file=/opt/stack/data/cinder/mnt/26662b4e6046af8948f0eeba93c5bf13/volume-39e61009-dacf-4301-a255-74b84cc03148.03212e26-7912-489a-be67-9d5977e7d564,backing_fmt=qcow2 /opt/stack/data/cinder/mnt/26662b4e6046af8948f0eeba93c5bf13/volume-39e61009-dacf-4301-a255-74b84cc03148.ed6fffe8-bb7f-4e55-af8a-49f2ebf08cca 1G {{(pid=93561) execute /opt/stack/data/venv/lib/python3.12/site-packages/oslo_concurrency/processutils.py:440}}
Jun 28 14:24:19 devstack sudo[97875]: quobyte : PWD=/ ; USER=root ; COMMAND=/opt/stack/data/venv/bin/cinder-rootwrap /etc/cinder/rootwrap.conf qemu-img create -f qcow2 -o backing_file=/opt/stack/data/cinder/mnt/26662b4e6046af8948f0eeba93c5bf13/volume-39e61009-dacf-4301-a255-74b84cc03148.03212e26-7912-489a-be67-9d5977e7d564,backing_fmt=qcow2 /opt/stack/data/cinder/mnt/26662b4e6046af8948f0eeba93c5bf13/volume-39e61009-dacf-4301-a255-74b84cc03148.ed6fffe8-bb7f-4e55-af8a-49f2ebf08cca 1G
Jun 28 14:24:19 devstack sudo[97875]: pam_unix(sudo:session): session opened for user root(uid=0) by (uid=1000)
Jun 28 14:24:20 devstack sudo[97875]: pam_unix(sudo:session): session closed for user root
Jun 28 14:24:20 devstack cinder-volume[93561]: DEBUG oslo_concurrency.processutils [None req-d0ebff06-2135-46a7-bdbc-0600be7d5766 tempest-SnapshotsActionsTest-120480439 None] CMD "sudo cinder-rootwrap /etc/cinder/rootwrap.conf qemu-img create -f qcow2 -o backing_file=/opt/stack/data/cinder/mnt/26662b4e6046af8948f0eeba93c5bf13/volume-39e61009-dacf-4301-a255-74b84cc03148.03212e26-7912-489a-be67-9d5977e7d564,backing_fmt=qcow2 /opt/stack/data/cinder/mnt/26662b4e6046af8948f0eeba93c5bf13/volume-39e61009-dacf-4301-a255-74b84cc03148.ed6fffe8-bb7f-4e55-af8a-49f2ebf08cca 1G" returned: 0 in 1.097s {{(pid=93561) execute /opt/stack/data/venv/lib/python3.12/site-packages/oslo_concurrency/processutils.py:468}}
Jun 28 14:24:20 devstack cinder-volume[93561]: DEBUG oslo_concurrency.processutils [None req-d0ebff06-2135-46a7-bdbc-0600be7d5766 tempest-SnapshotsActionsTest-120480439 None] Running cmd (subprocess): sudo cinder-rootwrap /etc/cinder/rootwrap.conf qemu-img rebase -u -b volume-39e61009-dacf-4301-a255-74b84cc03148.03212e26-7912-489a-be67-9d5977e7d564 -F qcow2 /opt/stack/data/cinder/mnt/26662b4e6046af8948f0eeba93c5bf13/volume-39e61009-dacf-4301-a255-74b84cc03148.ed6fffe8-bb7f-4e55-af8a-49f2ebf08cca {{(pid=93561) execute /opt/stack/data/venv/lib/python3.12/site-packages/oslo_concurrency/processutils.py:440}}
Jun 28 14:24:20 devstack sudo[97889]: quobyte : PWD=/ ; USER=root ; COMMAND=/opt/stack/data/venv/bin/cinder-rootwrap /etc/cinder/rootwrap.conf qemu-img rebase -u -b volume-39e61009-dacf-4301-a255-74b84cc03148.03212e26-7912-489a-be67-9d5977e7d564 -F qcow2 /opt/stack/data/cinder/mnt/26662b4e6046af8948f0eeba93c5bf13/volume-39e61009-dacf-4301-a255-74b84cc03148.ed6fffe8-bb7f-4e55-af8a-49f2ebf08cca
Jun 28 14:24:20 devstack sudo[97889]: pam_unix(sudo:session): session opened for user root(uid=0) by (uid=1000)
Jun 28 14:24:21 devstack sudo[97889]: pam_unix(sudo:session): session closed for user root
Jun 28 14:24:21 devstack cinder-volume[93561]: DEBUG oslo_concurrency.processutils [None req-d0ebff06-2135-46a7-bdbc-0600be7d5766 tempest-SnapshotsActionsTest-120480439 None] CMD "sudo cinder-rootwrap /etc/cinder/rootwrap.conf qemu-img rebase -u -b volume-39e61009-dacf-4301-a255-74b84cc03148.03212e26-7912-489a-be67-9d5977e7d564 -F qcow2 /opt/stack/data/cinder/mnt/26662b4e6046af8948f0eeba93c5bf13/volume-39e61009-dacf-4301-a255-74b84cc03148.ed6fffe8-bb7f-4e55-af8a-49f2ebf08cca" returned: 0 in 0.937s {{(pid=93561) execute /opt/stack/data/venv/lib/python3.12/site-packages/oslo_concurrency/processutils.py:468}}
Jun 28 14:24:21 devstack cinder-volume[93561]: WARNING cinder.volume.drivers.remotefs [None req-d0ebff06-2135-46a7-bdbc-0600be7d5766 tempest-SnapshotsActionsTest-120480439 None] /opt/stack/data/cinder/mnt/26662b4e6046af8948f0eeba93c5bf13/volume-39e61009-dacf-4301-a255-74b84cc03148.ed6fffe8-bb7f-4e55-af8a-49f2ebf08cca is being set with open permissions: ugo+rw
Jun 28 14:24:21 devstack cinder-volume[93561]: DEBUG oslo_concurrency.processutils [None req-d0ebff06-2135-46a7-bdbc-0600be7d5766 tempest-SnapshotsActionsTest-120480439 None] Running cmd (subprocess): sudo cinder-rootwrap /etc/cinder/rootwrap.conf chmod ugo+rw /opt/stack/data/cinder/mnt/26662b4e6046af8948f0eeba93c5bf13/volume-39e61009-dacf-4301-a255-74b84cc03148.ed6fffe8-bb7f-4e55-af8a-49f2ebf08cca {{(pid=93561) execute /opt/stack/data/venv/lib/python3.12/site-packages/oslo_concurrency/processutils.py:440}}
Jun 28 14:24:21 devstack sudo[97898]: quobyte : PWD=/ ; USER=root ; COMMAND=/opt/stack/data/venv/bin/cinder-rootwrap /etc/cinder/rootwrap.conf chmod ugo+rw /opt/stack/data/cinder/mnt/26662b4e6046af8948f0eeba93c5bf13/volume-39e61009-dacf-4301-a255-74b84cc03148.ed6fffe8-bb7f-4e55-af8a-49f2ebf08cca
Jun 28 14:24:21 devstack sudo[97898]: pam_unix(sudo:session): session opened for user root(uid=0) by (uid=1000)
Jun 28 14:24:21 devstack sudo[97898]: pam_unix(sudo:session): session closed for user root
Jun 28 14:24:21 devstack cinder-volume[93561]: DEBUG oslo_concurrency.processutils [None req-d0ebff06-2135-46a7-bdbc-0600be7d5766 tempest-SnapshotsActionsTest-120480439 None] CMD "sudo cinder-rootwrap /etc/cinder/rootwrap.conf chmod ugo+rw /opt/stack/data/cinder/mnt/26662b4e6046af8948f0eeba93c5bf13/volume-39e61009-dacf-4301-a255-74b84cc03148.ed6fffe8-bb7f-4e55-af8a-49f2ebf08cca" returned: 0 in 0.754s {{(pid=93561) execute /opt/stack/data/venv/lib/python3.12/site-packages/oslo_concurrency/processutils.py:468}}
Jun 28 14:24:21 devstack cinder-volume[93561]: DEBUG oslo_concurrency.lockutils [None req-d0ebff06-2135-46a7-bdbc-0600be7d5766 tempest-SnapshotsActionsTest-120480439 None] Lock "quobyte" "released" by "cinder.volume.drivers.quobyte.QuobyteDriver.create_snapshot" :: held 3.826s {{(pid=93561) inner /opt/stack/data/venv/lib/python3.12/site-packages/oslo_concurrency/lockutils.py:543}}
Jun 28 14:24:21 devstack cinder-volume[93561]: INFO cinder.volume.manager [None req-d0ebff06-2135-46a7-bdbc-0600be7d5766 tempest-SnapshotsActionsTest-120480439 None] Create snapshot completed successfully
Jun 28 14:24:22 devstack cinder-volume[93561]: DEBUG cinder.coordination [None req-509924aa-3f97-4493-ad72-5e21057e3f33 tempest-SnapshotsActionsTest-1812272739 None] Acquiring lock "cinder-ed6fffe8-bb7f-4e55-af8a-49f2ebf08cca-delete_snapshot" by "delete_snapshot" {{(pid=93561) __acquire /opt/stack/cinder/cinder/coordination.py:138}}
Jun 28 14:24:22 devstack cinder-volume[93561]: DEBUG cinder.coordination [None req-509924aa-3f97-4493-ad72-5e21057e3f33 tempest-SnapshotsActionsTest-1812272739 None] Lock "cinder-ed6fffe8-bb7f-4e55-af8a-49f2ebf08cca-delete_snapshot" acquired by "delete_snapshot" :: waited 0.027s {{(pid=93561) __acquire /opt/stack/cinder/cinder/coordination.py:141}}
Jun 28 14:24:22 devstack cinder-volume[93561]: DEBUG cinder.coordination [None req-509924aa-3f97-4493-ad72-5e21057e3f33 tempest-SnapshotsActionsTest-1812272739 None] Acquiring lock "cinder-quobyte-39e61009-dacf-4301-a255-74b84cc03148" by "delete_snapshot" {{(pid=93561) __acquire /opt/stack/cinder/cinder/coordination.py:138}}
Jun 28 14:24:22 devstack cinder-volume[93561]: DEBUG cinder.coordination [None req-509924aa-3f97-4493-ad72-5e21057e3f33 tempest-SnapshotsActionsTest-1812272739 None] Lock "cinder-quobyte-39e61009-dacf-4301-a255-74b84cc03148" acquired by "delete_snapshot" :: waited 0.017s {{(pid=93561) __acquire /opt/stack/cinder/cinder/coordination.py:141}}
Jun 28 14:24:22 devstack cinder-volume[93561]: DEBUG cinder.coordination [None req-509924aa-3f97-4493-ad72-5e21057e3f33 tempest-SnapshotsActionsTest-1812272739 None] Acquiring lock "cinder-quobyte-ed6fffe8-bb7f-4e55-af8a-49f2ebf08cca" by "_delete_snapshot" {{(pid=93561) __acquire /opt/stack/cinder/cinder/coordination.py:138}}
Jun 28 14:24:22 devstack cinder-volume[93561]: DEBUG cinder.coordination [None req-509924aa-3f97-4493-ad72-5e21057e3f33 tempest-SnapshotsActionsTest-1812272739 None] Lock "cinder-quobyte-ed6fffe8-bb7f-4e55-af8a-49f2ebf08cca" acquired by "_delete_snapshot" :: waited 0.040s {{(pid=93561) __acquire /opt/stack/cinder/cinder/coordination.py:141}}
Jun 28 14:24:22 devstack cinder-volume[93561]: DEBUG cinder.volume.drivers.remotefs [None req-509924aa-3f97-4493-ad72-5e21057e3f33 tempest-SnapshotsActionsTest-1812272739 None] Deleting offline snapshot ed6fffe8-bb7f-4e55-af8a-49f2ebf08cca of volume 39e61009-dacf-4301-a255-74b84cc03148 {{(pid=93561) _delete_snapshot /opt/stack/cinder/cinder/volume/drivers/remotefs.py:1288}}
Jun 28 14:24:22 devstack cinder-volume[93561]: DEBUG cinder.volume.drivers.remotefs [None req-509924aa-3f97-4493-ad72-5e21057e3f33 tempest-SnapshotsActionsTest-1812272739 None] snapshot_file for this snap is: volume-39e61009-dacf-4301-a255-74b84cc03148.ed6fffe8-bb7f-4e55-af8a-49f2ebf08cca {{(pid=93561) _delete_snapshot /opt/stack/cinder/cinder/volume/drivers/remotefs.py:1317}}
Jun 28 14:24:22 devstack cinder-volume[93561]: DEBUG oslo.privsep.daemon [-] privsep: reply[3be5df04-a15f-4a3a-a570-391652714881]: (4, 'qcow2') {{(pid=94796) _call_back /opt/stack/data/venv/lib/python3.12/site-packages/oslo_privsep/daemon.py:580}}
Jun 28 14:24:22 devstack cinder-volume[93561]: DEBUG oslo_concurrency.processutils [None req-509924aa-3f97-4493-ad72-5e21057e3f33 tempest-SnapshotsActionsTest-1812272739 None] Running cmd (subprocess): /opt/stack/data/venv/bin/python3.12 -m oslo_concurrency.prlimit --as=1073741824 --cpu=60 -- sudo cinder-rootwrap /etc/cinder/rootwrap.conf env LC_ALL=C qemu-img info -f qcow2 --output=json --force-share /opt/stack/data/cinder/mnt/26662b4e6046af8948f0eeba93c5bf13/volume-39e61009-dacf-4301-a255-74b84cc03148.ed6fffe8-bb7f-4e55-af8a-49f2ebf08cca {{(pid=93561) execute /opt/stack/data/venv/lib/python3.12/site-packages/oslo_concurrency/processutils.py:440}}
Jun 28 14:24:22 devstack sudo[97901]: quobyte : PWD=/ ; USER=root ; COMMAND=/opt/stack/data/venv/bin/cinder-rootwrap /etc/cinder/rootwrap.conf env LC_ALL=C qemu-img info -f qcow2 --output=json --force-share /opt/stack/data/cinder/mnt/26662b4e6046af8948f0eeba93c5bf13/volume-39e61009-dacf-4301-a255-74b84cc03148.ed6fffe8-bb7f-4e55-af8a-49f2ebf08cca
Jun 28 14:24:22 devstack sudo[97901]: pam_unix(sudo:session): session opened for user root(uid=0) by (uid=1000)
Jun 28 14:24:23 devstack cinder-volume[93561]: DEBUG cinder.coordination [None req-09932001-7fd2-4678-822a-b4e87740c5ee tempest-ServerActionsTestOtherA-1135190114 None] Acquiring lock "cinder-21eba21d-7964-497e-8968-a0dbcc0b2d77-delete_volume" by "delete_volume" {{(pid=93561) __acquire /opt/stack/cinder/cinder/coordination.py:138}}
Jun 28 14:24:23 devstack cinder-volume[93561]: DEBUG cinder.coordination [None req-09932001-7fd2-4678-822a-b4e87740c5ee tempest-ServerActionsTestOtherA-1135190114 None] Lock "cinder-21eba21d-7964-497e-8968-a0dbcc0b2d77-delete_volume" acquired by "delete_volume" :: waited 0.043s {{(pid=93561) __acquire /opt/stack/cinder/cinder/coordination.py:141}}
Jun 28 14:24:23 devstack cinder-volume[93561]: DEBUG cinder.coordination [None req-09932001-7fd2-4678-822a-b4e87740c5ee tempest-ServerActionsTestOtherA-1135190114 None] Acquiring lock "cinder-quobyte-21eba21d-7964-497e-8968-a0dbcc0b2d77" by "delete_volume" {{(pid=93561) __acquire /opt/stack/cinder/cinder/coordination.py:138}}
Jun 28 14:24:23 devstack cinder-volume[93561]: DEBUG cinder.coordination [None req-09932001-7fd2-4678-822a-b4e87740c5ee tempest-ServerActionsTestOtherA-1135190114 None] Lock "cinder-quobyte-21eba21d-7964-497e-8968-a0dbcc0b2d77" acquired by "delete_volume" :: waited 0.020s {{(pid=93561) __acquire /opt/stack/cinder/cinder/coordination.py:141}}
Jun 28 14:24:23 devstack cinder-volume[93561]: DEBUG oslo.privsep.daemon [-] privsep: reply[c7eb8708-7b2b-4b31-b000-63460d679567]: (4, 'qcow2') {{(pid=94796) _call_back /opt/stack/data/venv/lib/python3.12/site-packages/oslo_privsep/daemon.py:580}}
Jun 28 14:24:23 devstack cinder-volume[93561]: DEBUG oslo_concurrency.processutils [None req-09932001-7fd2-4678-822a-b4e87740c5ee tempest-ServerActionsTestOtherA-1135190114 None] Running cmd (subprocess): /opt/stack/data/venv/bin/python3.12 -m oslo_concurrency.prlimit --as=1073741824 --cpu=60 -- sudo cinder-rootwrap /etc/cinder/rootwrap.conf env LC_ALL=C qemu-img info -f qcow2 --output=json --force-share /opt/stack/data/cinder/mnt/26662b4e6046af8948f0eeba93c5bf13/volume-21eba21d-7964-497e-8968-a0dbcc0b2d77 {{(pid=93561) execute /opt/stack/data/venv/lib/python3.12/site-packages/oslo_concurrency/processutils.py:440}}
Jun 28 14:24:23 devstack sudo[97904]: quobyte : PWD=/ ; USER=root ; COMMAND=/opt/stack/data/venv/bin/cinder-rootwrap /etc/cinder/rootwrap.conf env LC_ALL=C qemu-img info -f qcow2 --output=json --force-share /opt/stack/data/cinder/mnt/26662b4e6046af8948f0eeba93c5bf13/volume-21eba21d-7964-497e-8968-a0dbcc0b2d77
Jun 28 14:24:23 devstack sudo[97904]: pam_unix(sudo:session): session opened for user root(uid=0) by (uid=1000)
Jun 28 14:24:23 devstack sudo[97901]: pam_unix(sudo:session): session closed for user root
Jun 28 14:24:23 devstack cinder-volume[93561]: DEBUG oslo_concurrency.processutils [None req-509924aa-3f97-4493-ad72-5e21057e3f33 tempest-SnapshotsActionsTest-1812272739 None] CMD "/opt/stack/data/venv/bin/python3.12 -m oslo_concurrency.prlimit --as=1073741824 --cpu=60 -- sudo cinder-rootwrap /etc/cinder/rootwrap.conf env LC_ALL=C qemu-img info -f qcow2 --output=json --force-share /opt/stack/data/cinder/mnt/26662b4e6046af8948f0eeba93c5bf13/volume-39e61009-dacf-4301-a255-74b84cc03148.ed6fffe8-bb7f-4e55-af8a-49f2ebf08cca" returned: 0 in 0.862s {{(pid=93561) execute /opt/stack/data/venv/lib/python3.12/site-packages/oslo_concurrency/processutils.py:468}}
Jun 28 14:24:23 devstack cinder-volume[93561]: DEBUG cinder.volume.drivers.remotefs [None req-509924aa-3f97-4493-ad72-5e21057e3f33 tempest-SnapshotsActionsTest-1812272739 None] Fetching qemu-img info with special backing_file_template: (/opt/stack/data/cinder/mnt/[0-9a-f]+/)?(volume-39e61009-dacf-4301-a255-74b84cc03148(.(tmp-snap-)?[0-9a-f-]+)?|volume_from_snapshot_cache/(tmp-snap-)?[0-9a-f-]+(.(child-|parent-)[0-9a-f-]+)?)$ {{(pid=93561) _qemu_img_info_base /opt/stack/cinder/cinder/volume/drivers/remotefs.py:896}}
Jun 28 14:24:23 devstack cinder-volume[93561]: DEBUG oslo.privsep.daemon [-] privsep: reply[267913e5-30e2-4fd0-9733-0c3b51ba3818]: (4, 'qcow2') {{(pid=94796) _call_back /opt/stack/data/venv/lib/python3.12/site-packages/oslo_privsep/daemon.py:580}}
Jun 28 14:24:23 devstack cinder-volume[93561]: DEBUG oslo_concurrency.processutils [None req-509924aa-3f97-4493-ad72-5e21057e3f33 tempest-SnapshotsActionsTest-1812272739 None] Running cmd (subprocess): /opt/stack/data/venv/bin/python3.12 -m oslo_concurrency.prlimit --as=1073741824 --cpu=60 -- sudo cinder-rootwrap /etc/cinder/rootwrap.conf env LC_ALL=C qemu-img info -f qcow2 --output=json --force-share /opt/stack/data/cinder/mnt/26662b4e6046af8948f0eeba93c5bf13/volume-39e61009-dacf-4301-a255-74b84cc03148.03212e26-7912-489a-be67-9d5977e7d564 {{(pid=93561) execute /opt/stack/data/venv/lib/python3.12/site-packages/oslo_concurrency/processutils.py:440}}
Jun 28 14:24:23 devstack sudo[97908]: quobyte : PWD=/ ; USER=root ; COMMAND=/opt/stack/data/venv/bin/cinder-rootwrap /etc/cinder/rootwrap.conf env LC_ALL=C qemu-img info -f qcow2 --output=json --force-share /opt/stack/data/cinder/mnt/26662b4e6046af8948f0eeba93c5bf13/volume-39e61009-dacf-4301-a255-74b84cc03148.03212e26-7912-489a-be67-9d5977e7d564
Jun 28 14:24:23 devstack sudo[97908]: pam_unix(sudo:session): session opened for user root(uid=0) by (uid=1000)
Jun 28 14:24:24 devstack sudo[97904]: pam_unix(sudo:session): session closed for user root
Jun 28 14:24:24 devstack cinder-volume[93561]: DEBUG oslo_concurrency.processutils [None req-09932001-7fd2-4678-822a-b4e87740c5ee tempest-ServerActionsTestOtherA-1135190114 None] CMD "/opt/stack/data/venv/bin/python3.12 -m oslo_concurrency.prlimit --as=1073741824 --cpu=60 -- sudo cinder-rootwrap /etc/cinder/rootwrap.conf env LC_ALL=C qemu-img info -f qcow2 --output=json --force-share /opt/stack/data/cinder/mnt/26662b4e6046af8948f0eeba93c5bf13/volume-21eba21d-7964-497e-8968-a0dbcc0b2d77" returned: 0 in 0.970s {{(pid=93561) execute /opt/stack/data/venv/lib/python3.12/site-packages/oslo_concurrency/processutils.py:468}}
Jun 28 14:24:24 devstack cinder-volume[93561]: DEBUG oslo_concurrency.processutils [None req-09932001-7fd2-4678-822a-b4e87740c5ee tempest-ServerActionsTestOtherA-1135190114 None] Running cmd (subprocess): sudo cinder-rootwrap /etc/cinder/rootwrap.conf rm -f /opt/stack/data/cinder/mnt/26662b4e6046af8948f0eeba93c5bf13/volume-21eba21d-7964-497e-8968-a0dbcc0b2d77 {{(pid=93561) execute /opt/stack/data/venv/lib/python3.12/site-packages/oslo_concurrency/processutils.py:440}}
Jun 28 14:24:24 devstack sudo[97921]: quobyte : PWD=/ ; USER=root ; COMMAND=/opt/stack/data/venv/bin/cinder-rootwrap /etc/cinder/rootwrap.conf rm -f /opt/stack/data/cinder/mnt/26662b4e6046af8948f0eeba93c5bf13/volume-21eba21d-7964-497e-8968-a0dbcc0b2d77
Jun 28 14:24:24 devstack sudo[97921]: pam_unix(sudo:session): session opened for user root(uid=0) by (uid=1000)
Jun 28 14:24:24 devstack sudo[97908]: pam_unix(sudo:session): session closed for user root
