Jun 28 14:23:45 devstack cinder-volume[93561]: DEBUG oslo_concurrency.processutils [None req-958818c9-5e8c-4221-afcf-cc41dcf0ccfb tempest-SnapshotsActionsTest-120480439 None] Running cmd (subprocess): /opt/stack/data/venv/bin/python3.12 -m oslo_concurrency.prlimit --as=1073741824 --cpu=60 -- sudo cinder-rootwrap /etc/cinder/rootwrap.conf env LC_ALL=C qemu-img info -f qcow2 --output=json --force-share /opt/stack/data/cinder/mnt/26662b4e6046af8948f0eeba93c5bf13/volume-39e61009-dacf-4301-a255-74b84cc03148.03212e26-7912-489a-be67-9d5977e7d564 {{(pid=93561) execute /opt/stack/data/venv/lib/python3.12/site-packages/oslo_concurrency/processutils.py:440}}
Jun 28 14:23:46 devstack sudo[97586]: quobyte : PWD=/ ; USER=root ; COMMAND=/opt/stack/data/venv/bin/cinder-rootwrap /etc/cinder/rootwrap.conf env LC_ALL=C qemu-img info -f qcow2 --output=json --force-share /opt/stack/data/cinder/mnt/26662b4e6046af8948f0eeba93c5bf13/volume-39e61009-dacf-4301-a255-74b84cc03148.03212e26-7912-489a-be67-9d5977e7d564
Jun 28 14:23:46 devstack sudo[97586]: pam_unix(sudo:session): session opened for user root(uid=0) by (uid=1000)
Jun 28 14:23:47 devstack sudo[97586]: pam_unix(sudo:session): session closed for user root
Jun 28 14:23:47 devstack cinder-volume[93561]: DEBUG oslo_concurrency.processutils [None req-958818c9-5e8c-4221-afcf-cc41dcf0ccfb tempest-SnapshotsActionsTest-120480439 None] CMD "/opt/stack/data/venv/bin/python3.12 -m oslo_concurrency.prlimit --as=1073741824 --cpu=60 -- sudo cinder-rootwrap /etc/cinder/rootwrap.conf env LC_ALL=C qemu-img info -f qcow2 --output=json --force-share /opt/stack/data/cinder/mnt/26662b4e6046af8948f0eeba93c5bf13/volume-39e61009-dacf-4301-a255-74b84cc03148.03212e26-7912-489a-be67-9d5977e7d564" returned: 0 in 1.116s {{(pid=93561) execute /opt/stack/data/venv/lib/python3.12/site-packages/oslo_concurrency/processutils.py:468}}
Jun 28 14:23:47 devstack cinder-volume[93561]: DEBUG cinder.volume.drivers.remotefs [None req-958818c9-5e8c-4221-afcf-cc41dcf0ccfb tempest-SnapshotsActionsTest-120480439 None] Fetching qemu-img info with special backing_file_template: (/opt/stack/data/cinder/mnt/[0-9a-f]+/)?(volume-39e61009-dacf-4301-a255-74b84cc03148(.(tmp-snap-)?[0-9a-f-]+)?|volume_from_snapshot_cache/(tmp-snap-)?[0-9a-f-]+(.(child-|parent-)[0-9a-f-]+)?)$ {{(pid=93561) _qemu_img_info_base /opt/stack/cinder/cinder/volume/drivers/remotefs.py:896}}
Jun 28 14:23:47 devstack cinder-volume[93561]: DEBUG oslo_concurrency.processutils [None req-958818c9-5e8c-4221-afcf-cc41dcf0ccfb tempest-SnapshotsActionsTest-120480439 None] Running cmd (subprocess): sudo cinder-rootwrap /etc/cinder/rootwrap.conf qemu-img create -f qcow2 -o backing_file=/opt/stack/data/cinder/mnt/26662b4e6046af8948f0eeba93c5bf13/volume-39e61009-dacf-4301-a255-74b84cc03148.03212e26-7912-489a-be67-9d5977e7d564,backing_fmt=qcow2 /opt/stack/data/cinder/mnt/26662b4e6046af8948f0eeba93c5bf13/volume-39e61009-dacf-4301-a255-74b84cc03148.b3760dbd-cbf4-4a33-b2ee-994914f4c76a 1G {{(pid=93561) execute /opt/stack/data/venv/lib/python3.12/site-packages/oslo_concurrency/processutils.py:440}}
Jun 28 14:23:47 devstack sudo[97594]: quobyte : PWD=/ ; USER=root ; COMMAND=/opt/stack/data/venv/bin/cinder-rootwrap /etc/cinder/rootwrap.conf qemu-img create -f qcow2 -o backing_file=/opt/stack/data/cinder/mnt/26662b4e6046af8948f0eeba93c5bf13/volume-39e61009-dacf-4301-a255-74b84cc03148.03212e26-7912-489a-be67-9d5977e7d564,backing_fmt=qcow2 /opt/stack/data/cinder/mnt/26662b4e6046af8948f0eeba93c5bf13/volume-39e61009-dacf-4301-a255-74b84cc03148.b3760dbd-cbf4-4a33-b2ee-994914f4c76a 1G
Jun 28 14:23:47 devstack sudo[97594]: pam_unix(sudo:session): session opened for user root(uid=0) by (uid=1000)
Jun 28 14:23:48 devstack sudo[97594]: pam_unix(sudo:session): session closed for user root
Jun 28 14:23:48 devstack cinder-volume[93561]: DEBUG oslo_concurrency.processutils [None req-958818c9-5e8c-4221-afcf-cc41dcf0ccfb tempest-SnapshotsActionsTest-120480439 None] CMD "sudo cinder-rootwrap /etc/cinder/rootwrap.conf qemu-img create -f qcow2 -o backing_file=/opt/stack/data/cinder/mnt/26662b4e6046af8948f0eeba93c5bf13/volume-39e61009-dacf-4301-a255-74b84cc03148.03212e26-7912-489a-be67-9d5977e7d564,backing_fmt=qcow2 /opt/stack/data/cinder/mnt/26662b4e6046af8948f0eeba93c5bf13/volume-39e61009-dacf-4301-a255-74b84cc03148.b3760dbd-cbf4-4a33-b2ee-994914f4c76a 1G" returned: 0 in 1.148s {{(pid=93561) execute /opt/stack/data/venv/lib/python3.12/site-packages/oslo_concurrency/processutils.py:468}}
Jun 28 14:23:48 devstack cinder-volume[93561]: DEBUG oslo_concurrency.processutils [None req-958818c9-5e8c-4221-afcf-cc41dcf0ccfb tempest-SnapshotsActionsTest-120480439 None] Running cmd (subprocess): sudo cinder-rootwrap /etc/cinder/rootwrap.conf qemu-img rebase -u -b volume-39e61009-dacf-4301-a255-74b84cc03148.03212e26-7912-489a-be67-9d5977e7d564 -F qcow2 /opt/stack/data/cinder/mnt/26662b4e6046af8948f0eeba93c5bf13/volume-39e61009-dacf-4301-a255-74b84cc03148.b3760dbd-cbf4-4a33-b2ee-994914f4c76a {{(pid=93561) execute /opt/stack/data/venv/lib/python3.12/site-packages/oslo_concurrency/processutils.py:440}}
Jun 28 14:23:48 devstack sudo[97602]: quobyte : PWD=/ ; USER=root ; COMMAND=/opt/stack/data/venv/bin/cinder-rootwrap /etc/cinder/rootwrap.conf qemu-img rebase -u -b volume-39e61009-dacf-4301-a255-74b84cc03148.03212e26-7912-489a-be67-9d5977e7d564 -F qcow2 /opt/stack/data/cinder/mnt/26662b4e6046af8948f0eeba93c5bf13/volume-39e61009-dacf-4301-a255-74b84cc03148.b3760dbd-cbf4-4a33-b2ee-994914f4c76a
Jun 28 14:23:48 devstack sudo[97602]: pam_unix(sudo:session): session opened for user root(uid=0) by (uid=1000)
Jun 28 14:23:49 devstack sudo[97602]: pam_unix(sudo:session): session closed for user root
Jun 28 14:23:49 devstack cinder-volume[93561]: DEBUG oslo_concurrency.processutils [None req-958818c9-5e8c-4221-afcf-cc41dcf0ccfb tempest-SnapshotsActionsTest-120480439 None] CMD "sudo cinder-rootwrap /etc/cinder/rootwrap.conf qemu-img rebase -u -b volume-39e61009-dacf-4301-a255-74b84cc03148.03212e26-7912-489a-be67-9d5977e7d564 -F qcow2 /opt/stack/data/cinder/mnt/26662b4e6046af8948f0eeba93c5bf13/volume-39e61009-dacf-4301-a255-74b84cc03148.b3760dbd-cbf4-4a33-b2ee-994914f4c76a" returned: 0 in 0.938s {{(pid=93561) execute /opt/stack/data/venv/lib/python3.12/site-packages/oslo_concurrency/processutils.py:468}}
Jun 28 14:23:49 devstack cinder-volume[93561]: WARNING cinder.volume.drivers.remotefs [None req-958818c9-5e8c-4221-afcf-cc41dcf0ccfb tempest-SnapshotsActionsTest-120480439 None] /opt/stack/data/cinder/mnt/26662b4e6046af8948f0eeba93c5bf13/volume-39e61009-dacf-4301-a255-74b84cc03148.b3760dbd-cbf4-4a33-b2ee-994914f4c76a is being set with open permissions: ugo+rw
Jun 28 14:23:49 devstack cinder-volume[93561]: DEBUG oslo_concurrency.processutils [None req-958818c9-5e8c-4221-afcf-cc41dcf0ccfb tempest-SnapshotsActionsTest-120480439 None] Running cmd (subprocess): sudo cinder-rootwrap /etc/cinder/rootwrap.conf chmod ugo+rw /opt/stack/data/cinder/mnt/26662b4e6046af8948f0eeba93c5bf13/volume-39e61009-dacf-4301-a255-74b84cc03148.b3760dbd-cbf4-4a33-b2ee-994914f4c76a {{(pid=93561) execute /opt/stack/data/venv/lib/python3.12/site-packages/oslo_concurrency/processutils.py:440}}
Jun 28 14:23:49 devstack sudo[97607]: quobyte : PWD=/ ; USER=root ; COMMAND=/opt/stack/data/venv/bin/cinder-rootwrap /etc/cinder/rootwrap.conf chmod ugo+rw /opt/stack/data/cinder/mnt/26662b4e6046af8948f0eeba93c5bf13/volume-39e61009-dacf-4301-a255-74b84cc03148.b3760dbd-cbf4-4a33-b2ee-994914f4c76a
Jun 28 14:23:49 devstack sudo[97607]: pam_unix(sudo:session): session opened for user root(uid=0) by (uid=1000)
Jun 28 14:23:49 devstack sudo[97607]: pam_unix(sudo:session): session closed for user root
Jun 28 14:23:49 devstack cinder-volume[93561]: DEBUG oslo_concurrency.processutils [None req-958818c9-5e8c-4221-afcf-cc41dcf0ccfb tempest-SnapshotsActionsTest-120480439 None] CMD "sudo cinder-rootwrap /etc/cinder/rootwrap.conf chmod ugo+rw /opt/stack/data/cinder/mnt/26662b4e6046af8948f0eeba93c5bf13/volume-39e61009-dacf-4301-a255-74b84cc03148.b3760dbd-cbf4-4a33-b2ee-994914f4c76a" returned: 0 in 0.708s {{(pid=93561) execute /opt/stack/data/venv/lib/python3.12/site-packages/oslo_concurrency/processutils.py:468}}
Jun 28 14:23:49 devstack cinder-volume[93561]: DEBUG oslo_concurrency.lockutils [None req-958818c9-5e8c-4221-afcf-cc41dcf0ccfb tempest-SnapshotsActionsTest-120480439 None] Lock "quobyte" "released" by "cinder.volume.drivers.quobyte.QuobyteDriver.create_snapshot" :: held 4.077s {{(pid=93561) inner /opt/stack/data/venv/lib/python3.12/site-packages/oslo_concurrency/lockutils.py:543}}
Jun 28 14:23:49 devstack cinder-volume[93561]: INFO cinder.volume.manager [None req-958818c9-5e8c-4221-afcf-cc41dcf0ccfb tempest-SnapshotsActionsTest-120480439 None] Create snapshot completed successfully
Jun 28 14:23:50 devstack cinder-volume[93561]: DEBUG cinder.coordination [None req-54128184-9f29-4c82-b52c-c8109b273439 tempest-SnapshotsActionsTest-1812272739 None] Acquiring lock "cinder-b3760dbd-cbf4-4a33-b2ee-994914f4c76a-delete_snapshot" by "delete_snapshot" {{(pid=93561) __acquire /opt/stack/cinder/cinder/coordination.py:138}}
Jun 28 14:23:50 devstack cinder-volume[93561]: DEBUG cinder.coordination [None req-54128184-9f29-4c82-b52c-c8109b273439 tempest-SnapshotsActionsTest-1812272739 None] Lock "cinder-b3760dbd-cbf4-4a33-b2ee-994914f4c76a-delete_snapshot" acquired by "delete_snapshot" :: waited 0.042s {{(pid=93561) __acquire /opt/stack/cinder/cinder/coordination.py:141}}
Jun 28 14:23:50 devstack cinder-volume[93561]: DEBUG cinder.coordination [None req-54128184-9f29-4c82-b52c-c8109b273439 tempest-SnapshotsActionsTest-1812272739 None] Acquiring lock "cinder-quobyte-39e61009-dacf-4301-a255-74b84cc03148" by "delete_snapshot" {{(pid=93561) __acquire /opt/stack/cinder/cinder/coordination.py:138}}
Jun 28 14:23:50 devstack cinder-volume[93561]: DEBUG cinder.coordination [None req-54128184-9f29-4c82-b52c-c8109b273439 tempest-SnapshotsActionsTest-1812272739 None] Lock "cinder-quobyte-39e61009-dacf-4301-a255-74b84cc03148" acquired by "delete_snapshot" :: waited 0.029s {{(pid=93561) __acquire /opt/stack/cinder/cinder/coordination.py:141}}
Jun 28 14:23:50 devstack cinder-volume[93561]: DEBUG cinder.coordination [None req-54128184-9f29-4c82-b52c-c8109b273439 tempest-SnapshotsActionsTest-1812272739 None] Acquiring lock "cinder-quobyte-b3760dbd-cbf4-4a33-b2ee-994914f4c76a" by "_delete_snapshot" {{(pid=93561) __acquire /opt/stack/cinder/cinder/coordination.py:138}}
Jun 28 14:23:50 devstack cinder-volume[93561]: DEBUG cinder.coordination [None req-54128184-9f29-4c82-b52c-c8109b273439 tempest-SnapshotsActionsTest-1812272739 None] Lock "cinder-quobyte-b3760dbd-cbf4-4a33-b2ee-994914f4c76a" acquired by "_delete_snapshot" :: waited 0.017s {{(pid=93561) __acquire /opt/stack/cinder/cinder/coordination.py:141}}
Jun 28 14:23:50 devstack cinder-volume[93561]: DEBUG cinder.volume.drivers.remotefs [None req-54128184-9f29-4c82-b52c-c8109b273439 tempest-SnapshotsActionsTest-1812272739 None] Deleting offline snapshot b3760dbd-cbf4-4a33-b2ee-994914f4c76a of volume 39e61009-dacf-4301-a255-74b84cc03148 {{(pid=93561) _delete_snapshot /opt/stack/cinder/cinder/volume/drivers/remotefs.py:1288}}
Jun 28 14:23:50 devstack cinder-volume[93561]: DEBUG cinder.volume.drivers.remotefs [None req-54128184-9f29-4c82-b52c-c8109b273439 tempest-SnapshotsActionsTest-1812272739 None] snapshot_file for this snap is: volume-39e61009-dacf-4301-a255-74b84cc03148.b3760dbd-cbf4-4a33-b2ee-994914f4c76a {{(pid=93561) _delete_snapshot /opt/stack/cinder/cinder/volume/drivers/remotefs.py:1317}}
Jun 28 14:23:50 devstack cinder-volume[93561]: DEBUG oslo.privsep.daemon [-] privsep: reply[057f1024-60e0-44d1-a856-286798a22474]: (4, 'qcow2') {{(pid=94796) _call_back /opt/stack/data/venv/lib/python3.12/site-packages/oslo_privsep/daemon.py:580}}
Jun 28 14:23:50 devstack cinder-volume[93561]: DEBUG oslo_concurrency.processutils [None req-54128184-9f29-4c82-b52c-c8109b273439 tempest-SnapshotsActionsTest-1812272739 None] Running cmd (subprocess): /opt/stack/data/venv/bin/python3.12 -m oslo_concurrency.prlimit --as=1073741824 --cpu=60 -- sudo cinder-rootwrap /etc/cinder/rootwrap.conf env LC_ALL=C qemu-img info -f qcow2 --output=json --force-share /opt/stack/data/cinder/mnt/26662b4e6046af8948f0eeba93c5bf13/volume-39e61009-dacf-4301-a255-74b84cc03148.b3760dbd-cbf4-4a33-b2ee-994914f4c76a {{(pid=93561) execute /opt/stack/data/venv/lib/python3.12/site-packages/oslo_concurrency/processutils.py:440}}
Jun 28 14:23:50 devstack sudo[97612]: quobyte : PWD=/ ; USER=root ; COMMAND=/opt/stack/data/venv/bin/cinder-rootwrap /etc/cinder/rootwrap.conf env LC_ALL=C qemu-img info -f qcow2 --output=json --force-share /opt/stack/data/cinder/mnt/26662b4e6046af8948f0eeba93c5bf13/volume-39e61009-dacf-4301-a255-74b84cc03148.b3760dbd-cbf4-4a33-b2ee-994914f4c76a
Jun 28 14:23:50 devstack sudo[97612]: pam_unix(sudo:session): session opened for user root(uid=0) by (uid=1000)
Jun 28 14:23:51 devstack sudo[97612]: pam_unix(sudo:session): session closed for user root
Jun 28 14:23:51 devstack cinder-volume[93561]: DEBUG oslo_concurrency.processutils [None req-54128184-9f29-4c82-b52c-c8109b273439 tempest-SnapshotsActionsTest-1812272739 None] CMD "/opt/stack/data/venv/bin/python3.12 -m oslo_concurrency.prlimit --as=1073741824 --cpu=60 -- sudo cinder-rootwrap /etc/cinder/rootwrap.conf env LC_ALL=C qemu-img info -f qcow2 --output=json --force-share /opt/stack/data/cinder/mnt/26662b4e6046af8948f0eeba93c5bf13/volume-39e61009-dacf-4301-a255-74b84cc03148.b3760dbd-cbf4-4a33-b2ee-994914f4c76a" returned: 0 in 1.038s {{(pid=93561) execute /opt/stack/data/venv/lib/python3.12/site-packages/oslo_concurrency/processutils.py:468}}
Jun 28 14:23:51 devstack cinder-volume[93561]: DEBUG cinder.volume.drivers.remotefs [None req-54128184-9f29-4c82-b52c-c8109b273439 tempest-SnapshotsActionsTest-1812272739 None] Fetching qemu-img info with special backing_file_template: (/opt/stack/data/cinder/mnt/[0-9a-f]+/)?(volume-39e61009-dacf-4301-a255-74b84cc03148(.(tmp-snap-)?[0-9a-f-]+)?|volume_from_snapshot_cache/(tmp-snap-)?[0-9a-f-]+(.(child-|parent-)[0-9a-f-]+)?)$ {{(pid=93561) _qemu_img_info_base /opt/stack/cinder/cinder/volume/drivers/remotefs.py:896}}
Jun 28 14:23:51 devstack cinder-volume[93561]: DEBUG oslo.privsep.daemon [-] privsep: reply[c56200c7-4a9e-4e6e-8516-bfeeeb820537]: (4, 'qcow2') {{(pid=94796) _call_back /opt/stack/data/venv/lib/python3.12/site-packages/oslo_privsep/daemon.py:580}}
Jun 28 14:23:51 devstack cinder-volume[93561]: DEBUG oslo_concurrency.processutils [None req-54128184-9f29-4c82-b52c-c8109b273439 tempest-SnapshotsActionsTest-1812272739 None] Running cmd (subprocess): /opt/stack/data/venv/bin/python3.12 -m oslo_concurrency.prlimit --as=1073741824 --cpu=60 -- sudo cinder-rootwrap /etc/cinder/rootwrap.conf env LC_ALL=C qemu-img info -f qcow2 --output=json --force-share /opt/stack/data/cinder/mnt/26662b4e6046af8948f0eeba93c5bf13/volume-39e61009-dacf-4301-a255-74b84cc03148.03212e26-7912-489a-be67-9d5977e7d564 {{(pid=93561) execute /opt/stack/data/venv/lib/python3.12/site-packages/oslo_concurrency/processutils.py:440}}
Jun 28 14:23:51 devstack sudo[97618]: quobyte : PWD=/ ; USER=root ; COMMAND=/opt/stack/data/venv/bin/cinder-rootwrap /etc/cinder/rootwrap.conf env LC_ALL=C qemu-img info -f qcow2 --output=json --force-share /opt/stack/data/cinder/mnt/26662b4e6046af8948f0eeba93c5bf13/volume-39e61009-dacf-4301-a255-74b84cc03148.03212e26-7912-489a-be67-9d5977e7d564
Jun 28 14:23:51 devstack sudo[97618]: pam_unix(sudo:session): session opened for user root(uid=0) by (uid=1000)
Jun 28 14:23:52 devstack sudo[97618]: pam_unix(sudo:session): session closed for user root
Jun 28 14:23:52 devstack cinder-volume[93561]: DEBUG oslo_concurrency.processutils [None req-54128184-9f29-4c82-b52c-c8109b273439 tempest-SnapshotsActionsTest-1812272739 None] CMD "/opt/stack/data/venv/bin/python3.12 -m oslo_concurrency.prlimit --as=1073741824 --cpu=60 -- sudo cinder-rootwrap /etc/cinder/rootwrap.conf env LC_ALL=C qemu-img info -f qcow2 --output=json --force-share /opt/stack/data/cinder/mnt/26662b4e6046af8948f0eeba93c5bf13/volume-39e61009-dacf-4301-a255-74b84cc03148.03212e26-7912-489a-be67-9d5977e7d564" returned: 0 in 0.984s {{(pid=93561) execute /opt/stack/data/venv/lib/python3.12/site-packages/oslo_concurrency/processutils.py:468}}
Jun 28 14:23:52 devstack cinder-volume[93561]: DEBUG cinder.volume.drivers.remotefs [None req-54128184-9f29-4c82-b52c-c8109b273439 tempest-SnapshotsActionsTest-1812272739 None] Fetching qemu-img info with special backing_file_template: (/opt/stack/data/cinder/mnt/[0-9a-f]+/)?(volume-39e61009-dacf-4301-a255-74b84cc03148(.(tmp-snap-)?[0-9a-f-]+)?|volume_from_snapshot_cache/(tmp-snap-)?[0-9a-f-]+(.(child-|parent-)[0-9a-f-]+)?)$ {{(pid=93561) _qemu_img_info_base /opt/stack/cinder/cinder/volume/drivers/remotefs.py:896}}
Jun 28 14:23:52 devstack cinder-volume[93561]: DEBUG oslo_concurrency.processutils [None req-54128184-9f29-4c82-b52c-c8109b273439 tempest-SnapshotsActionsTest-1812272739 None] Running cmd (subprocess): sudo cinder-rootwrap /etc/cinder/rootwrap.conf qemu-img commit -d /opt/stack/data/cinder/mnt/26662b4e6046af8948f0eeba93c5bf13/volume-39e61009-dacf-4301-a255-74b84cc03148.b3760dbd-cbf4-4a33-b2ee-994914f4c76a {{(pid=93561) execute /opt/stack/data/venv/lib/python3.12/site-packages/oslo_concurrency/processutils.py:440}}
Jun 28 14:23:52 devstack sudo[97623]: quobyte : PWD=/ ; USER=root ; COMMAND=/opt/stack/data/venv/bin/cinder-rootwrap /etc/cinder/rootwrap.conf qemu-img commit -d /opt/stack/data/cinder/mnt/26662b4e6046af8948f0eeba93c5bf13/volume-39e61009-dacf-4301-a255-74b84cc03148.b3760dbd-cbf4-4a33-b2ee-994914f4c76a
Jun 28 14:23:52 devstack sudo[97623]: pam_unix(sudo:session): session opened for user root(uid=0) by (uid=1000)
Jun 28 14:23:53 devstack sudo[97623]: pam_unix(sudo:session): session closed for user root
Jun 28 14:23:53 devstack cinder-volume[93561]: DEBUG oslo_concurrency.processutils [None req-54128184-9f29-4c82-b52c-c8109b273439 tempest-SnapshotsActionsTest-1812272739 None] CMD "sudo cinder-rootwrap /etc/cinder/rootwrap.conf qemu-img commit -d /opt/stack/data/cinder/mnt/26662b4e6046af8948f0eeba93c5bf13/volume-39e61009-dacf-4301-a255-74b84cc03148.b3760dbd-cbf4-4a33-b2ee-994914f4c76a" returned: 0 in 1.128s {{(pid=93561) execute /opt/stack/data/venv/lib/python3.12/site-packages/oslo_concurrency/processutils.py:468}}
Jun 28 14:23:53 devstack cinder-volume[93561]: DEBUG oslo_concurrency.processutils [None req-54128184-9f29-4c82-b52c-c8109b273439 tempest-SnapshotsActionsTest-1812272739 None] Running cmd (subprocess): sudo cinder-rootwrap /etc/cinder/rootwrap.conf rm -f /opt/stack/data/cinder/mnt/26662b4e6046af8948f0eeba93c5bf13/volume-39e61009-dacf-4301-a255-74b84cc03148.b3760dbd-cbf4-4a33-b2ee-994914f4c76a {{(pid=93561) execute /opt/stack/data/venv/lib/python3.12/site-packages/oslo_concurrency/processutils.py:440}}
Jun 28 14:23:53 devstack sudo[97629]: quobyte : PWD=/ ; USER=root ; COMMAND=/opt/stack/data/venv/bin/cinder-rootwrap /etc/cinder/rootwrap.conf rm -f /opt/stack/data/cinder/mnt/26662b4e6046af8948f0eeba93c5bf13/volume-39e61009-dacf-4301-a255-74b84cc03148.b3760dbd-cbf4-4a33-b2ee-994914f4c76a
Jun 28 14:23:53 devstack sudo[97629]: pam_unix(sudo:session): session opened for user root(uid=0) by (uid=1000)
Jun 28 14:23:54 devstack cinder-volume[93561]: DEBUG cinder.coordination [None req-9817b26f-d9f9-4939-9209-489817f07294 tempest-TaggedAttachmentsTest-1980492223 None] Acquiring lock "cinder-e49107d7-a416-43d5-8dbf-b620f11baffa-delete_volume" by "delete_volume" {{(pid=93561) __acquire /opt/stack/cinder/cinder/coordination.py:138}}
Jun 28 14:23:54 devstack cinder-volume[93561]: DEBUG cinder.coordination [None req-9817b26f-d9f9-4939-9209-489817f07294 tempest-TaggedAttachmentsTest-1980492223 None] Lock "cinder-e49107d7-a416-43d5-8dbf-b620f11baffa-delete_volume" acquired by "delete_volume" :: waited 0.033s {{(pid=93561) __acquire /opt/stack/cinder/cinder/coordination.py:141}}
Jun 28 14:23:54 devstack cinder-volume[93561]: DEBUG cinder.coordination [None req-9817b26f-d9f9-4939-9209-489817f07294 tempest-TaggedAttachmentsTest-1980492223 None] Acquiring lock "cinder-quobyte-e49107d7-a416-43d5-8dbf-b620f11baffa" by "delete_volume" {{(pid=93561) __acquire /opt/stack/cinder/cinder/coordination.py:138}}
Jun 28 14:23:54 devstack cinder-volume[93561]: DEBUG cinder.coordination [None req-9817b26f-d9f9-4939-9209-489817f07294 tempest-TaggedAttachmentsTest-1980492223 None] Lock "cinder-quobyte-e49107d7-a416-43d5-8dbf-b620f11baffa" acquired by "delete_volume" :: waited 0.026s {{(pid=93561) __acquire /opt/stack/cinder/cinder/coordination.py:141}}
Jun 28 14:23:54 devstack cinder-volume[93561]: DEBUG oslo.privsep.daemon [-] privsep: reply[f20afa3d-3d0a-481f-be57-0f9bf7783af6]: (4, 'qcow2') {{(pid=94796) _call_back /opt/stack/data/venv/lib/python3.12/site-packages/oslo_privsep/daemon.py:580}}
Jun 28 14:23:54 devstack cinder-volume[93561]: DEBUG oslo_concurrency.processutils [None req-9817b26f-d9f9-4939-9209-489817f07294 tempest-TaggedAttachmentsTest-1980492223 None] Running cmd (subprocess): /opt/stack/data/venv/bin/python3.12 -m oslo_concurrency.prlimit --as=1073741824 --cpu=60 -- sudo cinder-rootwrap /etc/cinder/rootwrap.conf env LC_ALL=C qemu-img info -f qcow2 --output=json --force-share /opt/stack/data/cinder/mnt/26662b4e6046af8948f0eeba93c5bf13/volume-e49107d7-a416-43d5-8dbf-b620f11baffa {{(pid=93561) execute /opt/stack/data/venv/lib/python3.12/site-packages/oslo_concurrency/processutils.py:440}}
Jun 28 14:23:54 devstack sudo[97629]: pam_unix(sudo:session): session closed for user root
Jun 28 14:23:54 devstack cinder-volume[93561]: DEBUG oslo_concurrency.processutils [None req-54128184-9f29-4c82-b52c-c8109b273439 tempest-SnapshotsActionsTest-1812272739 None] CMD "sudo cinder-rootwrap /etc/cinder/rootwrap.conf rm -f /opt/stack/data/cinder/mnt/26662b4e6046af8948f0eeba93c5bf13/volume-39e61009-dacf-4301-a255-74b84cc03148.b3760dbd-cbf4-4a33-b2ee-994914f4c76a" returned: 0 in 0.903s {{(pid=93561) execute /opt/stack/data/venv/lib/python3.12/site-packages/oslo_concurrency/processutils.py:468}}
Jun 28 14:23:54 devstack cinder-volume[93561]: DEBUG cinder.coordination [None req-54128184-9f29-4c82-b52c-c8109b273439 tempest-SnapshotsActionsTest-1812272739 None] Lock "cinder-quobyte-b3760dbd-cbf4-4a33-b2ee-994914f4c76a" released by "_delete_snapshot" :: held 4.178s {{(pid=93561) __release /opt/stack/cinder/cinder/coordination.py:152}}
Jun 28 14:23:54 devstack cinder-volume[93561]: DEBUG cinder.coordination [None req-54128184-9f29-4c82-b52c-c8109b273439 tempest-SnapshotsActionsTest-1812272739 None] Lock "cinder-quobyte-39e61009-dacf-4301-a255-74b84cc03148" released by "delete_snapshot" :: held 4.211s {{(pid=93561) __release /opt/stack/cinder/cinder/coordination.py:152}}
Jun 28 14:23:54 devstack sudo[97633]: quobyte : PWD=/ ; USER=root ; COMMAND=/opt/stack/data/venv/bin/cinder-rootwrap /etc/cinder/rootwrap.conf env LC_ALL=C qemu-img info -f qcow2 --output=json --force-share /opt/stack/data/cinder/mnt/26662b4e6046af8948f0eeba93c5bf13/volume-e49107d7-a416-43d5-8dbf-b620f11baffa
Jun 28 14:23:54 devstack sudo[97633]: pam_unix(sudo:session): session opened for user root(uid=0) by (uid=1000)
Jun 28 14:23:54 devstack cinder-volume[93561]: WARNING cinder.quota [None req-54128184-9f29-4c82-b52c-c8109b273439 tempest-SnapshotsActionsTest-1812272739 None] Deprecated: Default quota for resource: snapshots_QuobyteHD is set by the default quota flag: quota_snapshots_QuobyteHD, it is now deprecated. Please use the default quota class for default quota.
Jun 28 14:23:54 devstack cinder-volume[93561]: DEBUG cinder.quota [None req-54128184-9f29-4c82-b52c-c8109b273439 tempest-SnapshotsActionsTest-1812272739 None] Created reservations ['0f1602fe-cdba-44dd-b6dc-ff4ee4fb6f4f', 'dd360032-3076-4412-8fb6-56c8a1ccabdb', 'a0ba0ed0-8ec6-43ca-bb12-a6d5ca6d76bb', '6ad850ed-f93d-4b7a-b508-9d25e9ff15db'] {{(pid=93561) reserve /opt/stack/cinder/cinder/quota.py:752}}
Jun 28 14:23:54 devstack cinder-volume[93561]: INFO cinder.volume.manager [None req-54128184-9f29-4c82-b52c-c8109b273439 tempest-SnapshotsActionsTest-1812272739 None] Delete snapshot completed successfully.
Jun 28 14:23:54 devstack cinder-volume[93561]: DEBUG cinder.coordination [None req-54128184-9f29-4c82-b52c-c8109b273439 tempest-SnapshotsActionsTest-1812272739 None] Lock "cinder-b3760dbd-cbf4-4a33-b2ee-994914f4c76a-delete_snapshot" released by "delete_snapshot" :: held 4.428s {{(pid=93561) __release /opt/stack/cinder/cinder/coordination.py:152}}
Jun 28 14:23:55 devstack sudo[97633]: pam_unix(sudo:session): session closed for user root
Jun 28 14:23:55 devstack cinder-volume[93561]: DEBUG oslo_concurrency.processutils [None req-9817b26f-d9f9-4939-9209-489817f07294 tempest-TaggedAttachmentsTest-1980492223 None] CMD "/opt/stack/data/venv/bin/python3.12 -m oslo_concurrency.prlimit --as=1073741824 --cpu=60 -- sudo cinder-rootwrap /etc/cinder/rootwrap.conf env LC_ALL=C qemu-img info -f qcow2 --output=json --force-share /opt/stack/data/cinder/mnt/26662b4e6046af8948f0eeba93c5bf13/volume-e49107d7-a416-43d5-8dbf-b620f11baffa" returned: 0 in 0.847s {{(pid=93561) execute /opt/stack/data/venv/lib/python3.12/site-packages/oslo_concurrency/processutils.py:468}}
Jun 28 14:23:55 devstack cinder-volume[93561]: DEBUG oslo_concurrency.processutils [None req-9817b26f-d9f9-4939-9209-489817f07294 tempest-TaggedAttachmentsTest-1980492223 None] Running cmd (subprocess): sudo cinder-rootwrap /etc/cinder/rootwrap.conf rm -f /opt/stack/data/cinder/mnt/26662b4e6046af8948f0eeba93c5bf13/volume-e49107d7-a416-43d5-8dbf-b620f11baffa {{(pid=93561) execute /opt/stack/data/venv/lib/python3.12/site-packages/oslo_concurrency/processutils.py:440}}
Jun 28 14:23:55 devstack sudo[97638]: quobyte : PWD=/ ; USER=root ; COMMAND=/opt/stack/data/venv/bin/cinder-rootwrap /etc/cinder/rootwrap.conf rm -f /opt/stack/data/cinder/mnt/26662b4e6046af8948f0eeba93c5bf13/volume-e49107d7-a416-43d5-8dbf-b620f11baffa
Jun 28 14:23:55 devstack sudo[97638]: pam_unix(sudo:session): session opened for user root(uid=0) by (uid=1000)
Jun 28 14:23:56 devstack cinder-volume[93561]: DEBUG oslo_concurrency.lockutils [None req-55e872de-6afa-4b3e-8092-d8b615dce379 tempest-SnapshotsActionsTest-120480439 None] Acquiring lock "quobyte" by "cinder.volume.drivers.quobyte.QuobyteDriver.create_snapshot" {{(pid=93561) inner /opt/stack/data/venv/lib/python3.12/site-packages/oslo_concurrency/lockutils.py:511}}
Jun 28 14:23:56 devstack cinder-volume[93561]: DEBUG oslo_concurrency.lockutils [None req-55e872de-6afa-4b3e-8092-d8b615dce379 tempest-SnapshotsActionsTest-120480439 None] Lock "quobyte" acquired by "cinder.volume.drivers.quobyte.QuobyteDriver.create_snapshot" :: waited 0.001s {{(pid=93561) inner /opt/stack/data/venv/lib/python3.12/site-packages/oslo_concurrency/lockutils.py:524}}
Jun 28 14:23:56 devstack cinder-volume[93561]: DEBUG cinder.volume.drivers.remotefs [None req-55e872de-6afa-4b3e-8092-d8b615dce379 tempest-SnapshotsActionsTest-120480439 None] Creating offline snapshot d924914a-6b7f-4440-a07a-e102dae10b8f of volume 39e61009-dacf-4301-a255-74b84cc03148 {{(pid=93561) _create_snapshot /opt/stack/cinder/cinder/volume/drivers/remotefs.py:1816}}
Jun 28 14:23:56 devstack cinder-volume[93561]: DEBUG oslo.privsep.daemon [-] privsep: reply[15a63d75-c2e4-4ae6-b992-7d9c91e95582]: (4, 'qcow2') {{(pid=94796) _call_back /opt/stack/data/venv/lib/python3.12/site-packages/oslo_privsep/daemon.py:580}}
Jun 28 14:23:56 devstack cinder-volume[93561]: DEBUG oslo_concurrency.processutils [None req-55e872de-6afa-4b3e-8092-d8b615dce379 tempest-SnapshotsActionsTest-120480439 None] Running cmd (subprocess): /opt/stack/data/venv/bin/python3.12 -m oslo_concurrency.prlimit --as=1073741824 --cpu=60 -- sudo cinder-rootwrap /etc/cinder/rootwrap.conf env LC_ALL=C qemu-img info -f qcow2 --output=json --force-share /opt/stack/data/cinder/mnt/26662b4e6046af8948f0eeba93c5bf13/volume-39e61009-dacf-4301-a255-74b84cc03148.03212e26-7912-489a-be67-9d5977e7d564 {{(pid=93561) execute /opt/stack/data/venv/lib/python3.12/site-packages/oslo_concurrency/processutils.py:440}}
Jun 28 14:23:56 devstack sudo[97638]: pam_unix(sudo:session): session closed for user root
Jun 28 14:23:56 devstack cinder-volume[93561]: DEBUG oslo_concurrency.processutils [None req-9817b26f-d9f9-4939-9209-489817f07294 tempest-TaggedAttachmentsTest-1980492223 None] CMD "sudo cinder-rootwrap /etc/cinder/rootwrap.conf rm -f /opt/stack/data/cinder/mnt/26662b4e6046af8948f0eeba93c5bf13/volume-e49107d7-a416-43d5-8dbf-b620f11baffa" returned: 0 in 1.297s {{(pid=93561) execute /opt/stack/data/venv/lib/python3.12/site-packages/oslo_concurrency/processutils.py:468}}
Jun 28 14:23:56 devstack cinder-volume[93561]: DEBUG cinder.coordination [None req-9817b26f-d9f9-4939-9209-489817f07294 tempest-TaggedAttachmentsTest-1980492223 None] Lock "cinder-quobyte-e49107d7-a416-43d5-8dbf-b620f11baffa" released by "delete_volume" :: held 2.244s {{(pid=93561) __release /opt/stack/cinder/cinder/coordination.py:152}}
Jun 28 14:23:56 devstack sudo[97663]: quobyte : PWD=/ ; USER=root ; COMMAND=/opt/stack/data/venv/bin/cinder-rootwrap /etc/cinder/rootwrap.conf env LC_ALL=C qemu-img info -f qcow2 --output=json --force-share /opt/stack/data/cinder/mnt/26662b4e6046af8948f0eeba93c5bf13/volume-39e61009-dacf-4301-a255-74b84cc03148.03212e26-7912-489a-be67-9d5977e7d564
Jun 28 14:23:56 devstack sudo[97663]: pam_unix(sudo:session): session opened for user root(uid=0) by (uid=1000)
Jun 28 14:23:56 devstack cinder-volume[93561]: DEBUG cinder.quota [None req-9817b26f-d9f9-4939-9209-489817f07294 tempest-TaggedAttachmentsTest-1980492223 None] Created reservations ['bd85c0bf-da12-4b7c-9f3c-0984868e139b', '012f2034-b9dd-4a82-acd7-ae3551ced230', 'd7a46a0e-2e82-423b-9089-f00ecb3a6351', 'df51dd1c-0cea-4b2d-9583-509e69703af7'] {{(pid=93561) reserve /opt/stack/cinder/cinder/quota.py:752}}
Jun 28 14:23:56 devstack cinder-volume[93561]: DEBUG oslo_concurrency.lockutils [None req-9817b26f-d9f9-4939-9209-489817f07294 tempest-TaggedAttachmentsTest-1980492223 None] Acquiring lock "quobyte_ensure" by "cinder.volume.drivers.quobyte.QuobyteDriver._ensure_shares_mounted" {{(pid=93561) inner /opt/stack/data/venv/lib/python3.12/site-packages/oslo_concurrency/lockutils.py:511}}
Jun 28 14:23:56 devstack cinder-volume[93561]: DEBUG oslo_concurrency.lockutils [None req-9817b26f-d9f9-4939-9209-489817f07294 tempest-TaggedAttachmentsTest-1980492223 None] Lock "quobyte_ensure" acquired by "cinder.volume.drivers.quobyte.QuobyteDriver._ensure_shares_mounted" :: waited 0.001s {{(pid=93561) inner /opt/stack/data/venv/lib/python3.12/site-packages/oslo_concurrency/lockutils.py:524}}
Jun 28 14:23:56 devstack cinder-volume[93561]: DEBUG cinder.volume.drivers.quobyte [None req-9817b26f-d9f9-4939-9209-489817f07294 tempest-TaggedAttachmentsTest-1980492223 None] Quobyte Volume URL set to: {'osci02.corp.quobyte.com/cinder-vol-41f8abcc-bfb2-40c4-9374-59898f3621fb': None} {{(pid=93561) _load_shares_config /opt/stack/cinder/cinder/volume/drivers/quobyte.py:617}}
Jun 28 14:23:56 devstack cinder-volume[93561]: DEBUG cinder.volume.drivers.quobyte [None req-9817b26f-d9f9-4939-9209-489817f07294 tempest-TaggedAttachmentsTest-1980492223 None] Available shares ['osci02.corp.quobyte.com/cinder-vol-41f8abcc-bfb2-40c4-9374-59898f3621fb'] {{(pid=93561) _ensure_shares_mounted /opt/stack/cinder/cinder/volume/drivers/quobyte.py:647}}
Jun 28 14:23:56 devstack cinder-volume[93561]: DEBUG oslo_concurrency.lockutils [None req-9817b26f-d9f9-4939-9209-489817f07294 tempest-TaggedAttachmentsTest-1980492223 None] Lock "quobyte_ensure" "released" by "cinder.volume.drivers.quobyte.QuobyteDriver._ensure_shares_mounted" :: held 0.008s {{(pid=93561) inner /opt/stack/data/venv/lib/python3.12/site-packages/oslo_concurrency/lockutils.py:543}}
Jun 28 14:23:56 devstack cinder-volume[93561]: DEBUG oslo_concurrency.processutils [None req-9817b26f-d9f9-4939-9209-489817f07294 tempest-TaggedAttachmentsTest-1980492223 None] Running cmd (subprocess): sudo cinder-rootwrap /etc/cinder/rootwrap.conf df --portability --block-size 1 /opt/stack/data/cinder/mnt/26662b4e6046af8948f0eeba93c5bf13 {{(pid=93561) execute /opt/stack/data/venv/lib/python3.12/site-packages/oslo_concurrency/processutils.py:440}}
Jun 28 14:23:56 devstack sudo[97665]: quobyte : PWD=/ ; USER=root ; COMMAND=/opt/stack/data/venv/bin/cinder-rootwrap /etc/cinder/rootwrap.conf df --portability --block-size 1 /opt/stack/data/cinder/mnt/26662b4e6046af8948f0eeba93c5bf13
Jun 28 14:23:56 devstack sudo[97665]: pam_unix(sudo:session): session opened for user root(uid=0) by (uid=1000)
Jun 28 14:23:57 devstack sudo[97663]: pam_unix(sudo:session): session closed for user root
Jun 28 14:23:57 devstack cinder-volume[93561]: DEBUG oslo_concurrency.processutils [None req-55e872de-6afa-4b3e-8092-d8b615dce379 tempest-SnapshotsActionsTest-120480439 None] CMD "/opt/stack/data/venv/bin/python3.12 -m oslo_concurrency.prlimit --as=1073741824 --cpu=60 -- sudo cinder-rootwrap /etc/cinder/rootwrap.conf env LC_ALL=C qemu-img info -f qcow2 --output=json --force-share /opt/stack/data/cinder/mnt/26662b4e6046af8948f0eeba93c5bf13/volume-39e61009-dacf-4301-a255-74b84cc03148.03212e26-7912-489a-be67-9d5977e7d564" returned: 0 in 1.044s {{(pid=93561) execute /opt/stack/data/venv/lib/python3.12/site-packages/oslo_concurrency/processutils.py:468}}
Jun 28 14:23:57 devstack cinder-volume[93561]: DEBUG cinder.volume.drivers.remotefs [None req-55e872de-6afa-4b3e-8092-d8b615dce379 tempest-SnapshotsActionsTest-120480439 None] Fetching qemu-img info with special backing_file_template: (/opt/stack/data/cinder/mnt/[0-9a-f]+/)?(volume-39e61009-dacf-4301-a255-74b84cc03148(.(tmp-snap-)?[0-9a-f-]+)?|volume_from_snapshot_cache/(tmp-snap-)?[0-9a-f-]+(.(child-|parent-)[0-9a-f-]+)?)$ {{(pid=93561) _qemu_img_info_base /opt/stack/cinder/cinder/volume/drivers/remotefs.py:896}}
Jun 28 14:23:57 devstack cinder-volume[93561]: DEBUG oslo_concurrency.processutils [None req-55e872de-6afa-4b3e-8092-d8b615dce379 tempest-SnapshotsActionsTest-120480439 None] Running cmd (subprocess): sudo cinder-rootwrap /etc/cinder/rootwrap.conf qemu-img create -f qcow2 -o backing_file=/opt/stack/data/cinder/mnt/26662b4e6046af8948f0eeba93c5bf13/volume-39e61009-dacf-4301-a255-74b84cc03148.03212e26-7912-489a-be67-9d5977e7d564,backing_fmt=qcow2 /opt/stack/data/cinder/mnt/26662b4e6046af8948f0eeba93c5bf13/volume-39e61009-dacf-4301-a255-74b84cc03148.d924914a-6b7f-4440-a07a-e102dae10b8f 1G {{(pid=93561) execute /opt/stack/data/venv/lib/python3.12/site-packages/oslo_concurrency/processutils.py:440}}
Jun 28 14:23:57 devstack sudo[97672]: quobyte : PWD=/ ; USER=root ; COMMAND=/opt/stack/data/venv/bin/cinder-rootwrap /etc/cinder/rootwrap.conf qemu-img create -f qcow2 -o backing_file=/opt/stack/data/cinder/mnt/26662b4e6046af8948f0eeba93c5bf13/volume-39e61009-dacf-4301-a255-74b84cc03148.03212e26-7912-489a-be67-9d5977e7d564,backing_fmt=qcow2 /opt/stack/data/cinder/mnt/26662b4e6046af8948f0eeba93c5bf13/volume-39e61009-dacf-4301-a255-74b84cc03148.d924914a-6b7f-4440-a07a-e102dae10b8f 1G
Jun 28 14:23:57 devstack sudo[97672]: pam_unix(sudo:session): session opened for user root(uid=0) by (uid=1000)
Jun 28 14:23:57 devstack sudo[97665]: pam_unix(sudo:session): session closed for user root
Jun 28 14:23:57 devstack cinder-volume[93561]: DEBUG oslo_concurrency.processutils [None req-9817b26f-d9f9-4939-9209-489817f07294 tempest-TaggedAttachmentsTest-1980492223 None] CMD "sudo cinder-rootwrap /etc/cinder/rootwrap.conf df --portability --block-size 1 /opt/stack/data/cinder/mnt/26662b4e6046af8948f0eeba93c5bf13" returned: 0 in 0.772s {{(pid=93561) execute /opt/stack/data/venv/lib/python3.12/site-packages/oslo_concurrency/processutils.py:468}}
Jun 28 14:23:57 devstack cinder-volume[93561]: DEBUG cinder.manager [None req-9817b26f-d9f9-4939-9209-489817f07294 tempest-TaggedAttachmentsTest-1980492223 None] Notifying Schedulers of capabilities ... {{(pid=93561) _publish_service_capabilities /opt/stack/cinder/cinder/manager.py:219}}
Jun 28 14:23:57 devstack cinder-volume[93561]: INFO cinder.volume.manager [None req-9817b26f-d9f9-4939-9209-489817f07294 tempest-TaggedAttachmentsTest-1980492223 None] Deleted volume successfully.
Jun 28 14:23:57 devstack cinder-volume[93561]: DEBUG cinder.coordination [None req-9817b26f-d9f9-4939-9209-489817f07294 tempest-TaggedAttachmentsTest-1980492223 None] Lock "cinder-e49107d7-a416-43d5-8dbf-b620f11baffa-delete_volume" released by "delete_volume" :: held 3.314s {{(pid=93561) __release /opt/stack/cinder/cinder/coordination.py:152}}
Jun 28 14:23:58 devstack sudo[97672]: pam_unix(sudo:session): session closed for user root
Jun 28 14:23:58 devstack cinder-volume[93561]: DEBUG oslo_concurrency.processutils [None req-55e872de-6afa-4b3e-8092-d8b615dce379 tempest-SnapshotsActionsTest-120480439 None] CMD "sudo cinder-rootwrap /etc/cinder/rootwrap.conf qemu-img create -f qcow2 -o backing_file=/opt/stack/data/cinder/mnt/26662b4e6046af8948f0eeba93c5bf13/volume-39e61009-dacf-4301-a255-74b84cc03148.03212e26-7912-489a-be67-9d5977e7d564,backing_fmt=qcow2 /opt/stack/data/cinder/mnt/26662b4e6046af8948f0eeba93c5bf13/volume-39e61009-dacf-4301-a255-74b84cc03148.d924914a-6b7f-4440-a07a-e102dae10b8f 1G" returned: 0 in 1.069s {{(pid=93561) execute /opt/stack/data/venv/lib/python3.12/site-packages/oslo_concurrency/processutils.py:468}}
Jun 28 14:23:58 devstack cinder-volume[93561]: DEBUG oslo_concurrency.processutils [None req-55e872de-6afa-4b3e-8092-d8b615dce379 tempest-SnapshotsActionsTest-120480439 None] Running cmd (subprocess): sudo cinder-rootwrap /etc/cinder/rootwrap.conf qemu-img rebase -u -b volume-39e61009-dacf-4301-a255-74b84cc03148.03212e26-7912-489a-be67-9d5977e7d564 -F qcow2 /opt/stack/data/cinder/mnt/26662b4e6046af8948f0eeba93c5bf13/volume-39e61009-dacf-4301-a255-74b84cc03148.d924914a-6b7f-4440-a07a-e102dae10b8f {{(pid=93561) execute /opt/stack/data/venv/lib/python3.12/site-packages/oslo_concurrency/processutils.py:440}}
Jun 28 14:23:58 devstack sudo[97677]: quobyte : PWD=/ ; USER=root ; COMMAND=/opt/stack/data/venv/bin/cinder-rootwrap /etc/cinder/rootwrap.conf qemu-img rebase -u -b volume-39e61009-dacf-4301-a255-74b84cc03148.03212e26-7912-489a-be67-9d5977e7d564 -F qcow2 /opt/stack/data/cinder/mnt/26662b4e6046af8948f0eeba93c5bf13/volume-39e61009-dacf-4301-a255-74b84cc03148.d924914a-6b7f-4440-a07a-e102dae10b8f
Jun 28 14:23:58 devstack sudo[97677]: pam_unix(sudo:session): session opened for user root(uid=0) by (uid=1000)
Jun 28 14:23:59 devstack sudo[97677]: pam_unix(sudo:session): session closed for user root
Jun 28 14:23:59 devstack cinder-volume[93561]: DEBUG oslo_concurrency.processutils [None req-55e872de-6afa-4b3e-8092-d8b615dce379 tempest-SnapshotsActionsTest-120480439 None] CMD "sudo cinder-rootwrap /etc/cinder/rootwrap.conf qemu-img rebase -u -b volume-39e61009-dacf-4301-a255-74b84cc03148.03212e26-7912-489a-be67-9d5977e7d564 -F qcow2 /opt/stack/data/cinder/mnt/26662b4e6046af8948f0eeba93c5bf13/volume-39e61009-dacf-4301-a255-74b84cc03148.d924914a-6b7f-4440-a07a-e102dae10b8f" returned: 0 in 0.752s {{(pid=93561) execute /opt/stack/data/venv/lib/python3.12/site-packages/oslo_concurrency/processutils.py:468}}
Jun 28 14:23:59 devstack cinder-volume[93561]: WARNING cinder.volume.drivers.remotefs [None req-55e872de-6afa-4b3e-8092-d8b615dce379 tempest-SnapshotsActionsTest-120480439 None] /opt/stack/data/cinder/mnt/26662b4e6046af8948f0eeba93c5bf13/volume-39e61009-dacf-4301-a255-74b84cc03148.d924914a-6b7f-4440-a07a-e102dae10b8f is being set with open permissions: ugo+rw
Jun 28 14:23:59 devstack cinder-volume[93561]: DEBUG oslo_concurrency.processutils [None req-55e872de-6afa-4b3e-8092-d8b615dce379 tempest-SnapshotsActionsTest-120480439 None] Running cmd (subprocess): sudo cinder-rootwrap /etc/cinder/rootwrap.conf chmod ugo+rw /opt/stack/data/cinder/mnt/26662b4e6046af8948f0eeba93c5bf13/volume-39e61009-dacf-4301-a255-74b84cc03148.d924914a-6b7f-4440-a07a-e102dae10b8f {{(pid=93561) execute /opt/stack/data/venv/lib/python3.12/site-packages/oslo_concurrency/processutils.py:440}}
Jun 28 14:23:59 devstack sudo[97708]: quobyte : PWD=/ ; USER=root ; COMMAND=/opt/stack/data/venv/bin/cinder-rootwrap /etc/cinder/rootwrap.conf chmod ugo+rw /opt/stack/data/cinder/mnt/26662b4e6046af8948f0eeba93c5bf13/volume-39e61009-dacf-4301-a255-74b84cc03148.d924914a-6b7f-4440-a07a-e102dae10b8f
Jun 28 14:23:59 devstack sudo[97708]: pam_unix(sudo:session): session opened for user root(uid=0) by (uid=1000)
Jun 28 14:24:00 devstack sudo[97708]: pam_unix(sudo:session): session closed for user root
Jun 28 14:24:00 devstack cinder-volume[93561]: DEBUG oslo_concurrency.processutils [None req-55e872de-6afa-4b3e-8092-d8b615dce379 tempest-SnapshotsActionsTest-120480439 None] CMD "sudo cinder-rootwrap /etc/cinder/rootwrap.conf chmod ugo+rw /opt/stack/data/cinder/mnt/26662b4e6046af8948f0eeba93c5bf13/volume-39e61009-dacf-4301-a255-74b84cc03148.d924914a-6b7f-4440-a07a-e102dae10b8f" returned: 0 in 0.726s {{(pid=93561) execute /opt/stack/data/venv/lib/python3.12/site-packages/oslo_concurrency/processutils.py:468}}
Jun 28 14:24:00 devstack cinder-volume[93561]: DEBUG oslo_concurrency.lockutils [None req-55e872de-6afa-4b3e-8092-d8b615dce379 tempest-SnapshotsActionsTest-120480439 None] Lock "quobyte" "released" by "cinder.volume.drivers.quobyte.QuobyteDriver.create_snapshot" :: held 3.759s {{(pid=93561) inner /opt/stack/data/venv/lib/python3.12/site-packages/oslo_concurrency/lockutils.py:543}}
Jun 28 14:24:00 devstack cinder-volume[93561]: INFO cinder.volume.manager [None req-55e872de-6afa-4b3e-8092-d8b615dce379 tempest-SnapshotsActionsTest-120480439 None] Create snapshot completed successfully
Jun 28 14:24:00 devstack cinder-volume[93561]: DEBUG cinder.coordination [None req-be63936e-83c5-4111-83d4-6831645c27e9 tempest-SnapshotsActionsTest-1812272739 None] Acquiring lock "cinder-d924914a-6b7f-4440-a07a-e102dae10b8f-delete_snapshot" by "delete_snapshot" {{(pid=93561) __acquire /opt/stack/cinder/cinder/coordination.py:138}}
Jun 28 14:24:00 devstack cinder-volume[93561]: DEBUG cinder.coordination [None req-be63936e-83c5-4111-83d4-6831645c27e9 tempest-SnapshotsActionsTest-1812272739 None] Lock "cinder-d924914a-6b7f-4440-a07a-e102dae10b8f-delete_snapshot" acquired by "delete_snapshot" :: waited 0.027s {{(pid=93561) __acquire /opt/stack/cinder/cinder/coordination.py:141}}
Jun 28 14:24:00 devstack cinder-volume[93561]: DEBUG cinder.coordination [None req-be63936e-83c5-4111-83d4-6831645c27e9 tempest-SnapshotsActionsTest-1812272739 None] Acquiring lock "cinder-quobyte-39e61009-dacf-4301-a255-74b84cc03148" by "delete_snapshot" {{(pid=93561) __acquire /opt/stack/cinder/cinder/coordination.py:138}}
Jun 28 14:24:01 devstack cinder-volume[93561]: DEBUG cinder.coordination [None req-be63936e-83c5-4111-83d4-6831645c27e9 tempest-SnapshotsActionsTest-1812272739 None] Lock "cinder-quobyte-39e61009-dacf-4301-a255-74b84cc03148" acquired by "delete_snapshot" :: waited 0.031s {{(pid=93561) __acquire /opt/stack/cinder/cinder/coordination.py:141}}
Jun 28 14:24:01 devstack cinder-volume[93561]: DEBUG cinder.coordination [None req-be63936e-83c5-4111-83d4-6831645c27e9 tempest-SnapshotsActionsTest-1812272739 None] Acquiring lock "cinder-quobyte-d924914a-6b7f-4440-a07a-e102dae10b8f" by "_delete_snapshot" {{(pid=93561) __acquire /opt/stack/cinder/cinder/coordination.py:138}}
Jun 28 14:24:01 devstack cinder-volume[93561]: DEBUG cinder.coordination [None req-be63936e-83c5-4111-83d4-6831645c27e9 tempest-SnapshotsActionsTest-1812272739 None] Lock "cinder-quobyte-d924914a-6b7f-4440-a07a-e102dae10b8f" acquired by "_delete_snapshot" :: waited 0.023s {{(pid=93561) __acquire /opt/stack/cinder/cinder/coordination.py:141}}
Jun 28 14:24:01 devstack cinder-volume[93561]: DEBUG cinder.volume.drivers.remotefs [None req-be63936e-83c5-4111-83d4-6831645c27e9 tempest-SnapshotsActionsTest-1812272739 None] Deleting offline snapshot d924914a-6b7f-4440-a07a-e102dae10b8f of volume 39e61009-dacf-4301-a255-74b84cc03148 {{(pid=93561) _delete_snapshot /opt/stack/cinder/cinder/volume/drivers/remotefs.py:1288}}
Jun 28 14:24:01 devstack cinder-volume[93561]: DEBUG cinder.volume.drivers.remotefs [None req-be63936e-83c5-4111-83d4-6831645c27e9 tempest-SnapshotsActionsTest-1812272739 None] snapshot_file for this snap is: volume-39e61009-dacf-4301-a255-74b84cc03148.d924914a-6b7f-4440-a07a-e102dae10b8f {{(pid=93561) _delete_snapshot /opt/stack/cinder/cinder/volume/drivers/remotefs.py:1317}}
Jun 28 14:24:01 devstack cinder-volume[93561]: DEBUG oslo.privsep.daemon [-] privsep: reply[73e02be7-e36f-4d03-9a07-b36b4b2e7309]: (4, 'qcow2') {{(pid=94796) _call_back /opt/stack/data/venv/lib/python3.12/site-packages/oslo_privsep/daemon.py:580}}
Jun 28 14:24:01 devstack cinder-volume[93561]: DEBUG oslo_concurrency.processutils [None req-be63936e-83c5-4111-83d4-6831645c27e9 tempest-SnapshotsActionsTest-1812272739 None] Running cmd (subprocess): /opt/stack/data/venv/bin/python3.12 -m oslo_concurrency.prlimit --as=1073741824 --cpu=60 -- sudo cinder-rootwrap /etc/cinder/rootwrap.conf env LC_ALL=C qemu-img info -f qcow2 --output=json --force-share /opt/stack/data/cinder/mnt/26662b4e6046af8948f0eeba93c5bf13/volume-39e61009-dacf-4301-a255-74b84cc03148.d924914a-6b7f-4440-a07a-e102dae10b8f {{(pid=93561) execute /opt/stack/data/venv/lib/python3.12/site-packages/oslo_concurrency/processutils.py:440}}
Jun 28 14:24:01 devstack sudo[97712]: quobyte : PWD=/ ; USER=root ; COMMAND=/opt/stack/data/venv/bin/cinder-rootwrap /etc/cinder/rootwrap.conf env LC_ALL=C qemu-img info -f qcow2 --output=json --force-share /opt/stack/data/cinder/mnt/26662b4e6046af8948f0eeba93c5bf13/volume-39e61009-dacf-4301-a255-74b84cc03148.d924914a-6b7f-4440-a07a-e102dae10b8f
Jun 28 14:24:01 devstack sudo[97712]: pam_unix(sudo:session): session opened for user root(uid=0) by (uid=1000)
Jun 28 14:24:01 devstack sudo[97712]: pam_unix(sudo:session): session closed for user root
Jun 28 14:24:01 devstack cinder-volume[93561]: DEBUG oslo_concurrency.processutils [None req-be63936e-83c5-4111-83d4-6831645c27e9 tempest-SnapshotsActionsTest-1812272739 None] CMD "/opt/stack/data/venv/bin/python3.12 -m oslo_concurrency.prlimit --as=1073741824 --cpu=60 -- sudo cinder-rootwrap /etc/cinder/rootwrap.conf env LC_ALL=C qemu-img info -f qcow2 --output=json --force-share /opt/stack/data/cinder/mnt/26662b4e6046af8948f0eeba93c5bf13/volume-39e61009-dacf-4301-a255-74b84cc03148.d924914a-6b7f-4440-a07a-e102dae10b8f" returned: 0 in 0.907s {{(pid=93561) execute /opt/stack/data/venv/lib/python3.12/site-packages/oslo_concurrency/processutils.py:468}}
Jun 28 14:24:01 devstack cinder-volume[93561]: DEBUG cinder.volume.drivers.remotefs [None req-be63936e-83c5-4111-83d4-6831645c27e9 tempest-SnapshotsActionsTest-1812272739 None] Fetching qemu-img info with special backing_file_template: (/opt/stack/data/cinder/mnt/[0-9a-f]+/)?(volume-39e61009-dacf-4301-a255-74b84cc03148(.(tmp-snap-)?[0-9a-f-]+)?|volume_from_snapshot_cache/(tmp-snap-)?[0-9a-f-]+(.(child-|parent-)[0-9a-f-]+)?)$ {{(pid=93561) _qemu_img_info_base /opt/stack/cinder/cinder/volume/drivers/remotefs.py:896}}
Jun 28 14:24:02 devstack cinder-volume[93561]: DEBUG oslo.privsep.daemon [-] privsep: reply[7d6ec2e2-e62c-48dc-bcc1-fce95bc201c8]: (4, 'qcow2') {{(pid=94796) _call_back /opt/stack/data/venv/lib/python3.12/site-packages/oslo_privsep/daemon.py:580}}
Jun 28 14:24:02 devstack cinder-volume[93561]: DEBUG oslo_concurrency.processutils [None req-be63936e-83c5-4111-83d4-6831645c27e9 tempest-SnapshotsActionsTest-1812272739 None] Running cmd (subprocess): /opt/stack/data/venv/bin/python3.12 -m oslo_concurrency.prlimit --as=1073741824 --cpu=60 -- sudo cinder-rootwrap /etc/cinder/rootwrap.conf env LC_ALL=C qemu-img info -f qcow2 --output=json --force-share /opt/stack/data/cinder/mnt/26662b4e6046af8948f0eeba93c5bf13/volume-39e61009-dacf-4301-a255-74b84cc03148.03212e26-7912-489a-be67-9d5977e7d564 {{(pid=93561) execute /opt/stack/data/venv/lib/python3.12/site-packages/oslo_concurrency/processutils.py:440}}
Jun 28 14:24:02 devstack sudo[97718]: quobyte : PWD=/ ; USER=root ; COMMAND=/opt/stack/data/venv/bin/cinder-rootwrap /etc/cinder/rootwrap.conf env LC_ALL=C qemu-img info -f qcow2 --output=json --force-share /opt/stack/data/cinder/mnt/26662b4e6046af8948f0eeba93c5bf13/volume-39e61009-dacf-4301-a255-74b84cc03148.03212e26-7912-489a-be67-9d5977e7d564
Jun 28 14:24:02 devstack sudo[97718]: pam_unix(sudo:session): session opened for user root(uid=0) by (uid=1000)
Jun 28 14:24:03 devstack sudo[97718]: pam_unix(sudo:session): session closed for user root
Jun 28 14:24:03 devstack cinder-volume[93561]: DEBUG oslo_concurrency.processutils [None req-be63936e-83c5-4111-83d4-6831645c27e9 tempest-SnapshotsActionsTest-1812272739 None] CMD "/opt/stack/data/venv/bin/python3.12 -m oslo_concurrency.prlimit --as=1073741824 --cpu=60 -- sudo cinder-rootwrap /etc/cinder/rootwrap.conf env LC_ALL=C qemu-img info -f qcow2 --output=json --force-share /opt/stack/data/cinder/mnt/26662b4e6046af8948f0eeba93c5bf13/volume-39e61009-dacf-4301-a255-74b84cc03148.03212e26-7912-489a-be67-9d5977e7d564" returned: 0 in 1.065s {{(pid=93561) execute /opt/stack/data/venv/lib/python3.12/site-packages/oslo_concurrency/processutils.py:468}}
Jun 28 14:24:03 devstack cinder-volume[93561]: DEBUG cinder.volume.drivers.remotefs [None req-be63936e-83c5-4111-83d4-6831645c27e9 tempest-SnapshotsActionsTest-1812272739 None] Fetching qemu-img info with special backing_file_template: (/opt/stack/data/cinder/mnt/[0-9a-f]+/)?(volume-39e61009-dacf-4301-a255-74b84cc03148(.(tmp-snap-)?[0-9a-f-]+)?|volume_from_snapshot_cache/(tmp-snap-)?[0-9a-f-]+(.(child-|parent-)[0-9a-f-]+)?)$ {{(pid=93561) _qemu_img_info_base /opt/stack/cinder/cinder/volume/drivers/remotefs.py:896}}
