Jun 25 17:56:30 devstack cinder-volume[94004]: DEBUG oslo_concurrency.processutils [None req-c1a18f39-bedd-437f-ba59-715cafe3c57e tempest-SnapshotsActionsTest-1418807185 None] Running cmd (subprocess): sudo cinder-rootwrap /etc/cinder/rootwrap.conf qemu-img create -f qcow2 -o backing_file=/opt/stack/data/cinder/mnt/8094b7defc47d8dd703d211d3c4a1840/volume-487236ce-7d23-4aaf-a7d4-ba6990362f4d,backing_fmt=qcow2 /opt/stack/data/cinder/mnt/8094b7defc47d8dd703d211d3c4a1840/volume-487236ce-7d23-4aaf-a7d4-ba6990362f4d.408feabe-0891-4db0-a067-34908b8686ca 1G {{(pid=94004) execute /opt/stack/data/venv/lib/python3.12/site-packages/oslo_concurrency/processutils.py:440}}
Jun 25 17:56:30 devstack sudo[97859]: quobyte : PWD=/ ; USER=root ; COMMAND=/opt/stack/data/venv/bin/cinder-rootwrap /etc/cinder/rootwrap.conf qemu-img create -f qcow2 -o backing_file=/opt/stack/data/cinder/mnt/8094b7defc47d8dd703d211d3c4a1840/volume-487236ce-7d23-4aaf-a7d4-ba6990362f4d,backing_fmt=qcow2 /opt/stack/data/cinder/mnt/8094b7defc47d8dd703d211d3c4a1840/volume-487236ce-7d23-4aaf-a7d4-ba6990362f4d.408feabe-0891-4db0-a067-34908b8686ca 1G
Jun 25 17:56:30 devstack sudo[97859]: pam_unix(sudo:session): session opened for user root(uid=0) by (uid=1000)
Jun 25 17:56:31 devstack sudo[97859]: pam_unix(sudo:session): session closed for user root
Jun 25 17:56:31 devstack cinder-volume[94004]: DEBUG oslo_concurrency.processutils [None req-c1a18f39-bedd-437f-ba59-715cafe3c57e tempest-SnapshotsActionsTest-1418807185 None] CMD "sudo cinder-rootwrap /etc/cinder/rootwrap.conf qemu-img create -f qcow2 -o backing_file=/opt/stack/data/cinder/mnt/8094b7defc47d8dd703d211d3c4a1840/volume-487236ce-7d23-4aaf-a7d4-ba6990362f4d,backing_fmt=qcow2 /opt/stack/data/cinder/mnt/8094b7defc47d8dd703d211d3c4a1840/volume-487236ce-7d23-4aaf-a7d4-ba6990362f4d.408feabe-0891-4db0-a067-34908b8686ca 1G" returned: 0 in 1.328s {{(pid=94004) execute /opt/stack/data/venv/lib/python3.12/site-packages/oslo_concurrency/processutils.py:468}}
Jun 25 17:56:31 devstack cinder-volume[94004]: DEBUG oslo_concurrency.processutils [None req-c1a18f39-bedd-437f-ba59-715cafe3c57e tempest-SnapshotsActionsTest-1418807185 None] Running cmd (subprocess): sudo cinder-rootwrap /etc/cinder/rootwrap.conf qemu-img rebase -u -b volume-487236ce-7d23-4aaf-a7d4-ba6990362f4d -F qcow2 /opt/stack/data/cinder/mnt/8094b7defc47d8dd703d211d3c4a1840/volume-487236ce-7d23-4aaf-a7d4-ba6990362f4d.408feabe-0891-4db0-a067-34908b8686ca {{(pid=94004) execute /opt/stack/data/venv/lib/python3.12/site-packages/oslo_concurrency/processutils.py:440}}
Jun 25 17:56:31 devstack sudo[97870]: quobyte : PWD=/ ; USER=root ; COMMAND=/opt/stack/data/venv/bin/cinder-rootwrap /etc/cinder/rootwrap.conf qemu-img rebase -u -b volume-487236ce-7d23-4aaf-a7d4-ba6990362f4d -F qcow2 /opt/stack/data/cinder/mnt/8094b7defc47d8dd703d211d3c4a1840/volume-487236ce-7d23-4aaf-a7d4-ba6990362f4d.408feabe-0891-4db0-a067-34908b8686ca
Jun 25 17:56:31 devstack sudo[97870]: pam_unix(sudo:session): session opened for user root(uid=0) by (uid=1000)
Jun 25 17:56:32 devstack sudo[97870]: pam_unix(sudo:session): session closed for user root
Jun 25 17:56:32 devstack cinder-volume[94004]: DEBUG oslo_concurrency.processutils [None req-c1a18f39-bedd-437f-ba59-715cafe3c57e tempest-SnapshotsActionsTest-1418807185 None] CMD "sudo cinder-rootwrap /etc/cinder/rootwrap.conf qemu-img rebase -u -b volume-487236ce-7d23-4aaf-a7d4-ba6990362f4d -F qcow2 /opt/stack/data/cinder/mnt/8094b7defc47d8dd703d211d3c4a1840/volume-487236ce-7d23-4aaf-a7d4-ba6990362f4d.408feabe-0891-4db0-a067-34908b8686ca" returned: 0 in 1.180s {{(pid=94004) execute /opt/stack/data/venv/lib/python3.12/site-packages/oslo_concurrency/processutils.py:468}}
Jun 25 17:56:32 devstack cinder-volume[94004]: WARNING cinder.volume.drivers.remotefs [None req-c1a18f39-bedd-437f-ba59-715cafe3c57e tempest-SnapshotsActionsTest-1418807185 None] /opt/stack/data/cinder/mnt/8094b7defc47d8dd703d211d3c4a1840/volume-487236ce-7d23-4aaf-a7d4-ba6990362f4d.408feabe-0891-4db0-a067-34908b8686ca is being set with open permissions: ugo+rw
Jun 25 17:56:32 devstack cinder-volume[94004]: DEBUG oslo_concurrency.processutils [None req-c1a18f39-bedd-437f-ba59-715cafe3c57e tempest-SnapshotsActionsTest-1418807185 None] Running cmd (subprocess): sudo cinder-rootwrap /etc/cinder/rootwrap.conf chmod ugo+rw /opt/stack/data/cinder/mnt/8094b7defc47d8dd703d211d3c4a1840/volume-487236ce-7d23-4aaf-a7d4-ba6990362f4d.408feabe-0891-4db0-a067-34908b8686ca {{(pid=94004) execute /opt/stack/data/venv/lib/python3.12/site-packages/oslo_concurrency/processutils.py:440}}
Jun 25 17:56:32 devstack sudo[97912]: quobyte : PWD=/ ; USER=root ; COMMAND=/opt/stack/data/venv/bin/cinder-rootwrap /etc/cinder/rootwrap.conf chmod ugo+rw /opt/stack/data/cinder/mnt/8094b7defc47d8dd703d211d3c4a1840/volume-487236ce-7d23-4aaf-a7d4-ba6990362f4d.408feabe-0891-4db0-a067-34908b8686ca
Jun 25 17:56:32 devstack sudo[97912]: pam_unix(sudo:session): session opened for user root(uid=0) by (uid=1000)
Jun 25 17:56:34 devstack sudo[97912]: pam_unix(sudo:session): session closed for user root
Jun 25 17:56:34 devstack cinder-volume[94004]: DEBUG oslo_concurrency.processutils [None req-c1a18f39-bedd-437f-ba59-715cafe3c57e tempest-SnapshotsActionsTest-1418807185 None] CMD "sudo cinder-rootwrap /etc/cinder/rootwrap.conf chmod ugo+rw /opt/stack/data/cinder/mnt/8094b7defc47d8dd703d211d3c4a1840/volume-487236ce-7d23-4aaf-a7d4-ba6990362f4d.408feabe-0891-4db0-a067-34908b8686ca" returned: 0 in 1.553s {{(pid=94004) execute /opt/stack/data/venv/lib/python3.12/site-packages/oslo_concurrency/processutils.py:468}}
Jun 25 17:56:34 devstack cinder-volume[94004]: DEBUG oslo_concurrency.processutils [None req-c1a18f39-bedd-437f-ba59-715cafe3c57e tempest-SnapshotsActionsTest-1418807185 None] Running cmd (subprocess): sudo cinder-rootwrap /etc/cinder/rootwrap.conf truncate -s0 /opt/stack/data/cinder/mnt/8094b7defc47d8dd703d211d3c4a1840/volume-487236ce-7d23-4aaf-a7d4-ba6990362f4d.info {{(pid=94004) execute /opt/stack/data/venv/lib/python3.12/site-packages/oslo_concurrency/processutils.py:440}}
Jun 25 17:56:34 devstack sudo[97990]: quobyte : PWD=/ ; USER=root ; COMMAND=/opt/stack/data/venv/bin/cinder-rootwrap /etc/cinder/rootwrap.conf truncate -s0 /opt/stack/data/cinder/mnt/8094b7defc47d8dd703d211d3c4a1840/volume-487236ce-7d23-4aaf-a7d4-ba6990362f4d.info
Jun 25 17:56:34 devstack sudo[97990]: pam_unix(sudo:session): session opened for user root(uid=0) by (uid=1000)
Jun 25 17:56:35 devstack sudo[97990]: pam_unix(sudo:session): session closed for user root
Jun 25 17:56:35 devstack cinder-volume[94004]: DEBUG oslo_concurrency.processutils [None req-c1a18f39-bedd-437f-ba59-715cafe3c57e tempest-SnapshotsActionsTest-1418807185 None] CMD "sudo cinder-rootwrap /etc/cinder/rootwrap.conf truncate -s0 /opt/stack/data/cinder/mnt/8094b7defc47d8dd703d211d3c4a1840/volume-487236ce-7d23-4aaf-a7d4-ba6990362f4d.info" returned: 0 in 1.008s {{(pid=94004) execute /opt/stack/data/venv/lib/python3.12/site-packages/oslo_concurrency/processutils.py:468}}
Jun 25 17:56:35 devstack cinder-volume[94004]: WARNING cinder.volume.drivers.remotefs [None req-c1a18f39-bedd-437f-ba59-715cafe3c57e tempest-SnapshotsActionsTest-1418807185 None] /opt/stack/data/cinder/mnt/8094b7defc47d8dd703d211d3c4a1840/volume-487236ce-7d23-4aaf-a7d4-ba6990362f4d.info is being set with open permissions: ugo+rw
Jun 25 17:56:35 devstack cinder-volume[94004]: DEBUG oslo_concurrency.processutils [None req-c1a18f39-bedd-437f-ba59-715cafe3c57e tempest-SnapshotsActionsTest-1418807185 None] Running cmd (subprocess): sudo cinder-rootwrap /etc/cinder/rootwrap.conf chmod ugo+rw /opt/stack/data/cinder/mnt/8094b7defc47d8dd703d211d3c4a1840/volume-487236ce-7d23-4aaf-a7d4-ba6990362f4d.info {{(pid=94004) execute /opt/stack/data/venv/lib/python3.12/site-packages/oslo_concurrency/processutils.py:440}}
Jun 25 17:56:35 devstack sudo[98011]: quobyte : PWD=/ ; USER=root ; COMMAND=/opt/stack/data/venv/bin/cinder-rootwrap /etc/cinder/rootwrap.conf chmod ugo+rw /opt/stack/data/cinder/mnt/8094b7defc47d8dd703d211d3c4a1840/volume-487236ce-7d23-4aaf-a7d4-ba6990362f4d.info
Jun 25 17:56:35 devstack sudo[98011]: pam_unix(sudo:session): session opened for user root(uid=0) by (uid=1000)
Jun 25 17:56:36 devstack sudo[98011]: pam_unix(sudo:session): session closed for user root
Jun 25 17:56:36 devstack cinder-volume[94004]: DEBUG oslo_concurrency.processutils [None req-c1a18f39-bedd-437f-ba59-715cafe3c57e tempest-SnapshotsActionsTest-1418807185 None] CMD "sudo cinder-rootwrap /etc/cinder/rootwrap.conf chmod ugo+rw /opt/stack/data/cinder/mnt/8094b7defc47d8dd703d211d3c4a1840/volume-487236ce-7d23-4aaf-a7d4-ba6990362f4d.info" returned: 0 in 0.854s {{(pid=94004) execute /opt/stack/data/venv/lib/python3.12/site-packages/oslo_concurrency/processutils.py:468}}
Jun 25 17:56:36 devstack cinder-volume[94004]: DEBUG oslo_concurrency.lockutils [None req-c1a18f39-bedd-437f-ba59-715cafe3c57e tempest-SnapshotsActionsTest-1418807185 None] Lock "quobyte" "released" by "cinder.volume.drivers.quobyte.QuobyteDriver.create_snapshot" :: held 7.152s {{(pid=94004) inner /opt/stack/data/venv/lib/python3.12/site-packages/oslo_concurrency/lockutils.py:543}}
Jun 25 17:56:36 devstack cinder-volume[94004]: DEBUG dbcounter [-] [94004] Writing DB stats cinder:SELECT=52,cinder:UPDATE=57,cinder:DELETE=1,cinder:INSERT=13 {{(pid=94004) stat_writer /opt/stack/data/venv/lib/python3.12/site-packages/dbcounter.py:115}}
Jun 25 17:56:36 devstack cinder-volume[94004]: INFO cinder.volume.manager [None req-c1a18f39-bedd-437f-ba59-715cafe3c57e tempest-SnapshotsActionsTest-1418807185 None] Create snapshot completed successfully
Jun 25 17:56:38 devstack cinder-volume[94004]: DEBUG dbcounter [-] [94004] Writing DB stats cinder:SELECT=52,cinder:UPDATE=61,cinder:INSERT=11,cinder:DELETE=5 {{(pid=94004) stat_writer /opt/stack/data/venv/lib/python3.12/site-packages/dbcounter.py:115}}
Jun 25 17:56:38 devstack cinder-volume[94004]: DEBUG oslo_concurrency.lockutils [None req-967a8874-3b76-46cc-9370-1f59a8e4e11b tempest-SnapshotsActionsTest-1418807185 None] Acquiring lock "quobyte" by "cinder.volume.drivers.quobyte.QuobyteDriver.create_snapshot" {{(pid=94004) inner /opt/stack/data/venv/lib/python3.12/site-packages/oslo_concurrency/lockutils.py:511}}
Jun 25 17:56:38 devstack cinder-volume[94004]: DEBUG oslo_concurrency.lockutils [None req-967a8874-3b76-46cc-9370-1f59a8e4e11b tempest-SnapshotsActionsTest-1418807185 None] Lock "quobyte" acquired by "cinder.volume.drivers.quobyte.QuobyteDriver.create_snapshot" :: waited 0.001s {{(pid=94004) inner /opt/stack/data/venv/lib/python3.12/site-packages/oslo_concurrency/lockutils.py:524}}
Jun 25 17:56:38 devstack cinder-volume[94004]: DEBUG cinder.volume.drivers.remotefs [None req-967a8874-3b76-46cc-9370-1f59a8e4e11b tempest-SnapshotsActionsTest-1418807185 None] Creating offline snapshot 91f28350-8e0c-49fd-9e1b-33ac80dd9e16 of volume 487236ce-7d23-4aaf-a7d4-ba6990362f4d {{(pid=94004) _create_snapshot /opt/stack/cinder/cinder/volume/drivers/remotefs.py:1816}}
Jun 25 17:56:38 devstack cinder-volume[94004]: DEBUG oslo.privsep.daemon [-] privsep: reply[52c24b7f-7288-47fa-a25e-9acc19e5ed7f]: (4, 'qcow2') {{(pid=95224) _call_back /opt/stack/data/venv/lib/python3.12/site-packages/oslo_privsep/daemon.py:580}}
Jun 25 17:56:38 devstack cinder-volume[94004]: DEBUG oslo_concurrency.processutils [None req-967a8874-3b76-46cc-9370-1f59a8e4e11b tempest-SnapshotsActionsTest-1418807185 None] Running cmd (subprocess): /opt/stack/data/venv/bin/python3.12 -m oslo_concurrency.prlimit --as=1073741824 --cpu=60 -- sudo cinder-rootwrap /etc/cinder/rootwrap.conf env LC_ALL=C qemu-img info -f qcow2 --output=json --force-share /opt/stack/data/cinder/mnt/8094b7defc47d8dd703d211d3c4a1840/volume-487236ce-7d23-4aaf-a7d4-ba6990362f4d.408feabe-0891-4db0-a067-34908b8686ca {{(pid=94004) execute /opt/stack/data/venv/lib/python3.12/site-packages/oslo_concurrency/processutils.py:440}}
Jun 25 17:56:38 devstack sudo[98024]: quobyte : PWD=/ ; USER=root ; COMMAND=/opt/stack/data/venv/bin/cinder-rootwrap /etc/cinder/rootwrap.conf env LC_ALL=C qemu-img info -f qcow2 --output=json --force-share /opt/stack/data/cinder/mnt/8094b7defc47d8dd703d211d3c4a1840/volume-487236ce-7d23-4aaf-a7d4-ba6990362f4d.408feabe-0891-4db0-a067-34908b8686ca
Jun 25 17:56:38 devstack sudo[98024]: pam_unix(sudo:session): session opened for user root(uid=0) by (uid=1000)
Jun 25 17:56:40 devstack sudo[98024]: pam_unix(sudo:session): session closed for user root
Jun 25 17:56:40 devstack cinder-volume[94004]: DEBUG oslo_concurrency.processutils [None req-967a8874-3b76-46cc-9370-1f59a8e4e11b tempest-SnapshotsActionsTest-1418807185 None] CMD "/opt/stack/data/venv/bin/python3.12 -m oslo_concurrency.prlimit --as=1073741824 --cpu=60 -- sudo cinder-rootwrap /etc/cinder/rootwrap.conf env LC_ALL=C qemu-img info -f qcow2 --output=json --force-share /opt/stack/data/cinder/mnt/8094b7defc47d8dd703d211d3c4a1840/volume-487236ce-7d23-4aaf-a7d4-ba6990362f4d.408feabe-0891-4db0-a067-34908b8686ca" returned: 0 in 1.465s {{(pid=94004) execute /opt/stack/data/venv/lib/python3.12/site-packages/oslo_concurrency/processutils.py:468}}
Jun 25 17:56:40 devstack cinder-volume[94004]: DEBUG cinder.volume.drivers.remotefs [None req-967a8874-3b76-46cc-9370-1f59a8e4e11b tempest-SnapshotsActionsTest-1418807185 None] Fetching qemu-img info with special backing_file_template: (/opt/stack/data/cinder/mnt/[0-9a-f]+/)?(volume-487236ce-7d23-4aaf-a7d4-ba6990362f4d(.(tmp-snap-)?[0-9a-f-]+)?|volume_from_snapshot_cache/(tmp-snap-)?[0-9a-f-]+(.(child-|parent-)[0-9a-f-]+)?)$ {{(pid=94004) _qemu_img_info_base /opt/stack/cinder/cinder/volume/drivers/remotefs.py:896}}
Jun 25 17:56:40 devstack cinder-volume[94004]: DEBUG oslo_concurrency.processutils [None req-967a8874-3b76-46cc-9370-1f59a8e4e11b tempest-SnapshotsActionsTest-1418807185 None] Running cmd (subprocess): sudo cinder-rootwrap /etc/cinder/rootwrap.conf qemu-img create -f qcow2 -o backing_file=/opt/stack/data/cinder/mnt/8094b7defc47d8dd703d211d3c4a1840/volume-487236ce-7d23-4aaf-a7d4-ba6990362f4d.408feabe-0891-4db0-a067-34908b8686ca,backing_fmt=qcow2 /opt/stack/data/cinder/mnt/8094b7defc47d8dd703d211d3c4a1840/volume-487236ce-7d23-4aaf-a7d4-ba6990362f4d.91f28350-8e0c-49fd-9e1b-33ac80dd9e16 1G {{(pid=94004) execute /opt/stack/data/venv/lib/python3.12/site-packages/oslo_concurrency/processutils.py:440}}
Jun 25 17:56:40 devstack sudo[98045]: quobyte : PWD=/ ; USER=root ; COMMAND=/opt/stack/data/venv/bin/cinder-rootwrap /etc/cinder/rootwrap.conf qemu-img create -f qcow2 -o backing_file=/opt/stack/data/cinder/mnt/8094b7defc47d8dd703d211d3c4a1840/volume-487236ce-7d23-4aaf-a7d4-ba6990362f4d.408feabe-0891-4db0-a067-34908b8686ca,backing_fmt=qcow2 /opt/stack/data/cinder/mnt/8094b7defc47d8dd703d211d3c4a1840/volume-487236ce-7d23-4aaf-a7d4-ba6990362f4d.91f28350-8e0c-49fd-9e1b-33ac80dd9e16 1G
Jun 25 17:56:40 devstack sudo[98045]: pam_unix(sudo:session): session opened for user root(uid=0) by (uid=1000)
Jun 25 17:56:41 devstack sudo[98045]: pam_unix(sudo:session): session closed for user root
Jun 25 17:56:41 devstack cinder-volume[94004]: DEBUG oslo_concurrency.processutils [None req-967a8874-3b76-46cc-9370-1f59a8e4e11b tempest-SnapshotsActionsTest-1418807185 None] CMD "sudo cinder-rootwrap /etc/cinder/rootwrap.conf qemu-img create -f qcow2 -o backing_file=/opt/stack/data/cinder/mnt/8094b7defc47d8dd703d211d3c4a1840/volume-487236ce-7d23-4aaf-a7d4-ba6990362f4d.408feabe-0891-4db0-a067-34908b8686ca,backing_fmt=qcow2 /opt/stack/data/cinder/mnt/8094b7defc47d8dd703d211d3c4a1840/volume-487236ce-7d23-4aaf-a7d4-ba6990362f4d.91f28350-8e0c-49fd-9e1b-33ac80dd9e16 1G" returned: 0 in 1.529s {{(pid=94004) execute /opt/stack/data/venv/lib/python3.12/site-packages/oslo_concurrency/processutils.py:468}}
Jun 25 17:56:41 devstack cinder-volume[94004]: DEBUG oslo_concurrency.processutils [None req-967a8874-3b76-46cc-9370-1f59a8e4e11b tempest-SnapshotsActionsTest-1418807185 None] Running cmd (subprocess): sudo cinder-rootwrap /etc/cinder/rootwrap.conf qemu-img rebase -u -b volume-487236ce-7d23-4aaf-a7d4-ba6990362f4d.408feabe-0891-4db0-a067-34908b8686ca -F qcow2 /opt/stack/data/cinder/mnt/8094b7defc47d8dd703d211d3c4a1840/volume-487236ce-7d23-4aaf-a7d4-ba6990362f4d.91f28350-8e0c-49fd-9e1b-33ac80dd9e16 {{(pid=94004) execute /opt/stack/data/venv/lib/python3.12/site-packages/oslo_concurrency/processutils.py:440}}
Jun 25 17:56:41 devstack sudo[98056]: quobyte : PWD=/ ; USER=root ; COMMAND=/opt/stack/data/venv/bin/cinder-rootwrap /etc/cinder/rootwrap.conf qemu-img rebase -u -b volume-487236ce-7d23-4aaf-a7d4-ba6990362f4d.408feabe-0891-4db0-a067-34908b8686ca -F qcow2 /opt/stack/data/cinder/mnt/8094b7defc47d8dd703d211d3c4a1840/volume-487236ce-7d23-4aaf-a7d4-ba6990362f4d.91f28350-8e0c-49fd-9e1b-33ac80dd9e16
Jun 25 17:56:41 devstack sudo[98056]: pam_unix(sudo:session): session opened for user root(uid=0) by (uid=1000)
Jun 25 17:56:42 devstack cinder-volume[94004]: DEBUG oslo_concurrency.lockutils [req-19c02de4-15f4-4689-ac78-48c23f57fac3 req-9b43dd30-0d29-4ecd-a073-0a32f888dee4 tempest-TaggedAttachmentsTest-2075626679 None] Acquiring lock "quobyte" by "cinder.volume.drivers.quobyte.QuobyteDriver.initialize_connection" {{(pid=94004) inner /opt/stack/data/venv/lib/python3.12/site-packages/oslo_concurrency/lockutils.py:511}}
Jun 25 17:56:42 devstack sudo[98056]: pam_unix(sudo:session): session closed for user root
Jun 25 17:56:42 devstack cinder-volume[94004]: DEBUG oslo_concurrency.processutils [None req-967a8874-3b76-46cc-9370-1f59a8e4e11b tempest-SnapshotsActionsTest-1418807185 None] CMD "sudo cinder-rootwrap /etc/cinder/rootwrap.conf qemu-img rebase -u -b volume-487236ce-7d23-4aaf-a7d4-ba6990362f4d.408feabe-0891-4db0-a067-34908b8686ca -F qcow2 /opt/stack/data/cinder/mnt/8094b7defc47d8dd703d211d3c4a1840/volume-487236ce-7d23-4aaf-a7d4-ba6990362f4d.91f28350-8e0c-49fd-9e1b-33ac80dd9e16" returned: 0 in 1.038s {{(pid=94004) execute /opt/stack/data/venv/lib/python3.12/site-packages/oslo_concurrency/processutils.py:468}}
Jun 25 17:56:42 devstack cinder-volume[94004]: WARNING cinder.volume.drivers.remotefs [None req-967a8874-3b76-46cc-9370-1f59a8e4e11b tempest-SnapshotsActionsTest-1418807185 None] /opt/stack/data/cinder/mnt/8094b7defc47d8dd703d211d3c4a1840/volume-487236ce-7d23-4aaf-a7d4-ba6990362f4d.91f28350-8e0c-49fd-9e1b-33ac80dd9e16 is being set with open permissions: ugo+rw
Jun 25 17:56:42 devstack cinder-volume[94004]: DEBUG oslo_concurrency.processutils [None req-967a8874-3b76-46cc-9370-1f59a8e4e11b tempest-SnapshotsActionsTest-1418807185 None] Running cmd (subprocess): sudo cinder-rootwrap /etc/cinder/rootwrap.conf chmod ugo+rw /opt/stack/data/cinder/mnt/8094b7defc47d8dd703d211d3c4a1840/volume-487236ce-7d23-4aaf-a7d4-ba6990362f4d.91f28350-8e0c-49fd-9e1b-33ac80dd9e16 {{(pid=94004) execute /opt/stack/data/venv/lib/python3.12/site-packages/oslo_concurrency/processutils.py:440}}
Jun 25 17:56:42 devstack sudo[98072]: quobyte : PWD=/ ; USER=root ; COMMAND=/opt/stack/data/venv/bin/cinder-rootwrap /etc/cinder/rootwrap.conf chmod ugo+rw /opt/stack/data/cinder/mnt/8094b7defc47d8dd703d211d3c4a1840/volume-487236ce-7d23-4aaf-a7d4-ba6990362f4d.91f28350-8e0c-49fd-9e1b-33ac80dd9e16
Jun 25 17:56:42 devstack sudo[98072]: pam_unix(sudo:session): session opened for user root(uid=0) by (uid=1000)
Jun 25 17:56:43 devstack sudo[98072]: pam_unix(sudo:session): session closed for user root
Jun 25 17:56:43 devstack cinder-volume[94004]: DEBUG oslo_concurrency.processutils [None req-967a8874-3b76-46cc-9370-1f59a8e4e11b tempest-SnapshotsActionsTest-1418807185 None] CMD "sudo cinder-rootwrap /etc/cinder/rootwrap.conf chmod ugo+rw /opt/stack/data/cinder/mnt/8094b7defc47d8dd703d211d3c4a1840/volume-487236ce-7d23-4aaf-a7d4-ba6990362f4d.91f28350-8e0c-49fd-9e1b-33ac80dd9e16" returned: 0 in 0.827s {{(pid=94004) execute /opt/stack/data/venv/lib/python3.12/site-packages/oslo_concurrency/processutils.py:468}}
Jun 25 17:56:43 devstack cinder-volume[94004]: DEBUG oslo_concurrency.lockutils [None req-967a8874-3b76-46cc-9370-1f59a8e4e11b tempest-SnapshotsActionsTest-1418807185 None] Lock "quobyte" "released" by "cinder.volume.drivers.quobyte.QuobyteDriver.create_snapshot" :: held 5.056s {{(pid=94004) inner /opt/stack/data/venv/lib/python3.12/site-packages/oslo_concurrency/lockutils.py:543}}
Jun 25 17:56:43 devstack cinder-volume[94004]: DEBUG oslo_concurrency.lockutils [req-19c02de4-15f4-4689-ac78-48c23f57fac3 req-9b43dd30-0d29-4ecd-a073-0a32f888dee4 tempest-TaggedAttachmentsTest-2075626679 None] Lock "quobyte" acquired by "cinder.volume.drivers.quobyte.QuobyteDriver.initialize_connection" :: waited 1.322s {{(pid=94004) inner /opt/stack/data/venv/lib/python3.12/site-packages/oslo_concurrency/lockutils.py:524}}
Jun 25 17:56:43 devstack cinder-volume[94004]: DEBUG oslo.privsep.daemon [-] privsep: reply[7040aa4c-d3de-4424-9d05-16455af547a3]: (4, 'qcow2') {{(pid=95224) _call_back /opt/stack/data/venv/lib/python3.12/site-packages/oslo_privsep/daemon.py:580}}
Jun 25 17:56:43 devstack cinder-volume[94004]: DEBUG oslo_concurrency.processutils [req-19c02de4-15f4-4689-ac78-48c23f57fac3 req-9b43dd30-0d29-4ecd-a073-0a32f888dee4 tempest-TaggedAttachmentsTest-2075626679 None] Running cmd (subprocess): /opt/stack/data/venv/bin/python3.12 -m oslo_concurrency.prlimit --as=1073741824 --cpu=60 -- sudo cinder-rootwrap /etc/cinder/rootwrap.conf env LC_ALL=C qemu-img info -f qcow2 --output=json --force-share /opt/stack/data/cinder/mnt/8094b7defc47d8dd703d211d3c4a1840/volume-4d55a402-8184-4863-85b7-2becc632caa7 {{(pid=94004) execute /opt/stack/data/venv/lib/python3.12/site-packages/oslo_concurrency/processutils.py:440}}
Jun 25 17:56:43 devstack cinder-volume[94004]: INFO cinder.volume.manager [None req-967a8874-3b76-46cc-9370-1f59a8e4e11b tempest-SnapshotsActionsTest-1418807185 None] Create snapshot completed successfully
Jun 25 17:56:43 devstack sudo[98075]: quobyte : PWD=/ ; USER=root ; COMMAND=/opt/stack/data/venv/bin/cinder-rootwrap /etc/cinder/rootwrap.conf env LC_ALL=C qemu-img info -f qcow2 --output=json --force-share /opt/stack/data/cinder/mnt/8094b7defc47d8dd703d211d3c4a1840/volume-4d55a402-8184-4863-85b7-2becc632caa7
Jun 25 17:56:43 devstack sudo[98075]: pam_unix(sudo:session): session opened for user root(uid=0) by (uid=1000)
Jun 25 17:56:44 devstack cinder-volume[94004]: DEBUG cinder.coordination [None req-fc6510a9-3d00-4321-8ddf-5752f606c4e2 tempest-SnapshotsActionsTest-1801685394 None] Acquiring lock "cinder-91f28350-8e0c-49fd-9e1b-33ac80dd9e16-delete_snapshot" by "delete_snapshot" {{(pid=94004) __acquire /opt/stack/cinder/cinder/coordination.py:138}}
Jun 25 17:56:44 devstack cinder-volume[94004]: DEBUG cinder.coordination [None req-fc6510a9-3d00-4321-8ddf-5752f606c4e2 tempest-SnapshotsActionsTest-1801685394 None] Lock "cinder-91f28350-8e0c-49fd-9e1b-33ac80dd9e16-delete_snapshot" acquired by "delete_snapshot" :: waited 0.040s {{(pid=94004) __acquire /opt/stack/cinder/cinder/coordination.py:141}}
Jun 25 17:56:44 devstack cinder-volume[94004]: DEBUG cinder.coordination [None req-fc6510a9-3d00-4321-8ddf-5752f606c4e2 tempest-SnapshotsActionsTest-1801685394 None] Acquiring lock "cinder-quobyte-487236ce-7d23-4aaf-a7d4-ba6990362f4d" by "delete_snapshot" {{(pid=94004) __acquire /opt/stack/cinder/cinder/coordination.py:138}}
Jun 25 17:56:44 devstack cinder-volume[94004]: DEBUG cinder.coordination [None req-fc6510a9-3d00-4321-8ddf-5752f606c4e2 tempest-SnapshotsActionsTest-1801685394 None] Lock "cinder-quobyte-487236ce-7d23-4aaf-a7d4-ba6990362f4d" acquired by "delete_snapshot" :: waited 0.028s {{(pid=94004) __acquire /opt/stack/cinder/cinder/coordination.py:141}}
Jun 25 17:56:44 devstack cinder-volume[94004]: DEBUG cinder.coordination [None req-fc6510a9-3d00-4321-8ddf-5752f606c4e2 tempest-SnapshotsActionsTest-1801685394 None] Acquiring lock "cinder-quobyte-91f28350-8e0c-49fd-9e1b-33ac80dd9e16" by "_delete_snapshot" {{(pid=94004) __acquire /opt/stack/cinder/cinder/coordination.py:138}}
Jun 25 17:56:44 devstack cinder-volume[94004]: DEBUG cinder.coordination [None req-fc6510a9-3d00-4321-8ddf-5752f606c4e2 tempest-SnapshotsActionsTest-1801685394 None] Lock "cinder-quobyte-91f28350-8e0c-49fd-9e1b-33ac80dd9e16" acquired by "_delete_snapshot" :: waited 0.029s {{(pid=94004) __acquire /opt/stack/cinder/cinder/coordination.py:141}}
Jun 25 17:56:44 devstack cinder-volume[94004]: DEBUG cinder.volume.drivers.remotefs [None req-fc6510a9-3d00-4321-8ddf-5752f606c4e2 tempest-SnapshotsActionsTest-1801685394 None] Deleting offline snapshot 91f28350-8e0c-49fd-9e1b-33ac80dd9e16 of volume 487236ce-7d23-4aaf-a7d4-ba6990362f4d {{(pid=94004) _delete_snapshot /opt/stack/cinder/cinder/volume/drivers/remotefs.py:1288}}
Jun 25 17:56:44 devstack cinder-volume[94004]: DEBUG cinder.volume.drivers.remotefs [None req-fc6510a9-3d00-4321-8ddf-5752f606c4e2 tempest-SnapshotsActionsTest-1801685394 None] snapshot_file for this snap is: volume-487236ce-7d23-4aaf-a7d4-ba6990362f4d.91f28350-8e0c-49fd-9e1b-33ac80dd9e16 {{(pid=94004) _delete_snapshot /opt/stack/cinder/cinder/volume/drivers/remotefs.py:1317}}
Jun 25 17:56:44 devstack cinder-volume[94004]: DEBUG oslo.privsep.daemon [-] privsep: reply[d0f01192-003a-4a28-9c7d-c64b9e682ee5]: (4, 'qcow2') {{(pid=95224) _call_back /opt/stack/data/venv/lib/python3.12/site-packages/oslo_privsep/daemon.py:580}}
Jun 25 17:56:44 devstack cinder-volume[94004]: DEBUG oslo_concurrency.processutils [None req-fc6510a9-3d00-4321-8ddf-5752f606c4e2 tempest-SnapshotsActionsTest-1801685394 None] Running cmd (subprocess): /opt/stack/data/venv/bin/python3.12 -m oslo_concurrency.prlimit --as=1073741824 --cpu=60 -- sudo cinder-rootwrap /etc/cinder/rootwrap.conf env LC_ALL=C qemu-img info -f qcow2 --output=json --force-share /opt/stack/data/cinder/mnt/8094b7defc47d8dd703d211d3c4a1840/volume-487236ce-7d23-4aaf-a7d4-ba6990362f4d.91f28350-8e0c-49fd-9e1b-33ac80dd9e16 {{(pid=94004) execute /opt/stack/data/venv/lib/python3.12/site-packages/oslo_concurrency/processutils.py:440}}
Jun 25 17:56:44 devstack sudo[98077]: quobyte : PWD=/ ; USER=root ; COMMAND=/opt/stack/data/venv/bin/cinder-rootwrap /etc/cinder/rootwrap.conf env LC_ALL=C qemu-img info -f qcow2 --output=json --force-share /opt/stack/data/cinder/mnt/8094b7defc47d8dd703d211d3c4a1840/volume-487236ce-7d23-4aaf-a7d4-ba6990362f4d.91f28350-8e0c-49fd-9e1b-33ac80dd9e16
Jun 25 17:56:44 devstack sudo[98077]: pam_unix(sudo:session): session opened for user root(uid=0) by (uid=1000)
Jun 25 17:56:44 devstack sudo[98075]: pam_unix(sudo:session): session closed for user root
Jun 25 17:56:44 devstack cinder-volume[94004]: DEBUG oslo_concurrency.processutils [req-19c02de4-15f4-4689-ac78-48c23f57fac3 req-9b43dd30-0d29-4ecd-a073-0a32f888dee4 tempest-TaggedAttachmentsTest-2075626679 None] CMD "/opt/stack/data/venv/bin/python3.12 -m oslo_concurrency.prlimit --as=1073741824 --cpu=60 -- sudo cinder-rootwrap /etc/cinder/rootwrap.conf env LC_ALL=C qemu-img info -f qcow2 --output=json --force-share /opt/stack/data/cinder/mnt/8094b7defc47d8dd703d211d3c4a1840/volume-4d55a402-8184-4863-85b7-2becc632caa7" returned: 0 in 0.856s {{(pid=94004) execute /opt/stack/data/venv/lib/python3.12/site-packages/oslo_concurrency/processutils.py:468}}
Jun 25 17:56:44 devstack cinder-volume[94004]: DEBUG oslo_concurrency.lockutils [req-19c02de4-15f4-4689-ac78-48c23f57fac3 req-9b43dd30-0d29-4ecd-a073-0a32f888dee4 tempest-TaggedAttachmentsTest-2075626679 None] Lock "quobyte" "released" by "cinder.volume.drivers.quobyte.QuobyteDriver.initialize_connection" :: held 0.891s {{(pid=94004) inner /opt/stack/data/venv/lib/python3.12/site-packages/oslo_concurrency/lockutils.py:543}}
Jun 25 17:56:44 devstack cinder-volume[94004]: DEBUG cinder.volume.manager [req-19c02de4-15f4-4689-ac78-48c23f57fac3 req-9b43dd30-0d29-4ecd-a073-0a32f888dee4 tempest-TaggedAttachmentsTest-2075626679 None] Connection info returned from driver {'export': 'osci02.corp.quobyte.com/cinder-vol-77a2c646-2e39-4405-afaf-566876302b80', 'name': 'volume-4d55a402-8184-4863-85b7-2becc632caa7', 'options': None, 'format': 'qcow2', 'qos_specs': None, 'access_mode': 'rw', 'encrypted': False, 'cacheable': False, 'driver_volume_type': 'quobyte', 'mount_point_base': '/opt/stack/data/cinder/mnt', 'attachment_id': 'ec56826e-d969-40e6-9578-e53a2b55fbf6', 'enforce_multipath': True} {{(pid=94004) _connection_create /opt/stack/cinder/cinder/volume/manager.py:5249}}
Jun 25 17:56:44 devstack cinder-volume[94004]: INFO cinder.volume.manager [req-19c02de4-15f4-4689-ac78-48c23f57fac3 req-9b43dd30-0d29-4ecd-a073-0a32f888dee4 tempest-TaggedAttachmentsTest-2075626679 None] attachment_update completed successfully.
Jun 25 17:56:45 devstack sudo[98077]: pam_unix(sudo:session): session closed for user root
Jun 25 17:56:45 devstack cinder-volume[94004]: DEBUG oslo_concurrency.processutils [None req-fc6510a9-3d00-4321-8ddf-5752f606c4e2 tempest-SnapshotsActionsTest-1801685394 None] CMD "/opt/stack/data/venv/bin/python3.12 -m oslo_concurrency.prlimit --as=1073741824 --cpu=60 -- sudo cinder-rootwrap /etc/cinder/rootwrap.conf env LC_ALL=C qemu-img info -f qcow2 --output=json --force-share /opt/stack/data/cinder/mnt/8094b7defc47d8dd703d211d3c4a1840/volume-487236ce-7d23-4aaf-a7d4-ba6990362f4d.91f28350-8e0c-49fd-9e1b-33ac80dd9e16" returned: 0 in 1.041s {{(pid=94004) execute /opt/stack/data/venv/lib/python3.12/site-packages/oslo_concurrency/processutils.py:468}}
Jun 25 17:56:45 devstack cinder-volume[94004]: DEBUG cinder.volume.drivers.remotefs [None req-fc6510a9-3d00-4321-8ddf-5752f606c4e2 tempest-SnapshotsActionsTest-1801685394 None] Fetching qemu-img info with special backing_file_template: (/opt/stack/data/cinder/mnt/[0-9a-f]+/)?(volume-487236ce-7d23-4aaf-a7d4-ba6990362f4d(.(tmp-snap-)?[0-9a-f-]+)?|volume_from_snapshot_cache/(tmp-snap-)?[0-9a-f-]+(.(child-|parent-)[0-9a-f-]+)?)$ {{(pid=94004) _qemu_img_info_base /opt/stack/cinder/cinder/volume/drivers/remotefs.py:896}}
Jun 25 17:56:45 devstack cinder-volume[94004]: DEBUG oslo.privsep.daemon [-] privsep: reply[c48c23a4-b2d5-40c1-bad7-d9142963b484]: (4, 'qcow2') {{(pid=95224) _call_back /opt/stack/data/venv/lib/python3.12/site-packages/oslo_privsep/daemon.py:580}}
Jun 25 17:56:45 devstack cinder-volume[94004]: DEBUG oslo_concurrency.processutils [None req-fc6510a9-3d00-4321-8ddf-5752f606c4e2 tempest-SnapshotsActionsTest-1801685394 None] Running cmd (subprocess): /opt/stack/data/venv/bin/python3.12 -m oslo_concurrency.prlimit --as=1073741824 --cpu=60 -- sudo cinder-rootwrap /etc/cinder/rootwrap.conf env LC_ALL=C qemu-img info -f qcow2 --output=json --force-share /opt/stack/data/cinder/mnt/8094b7defc47d8dd703d211d3c4a1840/volume-487236ce-7d23-4aaf-a7d4-ba6990362f4d.408feabe-0891-4db0-a067-34908b8686ca {{(pid=94004) execute /opt/stack/data/venv/lib/python3.12/site-packages/oslo_concurrency/processutils.py:440}}
Jun 25 17:56:45 devstack sudo[98157]: quobyte : PWD=/ ; USER=root ; COMMAND=/opt/stack/data/venv/bin/cinder-rootwrap /etc/cinder/rootwrap.conf env LC_ALL=C qemu-img info -f qcow2 --output=json --force-share /opt/stack/data/cinder/mnt/8094b7defc47d8dd703d211d3c4a1840/volume-487236ce-7d23-4aaf-a7d4-ba6990362f4d.408feabe-0891-4db0-a067-34908b8686ca
Jun 25 17:56:45 devstack sudo[98157]: pam_unix(sudo:session): session opened for user root(uid=0) by (uid=1000)
Jun 25 17:56:46 devstack sudo[98157]: pam_unix(sudo:session): session closed for user root
Jun 25 17:56:46 devstack cinder-volume[94004]: DEBUG oslo_concurrency.processutils [None req-fc6510a9-3d00-4321-8ddf-5752f606c4e2 tempest-SnapshotsActionsTest-1801685394 None] CMD "/opt/stack/data/venv/bin/python3.12 -m oslo_concurrency.prlimit --as=1073741824 --cpu=60 -- sudo cinder-rootwrap /etc/cinder/rootwrap.conf env LC_ALL=C qemu-img info -f qcow2 --output=json --force-share /opt/stack/data/cinder/mnt/8094b7defc47d8dd703d211d3c4a1840/volume-487236ce-7d23-4aaf-a7d4-ba6990362f4d.408feabe-0891-4db0-a067-34908b8686ca" returned: 0 in 1.145s {{(pid=94004) execute /opt/stack/data/venv/lib/python3.12/site-packages/oslo_concurrency/processutils.py:468}}
Jun 25 17:56:46 devstack cinder-volume[94004]: DEBUG cinder.volume.drivers.remotefs [None req-fc6510a9-3d00-4321-8ddf-5752f606c4e2 tempest-SnapshotsActionsTest-1801685394 None] Fetching qemu-img info with special backing_file_template: (/opt/stack/data/cinder/mnt/[0-9a-f]+/)?(volume-487236ce-7d23-4aaf-a7d4-ba6990362f4d(.(tmp-snap-)?[0-9a-f-]+)?|volume_from_snapshot_cache/(tmp-snap-)?[0-9a-f-]+(.(child-|parent-)[0-9a-f-]+)?)$ {{(pid=94004) _qemu_img_info_base /opt/stack/cinder/cinder/volume/drivers/remotefs.py:896}}
Jun 25 17:56:46 devstack cinder-volume[94004]: DEBUG oslo_concurrency.processutils [None req-fc6510a9-3d00-4321-8ddf-5752f606c4e2 tempest-SnapshotsActionsTest-1801685394 None] Running cmd (subprocess): sudo cinder-rootwrap /etc/cinder/rootwrap.conf qemu-img commit -d /opt/stack/data/cinder/mnt/8094b7defc47d8dd703d211d3c4a1840/volume-487236ce-7d23-4aaf-a7d4-ba6990362f4d.91f28350-8e0c-49fd-9e1b-33ac80dd9e16 {{(pid=94004) execute /opt/stack/data/venv/lib/python3.12/site-packages/oslo_concurrency/processutils.py:440}}
Jun 25 17:56:46 devstack sudo[98487]: quobyte : PWD=/ ; USER=root ; COMMAND=/opt/stack/data/venv/bin/cinder-rootwrap /etc/cinder/rootwrap.conf qemu-img commit -d /opt/stack/data/cinder/mnt/8094b7defc47d8dd703d211d3c4a1840/volume-487236ce-7d23-4aaf-a7d4-ba6990362f4d.91f28350-8e0c-49fd-9e1b-33ac80dd9e16
Jun 25 17:56:46 devstack sudo[98487]: pam_unix(sudo:session): session opened for user root(uid=0) by (uid=1000)
Jun 25 17:56:48 devstack sudo[98487]: pam_unix(sudo:session): session closed for user root
Jun 25 17:56:48 devstack cinder-volume[94004]: DEBUG oslo_concurrency.processutils [None req-fc6510a9-3d00-4321-8ddf-5752f606c4e2 tempest-SnapshotsActionsTest-1801685394 None] CMD "sudo cinder-rootwrap /etc/cinder/rootwrap.conf qemu-img commit -d /opt/stack/data/cinder/mnt/8094b7defc47d8dd703d211d3c4a1840/volume-487236ce-7d23-4aaf-a7d4-ba6990362f4d.91f28350-8e0c-49fd-9e1b-33ac80dd9e16" returned: 0 in 1.708s {{(pid=94004) execute /opt/stack/data/venv/lib/python3.12/site-packages/oslo_concurrency/processutils.py:468}}
Jun 25 17:56:48 devstack cinder-volume[94004]: DEBUG oslo_concurrency.processutils [None req-fc6510a9-3d00-4321-8ddf-5752f606c4e2 tempest-SnapshotsActionsTest-1801685394 None] Running cmd (subprocess): sudo cinder-rootwrap /etc/cinder/rootwrap.conf rm -f /opt/stack/data/cinder/mnt/8094b7defc47d8dd703d211d3c4a1840/volume-487236ce-7d23-4aaf-a7d4-ba6990362f4d.91f28350-8e0c-49fd-9e1b-33ac80dd9e16 {{(pid=94004) execute /opt/stack/data/venv/lib/python3.12/site-packages/oslo_concurrency/processutils.py:440}}
Jun 25 17:56:48 devstack sudo[98564]: quobyte : PWD=/ ; USER=root ; COMMAND=/opt/stack/data/venv/bin/cinder-rootwrap /etc/cinder/rootwrap.conf rm -f /opt/stack/data/cinder/mnt/8094b7defc47d8dd703d211d3c4a1840/volume-487236ce-7d23-4aaf-a7d4-ba6990362f4d.91f28350-8e0c-49fd-9e1b-33ac80dd9e16
Jun 25 17:56:48 devstack sudo[98564]: pam_unix(sudo:session): session opened for user root(uid=0) by (uid=1000)
Jun 25 17:56:49 devstack sudo[98564]: pam_unix(sudo:session): session closed for user root
Jun 25 17:56:49 devstack cinder-volume[94004]: DEBUG oslo_concurrency.processutils [None req-fc6510a9-3d00-4321-8ddf-5752f606c4e2 tempest-SnapshotsActionsTest-1801685394 None] CMD "sudo cinder-rootwrap /etc/cinder/rootwrap.conf rm -f /opt/stack/data/cinder/mnt/8094b7defc47d8dd703d211d3c4a1840/volume-487236ce-7d23-4aaf-a7d4-ba6990362f4d.91f28350-8e0c-49fd-9e1b-33ac80dd9e16" returned: 0 in 1.626s {{(pid=94004) execute /opt/stack/data/venv/lib/python3.12/site-packages/oslo_concurrency/processutils.py:468}}
Jun 25 17:56:49 devstack cinder-volume[94004]: DEBUG cinder.coordination [None req-fc6510a9-3d00-4321-8ddf-5752f606c4e2 tempest-SnapshotsActionsTest-1801685394 None] Lock "cinder-quobyte-91f28350-8e0c-49fd-9e1b-33ac80dd9e16" released by "_delete_snapshot" :: held 5.679s {{(pid=94004) __release /opt/stack/cinder/cinder/coordination.py:152}}
Jun 25 17:56:49 devstack cinder-volume[94004]: DEBUG cinder.coordination [None req-fc6510a9-3d00-4321-8ddf-5752f606c4e2 tempest-SnapshotsActionsTest-1801685394 None] Lock "cinder-quobyte-487236ce-7d23-4aaf-a7d4-ba6990362f4d" released by "delete_snapshot" :: held 5.734s {{(pid=94004) __release /opt/stack/cinder/cinder/coordination.py:152}}
Jun 25 17:56:50 devstack cinder-volume[94004]: DEBUG cinder.quota [None req-fc6510a9-3d00-4321-8ddf-5752f606c4e2 tempest-SnapshotsActionsTest-1801685394 None] Created reservations ['7e08166a-4a5c-48de-bf55-dd1454cf3168', 'fe7512d8-3b85-422e-9013-68e94ce4bf03', '44bacda0-e5d6-4398-acad-9b11c158bf6c', 'd4c3b8f7-f579-427c-9fed-e14be7bd1a01'] {{(pid=94004) reserve /opt/stack/cinder/cinder/quota.py:752}}
Jun 25 17:56:50 devstack cinder-volume[94004]: INFO cinder.volume.manager [None req-fc6510a9-3d00-4321-8ddf-5752f606c4e2 tempest-SnapshotsActionsTest-1801685394 None] Delete snapshot completed successfully.
Jun 25 17:56:50 devstack cinder-volume[94004]: DEBUG cinder.coordination [None req-fc6510a9-3d00-4321-8ddf-5752f606c4e2 tempest-SnapshotsActionsTest-1801685394 None] Lock "cinder-91f28350-8e0c-49fd-9e1b-33ac80dd9e16-delete_snapshot" released by "delete_snapshot" :: held 6.267s {{(pid=94004) __release /opt/stack/cinder/cinder/coordination.py:152}}
Jun 25 17:56:51 devstack cinder-volume[94004]: DEBUG oslo_concurrency.lockutils [None req-de411fd7-58cf-4e28-885f-fbc347449aa8 tempest-SnapshotsActionsTest-1418807185 None] Acquiring lock "quobyte" by "cinder.volume.drivers.quobyte.QuobyteDriver.create_snapshot" {{(pid=94004) inner /opt/stack/data/venv/lib/python3.12/site-packages/oslo_concurrency/lockutils.py:511}}
Jun 25 17:56:51 devstack cinder-volume[94004]: DEBUG oslo_concurrency.lockutils [None req-de411fd7-58cf-4e28-885f-fbc347449aa8 tempest-SnapshotsActionsTest-1418807185 None] Lock "quobyte" acquired by "cinder.volume.drivers.quobyte.QuobyteDriver.create_snapshot" :: waited 0.001s {{(pid=94004) inner /opt/stack/data/venv/lib/python3.12/site-packages/oslo_concurrency/lockutils.py:524}}
Jun 25 17:56:51 devstack cinder-volume[94004]: DEBUG cinder.volume.drivers.remotefs [None req-de411fd7-58cf-4e28-885f-fbc347449aa8 tempest-SnapshotsActionsTest-1418807185 None] Creating offline snapshot 1ba7a7cc-3494-4151-a4f3-5344597a0307 of volume 487236ce-7d23-4aaf-a7d4-ba6990362f4d {{(pid=94004) _create_snapshot /opt/stack/cinder/cinder/volume/drivers/remotefs.py:1816}}
Jun 25 17:56:51 devstack cinder-volume[94004]: DEBUG oslo.privsep.daemon [-] privsep: reply[980bcc55-6858-451e-a629-421bfbbec309]: (4, 'qcow2') {{(pid=95224) _call_back /opt/stack/data/venv/lib/python3.12/site-packages/oslo_privsep/daemon.py:580}}
Jun 25 17:56:51 devstack cinder-volume[94004]: DEBUG oslo_concurrency.processutils [None req-de411fd7-58cf-4e28-885f-fbc347449aa8 tempest-SnapshotsActionsTest-1418807185 None] Running cmd (subprocess): /opt/stack/data/venv/bin/python3.12 -m oslo_concurrency.prlimit --as=1073741824 --cpu=60 -- sudo cinder-rootwrap /etc/cinder/rootwrap.conf env LC_ALL=C qemu-img info -f qcow2 --output=json --force-share /opt/stack/data/cinder/mnt/8094b7defc47d8dd703d211d3c4a1840/volume-487236ce-7d23-4aaf-a7d4-ba6990362f4d.408feabe-0891-4db0-a067-34908b8686ca {{(pid=94004) execute /opt/stack/data/venv/lib/python3.12/site-packages/oslo_concurrency/processutils.py:440}}
Jun 25 17:56:51 devstack sudo[98606]: quobyte : PWD=/ ; USER=root ; COMMAND=/opt/stack/data/venv/bin/cinder-rootwrap /etc/cinder/rootwrap.conf env LC_ALL=C qemu-img info -f qcow2 --output=json --force-share /opt/stack/data/cinder/mnt/8094b7defc47d8dd703d211d3c4a1840/volume-487236ce-7d23-4aaf-a7d4-ba6990362f4d.408feabe-0891-4db0-a067-34908b8686ca
Jun 25 17:56:51 devstack sudo[98606]: pam_unix(sudo:session): session opened for user root(uid=0) by (uid=1000)
Jun 25 17:56:52 devstack sudo[98606]: pam_unix(sudo:session): session closed for user root
Jun 25 17:56:52 devstack cinder-volume[94004]: DEBUG oslo_concurrency.processutils [None req-de411fd7-58cf-4e28-885f-fbc347449aa8 tempest-SnapshotsActionsTest-1418807185 None] CMD "/opt/stack/data/venv/bin/python3.12 -m oslo_concurrency.prlimit --as=1073741824 --cpu=60 -- sudo cinder-rootwrap /etc/cinder/rootwrap.conf env LC_ALL=C qemu-img info -f qcow2 --output=json --force-share /opt/stack/data/cinder/mnt/8094b7defc47d8dd703d211d3c4a1840/volume-487236ce-7d23-4aaf-a7d4-ba6990362f4d.408feabe-0891-4db0-a067-34908b8686ca" returned: 0 in 1.064s {{(pid=94004) execute /opt/stack/data/venv/lib/python3.12/site-packages/oslo_concurrency/processutils.py:468}}
Jun 25 17:56:52 devstack cinder-volume[94004]: DEBUG cinder.volume.drivers.remotefs [None req-de411fd7-58cf-4e28-885f-fbc347449aa8 tempest-SnapshotsActionsTest-1418807185 None] Fetching qemu-img info with special backing_file_template: (/opt/stack/data/cinder/mnt/[0-9a-f]+/)?(volume-487236ce-7d23-4aaf-a7d4-ba6990362f4d(.(tmp-snap-)?[0-9a-f-]+)?|volume_from_snapshot_cache/(tmp-snap-)?[0-9a-f-]+(.(child-|parent-)[0-9a-f-]+)?)$ {{(pid=94004) _qemu_img_info_base /opt/stack/cinder/cinder/volume/drivers/remotefs.py:896}}
Jun 25 17:56:52 devstack cinder-volume[94004]: DEBUG oslo_concurrency.processutils [None req-de411fd7-58cf-4e28-885f-fbc347449aa8 tempest-SnapshotsActionsTest-1418807185 None] Running cmd (subprocess): sudo cinder-rootwrap /etc/cinder/rootwrap.conf qemu-img create -f qcow2 -o backing_file=/opt/stack/data/cinder/mnt/8094b7defc47d8dd703d211d3c4a1840/volume-487236ce-7d23-4aaf-a7d4-ba6990362f4d.408feabe-0891-4db0-a067-34908b8686ca,backing_fmt=qcow2 /opt/stack/data/cinder/mnt/8094b7defc47d8dd703d211d3c4a1840/volume-487236ce-7d23-4aaf-a7d4-ba6990362f4d.1ba7a7cc-3494-4151-a4f3-5344597a0307 1G {{(pid=94004) execute /opt/stack/data/venv/lib/python3.12/site-packages/oslo_concurrency/processutils.py:440}}
Jun 25 17:56:52 devstack sudo[98611]: quobyte : PWD=/ ; USER=root ; COMMAND=/opt/stack/data/venv/bin/cinder-rootwrap /etc/cinder/rootwrap.conf qemu-img create -f qcow2 -o backing_file=/opt/stack/data/cinder/mnt/8094b7defc47d8dd703d211d3c4a1840/volume-487236ce-7d23-4aaf-a7d4-ba6990362f4d.408feabe-0891-4db0-a067-34908b8686ca,backing_fmt=qcow2 /opt/stack/data/cinder/mnt/8094b7defc47d8dd703d211d3c4a1840/volume-487236ce-7d23-4aaf-a7d4-ba6990362f4d.1ba7a7cc-3494-4151-a4f3-5344597a0307 1G
Jun 25 17:56:52 devstack sudo[98611]: pam_unix(sudo:session): session opened for user root(uid=0) by (uid=1000)
Jun 25 17:56:53 devstack cinder-volume[94004]: INFO cinder.volume.manager [req-a4dd8215-31c0-4234-aa0f-09e99a971a93 req-10128d00-f1f3-4106-ad59-5d1ee50bf19c tempest-TaggedAttachmentsTest-2075626679 None] Terminate volume connection completed successfully.
Jun 25 17:56:53 devstack cinder-volume[94004]: DEBUG cinder.volume.manager [req-a4dd8215-31c0-4234-aa0f-09e99a971a93 req-10128d00-f1f3-4106-ad59-5d1ee50bf19c tempest-TaggedAttachmentsTest-2075626679 None] Deleting attachment ec56826e-d969-40e6-9578-e53a2b55fbf6. {{(pid=94004) attachment_delete /opt/stack/cinder/cinder/volume/manager.py:5380}}
Jun 25 17:56:53 devstack sudo[98611]: pam_unix(sudo:session): session closed for user root
Jun 25 17:56:53 devstack cinder-volume[94004]: DEBUG oslo_concurrency.processutils [None req-de411fd7-58cf-4e28-885f-fbc347449aa8 tempest-SnapshotsActionsTest-1418807185 None] CMD "sudo cinder-rootwrap /etc/cinder/rootwrap.conf qemu-img create -f qcow2 -o backing_file=/opt/stack/data/cinder/mnt/8094b7defc47d8dd703d211d3c4a1840/volume-487236ce-7d23-4aaf-a7d4-ba6990362f4d.408feabe-0891-4db0-a067-34908b8686ca,backing_fmt=qcow2 /opt/stack/data/cinder/mnt/8094b7defc47d8dd703d211d3c4a1840/volume-487236ce-7d23-4aaf-a7d4-ba6990362f4d.1ba7a7cc-3494-4151-a4f3-5344597a0307 1G" returned: 0 in 1.285s {{(pid=94004) execute /opt/stack/data/venv/lib/python3.12/site-packages/oslo_concurrency/processutils.py:468}}
Jun 25 17:56:53 devstack cinder-volume[94004]: DEBUG oslo_concurrency.processutils [None req-de411fd7-58cf-4e28-885f-fbc347449aa8 tempest-SnapshotsActionsTest-1418807185 None] Running cmd (subprocess): sudo cinder-rootwrap /etc/cinder/rootwrap.conf qemu-img rebase -u -b volume-487236ce-7d23-4aaf-a7d4-ba6990362f4d.408feabe-0891-4db0-a067-34908b8686ca -F qcow2 /opt/stack/data/cinder/mnt/8094b7defc47d8dd703d211d3c4a1840/volume-487236ce-7d23-4aaf-a7d4-ba6990362f4d.1ba7a7cc-3494-4151-a4f3-5344597a0307 {{(pid=94004) execute /opt/stack/data/venv/lib/python3.12/site-packages/oslo_concurrency/processutils.py:440}}
Jun 25 17:56:53 devstack sudo[98648]: quobyte : PWD=/ ; USER=root ; COMMAND=/opt/stack/data/venv/bin/cinder-rootwrap /etc/cinder/rootwrap.conf qemu-img rebase -u -b volume-487236ce-7d23-4aaf-a7d4-ba6990362f4d.408feabe-0891-4db0-a067-34908b8686ca -F qcow2 /opt/stack/data/cinder/mnt/8094b7defc47d8dd703d211d3c4a1840/volume-487236ce-7d23-4aaf-a7d4-ba6990362f4d.1ba7a7cc-3494-4151-a4f3-5344597a0307
Jun 25 17:56:53 devstack sudo[98648]: pam_unix(sudo:session): session opened for user root(uid=0) by (uid=1000)
Jun 25 17:56:54 devstack sudo[98648]: pam_unix(sudo:session): session closed for user root
Jun 25 17:56:54 devstack cinder-volume[94004]: DEBUG oslo_concurrency.processutils [None req-de411fd7-58cf-4e28-885f-fbc347449aa8 tempest-SnapshotsActionsTest-1418807185 None] CMD "sudo cinder-rootwrap /etc/cinder/rootwrap.conf qemu-img rebase -u -b volume-487236ce-7d23-4aaf-a7d4-ba6990362f4d.408feabe-0891-4db0-a067-34908b8686ca -F qcow2 /opt/stack/data/cinder/mnt/8094b7defc47d8dd703d211d3c4a1840/volume-487236ce-7d23-4aaf-a7d4-ba6990362f4d.1ba7a7cc-3494-4151-a4f3-5344597a0307" returned: 0 in 0.939s {{(pid=94004) execute /opt/stack/data/venv/lib/python3.12/site-packages/oslo_concurrency/processutils.py:468}}
Jun 25 17:56:54 devstack cinder-volume[94004]: WARNING cinder.volume.drivers.remotefs [None req-de411fd7-58cf-4e28-885f-fbc347449aa8 tempest-SnapshotsActionsTest-1418807185 None] /opt/stack/data/cinder/mnt/8094b7defc47d8dd703d211d3c4a1840/volume-487236ce-7d23-4aaf-a7d4-ba6990362f4d.1ba7a7cc-3494-4151-a4f3-5344597a0307 is being set with open permissions: ugo+rw
Jun 25 17:56:54 devstack cinder-volume[94004]: DEBUG oslo_concurrency.processutils [None req-de411fd7-58cf-4e28-885f-fbc347449aa8 tempest-SnapshotsActionsTest-1418807185 None] Running cmd (subprocess): sudo cinder-rootwrap /etc/cinder/rootwrap.conf chmod ugo+rw /opt/stack/data/cinder/mnt/8094b7defc47d8dd703d211d3c4a1840/volume-487236ce-7d23-4aaf-a7d4-ba6990362f4d.1ba7a7cc-3494-4151-a4f3-5344597a0307 {{(pid=94004) execute /opt/stack/data/venv/lib/python3.12/site-packages/oslo_concurrency/processutils.py:440}}
Jun 25 17:56:54 devstack sudo[98655]: quobyte : PWD=/ ; USER=root ; COMMAND=/opt/stack/data/venv/bin/cinder-rootwrap /etc/cinder/rootwrap.conf chmod ugo+rw /opt/stack/data/cinder/mnt/8094b7defc47d8dd703d211d3c4a1840/volume-487236ce-7d23-4aaf-a7d4-ba6990362f4d.1ba7a7cc-3494-4151-a4f3-5344597a0307
Jun 25 17:56:54 devstack sudo[98655]: pam_unix(sudo:session): session opened for user root(uid=0) by (uid=1000)
Jun 25 17:56:55 devstack sudo[98655]: pam_unix(sudo:session): session closed for user root
Jun 25 17:56:55 devstack cinder-volume[94004]: DEBUG oslo_concurrency.processutils [None req-de411fd7-58cf-4e28-885f-fbc347449aa8 tempest-SnapshotsActionsTest-1418807185 None] CMD "sudo cinder-rootwrap /etc/cinder/rootwrap.conf chmod ugo+rw /opt/stack/data/cinder/mnt/8094b7defc47d8dd703d211d3c4a1840/volume-487236ce-7d23-4aaf-a7d4-ba6990362f4d.1ba7a7cc-3494-4151-a4f3-5344597a0307" returned: 0 in 0.962s {{(pid=94004) execute /opt/stack/data/venv/lib/python3.12/site-packages/oslo_concurrency/processutils.py:468}}
Jun 25 17:56:55 devstack cinder-volume[94004]: DEBUG oslo_concurrency.lockutils [None req-de411fd7-58cf-4e28-885f-fbc347449aa8 tempest-SnapshotsActionsTest-1418807185 None] Lock "quobyte" "released" by "cinder.volume.drivers.quobyte.QuobyteDriver.create_snapshot" :: held 4.439s {{(pid=94004) inner /opt/stack/data/venv/lib/python3.12/site-packages/oslo_concurrency/lockutils.py:543}}
Jun 25 17:56:55 devstack cinder-volume[94004]: INFO cinder.volume.manager [None req-de411fd7-58cf-4e28-885f-fbc347449aa8 tempest-SnapshotsActionsTest-1418807185 None] Create snapshot completed successfully
Jun 25 17:56:56 devstack cinder-volume[94004]: DEBUG cinder.coordination [None req-f504e202-c0b5-4a24-9099-7df48b8879ae tempest-SnapshotsActionsTest-1801685394 None] Acquiring lock "cinder-1ba7a7cc-3494-4151-a4f3-5344597a0307-delete_snapshot" by "delete_snapshot" {{(pid=94004) __acquire /opt/stack/cinder/cinder/coordination.py:138}}
Jun 25 17:56:56 devstack cinder-volume[94004]: DEBUG cinder.coordination [None req-f504e202-c0b5-4a24-9099-7df48b8879ae tempest-SnapshotsActionsTest-1801685394 None] Lock "cinder-1ba7a7cc-3494-4151-a4f3-5344597a0307-delete_snapshot" acquired by "delete_snapshot" :: waited 0.056s {{(pid=94004) __acquire /opt/stack/cinder/cinder/coordination.py:141}}
Jun 25 17:56:56 devstack cinder-volume[94004]: DEBUG cinder.coordination [None req-f504e202-c0b5-4a24-9099-7df48b8879ae tempest-SnapshotsActionsTest-1801685394 None] Acquiring lock "cinder-quobyte-487236ce-7d23-4aaf-a7d4-ba6990362f4d" by "delete_snapshot" {{(pid=94004) __acquire /opt/stack/cinder/cinder/coordination.py:138}}
Jun 25 17:56:56 devstack cinder-volume[94004]: DEBUG cinder.coordination [None req-f504e202-c0b5-4a24-9099-7df48b8879ae tempest-SnapshotsActionsTest-1801685394 None] Lock "cinder-quobyte-487236ce-7d23-4aaf-a7d4-ba6990362f4d" acquired by "delete_snapshot" :: waited 0.040s {{(pid=94004) __acquire /opt/stack/cinder/cinder/coordination.py:141}}
Jun 25 17:56:56 devstack cinder-volume[94004]: DEBUG cinder.coordination [None req-f504e202-c0b5-4a24-9099-7df48b8879ae tempest-SnapshotsActionsTest-1801685394 None] Acquiring lock "cinder-quobyte-1ba7a7cc-3494-4151-a4f3-5344597a0307" by "_delete_snapshot" {{(pid=94004) __acquire /opt/stack/cinder/cinder/coordination.py:138}}
Jun 25 17:56:56 devstack cinder-volume[94004]: DEBUG cinder.coordination [None req-f504e202-c0b5-4a24-9099-7df48b8879ae tempest-SnapshotsActionsTest-1801685394 None] Lock "cinder-quobyte-1ba7a7cc-3494-4151-a4f3-5344597a0307" acquired by "_delete_snapshot" :: waited 0.050s {{(pid=94004) __acquire /opt/stack/cinder/cinder/coordination.py:141}}
