Jun 11 18:06:23 devstack cinder-volume[91967]: DEBUG oslo_concurrency.processutils [None req-fb31cd70-da87-40d6-b3f4-63301eba23ef tempest-VolumesDeleteCascade-1573280038 None] Running cmd (subprocess): sudo cinder-rootwrap /etc/cinder/rootwrap.conf truncate -s0 /opt/stack/data/cinder/mnt/12731d2b275c2de8b90875a02027f631/volume-5d97004a-cbc1-437f-859b-cb84f59d7579.info {{(pid=91967) execute /opt/stack/data/venv/lib/python3.12/site-packages/oslo_concurrency/processutils.py:440}}
Jun 11 18:06:23 devstack sudo[100074]: quobyte : PWD=/ ; USER=root ; COMMAND=/opt/stack/data/venv/bin/cinder-rootwrap /etc/cinder/rootwrap.conf truncate -s0 /opt/stack/data/cinder/mnt/12731d2b275c2de8b90875a02027f631/volume-5d97004a-cbc1-437f-859b-cb84f59d7579.info
Jun 11 18:06:23 devstack sudo[100074]: pam_unix(sudo:session): session opened for user root(uid=0) by (uid=1000)
Jun 11 18:06:24 devstack sudo[100074]: pam_unix(sudo:session): session closed for user root
Jun 11 18:06:24 devstack cinder-volume[91967]: DEBUG oslo_concurrency.processutils [None req-fb31cd70-da87-40d6-b3f4-63301eba23ef tempest-VolumesDeleteCascade-1573280038 None] CMD "sudo cinder-rootwrap /etc/cinder/rootwrap.conf truncate -s0 /opt/stack/data/cinder/mnt/12731d2b275c2de8b90875a02027f631/volume-5d97004a-cbc1-437f-859b-cb84f59d7579.info" returned: 0 in 0.634s {{(pid=91967) execute /opt/stack/data/venv/lib/python3.12/site-packages/oslo_concurrency/processutils.py:468}}
Jun 11 18:06:24 devstack cinder-volume[91967]: WARNING cinder.volume.drivers.remotefs [None req-fb31cd70-da87-40d6-b3f4-63301eba23ef tempest-VolumesDeleteCascade-1573280038 None] /opt/stack/data/cinder/mnt/12731d2b275c2de8b90875a02027f631/volume-5d97004a-cbc1-437f-859b-cb84f59d7579.info is being set with open permissions: ugo+rw
Jun 11 18:06:24 devstack cinder-volume[91967]: DEBUG oslo_concurrency.processutils [None req-fb31cd70-da87-40d6-b3f4-63301eba23ef tempest-VolumesDeleteCascade-1573280038 None] Running cmd (subprocess): sudo cinder-rootwrap /etc/cinder/rootwrap.conf chmod ugo+rw /opt/stack/data/cinder/mnt/12731d2b275c2de8b90875a02027f631/volume-5d97004a-cbc1-437f-859b-cb84f59d7579.info {{(pid=91967) execute /opt/stack/data/venv/lib/python3.12/site-packages/oslo_concurrency/processutils.py:440}}
Jun 11 18:06:24 devstack sudo[100078]: quobyte : PWD=/ ; USER=root ; COMMAND=/opt/stack/data/venv/bin/cinder-rootwrap /etc/cinder/rootwrap.conf chmod ugo+rw /opt/stack/data/cinder/mnt/12731d2b275c2de8b90875a02027f631/volume-5d97004a-cbc1-437f-859b-cb84f59d7579.info
Jun 11 18:06:24 devstack sudo[100078]: pam_unix(sudo:session): session opened for user root(uid=0) by (uid=1000)
Jun 11 18:06:25 devstack sudo[100078]: pam_unix(sudo:session): session closed for user root
Jun 11 18:06:25 devstack cinder-volume[91967]: DEBUG oslo_concurrency.processutils [None req-fb31cd70-da87-40d6-b3f4-63301eba23ef tempest-VolumesDeleteCascade-1573280038 None] CMD "sudo cinder-rootwrap /etc/cinder/rootwrap.conf chmod ugo+rw /opt/stack/data/cinder/mnt/12731d2b275c2de8b90875a02027f631/volume-5d97004a-cbc1-437f-859b-cb84f59d7579.info" returned: 0 in 0.661s {{(pid=91967) execute /opt/stack/data/venv/lib/python3.12/site-packages/oslo_concurrency/processutils.py:468}}
Jun 11 18:06:25 devstack cinder-volume[91967]: DEBUG oslo_concurrency.lockutils [None req-fb31cd70-da87-40d6-b3f4-63301eba23ef tempest-VolumesDeleteCascade-1573280038 None] Lock "quobyte" "released" by "cinder.volume.drivers.quobyte.QuobyteDriver.create_snapshot" :: held 4.386s {{(pid=91967) inner /opt/stack/data/venv/lib/python3.12/site-packages/oslo_concurrency/lockutils.py:538}}
Jun 11 18:06:25 devstack cinder-volume[91967]: DEBUG oslo_concurrency.lockutils [None req-29a1d2d8-edb0-43db-aa25-fddb0cc5944b tempest-GroupsV314Test-872792583 None] Lock "quobyte" acquired by "cinder.volume.drivers.quobyte.QuobyteDriver.create_cloned_volume" :: waited 3.436s {{(pid=91967) inner /opt/stack/data/venv/lib/python3.12/site-packages/oslo_concurrency/lockutils.py:519}}
Jun 11 18:06:25 devstack cinder-volume[91967]: INFO cinder.volume.drivers.remotefs [None req-29a1d2d8-edb0-43db-aa25-fddb0cc5944b tempest-GroupsV314Test-872792583 None] Cloning volume 1df7d4ee-2be6-4802-8b7d-6c1c32ee9b23 to volume 1329b178-6b9d-4b2d-95b2-aa82550723d3
Jun 11 18:06:25 devstack cinder-volume[91967]: DEBUG cinder.volume.drivers.remotefs [None req-29a1d2d8-edb0-43db-aa25-fddb0cc5944b tempest-GroupsV314Test-872792583 None] Creating offline snapshot f051eb7b-ed8d-4b2a-affd-c4b9a50d88f8 of volume 1df7d4ee-2be6-4802-8b7d-6c1c32ee9b23 {{(pid=91967) _create_snapshot /opt/stack/cinder/cinder/volume/drivers/remotefs.py:1816}}
Jun 11 18:06:25 devstack cinder-volume[91967]: INFO cinder.volume.manager [None req-fb31cd70-da87-40d6-b3f4-63301eba23ef tempest-VolumesDeleteCascade-1573280038 None] Create snapshot completed successfully
Jun 11 18:06:25 devstack cinder-volume[91967]: DEBUG oslo.privsep.daemon [-] privsep: reply[6b34f63c-c12b-415f-b127-69f0ac10d1a1]: (4, 'qcow2') {{(pid=92798) _call_back /opt/stack/data/venv/lib/python3.12/site-packages/oslo_privsep/daemon.py:573}}
Jun 11 18:06:25 devstack cinder-volume[91967]: DEBUG oslo_concurrency.processutils [None req-29a1d2d8-edb0-43db-aa25-fddb0cc5944b tempest-GroupsV314Test-872792583 None] Running cmd (subprocess): /opt/stack/data/venv/bin/python3.12 -m oslo_concurrency.prlimit --as=1073741824 --cpu=60 -- sudo cinder-rootwrap /etc/cinder/rootwrap.conf env LC_ALL=C qemu-img info -f qcow2 --output=json --force-share /opt/stack/data/cinder/mnt/12731d2b275c2de8b90875a02027f631/volume-1df7d4ee-2be6-4802-8b7d-6c1c32ee9b23 {{(pid=91967) execute /opt/stack/data/venv/lib/python3.12/site-packages/oslo_concurrency/processutils.py:440}}
Jun 11 18:06:25 devstack sudo[100081]: quobyte : PWD=/ ; USER=root ; COMMAND=/opt/stack/data/venv/bin/cinder-rootwrap /etc/cinder/rootwrap.conf env LC_ALL=C qemu-img info -f qcow2 --output=json --force-share /opt/stack/data/cinder/mnt/12731d2b275c2de8b90875a02027f631/volume-1df7d4ee-2be6-4802-8b7d-6c1c32ee9b23
Jun 11 18:06:25 devstack sudo[100081]: pam_unix(sudo:session): session opened for user root(uid=0) by (uid=1000)
Jun 11 18:06:25 devstack cinder-volume[91967]: DEBUG oslo_concurrency.lockutils [None req-dfad4304-3dc2-4307-ad4e-e2eabb560b63 tempest-VolumesDeleteCascade-1573280038 None] Acquiring lock "quobyte" by "cinder.volume.drivers.quobyte.QuobyteDriver.create_snapshot" {{(pid=91967) inner /opt/stack/data/venv/lib/python3.12/site-packages/oslo_concurrency/lockutils.py:506}}
Jun 11 18:06:26 devstack sudo[100081]: pam_unix(sudo:session): session closed for user root
Jun 11 18:06:26 devstack cinder-volume[91967]: DEBUG oslo_concurrency.processutils [None req-29a1d2d8-edb0-43db-aa25-fddb0cc5944b tempest-GroupsV314Test-872792583 None] CMD "/opt/stack/data/venv/bin/python3.12 -m oslo_concurrency.prlimit --as=1073741824 --cpu=60 -- sudo cinder-rootwrap /etc/cinder/rootwrap.conf env LC_ALL=C qemu-img info -f qcow2 --output=json --force-share /opt/stack/data/cinder/mnt/12731d2b275c2de8b90875a02027f631/volume-1df7d4ee-2be6-4802-8b7d-6c1c32ee9b23" returned: 0 in 0.890s {{(pid=91967) execute /opt/stack/data/venv/lib/python3.12/site-packages/oslo_concurrency/processutils.py:468}}
Jun 11 18:06:26 devstack cinder-volume[91967]: DEBUG oslo_concurrency.processutils [None req-29a1d2d8-edb0-43db-aa25-fddb0cc5944b tempest-GroupsV314Test-872792583 None] Running cmd (subprocess): sudo cinder-rootwrap /etc/cinder/rootwrap.conf qemu-img create -f qcow2 -o backing_file=/opt/stack/data/cinder/mnt/12731d2b275c2de8b90875a02027f631/volume-1df7d4ee-2be6-4802-8b7d-6c1c32ee9b23,backing_fmt=qcow2 /opt/stack/data/cinder/mnt/12731d2b275c2de8b90875a02027f631/volume-1df7d4ee-2be6-4802-8b7d-6c1c32ee9b23.f051eb7b-ed8d-4b2a-affd-c4b9a50d88f8 1G {{(pid=91967) execute /opt/stack/data/venv/lib/python3.12/site-packages/oslo_concurrency/processutils.py:440}}
Jun 11 18:06:26 devstack sudo[100086]: quobyte : PWD=/ ; USER=root ; COMMAND=/opt/stack/data/venv/bin/cinder-rootwrap /etc/cinder/rootwrap.conf qemu-img create -f qcow2 -o backing_file=/opt/stack/data/cinder/mnt/12731d2b275c2de8b90875a02027f631/volume-1df7d4ee-2be6-4802-8b7d-6c1c32ee9b23,backing_fmt=qcow2 /opt/stack/data/cinder/mnt/12731d2b275c2de8b90875a02027f631/volume-1df7d4ee-2be6-4802-8b7d-6c1c32ee9b23.f051eb7b-ed8d-4b2a-affd-c4b9a50d88f8 1G
Jun 11 18:06:26 devstack sudo[100086]: pam_unix(sudo:session): session opened for user root(uid=0) by (uid=1000)
Jun 11 18:06:27 devstack sudo[100086]: pam_unix(sudo:session): session closed for user root
Jun 11 18:06:27 devstack cinder-volume[91967]: DEBUG oslo_concurrency.processutils [None req-29a1d2d8-edb0-43db-aa25-fddb0cc5944b tempest-GroupsV314Test-872792583 None] CMD "sudo cinder-rootwrap /etc/cinder/rootwrap.conf qemu-img create -f qcow2 -o backing_file=/opt/stack/data/cinder/mnt/12731d2b275c2de8b90875a02027f631/volume-1df7d4ee-2be6-4802-8b7d-6c1c32ee9b23,backing_fmt=qcow2 /opt/stack/data/cinder/mnt/12731d2b275c2de8b90875a02027f631/volume-1df7d4ee-2be6-4802-8b7d-6c1c32ee9b23.f051eb7b-ed8d-4b2a-affd-c4b9a50d88f8 1G" returned: 0 in 0.884s {{(pid=91967) execute /opt/stack/data/venv/lib/python3.12/site-packages/oslo_concurrency/processutils.py:468}}
Jun 11 18:06:27 devstack cinder-volume[91967]: DEBUG oslo_concurrency.processutils [None req-29a1d2d8-edb0-43db-aa25-fddb0cc5944b tempest-GroupsV314Test-872792583 None] Running cmd (subprocess): sudo cinder-rootwrap /etc/cinder/rootwrap.conf qemu-img rebase -u -b volume-1df7d4ee-2be6-4802-8b7d-6c1c32ee9b23 -F qcow2 /opt/stack/data/cinder/mnt/12731d2b275c2de8b90875a02027f631/volume-1df7d4ee-2be6-4802-8b7d-6c1c32ee9b23.f051eb7b-ed8d-4b2a-affd-c4b9a50d88f8 {{(pid=91967) execute /opt/stack/data/venv/lib/python3.12/site-packages/oslo_concurrency/processutils.py:440}}
Jun 11 18:06:27 devstack sudo[100093]: quobyte : PWD=/ ; USER=root ; COMMAND=/opt/stack/data/venv/bin/cinder-rootwrap /etc/cinder/rootwrap.conf qemu-img rebase -u -b volume-1df7d4ee-2be6-4802-8b7d-6c1c32ee9b23 -F qcow2 /opt/stack/data/cinder/mnt/12731d2b275c2de8b90875a02027f631/volume-1df7d4ee-2be6-4802-8b7d-6c1c32ee9b23.f051eb7b-ed8d-4b2a-affd-c4b9a50d88f8
Jun 11 18:06:27 devstack sudo[100093]: pam_unix(sudo:session): session opened for user root(uid=0) by (uid=1000)
Jun 11 18:06:28 devstack sudo[100093]: pam_unix(sudo:session): session closed for user root
Jun 11 18:06:28 devstack cinder-volume[91967]: DEBUG oslo_concurrency.processutils [None req-29a1d2d8-edb0-43db-aa25-fddb0cc5944b tempest-GroupsV314Test-872792583 None] CMD "sudo cinder-rootwrap /etc/cinder/rootwrap.conf qemu-img rebase -u -b volume-1df7d4ee-2be6-4802-8b7d-6c1c32ee9b23 -F qcow2 /opt/stack/data/cinder/mnt/12731d2b275c2de8b90875a02027f631/volume-1df7d4ee-2be6-4802-8b7d-6c1c32ee9b23.f051eb7b-ed8d-4b2a-affd-c4b9a50d88f8" returned: 0 in 0.975s {{(pid=91967) execute /opt/stack/data/venv/lib/python3.12/site-packages/oslo_concurrency/processutils.py:468}}
Jun 11 18:06:28 devstack cinder-volume[91967]: WARNING cinder.volume.drivers.remotefs [None req-29a1d2d8-edb0-43db-aa25-fddb0cc5944b tempest-GroupsV314Test-872792583 None] /opt/stack/data/cinder/mnt/12731d2b275c2de8b90875a02027f631/volume-1df7d4ee-2be6-4802-8b7d-6c1c32ee9b23.f051eb7b-ed8d-4b2a-affd-c4b9a50d88f8 is being set with open permissions: ugo+rw: NotImplementedError
Jun 11 18:06:28 devstack cinder-volume[91967]: DEBUG oslo_concurrency.processutils [None req-29a1d2d8-edb0-43db-aa25-fddb0cc5944b tempest-GroupsV314Test-872792583 None] Running cmd (subprocess): sudo cinder-rootwrap /etc/cinder/rootwrap.conf chmod ugo+rw /opt/stack/data/cinder/mnt/12731d2b275c2de8b90875a02027f631/volume-1df7d4ee-2be6-4802-8b7d-6c1c32ee9b23.f051eb7b-ed8d-4b2a-affd-c4b9a50d88f8 {{(pid=91967) execute /opt/stack/data/venv/lib/python3.12/site-packages/oslo_concurrency/processutils.py:440}}
Jun 11 18:06:28 devstack sudo[100143]: quobyte : PWD=/ ; USER=root ; COMMAND=/opt/stack/data/venv/bin/cinder-rootwrap /etc/cinder/rootwrap.conf chmod ugo+rw /opt/stack/data/cinder/mnt/12731d2b275c2de8b90875a02027f631/volume-1df7d4ee-2be6-4802-8b7d-6c1c32ee9b23.f051eb7b-ed8d-4b2a-affd-c4b9a50d88f8
Jun 11 18:06:28 devstack sudo[100143]: pam_unix(sudo:session): session opened for user root(uid=0) by (uid=1000)
Jun 11 18:06:28 devstack sudo[100143]: pam_unix(sudo:session): session closed for user root
Jun 11 18:06:28 devstack cinder-volume[91967]: DEBUG oslo_concurrency.processutils [None req-29a1d2d8-edb0-43db-aa25-fddb0cc5944b tempest-GroupsV314Test-872792583 None] CMD "sudo cinder-rootwrap /etc/cinder/rootwrap.conf chmod ugo+rw /opt/stack/data/cinder/mnt/12731d2b275c2de8b90875a02027f631/volume-1df7d4ee-2be6-4802-8b7d-6c1c32ee9b23.f051eb7b-ed8d-4b2a-affd-c4b9a50d88f8" returned: 0 in 0.770s {{(pid=91967) execute /opt/stack/data/venv/lib/python3.12/site-packages/oslo_concurrency/processutils.py:468}}
Jun 11 18:06:28 devstack cinder-volume[91967]: DEBUG oslo_concurrency.processutils [None req-29a1d2d8-edb0-43db-aa25-fddb0cc5944b tempest-GroupsV314Test-872792583 None] Running cmd (subprocess): sudo cinder-rootwrap /etc/cinder/rootwrap.conf truncate -s0 /opt/stack/data/cinder/mnt/12731d2b275c2de8b90875a02027f631/volume-1df7d4ee-2be6-4802-8b7d-6c1c32ee9b23.info {{(pid=91967) execute /opt/stack/data/venv/lib/python3.12/site-packages/oslo_concurrency/processutils.py:440}}
Jun 11 18:06:28 devstack sudo[100150]: quobyte : PWD=/ ; USER=root ; COMMAND=/opt/stack/data/venv/bin/cinder-rootwrap /etc/cinder/rootwrap.conf truncate -s0 /opt/stack/data/cinder/mnt/12731d2b275c2de8b90875a02027f631/volume-1df7d4ee-2be6-4802-8b7d-6c1c32ee9b23.info
Jun 11 18:06:28 devstack sudo[100150]: pam_unix(sudo:session): session opened for user root(uid=0) by (uid=1000)
Jun 11 18:06:29 devstack cinder-volume[91967]: DEBUG cinder.volume.flows.manager.create_volume [None req-e64b0e18-ce31-4b09-8ff0-a8cc55fa03c1 tempest-SnapshotsActionsTest-1590427162 None] Volume reschedule parameters: True retry: {'num_attempts': 1, 'backends': ['devstack@QuobyteHD#QuobyteHD'], 'hosts': ['devstack@QuobyteHD#QuobyteHD']} {{(pid=91967) get_flow /opt/stack/cinder/cinder/volume/flows/manager/create_volume.py:1397}}
Jun 11 18:06:29 devstack sudo[100150]: pam_unix(sudo:session): session closed for user root
Jun 11 18:06:29 devstack cinder-volume[91967]: DEBUG cinder.volume.manager [None req-e64b0e18-ce31-4b09-8ff0-a8cc55fa03c1 tempest-SnapshotsActionsTest-1590427162 None] Flow 'volume_create_manager' (44218e86-1b14-4d24-a612-d7f1de8d37fa) transitioned into state 'RUNNING' from state 'PENDING' {{(pid=91967) _flow_receiver /opt/stack/data/venv/lib/python3.12/site-packages/taskflow/listeners/logging.py:145}}
Jun 11 18:06:29 devstack cinder-volume[91967]: DEBUG cinder.volume.manager [None req-e64b0e18-ce31-4b09-8ff0-a8cc55fa03c1 tempest-SnapshotsActionsTest-1590427162 None] Task 'cinder.volume.flows.manager.create_volume.ExtractVolumeRefTask;volume:create' (73a46273-9eb4-4b70-8adf-fc5ccd9ba0f7) transitioned into state 'RUNNING' from state 'PENDING' {{(pid=91967) _task_receiver /opt/stack/data/venv/lib/python3.12/site-packages/taskflow/listeners/logging.py:194}}
Jun 11 18:06:29 devstack cinder-volume[91967]: DEBUG oslo_concurrency.processutils [None req-29a1d2d8-edb0-43db-aa25-fddb0cc5944b tempest-GroupsV314Test-872792583 None] CMD "sudo cinder-rootwrap /etc/cinder/rootwrap.conf truncate -s0 /opt/stack/data/cinder/mnt/12731d2b275c2de8b90875a02027f631/volume-1df7d4ee-2be6-4802-8b7d-6c1c32ee9b23.info" returned: 0 in 0.723s {{(pid=91967) execute /opt/stack/data/venv/lib/python3.12/site-packages/oslo_concurrency/processutils.py:468}}
Jun 11 18:06:29 devstack cinder-volume[91967]: WARNING cinder.volume.drivers.remotefs [None req-29a1d2d8-edb0-43db-aa25-fddb0cc5944b tempest-GroupsV314Test-872792583 None] /opt/stack/data/cinder/mnt/12731d2b275c2de8b90875a02027f631/volume-1df7d4ee-2be6-4802-8b7d-6c1c32ee9b23.info is being set with open permissions: ugo+rw: NotImplementedError
Jun 11 18:06:29 devstack cinder-volume[91967]: DEBUG oslo_concurrency.processutils [None req-29a1d2d8-edb0-43db-aa25-fddb0cc5944b tempest-GroupsV314Test-872792583 None] Running cmd (subprocess): sudo cinder-rootwrap /etc/cinder/rootwrap.conf chmod ugo+rw /opt/stack/data/cinder/mnt/12731d2b275c2de8b90875a02027f631/volume-1df7d4ee-2be6-4802-8b7d-6c1c32ee9b23.info {{(pid=91967) execute /opt/stack/data/venv/lib/python3.12/site-packages/oslo_concurrency/processutils.py:440}}
Jun 11 18:06:29 devstack cinder-volume[91967]: DEBUG cinder.volume.manager [None req-e64b0e18-ce31-4b09-8ff0-a8cc55fa03c1 tempest-SnapshotsActionsTest-1590427162 None] Task 'cinder.volume.flows.manager.create_volume.ExtractVolumeRefTask;volume:create' (73a46273-9eb4-4b70-8adf-fc5ccd9ba0f7) transitioned into state 'SUCCESS' from state 'RUNNING' with result 'Volume(_name_id=None,admin_metadata=,attach_status='detached',availability_zone='nova',bootable=False,cluster=,cluster_name=None,consistencygroup=,consistencygroup_id=None,created_at=2026-06-11T16:06:29Z,deleted=False,deleted_at=None,display_description=None,display_name='tempest-SnapshotsActionsTest-Volume-354099332',ec2_id=None,encryption_key_id=None,glance_metadata=,group=,group_id=None,host='devstack@QuobyteHD#QuobyteHD',id=435dd18c-93d2-4113-981b-d39db9016edf,launched_at=None,metadata={},migration_status=None,multiattach=False,previous_status=None,project_id='88af9ff1e27847f3bf458a455dc49dc6',provider_auth=None,provider_geometry=None,provider_id=None,provider_location=None,replication_driver_data=None,replication_extended_status=None,replication_status=None,scheduled_at=2026-06-11T16:06:29Z,service_uuid=None,shared_targets=True,size=1,snapshot_id=None,snapshots=,source_volid=None,status='creating',terminated_at=None,updated_at=2026-06-11T16:06:29Z,use_quota=True,user_id='a163a51f56aa4d79b13af45f900a8781',volume_attachment=VolumeAttachmentList,volume_type=VolumeType(9819a576-7da9-4c21-a22d-faa8fc4caf62),volume_type_id=9819a576-7da9-4c21-a22d-faa8fc4caf62)' {{(pid=91967) _task_receiver /opt/stack/data/venv/lib/python3.12/site-packages/taskflow/listeners/logging.py:182}}
Jun 11 18:06:29 devstack sudo[100154]: quobyte : PWD=/ ; USER=root ; COMMAND=/opt/stack/data/venv/bin/cinder-rootwrap /etc/cinder/rootwrap.conf chmod ugo+rw /opt/stack/data/cinder/mnt/12731d2b275c2de8b90875a02027f631/volume-1df7d4ee-2be6-4802-8b7d-6c1c32ee9b23.info
Jun 11 18:06:29 devstack sudo[100154]: pam_unix(sudo:session): session opened for user root(uid=0) by (uid=1000)
Jun 11 18:06:29 devstack cinder-volume[91967]: DEBUG cinder.volume.manager [None req-e64b0e18-ce31-4b09-8ff0-a8cc55fa03c1 tempest-SnapshotsActionsTest-1590427162 None] Task 'cinder.volume.flows.manager.create_volume.OnFailureRescheduleTask;volume:create' (e74f9969-66f4-436b-a44f-641ca09bf962) transitioned into state 'RUNNING' from state 'PENDING' {{(pid=91967) _task_receiver /opt/stack/data/venv/lib/python3.12/site-packages/taskflow/listeners/logging.py:194}}
Jun 11 18:06:29 devstack cinder-volume[91967]: DEBUG cinder.volume.manager [None req-e64b0e18-ce31-4b09-8ff0-a8cc55fa03c1 tempest-SnapshotsActionsTest-1590427162 None] Task 'cinder.volume.flows.manager.create_volume.OnFailureRescheduleTask;volume:create' (e74f9969-66f4-436b-a44f-641ca09bf962) transitioned into state 'SUCCESS' from state 'RUNNING' with result 'None' {{(pid=91967) _task_receiver /opt/stack/data/venv/lib/python3.12/site-packages/taskflow/listeners/logging.py:182}}
Jun 11 18:06:29 devstack cinder-volume[91967]: DEBUG cinder.volume.manager [None req-e64b0e18-ce31-4b09-8ff0-a8cc55fa03c1 tempest-SnapshotsActionsTest-1590427162 None] Task 'cinder.volume.flows.manager.create_volume.ExtractVolumeSpecTask;volume:create' (60f861c5-4cc4-49c2-a97d-5d3da8b34b81) transitioned into state 'RUNNING' from state 'PENDING' {{(pid=91967) _task_receiver /opt/stack/data/venv/lib/python3.12/site-packages/taskflow/listeners/logging.py:194}}
Jun 11 18:06:29 devstack cinder-volume[91967]: DEBUG cinder.volume.manager [None req-e64b0e18-ce31-4b09-8ff0-a8cc55fa03c1 tempest-SnapshotsActionsTest-1590427162 None] Task 'cinder.volume.flows.manager.create_volume.ExtractVolumeSpecTask;volume:create' (60f861c5-4cc4-49c2-a97d-5d3da8b34b81) transitioned into state 'SUCCESS' from state 'RUNNING' with result '{'status': 'creating', 'type': 'raw', 'volume_id': '435dd18c-93d2-4113-981b-d39db9016edf', 'volume_name': 'volume-435dd18c-93d2-4113-981b-d39db9016edf', 'volume_size': 1}' {{(pid=91967) _task_receiver /opt/stack/data/venv/lib/python3.12/site-packages/taskflow/listeners/logging.py:182}}
Jun 11 18:06:29 devstack cinder-volume[91967]: DEBUG cinder.volume.manager [None req-e64b0e18-ce31-4b09-8ff0-a8cc55fa03c1 tempest-SnapshotsActionsTest-1590427162 None] Task 'cinder.volume.flows.manager.create_volume.NotifyVolumeActionTask;volume:create, create.start' (306e2b82-7a22-43d5-86a7-9c31b1c5c1f3) transitioned into state 'RUNNING' from state 'PENDING' {{(pid=91967) _task_receiver /opt/stack/data/venv/lib/python3.12/site-packages/taskflow/listeners/logging.py:194}}
Jun 11 18:06:29 devstack cinder-volume[91967]: DEBUG cinder.volume.manager [None req-e64b0e18-ce31-4b09-8ff0-a8cc55fa03c1 tempest-SnapshotsActionsTest-1590427162 None] Task 'cinder.volume.flows.manager.create_volume.NotifyVolumeActionTask;volume:create, create.start' (306e2b82-7a22-43d5-86a7-9c31b1c5c1f3) transitioned into state 'SUCCESS' from state 'RUNNING' with result 'None' {{(pid=91967) _task_receiver /opt/stack/data/venv/lib/python3.12/site-packages/taskflow/listeners/logging.py:182}}
Jun 11 18:06:29 devstack cinder-volume[91967]: DEBUG cinder.volume.manager [None req-e64b0e18-ce31-4b09-8ff0-a8cc55fa03c1 tempest-SnapshotsActionsTest-1590427162 None] Task 'cinder.volume.flows.manager.create_volume.CreateVolumeFromSpecTask;volume:create' (32905292-c97c-4ad4-889b-66abeb6a4963) transitioned into state 'RUNNING' from state 'PENDING' {{(pid=91967) _task_receiver /opt/stack/data/venv/lib/python3.12/site-packages/taskflow/listeners/logging.py:194}}
Jun 11 18:06:29 devstack cinder-volume[91967]: INFO cinder.volume.flows.manager.create_volume [None req-e64b0e18-ce31-4b09-8ff0-a8cc55fa03c1 tempest-SnapshotsActionsTest-1590427162 None] Volume 435dd18c-93d2-4113-981b-d39db9016edf: being created as raw with specification: {'status': 'creating', 'volume_name': 'volume-435dd18c-93d2-4113-981b-d39db9016edf', 'volume_size': 1}
Jun 11 18:06:29 devstack cinder-volume[91967]: DEBUG oslo_concurrency.lockutils [None req-e64b0e18-ce31-4b09-8ff0-a8cc55fa03c1 tempest-SnapshotsActionsTest-1590427162 None] Acquiring lock "quobyte" by "cinder.volume.drivers.quobyte.QuobyteDriver.create_volume" {{(pid=91967) inner /opt/stack/data/venv/lib/python3.12/site-packages/oslo_concurrency/lockutils.py:506}}
Jun 11 18:06:30 devstack sudo[100154]: pam_unix(sudo:session): session closed for user root
Jun 11 18:06:30 devstack cinder-volume[91967]: DEBUG oslo_concurrency.processutils [None req-29a1d2d8-edb0-43db-aa25-fddb0cc5944b tempest-GroupsV314Test-872792583 None] CMD "sudo cinder-rootwrap /etc/cinder/rootwrap.conf chmod ugo+rw /opt/stack/data/cinder/mnt/12731d2b275c2de8b90875a02027f631/volume-1df7d4ee-2be6-4802-8b7d-6c1c32ee9b23.info" returned: 0 in 0.606s {{(pid=91967) execute /opt/stack/data/venv/lib/python3.12/site-packages/oslo_concurrency/processutils.py:468}}
Jun 11 18:06:30 devstack cinder-volume[91967]: DEBUG cinder.coordination [None req-29a1d2d8-edb0-43db-aa25-fddb0cc5944b tempest-GroupsV314Test-872792583 None] Acquiring lock "cinder-quobyte-1329b178-6b9d-4b2d-95b2-aa82550723d3" by "_copy_volume_from_snapshot" {{(pid=91967) __acquire /opt/stack/cinder/cinder/coordination.py:138}}
Jun 11 18:06:30 devstack cinder-volume[91967]: DEBUG cinder.coordination [None req-29a1d2d8-edb0-43db-aa25-fddb0cc5944b tempest-GroupsV314Test-872792583 None] Lock "cinder-quobyte-1329b178-6b9d-4b2d-95b2-aa82550723d3" acquired by "_copy_volume_from_snapshot" :: waited 0.013s {{(pid=91967) __acquire /opt/stack/cinder/cinder/coordination.py:141}}
Jun 11 18:06:30 devstack cinder-volume[91967]: DEBUG cinder.volume.drivers.quobyte [None req-29a1d2d8-edb0-43db-aa25-fddb0cc5944b tempest-GroupsV314Test-872792583 None] snapshot: f051eb7b-ed8d-4b2a-affd-c4b9a50d88f8, volume: 1329b178-6b9d-4b2d-95b2-aa82550723d3, {{(pid=91967) _copy_volume_from_snapshot /opt/stack/cinder/cinder/volume/drivers/quobyte.py:401}}
Jun 11 18:06:30 devstack cinder-volume[91967]: DEBUG oslo_concurrency.lockutils [None req-29a1d2d8-edb0-43db-aa25-fddb0cc5944b tempest-GroupsV314Test-872792583 None] Acquiring lock "quobyte_ensure" by "cinder.volume.drivers.quobyte.QuobyteDriver._ensure_shares_mounted" {{(pid=91967) inner /opt/stack/data/venv/lib/python3.12/site-packages/oslo_concurrency/lockutils.py:506}}
Jun 11 18:06:30 devstack cinder-volume[91967]: DEBUG oslo_concurrency.lockutils [None req-29a1d2d8-edb0-43db-aa25-fddb0cc5944b tempest-GroupsV314Test-872792583 None] Lock "quobyte_ensure" acquired by "cinder.volume.drivers.quobyte.QuobyteDriver._ensure_shares_mounted" :: waited 0.001s {{(pid=91967) inner /opt/stack/data/venv/lib/python3.12/site-packages/oslo_concurrency/lockutils.py:519}}
Jun 11 18:06:30 devstack cinder-volume[91967]: DEBUG cinder.volume.drivers.quobyte [None req-29a1d2d8-edb0-43db-aa25-fddb0cc5944b tempest-GroupsV314Test-872792583 None] Quobyte Volume URL set to: {'osci02.corp.quobyte.com/cinder-vol-85b1bd7f-64cb-4515-b8a3-7717631abf7c': None} {{(pid=91967) _load_shares_config /opt/stack/cinder/cinder/volume/drivers/quobyte.py:617}}
Jun 11 18:06:30 devstack cinder-volume[91967]: DEBUG cinder.volume.drivers.quobyte [None req-29a1d2d8-edb0-43db-aa25-fddb0cc5944b tempest-GroupsV314Test-872792583 None] Available shares ['osci02.corp.quobyte.com/cinder-vol-85b1bd7f-64cb-4515-b8a3-7717631abf7c'] {{(pid=91967) _ensure_shares_mounted /opt/stack/cinder/cinder/volume/drivers/quobyte.py:647}}
Jun 11 18:06:30 devstack cinder-volume[91967]: DEBUG oslo_concurrency.lockutils [None req-29a1d2d8-edb0-43db-aa25-fddb0cc5944b tempest-GroupsV314Test-872792583 None] Lock "quobyte_ensure" "released" by "cinder.volume.drivers.quobyte.QuobyteDriver._ensure_shares_mounted" :: held 0.005s {{(pid=91967) inner /opt/stack/data/venv/lib/python3.12/site-packages/oslo_concurrency/lockutils.py:538}}
Jun 11 18:06:30 devstack cinder-volume[91967]: DEBUG oslo.privsep.daemon [-] privsep: reply[2dea0399-9942-43ad-8607-7d4520ad8dfd]: (4, 'qcow2') {{(pid=92798) _call_back /opt/stack/data/venv/lib/python3.12/site-packages/oslo_privsep/daemon.py:573}}
Jun 11 18:06:30 devstack cinder-volume[91967]: DEBUG oslo_concurrency.processutils [None req-29a1d2d8-edb0-43db-aa25-fddb0cc5944b tempest-GroupsV314Test-872792583 None] Running cmd (subprocess): /opt/stack/data/venv/bin/python3.12 -m oslo_concurrency.prlimit --as=1073741824 --cpu=60 -- sudo cinder-rootwrap /etc/cinder/rootwrap.conf env LC_ALL=C qemu-img info -f qcow2 --output=json --force-share /opt/stack/data/cinder/mnt/12731d2b275c2de8b90875a02027f631/volume-1df7d4ee-2be6-4802-8b7d-6c1c32ee9b23.f051eb7b-ed8d-4b2a-affd-c4b9a50d88f8 {{(pid=91967) execute /opt/stack/data/venv/lib/python3.12/site-packages/oslo_concurrency/processutils.py:440}}
Jun 11 18:06:30 devstack sudo[100157]: quobyte : PWD=/ ; USER=root ; COMMAND=/opt/stack/data/venv/bin/cinder-rootwrap /etc/cinder/rootwrap.conf env LC_ALL=C qemu-img info -f qcow2 --output=json --force-share /opt/stack/data/cinder/mnt/12731d2b275c2de8b90875a02027f631/volume-1df7d4ee-2be6-4802-8b7d-6c1c32ee9b23.f051eb7b-ed8d-4b2a-affd-c4b9a50d88f8
Jun 11 18:06:30 devstack sudo[100157]: pam_unix(sudo:session): session opened for user root(uid=0) by (uid=1000)
Jun 11 18:06:30 devstack sudo[100157]: pam_unix(sudo:session): session closed for user root
Jun 11 18:06:30 devstack cinder-volume[91967]: DEBUG oslo_concurrency.processutils [None req-29a1d2d8-edb0-43db-aa25-fddb0cc5944b tempest-GroupsV314Test-872792583 None] CMD "/opt/stack/data/venv/bin/python3.12 -m oslo_concurrency.prlimit --as=1073741824 --cpu=60 -- sudo cinder-rootwrap /etc/cinder/rootwrap.conf env LC_ALL=C qemu-img info -f qcow2 --output=json --force-share /opt/stack/data/cinder/mnt/12731d2b275c2de8b90875a02027f631/volume-1df7d4ee-2be6-4802-8b7d-6c1c32ee9b23.f051eb7b-ed8d-4b2a-affd-c4b9a50d88f8" returned: 0 in 0.740s {{(pid=91967) execute /opt/stack/data/venv/lib/python3.12/site-packages/oslo_concurrency/processutils.py:468}}
Jun 11 18:06:30 devstack cinder-volume[91967]: DEBUG cinder.volume.drivers.remotefs [None req-29a1d2d8-edb0-43db-aa25-fddb0cc5944b tempest-GroupsV314Test-872792583 None] Fetching qemu-img info with special backing_file_template: (/opt/stack/data/cinder/mnt/[0-9a-f]+/)?(volume-1df7d4ee-2be6-4802-8b7d-6c1c32ee9b23(.(tmp-snap-)?[0-9a-f-]+)?|volume_from_snapshot_cache/(tmp-snap-)?[0-9a-f-]+(.(child-|parent-)[0-9a-f-]+)?)$ {{(pid=91967) _qemu_img_info_base /opt/stack/cinder/cinder/volume/drivers/remotefs.py:896}}
Jun 11 18:06:30 devstack cinder-volume[91967]: DEBUG cinder.volume.drivers.quobyte [None req-29a1d2d8-edb0-43db-aa25-fddb0cc5944b tempest-GroupsV314Test-872792583 None] will copy from snapshot at /opt/stack/data/cinder/mnt/12731d2b275c2de8b90875a02027f631/volume-1df7d4ee-2be6-4802-8b7d-6c1c32ee9b23 {{(pid=91967) _copy_volume_from_snapshot /opt/stack/cinder/cinder/volume/drivers/quobyte.py:420}}
Jun 11 18:06:30 devstack cinder-volume[91967]: DEBUG cinder.volume.drivers.quobyte [None req-29a1d2d8-edb0-43db-aa25-fddb0cc5944b tempest-GroupsV314Test-872792583 None] Creating direct copy from snapshot {{(pid=91967) _copy_volume_from_snapshot /opt/stack/cinder/cinder/volume/drivers/quobyte.py:428}}
Jun 11 18:06:30 devstack cinder-volume[91967]: DEBUG oslo.privsep.daemon [-] privsep: reply[abda10bd-5551-48f0-8d9f-e6bf3348336f]: (4, 'qcow2') {{(pid=92798) _call_back /opt/stack/data/venv/lib/python3.12/site-packages/oslo_privsep/daemon.py:573}}
Jun 11 18:06:30 devstack cinder-volume[91967]: DEBUG oslo_concurrency.processutils [None req-29a1d2d8-edb0-43db-aa25-fddb0cc5944b tempest-GroupsV314Test-872792583 None] Running cmd (subprocess): /opt/stack/data/venv/bin/python3.12 -m oslo_concurrency.prlimit --as=1073741824 --cpu=60 -- sudo cinder-rootwrap /etc/cinder/rootwrap.conf env LC_ALL=C qemu-img info -f qcow2 --output=json /opt/stack/data/cinder/mnt/12731d2b275c2de8b90875a02027f631/volume-1df7d4ee-2be6-4802-8b7d-6c1c32ee9b23 {{(pid=91967) execute /opt/stack/data/venv/lib/python3.12/site-packages/oslo_concurrency/processutils.py:440}}
Jun 11 18:06:31 devstack sudo[100162]: quobyte : PWD=/ ; USER=root ; COMMAND=/opt/stack/data/venv/bin/cinder-rootwrap /etc/cinder/rootwrap.conf env LC_ALL=C qemu-img info -f qcow2 --output=json /opt/stack/data/cinder/mnt/12731d2b275c2de8b90875a02027f631/volume-1df7d4ee-2be6-4802-8b7d-6c1c32ee9b23
Jun 11 18:06:31 devstack sudo[100162]: pam_unix(sudo:session): session opened for user root(uid=0) by (uid=1000)
Jun 11 18:06:31 devstack sudo[100162]: pam_unix(sudo:session): session closed for user root
Jun 11 18:06:31 devstack cinder-volume[91967]: DEBUG oslo_concurrency.processutils [None req-29a1d2d8-edb0-43db-aa25-fddb0cc5944b tempest-GroupsV314Test-872792583 None] CMD "/opt/stack/data/venv/bin/python3.12 -m oslo_concurrency.prlimit --as=1073741824 --cpu=60 -- sudo cinder-rootwrap /etc/cinder/rootwrap.conf env LC_ALL=C qemu-img info -f qcow2 --output=json /opt/stack/data/cinder/mnt/12731d2b275c2de8b90875a02027f631/volume-1df7d4ee-2be6-4802-8b7d-6c1c32ee9b23" returned: 0 in 0.727s {{(pid=91967) execute /opt/stack/data/venv/lib/python3.12/site-packages/oslo_concurrency/processutils.py:468}}
Jun 11 18:06:31 devstack cinder-volume[91967]: DEBUG cinder.utils [None req-29a1d2d8-edb0-43db-aa25-fddb0cc5944b tempest-GroupsV314Test-872792583 None] Path /opt/stack/data/cinder/mnt/12731d2b275c2de8b90875a02027f631/volume-1329b178-6b9d-4b2d-95b2-aa82550723d3 not found in is_blk_device check {{(pid=91967) is_blk_device /opt/stack/cinder/cinder/utils.py:615}}
Jun 11 18:06:31 devstack cinder-volume[91967]: DEBUG oslo_concurrency.processutils [None req-29a1d2d8-edb0-43db-aa25-fddb0cc5944b tempest-GroupsV314Test-872792583 None] Running cmd (subprocess): sudo cinder-rootwrap /etc/cinder/rootwrap.conf qemu-img convert -O qcow2 /opt/stack/data/cinder/mnt/12731d2b275c2de8b90875a02027f631/volume-1df7d4ee-2be6-4802-8b7d-6c1c32ee9b23 /opt/stack/data/cinder/mnt/12731d2b275c2de8b90875a02027f631/volume-1329b178-6b9d-4b2d-95b2-aa82550723d3 {{(pid=91967) execute /opt/stack/data/venv/lib/python3.12/site-packages/oslo_concurrency/processutils.py:440}}
Jun 11 18:06:31 devstack sudo[100167]: quobyte : PWD=/ ; USER=root ; COMMAND=/opt/stack/data/venv/bin/cinder-rootwrap /etc/cinder/rootwrap.conf qemu-img convert -O qcow2 /opt/stack/data/cinder/mnt/12731d2b275c2de8b90875a02027f631/volume-1df7d4ee-2be6-4802-8b7d-6c1c32ee9b23 /opt/stack/data/cinder/mnt/12731d2b275c2de8b90875a02027f631/volume-1329b178-6b9d-4b2d-95b2-aa82550723d3
Jun 11 18:06:31 devstack sudo[100167]: pam_unix(sudo:session): session opened for user root(uid=0) by (uid=1000)
Jun 11 18:06:36 devstack cinder-volume[91967]: DEBUG oslo_concurrency.processutils [None req-29a1d2d8-edb0-43db-aa25-fddb0cc5944b tempest-GroupsV314Test-872792583 None] CMD "sudo cinder-rootwrap /etc/cinder/rootwrap.conf qemu-img convert -O qcow2 /opt/stack/data/cinder/mnt/12731d2b275c2de8b90875a02027f631/volume-1df7d4ee-2be6-4802-8b7d-6c1c32ee9b23 /opt/stack/data/cinder/mnt/12731d2b275c2de8b90875a02027f631/volume-1329b178-6b9d-4b2d-95b2-aa82550723d3" returned: 0 in 4.930s {{(pid=91967) execute /opt/stack/data/venv/lib/python3.12/site-packages/oslo_concurrency/processutils.py:468}}
Jun 11 18:06:36 devstack cinder-volume[91967]: DEBUG oslo.privsep.daemon [-] privsep: reply[d7463425-cadf-436f-9bae-3da6e4158658]: (4, 'qcow2') {{(pid=92798) _call_back /opt/stack/data/venv/lib/python3.12/site-packages/oslo_privsep/daemon.py:573}}
Jun 11 18:06:36 devstack cinder-volume[91967]: DEBUG oslo_concurrency.processutils [None req-29a1d2d8-edb0-43db-aa25-fddb0cc5944b tempest-GroupsV314Test-872792583 None] Running cmd (subprocess): /opt/stack/data/venv/bin/python3.12 -m oslo_concurrency.prlimit --as=1073741824 --cpu=60 -- sudo cinder-rootwrap /etc/cinder/rootwrap.conf env LC_ALL=C qemu-img info -f qcow2 --output=json /opt/stack/data/cinder/mnt/12731d2b275c2de8b90875a02027f631/volume-1df7d4ee-2be6-4802-8b7d-6c1c32ee9b23 {{(pid=91967) execute /opt/stack/data/venv/lib/python3.12/site-packages/oslo_concurrency/processutils.py:440}}
Jun 11 18:06:36 devstack sudo[100167]: pam_unix(sudo:session): session closed for user root
Jun 11 18:06:36 devstack sudo[100276]: quobyte : PWD=/ ; USER=root ; COMMAND=/opt/stack/data/venv/bin/cinder-rootwrap /etc/cinder/rootwrap.conf env LC_ALL=C qemu-img info -f qcow2 --output=json /opt/stack/data/cinder/mnt/12731d2b275c2de8b90875a02027f631/volume-1df7d4ee-2be6-4802-8b7d-6c1c32ee9b23
Jun 11 18:06:36 devstack sudo[100276]: pam_unix(sudo:session): session opened for user root(uid=0) by (uid=1000)
Jun 11 18:06:37 devstack sudo[100276]: pam_unix(sudo:session): session closed for user root
Jun 11 18:06:37 devstack cinder-volume[91967]: DEBUG oslo_concurrency.processutils [None req-29a1d2d8-edb0-43db-aa25-fddb0cc5944b tempest-GroupsV314Test-872792583 None] CMD "/opt/stack/data/venv/bin/python3.12 -m oslo_concurrency.prlimit --as=1073741824 --cpu=60 -- sudo cinder-rootwrap /etc/cinder/rootwrap.conf env LC_ALL=C qemu-img info -f qcow2 --output=json /opt/stack/data/cinder/mnt/12731d2b275c2de8b90875a02027f631/volume-1df7d4ee-2be6-4802-8b7d-6c1c32ee9b23" returned: 0 in 0.873s {{(pid=91967) execute /opt/stack/data/venv/lib/python3.12/site-packages/oslo_concurrency/processutils.py:468}}
Jun 11 18:06:37 devstack cinder-volume[91967]: DEBUG cinder.image.image_utils [None req-29a1d2d8-edb0-43db-aa25-fddb0cc5944b tempest-GroupsV314Test-872792583 None] Image conversion details: src /opt/stack/data/cinder/mnt/12731d2b275c2de8b90875a02027f631/volume-1df7d4ee-2be6-4802-8b7d-6c1c32ee9b23, size 1024.00 MB, duration 4.93 sec, destination /opt/stack/data/cinder/mnt/12731d2b275c2de8b90875a02027f631/volume-1329b178-6b9d-4b2d-95b2-aa82550723d3 {{(pid=91967) _convert_image /opt/stack/cinder/cinder/image/image_utils.py:536}}
Jun 11 18:06:37 devstack cinder-volume[91967]: INFO cinder.image.image_utils [None req-29a1d2d8-edb0-43db-aa25-fddb0cc5944b tempest-GroupsV314Test-872792583 None] Converted 1024.00 MB image at 207.63 MB/s
Jun 11 18:06:37 devstack cinder-volume[91967]: WARNING cinder.volume.drivers.remotefs [None req-29a1d2d8-edb0-43db-aa25-fddb0cc5944b tempest-GroupsV314Test-872792583 None] /opt/stack/data/cinder/mnt/12731d2b275c2de8b90875a02027f631/volume-1329b178-6b9d-4b2d-95b2-aa82550723d3 is being set with open permissions: ugo+rw: NotImplementedError
Jun 11 18:06:37 devstack cinder-volume[91967]: DEBUG oslo_concurrency.processutils [None req-29a1d2d8-edb0-43db-aa25-fddb0cc5944b tempest-GroupsV314Test-872792583 None] Running cmd (subprocess): sudo cinder-rootwrap /etc/cinder/rootwrap.conf chmod ugo+rw /opt/stack/data/cinder/mnt/12731d2b275c2de8b90875a02027f631/volume-1329b178-6b9d-4b2d-95b2-aa82550723d3 {{(pid=91967) execute /opt/stack/data/venv/lib/python3.12/site-packages/oslo_concurrency/processutils.py:440}}
Jun 11 18:06:37 devstack sudo[100290]: quobyte : PWD=/ ; USER=root ; COMMAND=/opt/stack/data/venv/bin/cinder-rootwrap /etc/cinder/rootwrap.conf chmod ugo+rw /opt/stack/data/cinder/mnt/12731d2b275c2de8b90875a02027f631/volume-1329b178-6b9d-4b2d-95b2-aa82550723d3
Jun 11 18:06:37 devstack sudo[100290]: pam_unix(sudo:session): session opened for user root(uid=0) by (uid=1000)
Jun 11 18:06:38 devstack sudo[100290]: pam_unix(sudo:session): session closed for user root
Jun 11 18:06:38 devstack cinder-volume[91967]: DEBUG oslo_concurrency.processutils [None req-29a1d2d8-edb0-43db-aa25-fddb0cc5944b tempest-GroupsV314Test-872792583 None] CMD "sudo cinder-rootwrap /etc/cinder/rootwrap.conf chmod ugo+rw /opt/stack/data/cinder/mnt/12731d2b275c2de8b90875a02027f631/volume-1329b178-6b9d-4b2d-95b2-aa82550723d3" returned: 0 in 0.623s {{(pid=91967) execute /opt/stack/data/venv/lib/python3.12/site-packages/oslo_concurrency/processutils.py:468}}
Jun 11 18:06:38 devstack cinder-volume[91967]: DEBUG cinder.coordination [None req-29a1d2d8-edb0-43db-aa25-fddb0cc5944b tempest-GroupsV314Test-872792583 None] Lock "cinder-quobyte-1329b178-6b9d-4b2d-95b2-aa82550723d3" released by "_copy_volume_from_snapshot" :: held 7.987s {{(pid=91967) __release /opt/stack/cinder/cinder/coordination.py:152}}
Jun 11 18:06:38 devstack cinder-volume[91967]: DEBUG cinder.coordination [None req-29a1d2d8-edb0-43db-aa25-fddb0cc5944b tempest-GroupsV314Test-872792583 None] Acquiring lock "cinder-quobyte-f051eb7b-ed8d-4b2a-affd-c4b9a50d88f8" by "_delete_snapshot" {{(pid=91967) __acquire /opt/stack/cinder/cinder/coordination.py:138}}
Jun 11 18:06:38 devstack cinder-volume[91967]: DEBUG cinder.coordination [None req-29a1d2d8-edb0-43db-aa25-fddb0cc5944b tempest-GroupsV314Test-872792583 None] Lock "cinder-quobyte-f051eb7b-ed8d-4b2a-affd-c4b9a50d88f8" acquired by "_delete_snapshot" :: waited 0.016s {{(pid=91967) __acquire /opt/stack/cinder/cinder/coordination.py:141}}
Jun 11 18:06:38 devstack cinder-volume[91967]: DEBUG cinder.volume.drivers.remotefs [None req-29a1d2d8-edb0-43db-aa25-fddb0cc5944b tempest-GroupsV314Test-872792583 None] Deleting offline snapshot f051eb7b-ed8d-4b2a-affd-c4b9a50d88f8 of volume 1df7d4ee-2be6-4802-8b7d-6c1c32ee9b23 {{(pid=91967) _delete_snapshot /opt/stack/cinder/cinder/volume/drivers/remotefs.py:1288}}
Jun 11 18:06:38 devstack cinder-volume[91967]: DEBUG cinder.volume.drivers.remotefs [None req-29a1d2d8-edb0-43db-aa25-fddb0cc5944b tempest-GroupsV314Test-872792583 None] snapshot_file for this snap is: volume-1df7d4ee-2be6-4802-8b7d-6c1c32ee9b23.f051eb7b-ed8d-4b2a-affd-c4b9a50d88f8 {{(pid=91967) _delete_snapshot /opt/stack/cinder/cinder/volume/drivers/remotefs.py:1317}}
Jun 11 18:06:38 devstack cinder-volume[91967]: DEBUG oslo.privsep.daemon [-] privsep: reply[18b6ef7d-640b-4091-b318-8fe250d6501e]: (4, 'qcow2') {{(pid=92798) _call_back /opt/stack/data/venv/lib/python3.12/site-packages/oslo_privsep/daemon.py:573}}
Jun 11 18:06:38 devstack cinder-volume[91967]: DEBUG oslo_concurrency.processutils [None req-29a1d2d8-edb0-43db-aa25-fddb0cc5944b tempest-GroupsV314Test-872792583 None] Running cmd (subprocess): /opt/stack/data/venv/bin/python3.12 -m oslo_concurrency.prlimit --as=1073741824 --cpu=60 -- sudo cinder-rootwrap /etc/cinder/rootwrap.conf env LC_ALL=C qemu-img info -f qcow2 --output=json --force-share /opt/stack/data/cinder/mnt/12731d2b275c2de8b90875a02027f631/volume-1df7d4ee-2be6-4802-8b7d-6c1c32ee9b23.f051eb7b-ed8d-4b2a-affd-c4b9a50d88f8 {{(pid=91967) execute /opt/stack/data/venv/lib/python3.12/site-packages/oslo_concurrency/processutils.py:440}}
Jun 11 18:06:38 devstack sudo[100303]: quobyte : PWD=/ ; USER=root ; COMMAND=/opt/stack/data/venv/bin/cinder-rootwrap /etc/cinder/rootwrap.conf env LC_ALL=C qemu-img info -f qcow2 --output=json --force-share /opt/stack/data/cinder/mnt/12731d2b275c2de8b90875a02027f631/volume-1df7d4ee-2be6-4802-8b7d-6c1c32ee9b23.f051eb7b-ed8d-4b2a-affd-c4b9a50d88f8
Jun 11 18:06:38 devstack sudo[100303]: pam_unix(sudo:session): session opened for user root(uid=0) by (uid=1000)
Jun 11 18:06:39 devstack sudo[100303]: pam_unix(sudo:session): session closed for user root
Jun 11 18:06:39 devstack cinder-volume[91967]: DEBUG oslo_concurrency.processutils [None req-29a1d2d8-edb0-43db-aa25-fddb0cc5944b tempest-GroupsV314Test-872792583 None] CMD "/opt/stack/data/venv/bin/python3.12 -m oslo_concurrency.prlimit --as=1073741824 --cpu=60 -- sudo cinder-rootwrap /etc/cinder/rootwrap.conf env LC_ALL=C qemu-img info -f qcow2 --output=json --force-share /opt/stack/data/cinder/mnt/12731d2b275c2de8b90875a02027f631/volume-1df7d4ee-2be6-4802-8b7d-6c1c32ee9b23.f051eb7b-ed8d-4b2a-affd-c4b9a50d88f8" returned: 0 in 1.189s {{(pid=91967) execute /opt/stack/data/venv/lib/python3.12/site-packages/oslo_concurrency/processutils.py:468}}
Jun 11 18:06:39 devstack cinder-volume[91967]: DEBUG cinder.volume.drivers.remotefs [None req-29a1d2d8-edb0-43db-aa25-fddb0cc5944b tempest-GroupsV314Test-872792583 None] Fetching qemu-img info with special backing_file_template: (/opt/stack/data/cinder/mnt/[0-9a-f]+/)?(volume-1df7d4ee-2be6-4802-8b7d-6c1c32ee9b23(.(tmp-snap-)?[0-9a-f-]+)?|volume_from_snapshot_cache/(tmp-snap-)?[0-9a-f-]+(.(child-|parent-)[0-9a-f-]+)?)$ {{(pid=91967) _qemu_img_info_base /opt/stack/cinder/cinder/volume/drivers/remotefs.py:896}}
Jun 11 18:06:39 devstack cinder-volume[91967]: DEBUG oslo.privsep.daemon [-] privsep: reply[85e1c36c-9abd-4e7b-9050-c356fa5bae59]: (4, 'qcow2') {{(pid=92798) _call_back /opt/stack/data/venv/lib/python3.12/site-packages/oslo_privsep/daemon.py:573}}
Jun 11 18:06:39 devstack cinder-volume[91967]: DEBUG oslo_concurrency.processutils [None req-29a1d2d8-edb0-43db-aa25-fddb0cc5944b tempest-GroupsV314Test-872792583 None] Running cmd (subprocess): /opt/stack/data/venv/bin/python3.12 -m oslo_concurrency.prlimit --as=1073741824 --cpu=60 -- sudo cinder-rootwrap /etc/cinder/rootwrap.conf env LC_ALL=C qemu-img info -f qcow2 --output=json --force-share /opt/stack/data/cinder/mnt/12731d2b275c2de8b90875a02027f631/volume-1df7d4ee-2be6-4802-8b7d-6c1c32ee9b23 {{(pid=91967) execute /opt/stack/data/venv/lib/python3.12/site-packages/oslo_concurrency/processutils.py:440}}
Jun 11 18:06:39 devstack cinder-volume[91967]: DEBUG dbcounter [-] [91967] Writing DB stats cinder:SELECT=44,cinder:INSERT=9,cinder:UPDATE=47 {{(pid=91967) stat_writer /opt/stack/data/venv/lib/python3.12/site-packages/dbcounter.py:115}}
Jun 11 18:06:39 devstack sudo[100679]: quobyte : PWD=/ ; USER=root ; COMMAND=/opt/stack/data/venv/bin/cinder-rootwrap /etc/cinder/rootwrap.conf env LC_ALL=C qemu-img info -f qcow2 --output=json --force-share /opt/stack/data/cinder/mnt/12731d2b275c2de8b90875a02027f631/volume-1df7d4ee-2be6-4802-8b7d-6c1c32ee9b23
Jun 11 18:06:39 devstack sudo[100679]: pam_unix(sudo:session): session opened for user root(uid=0) by (uid=1000)
Jun 11 18:06:40 devstack sudo[100679]: pam_unix(sudo:session): session closed for user root
Jun 11 18:06:40 devstack cinder-volume[91967]: DEBUG oslo_concurrency.processutils [None req-29a1d2d8-edb0-43db-aa25-fddb0cc5944b tempest-GroupsV314Test-872792583 None] CMD "/opt/stack/data/venv/bin/python3.12 -m oslo_concurrency.prlimit --as=1073741824 --cpu=60 -- sudo cinder-rootwrap /etc/cinder/rootwrap.conf env LC_ALL=C qemu-img info -f qcow2 --output=json --force-share /opt/stack/data/cinder/mnt/12731d2b275c2de8b90875a02027f631/volume-1df7d4ee-2be6-4802-8b7d-6c1c32ee9b23" returned: 0 in 0.711s {{(pid=91967) execute /opt/stack/data/venv/lib/python3.12/site-packages/oslo_concurrency/processutils.py:468}}
Jun 11 18:06:40 devstack cinder-volume[91967]: DEBUG oslo_concurrency.processutils [None req-29a1d2d8-edb0-43db-aa25-fddb0cc5944b tempest-GroupsV314Test-872792583 None] Running cmd (subprocess): sudo cinder-rootwrap /etc/cinder/rootwrap.conf qemu-img commit -d /opt/stack/data/cinder/mnt/12731d2b275c2de8b90875a02027f631/volume-1df7d4ee-2be6-4802-8b7d-6c1c32ee9b23.f051eb7b-ed8d-4b2a-affd-c4b9a50d88f8 {{(pid=91967) execute /opt/stack/data/venv/lib/python3.12/site-packages/oslo_concurrency/processutils.py:440}}
Jun 11 18:06:40 devstack sudo[100685]: quobyte : PWD=/ ; USER=root ; COMMAND=/opt/stack/data/venv/bin/cinder-rootwrap /etc/cinder/rootwrap.conf qemu-img commit -d /opt/stack/data/cinder/mnt/12731d2b275c2de8b90875a02027f631/volume-1df7d4ee-2be6-4802-8b7d-6c1c32ee9b23.f051eb7b-ed8d-4b2a-affd-c4b9a50d88f8
Jun 11 18:06:40 devstack sudo[100685]: pam_unix(sudo:session): session opened for user root(uid=0) by (uid=1000)
Jun 11 18:06:40 devstack sudo[100685]: pam_unix(sudo:session): session closed for user root
Jun 11 18:06:40 devstack cinder-volume[91967]: DEBUG oslo_concurrency.processutils [None req-29a1d2d8-edb0-43db-aa25-fddb0cc5944b tempest-GroupsV314Test-872792583 None] CMD "sudo cinder-rootwrap /etc/cinder/rootwrap.conf qemu-img commit -d /opt/stack/data/cinder/mnt/12731d2b275c2de8b90875a02027f631/volume-1df7d4ee-2be6-4802-8b7d-6c1c32ee9b23.f051eb7b-ed8d-4b2a-affd-c4b9a50d88f8" returned: 0 in 0.766s {{(pid=91967) execute /opt/stack/data/venv/lib/python3.12/site-packages/oslo_concurrency/processutils.py:468}}
Jun 11 18:06:40 devstack cinder-volume[91967]: DEBUG oslo_concurrency.processutils [None req-29a1d2d8-edb0-43db-aa25-fddb0cc5944b tempest-GroupsV314Test-872792583 None] Running cmd (subprocess): sudo cinder-rootwrap /etc/cinder/rootwrap.conf rm -f /opt/stack/data/cinder/mnt/12731d2b275c2de8b90875a02027f631/volume-1df7d4ee-2be6-4802-8b7d-6c1c32ee9b23.f051eb7b-ed8d-4b2a-affd-c4b9a50d88f8 {{(pid=91967) execute /opt/stack/data/venv/lib/python3.12/site-packages/oslo_concurrency/processutils.py:440}}
Jun 11 18:06:40 devstack sudo[100691]: quobyte : PWD=/ ; USER=root ; COMMAND=/opt/stack/data/venv/bin/cinder-rootwrap /etc/cinder/rootwrap.conf rm -f /opt/stack/data/cinder/mnt/12731d2b275c2de8b90875a02027f631/volume-1df7d4ee-2be6-4802-8b7d-6c1c32ee9b23.f051eb7b-ed8d-4b2a-affd-c4b9a50d88f8
Jun 11 18:06:40 devstack sudo[100691]: pam_unix(sudo:session): session opened for user root(uid=0) by (uid=1000)
Jun 11 18:06:41 devstack sudo[100691]: pam_unix(sudo:session): session closed for user root
Jun 11 18:06:41 devstack cinder-volume[91967]: DEBUG oslo_concurrency.processutils [None req-29a1d2d8-edb0-43db-aa25-fddb0cc5944b tempest-GroupsV314Test-872792583 None] CMD "sudo cinder-rootwrap /etc/cinder/rootwrap.conf rm -f /opt/stack/data/cinder/mnt/12731d2b275c2de8b90875a02027f631/volume-1df7d4ee-2be6-4802-8b7d-6c1c32ee9b23.f051eb7b-ed8d-4b2a-affd-c4b9a50d88f8" returned: 0 in 0.652s {{(pid=91967) execute /opt/stack/data/venv/lib/python3.12/site-packages/oslo_concurrency/processutils.py:468}}
Jun 11 18:06:41 devstack cinder-volume[91967]: DEBUG cinder.coordination [None req-29a1d2d8-edb0-43db-aa25-fddb0cc5944b tempest-GroupsV314Test-872792583 None] Lock "cinder-quobyte-f051eb7b-ed8d-4b2a-affd-c4b9a50d88f8" released by "_delete_snapshot" :: held 3.432s {{(pid=91967) __release /opt/stack/cinder/cinder/coordination.py:152}}
Jun 11 18:06:41 devstack cinder-volume[91967]: DEBUG oslo_concurrency.lockutils [None req-29a1d2d8-edb0-43db-aa25-fddb0cc5944b tempest-GroupsV314Test-872792583 None] Lock "quobyte" "released" by "cinder.volume.drivers.quobyte.QuobyteDriver.create_cloned_volume" :: held 16.458s {{(pid=91967) inner /opt/stack/data/venv/lib/python3.12/site-packages/oslo_concurrency/lockutils.py:538}}
Jun 11 18:06:41 devstack cinder-volume[91967]: DEBUG oslo_concurrency.lockutils [None req-dfad4304-3dc2-4307-ad4e-e2eabb560b63 tempest-VolumesDeleteCascade-1573280038 None] Lock "quobyte" acquired by "cinder.volume.drivers.quobyte.QuobyteDriver.create_snapshot" :: waited 15.994s {{(pid=91967) inner /opt/stack/data/venv/lib/python3.12/site-packages/oslo_concurrency/lockutils.py:519}}
Jun 11 18:06:41 devstack cinder-volume[91967]: DEBUG cinder.volume.drivers.remotefs [None req-dfad4304-3dc2-4307-ad4e-e2eabb560b63 tempest-VolumesDeleteCascade-1573280038 None] Creating offline snapshot e58fa9e2-c2c6-45a6-8e1a-883613e481c7 of volume 5d97004a-cbc1-437f-859b-cb84f59d7579 {{(pid=91967) _create_snapshot /opt/stack/cinder/cinder/volume/drivers/remotefs.py:1816}}
Jun 11 18:06:41 devstack cinder-volume[91967]: DEBUG oslo.privsep.daemon [-] privsep: reply[505f557d-84fa-493d-a26b-a9dce9d98e10]: (4, 'qcow2') {{(pid=92798) _call_back /opt/stack/data/venv/lib/python3.12/site-packages/oslo_privsep/daemon.py:573}}
Jun 11 18:06:41 devstack cinder-volume[91967]: DEBUG oslo_concurrency.processutils [None req-dfad4304-3dc2-4307-ad4e-e2eabb560b63 tempest-VolumesDeleteCascade-1573280038 None] Running cmd (subprocess): /opt/stack/data/venv/bin/python3.12 -m oslo_concurrency.prlimit --as=1073741824 --cpu=60 -- sudo cinder-rootwrap /etc/cinder/rootwrap.conf env LC_ALL=C qemu-img info -f qcow2 --output=json --force-share /opt/stack/data/cinder/mnt/12731d2b275c2de8b90875a02027f631/volume-5d97004a-cbc1-437f-859b-cb84f59d7579.7c577136-456a-4a76-be9e-72045a587033 {{(pid=91967) execute /opt/stack/data/venv/lib/python3.12/site-packages/oslo_concurrency/processutils.py:440}}
