Jul 29 22:18:51 devstack devstack@g-api.service[77727]: DEBUG glance.common.config [None req-36ccf5e3-c014-46e6-903c-148f83947854 None None] database.asyncio_connection = **** {{(pid=77727) log_opt_values /opt/stack/data/venv/lib/python3.12/site-packages/oslo_config/cfg.py:3253}}
Jul 29 22:18:51 devstack devstack@g-api.service[77727]: DEBUG glance.common.config [None req-36ccf5e3-c014-46e6-903c-148f83947854 None None] database.asyncio_slave_connection = **** {{(pid=77727) log_opt_values /opt/stack/data/venv/lib/python3.12/site-packages/oslo_config/cfg.py:3253}}
Jul 29 22:18:51 devstack devstack@g-api.service[77727]: DEBUG glance.common.config [None req-36ccf5e3-c014-46e6-903c-148f83947854 None None] database.backend = sqlalchemy {{(pid=77727) log_opt_values /opt/stack/data/venv/lib/python3.12/site-packages/oslo_config/cfg.py:3253}}
Jul 29 22:18:51 devstack devstack@g-api.service[77727]: DEBUG glance.common.config [None req-36ccf5e3-c014-46e6-903c-148f83947854 None None] database.connection = **** {{(pid=77727) log_opt_values /opt/stack/data/venv/lib/python3.12/site-packages/oslo_config/cfg.py:3253}}
Jul 29 22:18:51 devstack devstack@g-api.service[77727]: DEBUG glance.common.config [None req-36ccf5e3-c014-46e6-903c-148f83947854 None None] database.connection_debug = 0 {{(pid=77727) log_opt_values /opt/stack/data/venv/lib/python3.12/site-packages/oslo_config/cfg.py:3253}}
Jul 29 22:18:51 devstack devstack@g-api.service[77727]: DEBUG glance.common.config [None req-36ccf5e3-c014-46e6-903c-148f83947854 None None] database.connection_parameters = {{(pid=77727) log_opt_values /opt/stack/data/venv/lib/python3.12/site-packages/oslo_config/cfg.py:3253}}
Jul 29 22:18:51 devstack devstack@g-api.service[77727]: DEBUG glance.common.config [None req-36ccf5e3-c014-46e6-903c-148f83947854 None None] database.connection_recycle_time = 3600 {{(pid=77727) log_opt_values /opt/stack/data/venv/lib/python3.12/site-packages/oslo_config/cfg.py:3253}}
Jul 29 22:18:51 devstack devstack@g-api.service[77727]: DEBUG glance.common.config [None req-36ccf5e3-c014-46e6-903c-148f83947854 None None] database.connection_trace = False {{(pid=77727) log_opt_values /opt/stack/data/venv/lib/python3.12/site-packages/oslo_config/cfg.py:3253}}
Jul 29 22:18:51 devstack devstack@g-api.service[77727]: DEBUG glance.common.config [None req-36ccf5e3-c014-46e6-903c-148f83947854 None None] database.db_inc_retry_interval = True {{(pid=77727) log_opt_values /opt/stack/data/venv/lib/python3.12/site-packages/oslo_config/cfg.py:3253}}
Jul 29 22:18:51 devstack devstack@g-api.service[77727]: DEBUG glance.common.config [None req-36ccf5e3-c014-46e6-903c-148f83947854 None None] database.db_max_retries = 20 {{(pid=77727) log_opt_values /opt/stack/data/venv/lib/python3.12/site-packages/oslo_config/cfg.py:3253}}
Jul 29 22:18:51 devstack devstack@g-api.service[77727]: DEBUG glance.common.config [None req-36ccf5e3-c014-46e6-903c-148f83947854 None None] database.db_max_retry_interval = 10 {{(pid=77727) log_opt_values /opt/stack/data/venv/lib/python3.12/site-packages/oslo_config/cfg.py:3253}}
Jul 29 22:18:51 devstack devstack@g-api.service[77727]: DEBUG glance.common.config [None req-36ccf5e3-c014-46e6-903c-148f83947854 None None] database.db_retry_interval = 1 {{(pid=77727) log_opt_values /opt/stack/data/venv/lib/python3.12/site-packages/oslo_config/cfg.py:3253}}
Jul 29 22:18:51 devstack devstack@g-api.service[77727]: DEBUG glance.common.config [None req-36ccf5e3-c014-46e6-903c-148f83947854 None None] database.max_overflow = 50 {{(pid=77727) log_opt_values /opt/stack/data/venv/lib/python3.12/site-packages/oslo_config/cfg.py:3253}}
Jul 29 22:18:51 devstack devstack@g-api.service[77727]: DEBUG glance.common.config [None req-36ccf5e3-c014-46e6-903c-148f83947854 None None] database.max_pool_size = 5 {{(pid=77727) log_opt_values /opt/stack/data/venv/lib/python3.12/site-packages/oslo_config/cfg.py:3253}}
Jul 29 22:18:51 devstack devstack@g-api.service[77727]: DEBUG glance.common.config [None req-36ccf5e3-c014-46e6-903c-148f83947854 None None] database.max_retries = 10 {{(pid=77727) log_opt_values /opt/stack/data/venv/lib/python3.12/site-packages/oslo_config/cfg.py:3253}}
Jul 29 22:18:51 devstack devstack@g-api.service[77727]: DEBUG glance.common.config [None req-36ccf5e3-c014-46e6-903c-148f83947854 None None] database.mysql_sql_mode = TRADITIONAL {{(pid=77727) log_opt_values /opt/stack/data/venv/lib/python3.12/site-packages/oslo_config/cfg.py:3253}}
Jul 29 22:18:51 devstack devstack@g-api.service[77727]: DEBUG glance.common.config [None req-36ccf5e3-c014-46e6-903c-148f83947854 None None] database.mysql_wsrep_sync_wait = None {{(pid=77727) log_opt_values /opt/stack/data/venv/lib/python3.12/site-packages/oslo_config/cfg.py:3253}}
Jul 29 22:18:51 devstack devstack@g-api.service[77727]: DEBUG glance.common.config [None req-36ccf5e3-c014-46e6-903c-148f83947854 None None] database.pool_timeout = None {{(pid=77727) log_opt_values /opt/stack/data/venv/lib/python3.12/site-packages/oslo_config/cfg.py:3253}}
Jul 29 22:18:51 devstack devstack@g-api.service[77727]: DEBUG glance.common.config [None req-36ccf5e3-c014-46e6-903c-148f83947854 None None] database.retry_interval = 10 {{(pid=77727) log_opt_values /opt/stack/data/venv/lib/python3.12/site-packages/oslo_config/cfg.py:3253}}
Jul 29 22:18:51 devstack devstack@g-api.service[77727]: DEBUG glance.common.config [None req-36ccf5e3-c014-46e6-903c-148f83947854 None None] database.slave_connection = **** {{(pid=77727) log_opt_values /opt/stack/data/venv/lib/python3.12/site-packages/oslo_config/cfg.py:3253}}
Jul 29 22:18:51 devstack devstack@g-api.service[77727]: DEBUG glance.common.config [None req-36ccf5e3-c014-46e6-903c-148f83947854 None None] database.sqlite_synchronous = True {{(pid=77727) log_opt_values /opt/stack/data/venv/lib/python3.12/site-packages/oslo_config/cfg.py:3253}}
Jul 29 22:18:51 devstack devstack@g-api.service[77727]: DEBUG glance.common.config [None req-36ccf5e3-c014-46e6-903c-148f83947854 None None] database.synchronous_reader = True {{(pid=77727) log_opt_values /opt/stack/data/venv/lib/python3.12/site-packages/oslo_config/cfg.py:3253}}
Jul 29 22:18:51 devstack devstack@g-api.service[77727]: DEBUG glance.common.config [None req-36ccf5e3-c014-46e6-903c-148f83947854 None None] database.use_db_reconnect = False {{(pid=77727) log_opt_values /opt/stack/data/venv/lib/python3.12/site-packages/oslo_config/cfg.py:3253}}
Jul 29 22:18:51 devstack devstack@g-api.service[77727]: DEBUG glance.common.config [None req-36ccf5e3-c014-46e6-903c-148f83947854 None None] healthcheck.allowed_source_ranges = [] {{(pid=77727) log_opt_values /opt/stack/data/venv/lib/python3.12/site-packages/oslo_config/cfg.py:3253}}
Jul 29 22:18:51 devstack devstack@g-api.service[77727]: DEBUG glance.common.config [None req-36ccf5e3-c014-46e6-903c-148f83947854 None None] healthcheck.backends = ['disable_by_file'] {{(pid=77727) log_opt_values /opt/stack/data/venv/lib/python3.12/site-packages/oslo_config/cfg.py:3253}}
Jul 29 22:18:51 devstack devstack@g-api.service[77727]: DEBUG glance.common.config [None req-36ccf5e3-c014-46e6-903c-148f83947854 None None] healthcheck.detailed = False {{(pid=77727) log_opt_values /opt/stack/data/venv/lib/python3.12/site-packages/oslo_config/cfg.py:3253}}
Jul 29 22:18:51 devstack devstack@g-api.service[77727]: DEBUG glance.common.config [None req-36ccf5e3-c014-46e6-903c-148f83947854 None None] healthcheck.disable_by_file_path = None {{(pid=77727) log_opt_values /opt/stack/data/venv/lib/python3.12/site-packages/oslo_config/cfg.py:3253}}
Jul 29 22:18:51 devstack devstack@g-api.service[77727]: DEBUG glance.common.config [None req-36ccf5e3-c014-46e6-903c-148f83947854 None None] healthcheck.ignore_proxied_requests = False {{(pid=77727) log_opt_values /opt/stack/data/venv/lib/python3.12/site-packages/oslo_config/cfg.py:3253}}
Jul 29 22:18:51 devstack devstack@g-api.service[77727]: DEBUG glance.common.config [None req-36ccf5e3-c014-46e6-903c-148f83947854 None None] ******************************************************************************** {{(pid=77727) log_opt_values /opt/stack/data/venv/lib/python3.12/site-packages/oslo_config/cfg.py:3260}}
Jul 29 22:18:51 devstack devstack@g-api.service[77727]: WSGI app 0 (mountpoint='') ready in 5 seconds on interpreter 0x717983ca4668 pid: 77727 (default app)
Jul 29 22:18:55 devstack devstack@g-api.service[77728]: DEBUG glance.api.middleware.version_negotiation [None req-b0d667f5-c5c9-409b-9304-0d282d341b6f None None] Determining version of request: GET / Accept: application/json {{(pid=77728) process_request /opt/stack/glance/glance/api/middleware/version_negotiation.py:44}}
Jul 29 22:18:55 devstack devstack@g-api.service[77728]: DEBUG glance.api.middleware.version_negotiation [None req-b0d667f5-c5c9-409b-9304-0d282d341b6f None None] Using url versioning {{(pid=77728) process_request /opt/stack/glance/glance/api/middleware/version_negotiation.py:57}}
Jul 29 22:18:55 devstack devstack@g-api.service[77728]: DEBUG glance.api.middleware.version_negotiation [None req-b0d667f5-c5c9-409b-9304-0d282d341b6f None None] Unknown version. Returning version choices. {{(pid=77728) process_request /opt/stack/glance/glance/api/middleware/version_negotiation.py:64}}
Jul 29 22:18:55 devstack devstack@g-api.service[77728]: [pid: 77728|app: 0|req: 2/2] 127.0.0.1 () {34 vars in 519 bytes} [Wed Jul 29 22:18:55 2026] GET / => generated 1571 bytes in 5 msecs (HTTP/1.1 300) 3 headers in 106 bytes (1 switches on core 0)
Jul 29 22:18:55 devstack devstack@g-api.service[77727]: DEBUG glance.api.middleware.version_negotiation [None req-36ccf5e3-c014-46e6-903c-148f83947854 None None] Determining version of request: POST /v2/images Accept: */* {{(pid=77727) process_request /opt/stack/glance/glance/api/middleware/version_negotiation.py:44}}
Jul 29 22:18:55 devstack devstack@g-api.service[77727]: DEBUG glance.api.middleware.version_negotiation [None req-36ccf5e3-c014-46e6-903c-148f83947854 None None] Using url versioning {{(pid=77727) process_request /opt/stack/glance/glance/api/middleware/version_negotiation.py:57}}
Jul 29 22:18:55 devstack devstack@g-api.service[77727]: DEBUG glance.api.middleware.version_negotiation [None req-36ccf5e3-c014-46e6-903c-148f83947854 None None] Matched version: v2 {{(pid=77727) process_request /opt/stack/glance/glance/api/middleware/version_negotiation.py:69}}
Jul 29 22:18:55 devstack devstack@g-api.service[77727]: DEBUG glance.api.middleware.version_negotiation [None req-36ccf5e3-c014-46e6-903c-148f83947854 None None] new path /v2/images {{(pid=77727) process_request /opt/stack/glance/glance/api/middleware/version_negotiation.py:70}}
Jul 29 22:18:56 devstack devstack@g-api.service[77727]: [pid: 77727|app: 0|req: 1/3] 127.0.0.1 () {40 vars in 782 bytes} [Wed Jul 29 22:18:55 2026] POST /v2/images => generated 807 bytes in 1120 msecs (HTTP/1.1 201) 6 headers in 314 bytes (1 switches on core 0)
Jul 29 22:18:56 devstack devstack@g-api.service[77728]: DEBUG glance.api.middleware.version_negotiation [None req-b0d667f5-c5c9-409b-9304-0d282d341b6f None None] Determining version of request: PUT /v2/images/d73ba0a3-f91e-41fc-ad8b-c1fae111cae6/file Accept: {{(pid=77728) process_request /opt/stack/glance/glance/api/middleware/version_negotiation.py:44}}
Jul 29 22:18:56 devstack devstack@g-api.service[77728]: DEBUG glance.api.middleware.version_negotiation [None req-b0d667f5-c5c9-409b-9304-0d282d341b6f None None] Using url versioning {{(pid=77728) process_request /opt/stack/glance/glance/api/middleware/version_negotiation.py:57}}
Jul 29 22:18:56 devstack devstack@g-api.service[77728]: DEBUG glance.api.middleware.version_negotiation [None req-b0d667f5-c5c9-409b-9304-0d282d341b6f None None] Matched version: v2 {{(pid=77728) process_request /opt/stack/glance/glance/api/middleware/version_negotiation.py:69}}
Jul 29 22:18:56 devstack devstack@g-api.service[77728]: DEBUG glance.api.middleware.version_negotiation [None req-b0d667f5-c5c9-409b-9304-0d282d341b6f None None] new path /v2/images/d73ba0a3-f91e-41fc-ad8b-c1fae111cae6/file {{(pid=77728) process_request /opt/stack/glance/glance/api/middleware/version_negotiation.py:70}}
Jul 29 22:18:57 devstack devstack@g-api.service[77728]: INFO glance.api.v2.image_data [None req-bc02df2c-c3c1-42d9-9dc8-9adf58e820ab admin admin] Unable to create trust: no such option collect_timing in group [keystone_authtoken] Use the existing user token.
Jul 29 22:18:58 devstack devstack@g-api.service[77728]: DEBUG glance.location [None req-bc02df2c-c3c1-42d9-9dc8-9adf58e820ab admin admin] Enabling in-flight format inspection for qcow2 {{(pid=77728) set_data /opt/stack/glance/glance/location.py:596}}
Jul 29 22:18:58 devstack devstack@g-api.service[77728]: DEBUG oslo_utils.imageutils.format_inspector [None req-bc02df2c-c3c1-42d9-9dc8-9adf58e820ab admin admin] Format inspector for vmdk does not match, excluding from consideration (Signature KDMV not found: b'QFI\xfb') {{(pid=77728) _process_chunk /opt/stack/data/venv/lib/python3.12/site-packages/oslo_utils/imageutils/format_inspector.py:1758}}
Jul 29 22:18:58 devstack devstack@g-api.service[77728]: DEBUG oslo_utils.imageutils.format_inspector [None req-bc02df2c-c3c1-42d9-9dc8-9adf58e820ab admin admin] Format inspector for vhdx does not match, excluding from consideration (Region signature not found at 30000) {{(pid=77728) _process_chunk /opt/stack/data/venv/lib/python3.12/site-packages/oslo_utils/imageutils/format_inspector.py:1758}}
Jul 29 22:18:58 devstack devstack@g-api.service[77728]: DEBUG glance_store._drivers.filesystem [None req-bc02df2c-c3c1-42d9-9dc8-9adf58e820ab admin admin] Wrote 21692416 bytes to /opt/stack/data/glance/images/d73ba0a3-f91e-41fc-ad8b-c1fae111cae6 with checksum 87617e24a5e30cb3b87fda8c0764838f and multihash 9a9bce0083a00939ec17c11febbfc767aa211aaa54f51e75c5a8b271a9b5637c77205a518b7a2007cb391d23cceb01e0e4e8d64832317151bc85b734b92a7be0 {{(pid=77728) add /opt/stack/data/venv/lib/python3.12/site-packages/glance_store/_drivers/filesystem.py:899}}
Jul 29 22:18:58 devstack devstack@g-api.service[77728]: INFO glance.location [None req-bc02df2c-c3c1-42d9-9dc8-9adf58e820ab admin admin] Image format matched and virtual size computed: 117440512
Jul 29 22:18:58 devstack devstack@g-api.service[77728]: DEBUG glance_store.backend [None req-bc02df2c-c3c1-42d9-9dc8-9adf58e820ab admin admin] Skipping store.set_acls... not implemented. {{(pid=77728) set_acls /opt/stack/data/venv/lib/python3.12/site-packages/glance_store/backend.py:507}}
Jul 29 22:18:58 devstack devstack@g-api.service[77728]: [pid: 77728|app: 0|req: 3/4] 127.0.0.1 () {40 vars in 875 bytes} [Wed Jul 29 22:18:56 2026] PUT /v2/images/d73ba0a3-f91e-41fc-ad8b-c1fae111cae6/file => generated 0 bytes in 1648 msecs (HTTP/1.1 204) 4 headers in 171 bytes (1 switches on core 0)
Jul 29 22:18:58 devstack devstack@g-api.service[77727]: DEBUG glance.api.middleware.version_negotiation [None req-a3d1bc99-6f69-43a5-be60-64d98563ebcf admin admin] Determining version of request: GET /v2/images/d73ba0a3-f91e-41fc-ad8b-c1fae111cae6 Accept: */* {{(pid=77727) process_request /opt/stack/glance/glance/api/middleware/version_negotiation.py:44}}
Jul 29 22:18:58 devstack devstack@g-api.service[77727]: DEBUG glance.api.middleware.version_negotiation [None req-a3d1bc99-6f69-43a5-be60-64d98563ebcf admin admin] Using url versioning {{(pid=77727) process_request /opt/stack/glance/glance/api/middleware/version_negotiation.py:57}}
Jul 29 22:18:58 devstack devstack@g-api.service[77727]: DEBUG glance.api.middleware.version_negotiation [None req-a3d1bc99-6f69-43a5-be60-64d98563ebcf admin admin] Matched version: v2 {{(pid=77727) process_request /opt/stack/glance/glance/api/middleware/version_negotiation.py:69}}
Jul 29 22:18:58 devstack devstack@g-api.service[77727]: DEBUG glance.api.middleware.version_negotiation [None req-a3d1bc99-6f69-43a5-be60-64d98563ebcf admin admin] new path /v2/images/d73ba0a3-f91e-41fc-ad8b-c1fae111cae6 {{(pid=77727) process_request /opt/stack/glance/glance/api/middleware/version_negotiation.py:70}}
Jul 29 22:18:58 devstack devstack@g-api.service[77727]: [pid: 77727|app: 0|req: 2/5] 127.0.0.1 () {36 vars in 802 bytes} [Wed Jul 29 22:18:58 2026] GET /v2/images/d73ba0a3-f91e-41fc-ad8b-c1fae111cae6 => generated 976 bytes in 27 msecs (HTTP/1.1 200) 4 headers in 157 bytes (1 switches on core 0)
Jul 29 22:19:08 devstack devstack@g-api.service[77728]: DEBUG dbcounter [-] [77728] Writing DB stats glance:INSERT=5,glance:SELECT=16,glance:UPDATE=2 {{(pid=77728) stat_writer /opt/stack/data/venv/lib/python3.12/site-packages/dbcounter.py:115}}
Jul 29 22:19:08 devstack devstack@g-api.service[77727]: DEBUG dbcounter [-] [77727] Writing DB stats glance:INSERT=9,glance:SELECT=6 {{(pid=77727) stat_writer /opt/stack/data/venv/lib/python3.12/site-packages/dbcounter.py:115}}
Jul 29 22:19:42 devstack devstack@g-api.service[77728]: DEBUG glance.api.middleware.version_negotiation [None req-bc02df2c-c3c1-42d9-9dc8-9adf58e820ab admin admin] Determining version of request: GET / Accept: application/json {{(pid=77728) process_request /opt/stack/glance/glance/api/middleware/version_negotiation.py:44}}
Jul 29 22:19:42 devstack devstack@g-api.service[77728]: DEBUG glance.api.middleware.version_negotiation [None req-bc02df2c-c3c1-42d9-9dc8-9adf58e820ab admin admin] Using url versioning {{(pid=77728) process_request /opt/stack/glance/glance/api/middleware/version_negotiation.py:57}}
Jul 29 22:19:42 devstack devstack@g-api.service[77728]: DEBUG glance.api.middleware.version_negotiation [None req-bc02df2c-c3c1-42d9-9dc8-9adf58e820ab admin admin] Unknown version. Returning version choices. {{(pid=77728) process_request /opt/stack/glance/glance/api/middleware/version_negotiation.py:64}}
Jul 29 22:19:42 devstack devstack@g-api.service[77728]: [pid: 77728|app: 0|req: 4/6] 127.0.0.1 () {34 vars in 519 bytes} [Wed Jul 29 22:19:42 2026] GET / => generated 1571 bytes in 3 msecs (HTTP/1.1 300) 3 headers in 106 bytes (1 switches on core 0)
Jul 29 22:19:42 devstack devstack@g-api.service[77727]: DEBUG glance.api.middleware.version_negotiation [None req-54487152-2848-40f9-85a0-00d84562ccea admin admin] Determining version of request: GET /v2/images Accept: application/json {{(pid=77727) process_request /opt/stack/glance/glance/api/middleware/version_negotiation.py:44}}
Jul 29 22:19:42 devstack devstack@g-api.service[77727]: DEBUG glance.api.middleware.version_negotiation [None req-54487152-2848-40f9-85a0-00d84562ccea admin admin] Using url versioning {{(pid=77727) process_request /opt/stack/glance/glance/api/middleware/version_negotiation.py:57}}
Jul 29 22:19:42 devstack devstack@g-api.service[77727]: DEBUG glance.api.middleware.version_negotiation [None req-54487152-2848-40f9-85a0-00d84562ccea admin admin] Matched version: v2 {{(pid=77727) process_request /opt/stack/glance/glance/api/middleware/version_negotiation.py:69}}
Jul 29 22:19:42 devstack devstack@g-api.service[77727]: DEBUG glance.api.middleware.version_negotiation [None req-54487152-2848-40f9-85a0-00d84562ccea admin admin] new path /v2/images {{(pid=77727) process_request /opt/stack/glance/glance/api/middleware/version_negotiation.py:70}}
Jul 29 22:19:42 devstack devstack@g-api.service[77727]: [pid: 77727|app: 0|req: 3/7] 127.0.0.1 () {36 vars in 741 bytes} [Wed Jul 29 22:19:42 2026] GET /v2/images => generated 1045 bytes in 90 msecs (HTTP/1.1 200) 4 headers in 158 bytes (1 switches on core 0)
Jul 29 22:19:51 devstack devstack@g-api.service[77728]: DEBUG glance.api.middleware.version_negotiation [None req-bc02df2c-c3c1-42d9-9dc8-9adf58e820ab admin admin] Determining version of request: GET / Accept: application/json {{(pid=77728) process_request /opt/stack/glance/glance/api/middleware/version_negotiation.py:44}}
Jul 29 22:19:51 devstack devstack@g-api.service[77728]: DEBUG glance.api.middleware.version_negotiation [None req-bc02df2c-c3c1-42d9-9dc8-9adf58e820ab admin admin] Using url versioning {{(pid=77728) process_request /opt/stack/glance/glance/api/middleware/version_negotiation.py:57}}
Jul 29 22:19:51 devstack devstack@g-api.service[77728]: DEBUG glance.api.middleware.version_negotiation [None req-bc02df2c-c3c1-42d9-9dc8-9adf58e820ab admin admin] Unknown version. Returning version choices. {{(pid=77728) process_request /opt/stack/glance/glance/api/middleware/version_negotiation.py:64}}
Jul 29 22:19:51 devstack devstack@g-api.service[77728]: [pid: 77728|app: 0|req: 5/8] 127.0.0.1 () {34 vars in 519 bytes} [Wed Jul 29 22:19:51 2026] GET / => generated 1571 bytes in 2 msecs (HTTP/1.1 300) 3 headers in 106 bytes (1 switches on core 0)
Jul 29 22:19:51 devstack devstack@g-api.service[77727]: DEBUG glance.api.middleware.version_negotiation [None req-d9813d4e-5476-4871-a91b-973862f8058b admin admin] Determining version of request: GET /v2/images/d73ba0a3-f91e-41fc-ad8b-c1fae111cae6 Accept: */* {{(pid=77727) process_request /opt/stack/glance/glance/api/middleware/version_negotiation.py:44}}
Jul 29 22:19:51 devstack devstack@g-api.service[77727]: DEBUG glance.api.middleware.version_negotiation [None req-d9813d4e-5476-4871-a91b-973862f8058b admin admin] Using url versioning {{(pid=77727) process_request /opt/stack/glance/glance/api/middleware/version_negotiation.py:57}}
Jul 29 22:19:51 devstack devstack@g-api.service[77727]: DEBUG glance.api.middleware.version_negotiation [None req-d9813d4e-5476-4871-a91b-973862f8058b admin admin] Matched version: v2 {{(pid=77727) process_request /opt/stack/glance/glance/api/middleware/version_negotiation.py:69}}
Jul 29 22:19:51 devstack devstack@g-api.service[77727]: DEBUG glance.api.middleware.version_negotiation [None req-d9813d4e-5476-4871-a91b-973862f8058b admin admin] new path /v2/images/d73ba0a3-f91e-41fc-ad8b-c1fae111cae6 {{(pid=77727) process_request /opt/stack/glance/glance/api/middleware/version_negotiation.py:70}}
Jul 29 22:19:51 devstack devstack@g-api.service[77727]: [pid: 77727|app: 0|req: 4/9] 127.0.0.1 () {36 vars in 802 bytes} [Wed Jul 29 22:19:51 2026] GET /v2/images/d73ba0a3-f91e-41fc-ad8b-c1fae111cae6 => generated 976 bytes in 72 msecs (HTTP/1.1 200) 4 headers in 157 bytes (1 switches on core 0)
Jul 29 22:19:58 devstack devstack@g-api.service[77728]: DEBUG glance.api.middleware.version_negotiation [None req-bc02df2c-c3c1-42d9-9dc8-9adf58e820ab admin admin] Determining version of request: GET / Accept: application/json {{(pid=77728) process_request /opt/stack/glance/glance/api/middleware/version_negotiation.py:44}}
Jul 29 22:19:58 devstack devstack@g-api.service[77728]: DEBUG glance.api.middleware.version_negotiation [None req-bc02df2c-c3c1-42d9-9dc8-9adf58e820ab admin admin] Using url versioning {{(pid=77728) process_request /opt/stack/glance/glance/api/middleware/version_negotiation.py:57}}
Jul 29 22:19:58 devstack devstack@g-api.service[77728]: DEBUG glance.api.middleware.version_negotiation [None req-bc02df2c-c3c1-42d9-9dc8-9adf58e820ab admin admin] Unknown version. Returning version choices. {{(pid=77728) process_request /opt/stack/glance/glance/api/middleware/version_negotiation.py:64}}
Jul 29 22:19:58 devstack devstack@g-api.service[77728]: [pid: 77728|app: 0|req: 6/10] 127.0.0.1 () {34 vars in 519 bytes} [Wed Jul 29 22:19:58 2026] GET / => generated 1571 bytes in 2 msecs (HTTP/1.1 300) 3 headers in 106 bytes (1 switches on core 0)
Jul 29 22:19:58 devstack devstack@g-api.service[77727]: DEBUG glance.api.middleware.version_negotiation [None req-3d4dea04-67a0-4114-a205-53fe2be54466 admin admin] Determining version of request: GET /v2/images/d73ba0a3-f91e-41fc-ad8b-c1fae111cae6 Accept: */* {{(pid=77727) process_request /opt/stack/glance/glance/api/middleware/version_negotiation.py:44}}
Jul 29 22:19:58 devstack devstack@g-api.service[77727]: DEBUG glance.api.middleware.version_negotiation [None req-3d4dea04-67a0-4114-a205-53fe2be54466 admin admin] Using url versioning {{(pid=77727) process_request /opt/stack/glance/glance/api/middleware/version_negotiation.py:57}}
Jul 29 22:19:58 devstack devstack@g-api.service[77727]: DEBUG glance.api.middleware.version_negotiation [None req-3d4dea04-67a0-4114-a205-53fe2be54466 admin admin] Matched version: v2 {{(pid=77727) process_request /opt/stack/glance/glance/api/middleware/version_negotiation.py:69}}
Jul 29 22:19:58 devstack devstack@g-api.service[77727]: DEBUG glance.api.middleware.version_negotiation [None req-3d4dea04-67a0-4114-a205-53fe2be54466 admin admin] new path /v2/images/d73ba0a3-f91e-41fc-ad8b-c1fae111cae6 {{(pid=77727) process_request /opt/stack/glance/glance/api/middleware/version_negotiation.py:70}}
Jul 29 22:19:58 devstack devstack@g-api.service[77727]: [pid: 77727|app: 0|req: 5/11] 127.0.0.1 () {36 vars in 802 bytes} [Wed Jul 29 22:19:58 2026] GET /v2/images/d73ba0a3-f91e-41fc-ad8b-c1fae111cae6 => generated 976 bytes in 72 msecs (HTTP/1.1 200) 4 headers in 157 bytes (1 switches on core 0)
Jul 29 22:20:08 devstack devstack@g-api.service[77727]: DEBUG dbcounter [-] [77727] Writing DB stats glance:SELECT=5 {{(pid=77727) stat_writer /opt/stack/data/venv/lib/python3.12/site-packages/dbcounter.py:115}}
Jul 29 22:21:12 devstack devstack@g-api.service[77728]: DEBUG glance.api.middleware.version_negotiation [None req-bc02df2c-c3c1-42d9-9dc8-9adf58e820ab admin admin] Determining version of request: GET / Accept: application/json {{(pid=77728) process_request /opt/stack/glance/glance/api/middleware/version_negotiation.py:44}}
Jul 29 22:21:12 devstack devstack@g-api.service[77728]: DEBUG glance.api.middleware.version_negotiation [None req-bc02df2c-c3c1-42d9-9dc8-9adf58e820ab admin admin] Using url versioning {{(pid=77728) process_request /opt/stack/glance/glance/api/middleware/version_negotiation.py:57}}
Jul 29 22:21:12 devstack devstack@g-api.service[77728]: DEBUG glance.api.middleware.version_negotiation [None req-bc02df2c-c3c1-42d9-9dc8-9adf58e820ab admin admin] Unknown version. Returning version choices. {{(pid=77728) process_request /opt/stack/glance/glance/api/middleware/version_negotiation.py:64}}
Jul 29 22:21:12 devstack devstack@g-api.service[77728]: [pid: 77728|app: 0|req: 7/12] 127.0.0.1 () {36 vars in 488 bytes} [Wed Jul 29 22:21:12 2026] GET / => generated 1571 bytes in 2 msecs (HTTP/1.1 300) 3 headers in 106 bytes (1 switches on core 0)
Jul 29 22:23:59 devstack devstack@g-api.service[77727]: DEBUG glance.api.middleware.version_negotiation [None req-3370fc53-d085-4a66-81f4-ec0503e2a166 admin admin] Determining version of request: GET / Accept: application/json {{(pid=77727) process_request /opt/stack/glance/glance/api/middleware/version_negotiation.py:44}}
Jul 29 22:23:59 devstack devstack@g-api.service[77727]: DEBUG glance.api.middleware.version_negotiation [None req-3370fc53-d085-4a66-81f4-ec0503e2a166 admin admin] Using url versioning {{(pid=77727) process_request /opt/stack/glance/glance/api/middleware/version_negotiation.py:57}}
Jul 29 22:23:59 devstack devstack@g-api.service[77727]: DEBUG glance.api.middleware.version_negotiation [None req-3370fc53-d085-4a66-81f4-ec0503e2a166 admin admin] Unknown version. Returning version choices. {{(pid=77727) process_request /opt/stack/glance/glance/api/middleware/version_negotiation.py:64}}
Jul 29 22:23:59 devstack devstack@g-api.service[77727]: [pid: 77727|app: 0|req: 6/13] 127.0.0.1 () {34 vars in 505 bytes} [Wed Jul 29 22:23:59 2026] GET / => generated 1571 bytes in 6 msecs (HTTP/1.1 300) 3 headers in 106 bytes (1 switches on core 0)
Jul 29 22:23:59 devstack devstack@g-api.service[77728]: DEBUG glance.api.middleware.version_negotiation [None req-bc02df2c-c3c1-42d9-9dc8-9adf58e820ab admin admin] Determining version of request: GET /v2/images/d73ba0a3-f91e-41fc-ad8b-c1fae111cae6 Accept: */* {{(pid=77728) process_request /opt/stack/glance/glance/api/middleware/version_negotiation.py:44}}
Jul 29 22:23:59 devstack devstack@g-api.service[77728]: DEBUG glance.api.middleware.version_negotiation [None req-bc02df2c-c3c1-42d9-9dc8-9adf58e820ab admin admin] Using url versioning {{(pid=77728) process_request /opt/stack/glance/glance/api/middleware/version_negotiation.py:57}}
Jul 29 22:23:59 devstack devstack@g-api.service[77728]: DEBUG glance.api.middleware.version_negotiation [None req-bc02df2c-c3c1-42d9-9dc8-9adf58e820ab admin admin] Matched version: v2 {{(pid=77728) process_request /opt/stack/glance/glance/api/middleware/version_negotiation.py:69}}
Jul 29 22:23:59 devstack devstack@g-api.service[77728]: DEBUG glance.api.middleware.version_negotiation [None req-bc02df2c-c3c1-42d9-9dc8-9adf58e820ab admin admin] new path /v2/images/d73ba0a3-f91e-41fc-ad8b-c1fae111cae6 {{(pid=77728) process_request /opt/stack/glance/glance/api/middleware/version_negotiation.py:70}}
Jul 29 22:23:59 devstack devstack@g-api.service[77728]: [pid: 77728|app: 0|req: 8/14] 127.0.0.1 () {42 vars in 1061 bytes} [Wed Jul 29 22:23:59 2026] GET /v2/images/d73ba0a3-f91e-41fc-ad8b-c1fae111cae6 => generated 976 bytes in 355 msecs (HTTP/1.1 200) 4 headers in 157 bytes (1 switches on core 0)
Jul 29 22:23:59 devstack devstack@g-api.service[77727]: DEBUG glance.api.middleware.version_negotiation [None req-3370fc53-d085-4a66-81f4-ec0503e2a166 admin admin] Determining version of request: GET /v2/schemas/image Accept: */* {{(pid=77727) process_request /opt/stack/glance/glance/api/middleware/version_negotiation.py:44}}
Jul 29 22:23:59 devstack devstack@g-api.service[77727]: DEBUG glance.api.middleware.version_negotiation [None req-3370fc53-d085-4a66-81f4-ec0503e2a166 admin admin] Using url versioning {{(pid=77727) process_request /opt/stack/glance/glance/api/middleware/version_negotiation.py:57}}
Jul 29 22:23:59 devstack devstack@g-api.service[77727]: DEBUG glance.api.middleware.version_negotiation [None req-3370fc53-d085-4a66-81f4-ec0503e2a166 admin admin] Matched version: v2 {{(pid=77727) process_request /opt/stack/glance/glance/api/middleware/version_negotiation.py:69}}
Jul 29 22:23:59 devstack devstack@g-api.service[77727]: DEBUG glance.api.middleware.version_negotiation [None req-3370fc53-d085-4a66-81f4-ec0503e2a166 admin admin] new path /v2/schemas/image {{(pid=77727) process_request /opt/stack/glance/glance/api/middleware/version_negotiation.py:70}}
Jul 29 22:23:59 devstack devstack@g-api.service[77727]: [pid: 77727|app: 0|req: 7/15] 127.0.0.1 () {42 vars in 1001 bytes} [Wed Jul 29 22:23:59 2026] GET /v2/schemas/image => generated 6083 bytes in 15 msecs (HTTP/1.1 200) 4 headers in 158 bytes (1 switches on core 0)
Jul 29 22:24:00 devstack devstack@g-api.service[77728]: DEBUG glance.api.middleware.version_negotiation [None req-f72c8f17-40cb-442e-9b40-e3002ee81f6f tempest-DeleteServersTestJSON-1875148587 tempest-DeleteServersTestJSON-1875148587-project-member] Determining version of request: GET / Accept: application/json {{(pid=77728) process_request /opt/stack/glance/glance/api/middleware/version_negotiation.py:44}}
Jul 29 22:24:00 devstack devstack@g-api.service[77728]: DEBUG glance.api.middleware.version_negotiation [None req-f72c8f17-40cb-442e-9b40-e3002ee81f6f tempest-DeleteServersTestJSON-1875148587 tempest-DeleteServersTestJSON-1875148587-project-member] Using url versioning {{(pid=77728) process_request /opt/stack/glance/glance/api/middleware/version_negotiation.py:57}}
Jul 29 22:24:00 devstack devstack@g-api.service[77728]: DEBUG glance.api.middleware.version_negotiation [None req-f72c8f17-40cb-442e-9b40-e3002ee81f6f tempest-DeleteServersTestJSON-1875148587 tempest-DeleteServersTestJSON-1875148587-project-member] Unknown version. Returning version choices. {{(pid=77728) process_request /opt/stack/glance/glance/api/middleware/version_negotiation.py:64}}
Jul 29 22:24:00 devstack devstack@g-api.service[77728]: [pid: 77728|app: 0|req: 9/16] 127.0.0.1 () {34 vars in 505 bytes} [Wed Jul 29 22:24:00 2026] GET / => generated 1571 bytes in 4 msecs (HTTP/1.1 300) 3 headers in 106 bytes (1 switches on core 0)
Jul 29 22:24:00 devstack devstack@g-api.service[77727]: DEBUG glance.api.middleware.version_negotiation [None req-f72c8f17-40cb-442e-9b40-e3002ee81f6f tempest-DeleteServersTestJSON-1875148587 tempest-DeleteServersTestJSON-1875148587-project-member] Determining version of request: GET /v2/images/d73ba0a3-f91e-41fc-ad8b-c1fae111cae6 Accept: */* {{(pid=77727) process_request /opt/stack/glance/glance/api/middleware/version_negotiation.py:44}}
Jul 29 22:24:00 devstack devstack@g-api.service[77727]: DEBUG glance.api.middleware.version_negotiation [None req-f72c8f17-40cb-442e-9b40-e3002ee81f6f tempest-DeleteServersTestJSON-1875148587 tempest-DeleteServersTestJSON-1875148587-project-member] Using url versioning {{(pid=77727) process_request /opt/stack/glance/glance/api/middleware/version_negotiation.py:57}}
Jul 29 22:24:00 devstack devstack@g-api.service[77727]: DEBUG glance.api.middleware.version_negotiation [None req-f72c8f17-40cb-442e-9b40-e3002ee81f6f tempest-DeleteServersTestJSON-1875148587 tempest-DeleteServersTestJSON-1875148587-project-member] Matched version: v2 {{(pid=77727) process_request /opt/stack/glance/glance/api/middleware/version_negotiation.py:69}}
Jul 29 22:24:00 devstack devstack@g-api.service[77727]: DEBUG glance.api.middleware.version_negotiation [None req-f72c8f17-40cb-442e-9b40-e3002ee81f6f tempest-DeleteServersTestJSON-1875148587 tempest-DeleteServersTestJSON-1875148587-project-member] new path /v2/images/d73ba0a3-f91e-41fc-ad8b-c1fae111cae6 {{(pid=77727) process_request /opt/stack/glance/glance/api/middleware/version_negotiation.py:70}}
Jul 29 22:24:00 devstack devstack@g-api.service[77727]: [pid: 77727|app: 0|req: 8/17] 127.0.0.1 () {42 vars in 1061 bytes} [Wed Jul 29 22:24:00 2026] GET /v2/images/d73ba0a3-f91e-41fc-ad8b-c1fae111cae6 => generated 976 bytes in 128 msecs (HTTP/1.1 200) 4 headers in 157 bytes (1 switches on core 0)
Jul 29 22:24:00 devstack devstack@g-api.service[77728]: DEBUG glance.api.middleware.version_negotiation [None req-f72c8f17-40cb-442e-9b40-e3002ee81f6f tempest-DeleteServersTestJSON-1875148587 tempest-DeleteServersTestJSON-1875148587-project-member] Determining version of request: GET /v2/schemas/image Accept: */* {{(pid=77728) process_request /opt/stack/glance/glance/api/middleware/version_negotiation.py:44}}
Jul 29 22:24:00 devstack devstack@g-api.service[77728]: DEBUG glance.api.middleware.version_negotiation [None req-f72c8f17-40cb-442e-9b40-e3002ee81f6f tempest-DeleteServersTestJSON-1875148587 tempest-DeleteServersTestJSON-1875148587-project-member] Using url versioning {{(pid=77728) process_request /opt/stack/glance/glance/api/middleware/version_negotiation.py:57}}
Jul 29 22:24:00 devstack devstack@g-api.service[77728]: DEBUG glance.api.middleware.version_negotiation [None req-f72c8f17-40cb-442e-9b40-e3002ee81f6f tempest-DeleteServersTestJSON-1875148587 tempest-DeleteServersTestJSON-1875148587-project-member] Matched version: v2 {{(pid=77728) process_request /opt/stack/glance/glance/api/middleware/version_negotiation.py:69}}
Jul 29 22:24:00 devstack devstack@g-api.service[77728]: DEBUG glance.api.middleware.version_negotiation [None req-f72c8f17-40cb-442e-9b40-e3002ee81f6f tempest-DeleteServersTestJSON-1875148587 tempest-DeleteServersTestJSON-1875148587-project-member] new path /v2/schemas/image {{(pid=77728) process_request /opt/stack/glance/glance/api/middleware/version_negotiation.py:70}}
Jul 29 22:24:00 devstack devstack@g-api.service[77728]: [pid: 77728|app: 0|req: 10/18] 127.0.0.1 () {42 vars in 1001 bytes} [Wed Jul 29 22:24:00 2026] GET /v2/schemas/image => generated 6083 bytes in 7 msecs (HTTP/1.1 200) 4 headers in 158 bytes (1 switches on core 0)
Jul 29 22:24:09 devstack devstack@g-api.service[77728]: DEBUG dbcounter [-] [77728] Writing DB stats glance:SELECT=2 {{(pid=77728) stat_writer /opt/stack/data/venv/lib/python3.12/site-packages/dbcounter.py:115}}
Jul 29 22:24:10 devstack devstack@g-api.service[77727]: DEBUG dbcounter [-] [77727] Writing DB stats glance:SELECT=2 {{(pid=77727) stat_writer /opt/stack/data/venv/lib/python3.12/site-packages/dbcounter.py:115}}
Jul 29 22:24:14 devstack devstack@g-api.service[77727]: DEBUG glance.api.middleware.version_negotiation [None req-bf24b663-bd99-4b8a-8a03-b1fb3e2d3edb tempest-AttachVolumeTestJSON-967887896 tempest-AttachVolumeTestJSON-967887896-project-member] Determining version of request: GET /v2/images/d73ba0a3-f91e-41fc-ad8b-c1fae111cae6 Accept: */* {{(pid=77727) process_request /opt/stack/glance/glance/api/middleware/version_negotiation.py:44}}
Jul 29 22:24:14 devstack devstack@g-api.service[77727]: DEBUG glance.api.middleware.version_negotiation [None req-bf24b663-bd99-4b8a-8a03-b1fb3e2d3edb tempest-AttachVolumeTestJSON-967887896 tempest-AttachVolumeTestJSON-967887896-project-member] Using url versioning {{(pid=77727) process_request /opt/stack/glance/glance/api/middleware/version_negotiation.py:57}}
Jul 29 22:24:14 devstack devstack@g-api.service[77727]: DEBUG glance.api.middleware.version_negotiation [None req-bf24b663-bd99-4b8a-8a03-b1fb3e2d3edb tempest-AttachVolumeTestJSON-967887896 tempest-AttachVolumeTestJSON-967887896-project-member] Matched version: v2 {{(pid=77727) process_request /opt/stack/glance/glance/api/middleware/version_negotiation.py:69}}
Jul 29 22:24:14 devstack devstack@g-api.service[77727]: DEBUG glance.api.middleware.version_negotiation [None req-bf24b663-bd99-4b8a-8a03-b1fb3e2d3edb tempest-AttachVolumeTestJSON-967887896 tempest-AttachVolumeTestJSON-967887896-project-member] new path /v2/images/d73ba0a3-f91e-41fc-ad8b-c1fae111cae6 {{(pid=77727) process_request /opt/stack/glance/glance/api/middleware/version_negotiation.py:70}}
Jul 29 22:24:15 devstack devstack@g-api.service[77727]: [pid: 77727|app: 0|req: 9/19] 127.0.0.1 () {42 vars in 1061 bytes} [Wed Jul 29 22:24:14 2026] GET /v2/images/d73ba0a3-f91e-41fc-ad8b-c1fae111cae6 => generated 976 bytes in 250 msecs (HTTP/1.1 200) 4 headers in 157 bytes (1 switches on core 0)
Jul 29 22:24:15 devstack devstack@g-api.service[77728]: DEBUG glance.api.middleware.version_negotiation [None req-bf24b663-bd99-4b8a-8a03-b1fb3e2d3edb tempest-AttachVolumeTestJSON-967887896 tempest-AttachVolumeTestJSON-967887896-project-member] Determining version of request: GET /v2/images/d73ba0a3-f91e-41fc-ad8b-c1fae111cae6/file Accept: */* {{(pid=77728) process_request /opt/stack/glance/glance/api/middleware/version_negotiation.py:44}}
Jul 29 22:24:15 devstack devstack@g-api.service[77728]: DEBUG glance.api.middleware.version_negotiation [None req-bf24b663-bd99-4b8a-8a03-b1fb3e2d3edb tempest-AttachVolumeTestJSON-967887896 tempest-AttachVolumeTestJSON-967887896-project-member] Using url versioning {{(pid=77728) process_request /opt/stack/glance/glance/api/middleware/version_negotiation.py:57}}
Jul 29 22:24:15 devstack devstack@g-api.service[77728]: DEBUG glance.api.middleware.version_negotiation [None req-bf24b663-bd99-4b8a-8a03-b1fb3e2d3edb tempest-AttachVolumeTestJSON-967887896 tempest-AttachVolumeTestJSON-967887896-project-member] Matched version: v2 {{(pid=77728) process_request /opt/stack/glance/glance/api/middleware/version_negotiation.py:69}}
Jul 29 22:24:15 devstack devstack@g-api.service[77728]: DEBUG glance.api.middleware.version_negotiation [None req-bf24b663-bd99-4b8a-8a03-b1fb3e2d3edb tempest-AttachVolumeTestJSON-967887896 tempest-AttachVolumeTestJSON-967887896-project-member] new path /v2/images/d73ba0a3-f91e-41fc-ad8b-c1fae111cae6/file {{(pid=77728) process_request /opt/stack/glance/glance/api/middleware/version_negotiation.py:70}}
Jul 29 22:24:15 devstack devstack@g-api.service[77728]: DEBUG glance_store._drivers.filesystem [None req-f72c8f17-40cb-442e-9b40-e3002ee81f6f tempest-DeleteServersTestJSON-1875148587 tempest-DeleteServersTestJSON-1875148587-project-member] Found image at /opt/stack/data/glance/images/d73ba0a3-f91e-41fc-ad8b-c1fae111cae6. Returning in ChunkedFile. {{(pid=77728) get /opt/stack/data/venv/lib/python3.12/site-packages/glance_store/_drivers/filesystem.py:724}}
Jul 29 22:24:15 devstack devstack@g-api.service[77728]: DEBUG glance.image_cache [None req-f72c8f17-40cb-442e-9b40-e3002ee81f6f tempest-DeleteServersTestJSON-1875148587 tempest-DeleteServersTestJSON-1875148587-project-member] Tee'ing image 'd73ba0a3-f91e-41fc-ad8b-c1fae111cae6' into cache {{(pid=77728) get_caching_iter /opt/stack/glance/glance/image_cache/__init__.py:356}}
Jul 29 22:24:15 devstack devstack@g-api.service[77728]: DEBUG glance.image_cache.drivers.centralized_db [None req-f72c8f17-40cb-442e-9b40-e3002ee81f6f tempest-DeleteServersTestJSON-1875148587 tempest-DeleteServersTestJSON-1875148587-project-member] Fetch finished, moving '/opt/stack/data/glance/cache/incomplete/d73ba0a3-f91e-41fc-ad8b-c1fae111cae6' to '/opt/stack/data/glance/cache/d73ba0a3-f91e-41fc-ad8b-c1fae111cae6' {{(pid=77728) commit /opt/stack/glance/glance/image_cache/drivers/centralized_db.py:243}}
Jul 29 22:24:15 devstack devstack@g-api.service[77728]: DEBUG glance.image_cache.drivers.centralized_db [None req-f72c8f17-40cb-442e-9b40-e3002ee81f6f tempest-DeleteServersTestJSON-1875148587 tempest-DeleteServersTestJSON-1875148587-project-member] Image cached successfully. {{(pid=77728) commit /opt/stack/glance/glance/image_cache/drivers/centralized_db.py:258}}
Jul 29 22:24:15 devstack devstack@g-api.service[77728]: [pid: 77728|app: 0|req: 11/20] 127.0.0.1 () {42 vars in 1071 bytes} [Wed Jul 29 22:24:15 2026] GET /v2/images/d73ba0a3-f91e-41fc-ad8b-c1fae111cae6/file => generated 21692416 bytes in 519 msecs (HTTP/1.1 200) 4 headers in 191 bytes (336 switches on core 0)
Jul 29 22:24:15 devstack devstack@g-api.service[77727]: DEBUG glance.api.middleware.version_negotiation [None req-f72c8f17-40cb-442e-9b40-e3002ee81f6f tempest-DeleteServersTestJSON-1875148587 tempest-DeleteServersTestJSON-1875148587-project-member] Determining version of request: GET /v2/images/d73ba0a3-f91e-41fc-ad8b-c1fae111cae6 Accept: */* {{(pid=77727) process_request /opt/stack/glance/glance/api/middleware/version_negotiation.py:44}}
Jul 29 22:24:15 devstack devstack@g-api.service[77727]: DEBUG glance.api.middleware.version_negotiation [None req-f72c8f17-40cb-442e-9b40-e3002ee81f6f tempest-DeleteServersTestJSON-1875148587 tempest-DeleteServersTestJSON-1875148587-project-member] Using url versioning {{(pid=77727) process_request /opt/stack/glance/glance/api/middleware/version_negotiation.py:57}}
Jul 29 22:24:15 devstack devstack@g-api.service[77727]: DEBUG glance.api.middleware.version_negotiation [None req-f72c8f17-40cb-442e-9b40-e3002ee81f6f tempest-DeleteServersTestJSON-1875148587 tempest-DeleteServersTestJSON-1875148587-project-member] Matched version: v2 {{(pid=77727) process_request /opt/stack/glance/glance/api/middleware/version_negotiation.py:69}}
Jul 29 22:24:15 devstack devstack@g-api.service[77727]: DEBUG glance.api.middleware.version_negotiation [None req-f72c8f17-40cb-442e-9b40-e3002ee81f6f tempest-DeleteServersTestJSON-1875148587 tempest-DeleteServersTestJSON-1875148587-project-member] new path /v2/images/d73ba0a3-f91e-41fc-ad8b-c1fae111cae6 {{(pid=77727) process_request /opt/stack/glance/glance/api/middleware/version_negotiation.py:70}}
Jul 29 22:24:15 devstack devstack@g-api.service[77727]: [pid: 77727|app: 0|req: 10/21] 127.0.0.1 () {42 vars in 1061 bytes} [Wed Jul 29 22:24:15 2026] GET /v2/images/d73ba0a3-f91e-41fc-ad8b-c1fae111cae6 => generated 976 bytes in 26 msecs (HTTP/1.1 200) 4 headers in 157 bytes (1 switches on core 0)
Jul 29 22:24:15 devstack devstack@g-api.service[77728]: DEBUG glance.api.middleware.version_negotiation [None req-f72c8f17-40cb-442e-9b40-e3002ee81f6f tempest-DeleteServersTestJSON-1875148587 tempest-DeleteServersTestJSON-1875148587-project-member] Determining version of request: GET /v2/schemas/image Accept: */* {{(pid=77728) process_request /opt/stack/glance/glance/api/middleware/version_negotiation.py:44}}
Jul 29 22:24:15 devstack devstack@g-api.service[77728]: DEBUG glance.api.middleware.version_negotiation [None req-f72c8f17-40cb-442e-9b40-e3002ee81f6f tempest-DeleteServersTestJSON-1875148587 tempest-DeleteServersTestJSON-1875148587-project-member] Using url versioning {{(pid=77728) process_request /opt/stack/glance/glance/api/middleware/version_negotiation.py:57}}
Jul 29 22:24:15 devstack devstack@g-api.service[77728]: DEBUG glance.api.middleware.version_negotiation [None req-f72c8f17-40cb-442e-9b40-e3002ee81f6f tempest-DeleteServersTestJSON-1875148587 tempest-DeleteServersTestJSON-1875148587-project-member] Matched version: v2 {{(pid=77728) process_request /opt/stack/glance/glance/api/middleware/version_negotiation.py:69}}
Jul 29 22:24:15 devstack devstack@g-api.service[77728]: DEBUG glance.api.middleware.version_negotiation [None req-f72c8f17-40cb-442e-9b40-e3002ee81f6f tempest-DeleteServersTestJSON-1875148587 tempest-DeleteServersTestJSON-1875148587-project-member] new path /v2/schemas/image {{(pid=77728) process_request /opt/stack/glance/glance/api/middleware/version_negotiation.py:70}}
Jul 29 22:24:15 devstack devstack@g-api.service[77728]: [pid: 77728|app: 0|req: 12/22] 127.0.0.1 () {42 vars in 1001 bytes} [Wed Jul 29 22:24:15 2026] GET /v2/schemas/image => generated 6083 bytes in 10 msecs (HTTP/1.1 200) 4 headers in 158 bytes (1 switches on core 0)
Jul 29 22:24:25 devstack devstack@g-api.service[77728]: DEBUG dbcounter [-] [77728] Writing DB stats glance:SELECT=5,glance:INSERT=1 {{(pid=77728) stat_writer /opt/stack/data/venv/lib/python3.12/site-packages/dbcounter.py:115}}
Jul 29 22:24:25 devstack devstack@g-api.service[77727]: DEBUG dbcounter [-] [77727] Writing DB stats glance:SELECT=4 {{(pid=77727) stat_writer /opt/stack/data/venv/lib/python3.12/site-packages/dbcounter.py:115}}
Jul 29 22:24:31 devstack devstack@g-api.service[77727]: DEBUG glance.api.middleware.version_negotiation [None req-f72c8f17-40cb-442e-9b40-e3002ee81f6f tempest-DeleteServersTestJSON-1875148587 tempest-DeleteServersTestJSON-1875148587-project-member] Determining version of request: GET /v2/images/d73ba0a3-f91e-41fc-ad8b-c1fae111cae6 Accept: */* {{(pid=77727) process_request /opt/stack/glance/glance/api/middleware/version_negotiation.py:44}}
Jul 29 22:24:31 devstack devstack@g-api.service[77727]: DEBUG glance.api.middleware.version_negotiation [None req-f72c8f17-40cb-442e-9b40-e3002ee81f6f tempest-DeleteServersTestJSON-1875148587 tempest-DeleteServersTestJSON-1875148587-project-member] Using url versioning {{(pid=77727) process_request /opt/stack/glance/glance/api/middleware/version_negotiation.py:57}}
Jul 29 22:24:31 devstack devstack@g-api.service[77727]: DEBUG glance.api.middleware.version_negotiation [None req-f72c8f17-40cb-442e-9b40-e3002ee81f6f tempest-DeleteServersTestJSON-1875148587 tempest-DeleteServersTestJSON-1875148587-project-member] Matched version: v2 {{(pid=77727) process_request /opt/stack/glance/glance/api/middleware/version_negotiation.py:69}}
Jul 29 22:24:31 devstack devstack@g-api.service[77727]: DEBUG glance.api.middleware.version_negotiation [None req-f72c8f17-40cb-442e-9b40-e3002ee81f6f tempest-DeleteServersTestJSON-1875148587 tempest-DeleteServersTestJSON-1875148587-project-member] new path /v2/images/d73ba0a3-f91e-41fc-ad8b-c1fae111cae6 {{(pid=77727) process_request /opt/stack/glance/glance/api/middleware/version_negotiation.py:70}}
Jul 29 22:24:31 devstack devstack@g-api.service[77727]: [pid: 77727|app: 0|req: 11/23] 127.0.0.1 () {42 vars in 1061 bytes} [Wed Jul 29 22:24:31 2026] GET /v2/images/d73ba0a3-f91e-41fc-ad8b-c1fae111cae6 => generated 976 bytes in 49 msecs (HTTP/1.1 200) 4 headers in 157 bytes (1 switches on core 0)
Jul 29 22:24:31 devstack devstack@g-api.service[77728]: DEBUG glance.api.middleware.version_negotiation [None req-f72c8f17-40cb-442e-9b40-e3002ee81f6f tempest-DeleteServersTestJSON-1875148587 tempest-DeleteServersTestJSON-1875148587-project-member] Determining version of request: GET /v2/schemas/image Accept: */* {{(pid=77728) process_request /opt/stack/glance/glance/api/middleware/version_negotiation.py:44}}
Jul 29 22:24:31 devstack devstack@g-api.service[77728]: DEBUG glance.api.middleware.version_negotiation [None req-f72c8f17-40cb-442e-9b40-e3002ee81f6f tempest-DeleteServersTestJSON-1875148587 tempest-DeleteServersTestJSON-1875148587-project-member] Using url versioning {{(pid=77728) process_request /opt/stack/glance/glance/api/middleware/version_negotiation.py:57}}
Jul 29 22:24:31 devstack devstack@g-api.service[77728]: DEBUG glance.api.middleware.version_negotiation [None req-f72c8f17-40cb-442e-9b40-e3002ee81f6f tempest-DeleteServersTestJSON-1875148587 tempest-DeleteServersTestJSON-1875148587-project-member] Matched version: v2 {{(pid=77728) process_request /opt/stack/glance/glance/api/middleware/version_negotiation.py:69}}
Jul 29 22:24:31 devstack devstack@g-api.service[77728]: DEBUG glance.api.middleware.version_negotiation [None req-f72c8f17-40cb-442e-9b40-e3002ee81f6f tempest-DeleteServersTestJSON-1875148587 tempest-DeleteServersTestJSON-1875148587-project-member] new path /v2/schemas/image {{(pid=77728) process_request /opt/stack/glance/glance/api/middleware/version_negotiation.py:70}}
Jul 29 22:24:31 devstack devstack@g-api.service[77728]: [pid: 77728|app: 0|req: 13/24] 127.0.0.1 () {42 vars in 1001 bytes} [Wed Jul 29 22:24:31 2026] GET /v2/schemas/image => generated 6083 bytes in 15 msecs (HTTP/1.1 200) 4 headers in 158 bytes (1 switches on core 0)
Jul 29 22:24:41 devstack devstack@g-api.service[77727]: DEBUG dbcounter [-] [77727] Writing DB stats glance:SELECT=2 {{(pid=77727) stat_writer /opt/stack/data/venv/lib/python3.12/site-packages/dbcounter.py:115}}
Jul 29 22:25:23 devstack devstack@g-api.service[77727]: DEBUG glance.api.middleware.version_negotiation [None req-cf3aa4c8-b461-40e0-b6a0-4fcae640956a tempest-VolumesAdminNegativeTest-1892235028 tempest-VolumesAdminNegativeTest-1892235028-project-member] Determining version of request: GET /v2/images/d73ba0a3-f91e-41fc-ad8b-c1fae111cae6 Accept: */* {{(pid=77727) process_request /opt/stack/glance/glance/api/middleware/version_negotiation.py:44}}
