Nov 21 16:37:01 devstack devstack@c-api.service[81717]: INFO cinder.api.openstack.wsgi [None req-f9ce8b30-4114-4bce-8445-27f83e61f1d0 tempest-AttachSCSIVolumeTestJSON-689866350 tempest-AttachSCSIVolumeTestJSON-689866350-project-member] GET http://192.168.122.198/volume/v3/volumes/6a25791b-e114-4e4a-9a78-2b59a0ac74be
Nov 21 16:37:01 devstack devstack@c-api.service[81717]: DEBUG cinder.api.openstack.wsgi [None req-f9ce8b30-4114-4bce-8445-27f83e61f1d0 tempest-AttachSCSIVolumeTestJSON-689866350 tempest-AttachSCSIVolumeTestJSON-689866350-project-member] Empty body provided in request {{(pid=81717) get_body /opt/stack/cinder/cinder/api/openstack/wsgi.py:723}}
Nov 21 16:37:01 devstack devstack@c-api.service[81717]: DEBUG cinder.api.openstack.wsgi [None req-f9ce8b30-4114-4bce-8445-27f83e61f1d0 tempest-AttachSCSIVolumeTestJSON-689866350 tempest-AttachSCSIVolumeTestJSON-689866350-project-member] Calling method 'show' {{(pid=81717) _process_stack /opt/stack/cinder/cinder/api/openstack/wsgi.py:876}}
Nov 21 16:37:01 devstack devstack@c-api.service[81717]: /opt/stack/data/venv/lib/python3.10/site-packages/oslo_context/context.py:101: DeprecationWarning: Policy enforcement is depending on the value of is_admin. This key is deprecated. Please update your policy file to use the standard policy values.
Nov 21 16:37:01 devstack devstack@c-api.service[81717]: warnings.warn(
Nov 21 16:37:01 devstack devstack@c-api.service[81717]: INFO cinder.volume.api [None req-f9ce8b30-4114-4bce-8445-27f83e61f1d0 tempest-AttachSCSIVolumeTestJSON-689866350 tempest-AttachSCSIVolumeTestJSON-689866350-project-member] Volume info retrieved successfully.
Nov 21 16:37:01 devstack devstack@c-api.service[81717]: INFO cinder.api.openstack.wsgi [None req-f9ce8b30-4114-4bce-8445-27f83e61f1d0 tempest-AttachSCSIVolumeTestJSON-689866350 tempest-AttachSCSIVolumeTestJSON-689866350-project-member] http://192.168.122.198/volume/v3/volumes/6a25791b-e114-4e4a-9a78-2b59a0ac74be returned with HTTP 200
Nov 21 16:37:01 devstack devstack@c-api.service[81717]: [pid: 81717|app: 0|req: 53/106] 192.168.122.198 () {62 vars in 1331 bytes} [Fri Nov 21 16:37:01 2025] GET /volume/v3/volumes/6a25791b-e114-4e4a-9a78-2b59a0ac74be => generated 1148 bytes in 82 msecs (HTTP/1.1 200) 7 headers in 286 bytes (1 switches on core 0)
Nov 21 16:37:01 devstack devstack@c-api.service[81718]: DEBUG cinder.api.middleware.request_id [None req-07d73108-d5d4-4482-92dc-ba52abe51fbb None None] RequestId filter calling following filter/app {{(pid=81718) _context_setter /opt/stack/cinder/cinder/api/middleware/request_id.py:62}}
Nov 21 16:37:01 devstack devstack@c-api.service[81718]: INFO cinder.api.openstack.wsgi [None req-07d73108-d5d4-4482-92dc-ba52abe51fbb tempest-AttachSCSIVolumeTestJSON-689866350 tempest-AttachSCSIVolumeTestJSON-689866350-project-member] GET http://192.168.122.198/volume/v3/volumes/6a25791b-e114-4e4a-9a78-2b59a0ac74be
Nov 21 16:37:01 devstack devstack@c-api.service[81718]: DEBUG cinder.api.openstack.wsgi [None req-07d73108-d5d4-4482-92dc-ba52abe51fbb tempest-AttachSCSIVolumeTestJSON-689866350 tempest-AttachSCSIVolumeTestJSON-689866350-project-member] Empty body provided in request {{(pid=81718) get_body /opt/stack/cinder/cinder/api/openstack/wsgi.py:723}}
Nov 21 16:37:01 devstack devstack@c-api.service[81718]: DEBUG cinder.api.openstack.wsgi [None req-07d73108-d5d4-4482-92dc-ba52abe51fbb tempest-AttachSCSIVolumeTestJSON-689866350 tempest-AttachSCSIVolumeTestJSON-689866350-project-member] Calling method 'show' {{(pid=81718) _process_stack /opt/stack/cinder/cinder/api/openstack/wsgi.py:876}}
Nov 21 16:37:01 devstack devstack@c-api.service[81718]: /opt/stack/data/venv/lib/python3.10/site-packages/oslo_context/context.py:101: DeprecationWarning: Policy enforcement is depending on the value of is_admin. This key is deprecated. Please update your policy file to use the standard policy values.
Nov 21 16:37:01 devstack devstack@c-api.service[81718]: warnings.warn(
Nov 21 16:37:01 devstack devstack@c-api.service[81718]: INFO cinder.volume.api [None req-07d73108-d5d4-4482-92dc-ba52abe51fbb tempest-AttachSCSIVolumeTestJSON-689866350 tempest-AttachSCSIVolumeTestJSON-689866350-project-member] Volume info retrieved successfully.
Nov 21 16:37:01 devstack devstack@c-api.service[81718]: INFO cinder.api.openstack.wsgi [None req-07d73108-d5d4-4482-92dc-ba52abe51fbb tempest-AttachSCSIVolumeTestJSON-689866350 tempest-AttachSCSIVolumeTestJSON-689866350-project-member] http://192.168.122.198/volume/v3/volumes/6a25791b-e114-4e4a-9a78-2b59a0ac74be returned with HTTP 200
Nov 21 16:37:01 devstack devstack@c-api.service[81718]: [pid: 81718|app: 0|req: 54/107] 192.168.122.198 () {62 vars in 1331 bytes} [Fri Nov 21 16:37:01 2025] GET /volume/v3/volumes/6a25791b-e114-4e4a-9a78-2b59a0ac74be => generated 1148 bytes in 65 msecs (HTTP/1.1 200) 7 headers in 286 bytes (1 switches on core 0)
Nov 21 16:37:01 devstack devstack@c-api.service[81717]: DEBUG cinder.api.middleware.request_id [req-dba59d06-5e2b-4de4-9175-0378b512d4ec req-4fb427ca-8ad3-4416-905d-412695afb19e None None] RequestId filter calling following filter/app {{(pid=81717) _context_setter /opt/stack/cinder/cinder/api/middleware/request_id.py:62}}
Nov 21 16:37:01 devstack devstack@c-api.service[81717]: INFO cinder.api.openstack.wsgi [req-dba59d06-5e2b-4de4-9175-0378b512d4ec req-4fb427ca-8ad3-4416-905d-412695afb19e tempest-AttachSCSIVolumeTestJSON-689866350 tempest-AttachSCSIVolumeTestJSON-689866350-project-member] GET http://192.168.122.198/volume/v3/volumes/6a25791b-e114-4e4a-9a78-2b59a0ac74be
Nov 21 16:37:01 devstack devstack@c-api.service[81717]: DEBUG cinder.api.openstack.wsgi [req-dba59d06-5e2b-4de4-9175-0378b512d4ec req-4fb427ca-8ad3-4416-905d-412695afb19e tempest-AttachSCSIVolumeTestJSON-689866350 tempest-AttachSCSIVolumeTestJSON-689866350-project-member] Empty body provided in request {{(pid=81717) get_body /opt/stack/cinder/cinder/api/openstack/wsgi.py:723}}
Nov 21 16:37:01 devstack devstack@c-api.service[81717]: DEBUG cinder.api.openstack.wsgi [req-dba59d06-5e2b-4de4-9175-0378b512d4ec req-4fb427ca-8ad3-4416-905d-412695afb19e tempest-AttachSCSIVolumeTestJSON-689866350 tempest-AttachSCSIVolumeTestJSON-689866350-project-member] Calling method 'show' {{(pid=81717) _process_stack /opt/stack/cinder/cinder/api/openstack/wsgi.py:876}}
Nov 21 16:37:01 devstack devstack@c-api.service[81717]: /opt/stack/data/venv/lib/python3.10/site-packages/oslo_context/context.py:101: DeprecationWarning: Policy enforcement is depending on the value of is_admin. This key is deprecated. Please update your policy file to use the standard policy values.
Nov 21 16:37:01 devstack devstack@c-api.service[81717]: warnings.warn(
Nov 21 16:37:01 devstack devstack@c-api.service[81717]: INFO cinder.volume.api [req-dba59d06-5e2b-4de4-9175-0378b512d4ec req-4fb427ca-8ad3-4416-905d-412695afb19e tempest-AttachSCSIVolumeTestJSON-689866350 tempest-AttachSCSIVolumeTestJSON-689866350-project-member] Volume info retrieved successfully.
Nov 21 16:37:01 devstack devstack@c-api.service[81717]: INFO cinder.api.openstack.wsgi [req-dba59d06-5e2b-4de4-9175-0378b512d4ec req-4fb427ca-8ad3-4416-905d-412695afb19e tempest-AttachSCSIVolumeTestJSON-689866350 tempest-AttachSCSIVolumeTestJSON-689866350-project-member] http://192.168.122.198/volume/v3/volumes/6a25791b-e114-4e4a-9a78-2b59a0ac74be returned with HTTP 200
Nov 21 16:37:01 devstack devstack@c-api.service[81717]: [pid: 81717|app: 0|req: 54/108] 192.168.122.198 () {64 vars in 1584 bytes} [Fri Nov 21 16:37:01 2025] GET /volume/v3/volumes/6a25791b-e114-4e4a-9a78-2b59a0ac74be => generated 1148 bytes in 45 msecs (HTTP/1.1 200) 7 headers in 286 bytes (1 switches on core 0)
Nov 21 16:37:01 devstack devstack@c-api.service[81718]: DEBUG cinder.api.middleware.request_id [None req-faa33255-d34d-4317-b886-acf1f97128d0 None None] RequestId filter calling following filter/app {{(pid=81718) _context_setter /opt/stack/cinder/cinder/api/middleware/request_id.py:62}}
Nov 21 16:37:01 devstack devstack@c-api.service[81718]: INFO cinder.api.openstack.wsgi [None req-faa33255-d34d-4317-b886-acf1f97128d0 tempest-GroupSnapshotsTest-1410706436 tempest-GroupSnapshotsTest-1410706436-project-member] GET http://192.168.122.198/volume/v3/snapshots/750aa0e5-692b-4a1a-86d9-21301d2100e3
Nov 21 16:37:01 devstack devstack@c-api.service[81718]: DEBUG cinder.api.openstack.wsgi [None req-faa33255-d34d-4317-b886-acf1f97128d0 tempest-GroupSnapshotsTest-1410706436 tempest-GroupSnapshotsTest-1410706436-project-member] Empty body provided in request {{(pid=81718) get_body /opt/stack/cinder/cinder/api/openstack/wsgi.py:723}}
Nov 21 16:37:01 devstack devstack@c-api.service[81718]: DEBUG cinder.api.openstack.wsgi [None req-faa33255-d34d-4317-b886-acf1f97128d0 tempest-GroupSnapshotsTest-1410706436 tempest-GroupSnapshotsTest-1410706436-project-member] Calling method 'show' {{(pid=81718) _process_stack /opt/stack/cinder/cinder/api/openstack/wsgi.py:876}}
Nov 21 16:37:01 devstack devstack@c-api.service[81717]: DEBUG cinder.api.middleware.request_id [req-dba59d06-5e2b-4de4-9175-0378b512d4ec req-014ae40e-5692-4bd8-aa43-086400be0431 None None] RequestId filter calling following filter/app {{(pid=81717) _context_setter /opt/stack/cinder/cinder/api/middleware/request_id.py:62}}
Nov 21 16:37:01 devstack devstack@c-api.service[81717]: INFO cinder.api.openstack.wsgi [req-dba59d06-5e2b-4de4-9175-0378b512d4ec req-014ae40e-5692-4bd8-aa43-086400be0431 tempest-AttachSCSIVolumeTestJSON-689866350 tempest-AttachSCSIVolumeTestJSON-689866350-project-member] POST http://192.168.122.198/volume/v3/volumes/6a25791b-e114-4e4a-9a78-2b59a0ac74be/action
Nov 21 16:37:01 devstack devstack@c-api.service[81717]: DEBUG cinder.api.openstack.wsgi [req-dba59d06-5e2b-4de4-9175-0378b512d4ec req-014ae40e-5692-4bd8-aa43-086400be0431 tempest-AttachSCSIVolumeTestJSON-689866350 tempest-AttachSCSIVolumeTestJSON-689866350-project-member] Action body: b'{"os-begin_detaching": null}' {{(pid=81717) get_method /opt/stack/cinder/cinder/api/openstack/wsgi.py:991}}
Nov 21 16:37:01 devstack devstack@c-api.service[81717]: DEBUG cinder.api.openstack.wsgi [req-dba59d06-5e2b-4de4-9175-0378b512d4ec req-014ae40e-5692-4bd8-aa43-086400be0431 tempest-AttachSCSIVolumeTestJSON-689866350 tempest-AttachSCSIVolumeTestJSON-689866350-project-member] Action: 'action', calling method: _begin_detaching, body: {"os-begin_detaching": null} {{(pid=81717) _process_stack /opt/stack/cinder/cinder/api/openstack/wsgi.py:874}}
Nov 21 16:37:01 devstack devstack@c-api.service[81718]: /opt/stack/data/venv/lib/python3.10/site-packages/oslo_context/context.py:101: DeprecationWarning: Policy enforcement is depending on the value of is_admin. This key is deprecated. Please update your policy file to use the standard policy values.
Nov 21 16:37:01 devstack devstack@c-api.service[81718]: warnings.warn(
Nov 21 16:37:01 devstack devstack@c-api.service[81718]: INFO cinder.volume.api [None req-faa33255-d34d-4317-b886-acf1f97128d0 tempest-GroupSnapshotsTest-1410706436 tempest-GroupSnapshotsTest-1410706436-project-member] Snapshot retrieved successfully.
Nov 21 16:37:01 devstack devstack@c-api.service[81717]: /opt/stack/data/venv/lib/python3.10/site-packages/oslo_context/context.py:101: DeprecationWarning: Policy enforcement is depending on the value of is_admin. This key is deprecated. Please update your policy file to use the standard policy values.
Nov 21 16:37:01 devstack devstack@c-api.service[81717]: warnings.warn(
Nov 21 16:37:01 devstack devstack@c-api.service[81717]: INFO cinder.volume.api [req-dba59d06-5e2b-4de4-9175-0378b512d4ec req-014ae40e-5692-4bd8-aa43-086400be0431 tempest-AttachSCSIVolumeTestJSON-689866350 tempest-AttachSCSIVolumeTestJSON-689866350-project-member] Volume info retrieved successfully.
Nov 21 16:37:01 devstack devstack@c-api.service[81718]: INFO cinder.api.openstack.wsgi [None req-faa33255-d34d-4317-b886-acf1f97128d0 tempest-GroupSnapshotsTest-1410706436 tempest-GroupSnapshotsTest-1410706436-project-member] http://192.168.122.198/volume/v3/snapshots/750aa0e5-692b-4a1a-86d9-21301d2100e3 returned with HTTP 200
Nov 21 16:37:01 devstack devstack@c-api.service[81718]: [pid: 81718|app: 0|req: 55/109] 192.168.122.198 () {62 vars in 1337 bytes} [Fri Nov 21 16:37:01 2025] GET /volume/v3/snapshots/750aa0e5-692b-4a1a-86d9-21301d2100e3 => generated 450 bytes in 35 msecs (HTTP/1.1 200) 7 headers in 285 bytes (1 switches on core 0)
Nov 21 16:37:01 devstack devstack@c-api.service[81717]: INFO cinder.volume.api [req-dba59d06-5e2b-4de4-9175-0378b512d4ec req-014ae40e-5692-4bd8-aa43-086400be0431 tempest-AttachSCSIVolumeTestJSON-689866350 tempest-AttachSCSIVolumeTestJSON-689866350-project-member] Begin detaching volume completed successfully.
Nov 21 16:37:01 devstack devstack@c-api.service[81717]: INFO cinder.api.openstack.wsgi [req-dba59d06-5e2b-4de4-9175-0378b512d4ec req-014ae40e-5692-4bd8-aa43-086400be0431 tempest-AttachSCSIVolumeTestJSON-689866350 tempest-AttachSCSIVolumeTestJSON-689866350-project-member] http://192.168.122.198/volume/v3/volumes/6a25791b-e114-4e4a-9a78-2b59a0ac74be/action returned with HTTP 202
Nov 21 16:37:01 devstack devstack@c-api.service[81717]: [pid: 81717|app: 0|req: 55/110] 192.168.122.198 () {68 vars in 1658 bytes} [Fri Nov 21 16:37:01 2025] POST /volume/v3/volumes/6a25791b-e114-4e4a-9a78-2b59a0ac74be/action => generated 0 bytes in 49 msecs (HTTP/1.1 202) 7 headers in 289 bytes (1 switches on core 0)
Nov 21 16:37:01 devstack devstack@c-api.service[81718]: DEBUG cinder.api.middleware.request_id [None req-a040044f-4c1b-45b7-bf94-191ab115b127 None None] RequestId filter calling following filter/app {{(pid=81718) _context_setter /opt/stack/cinder/cinder/api/middleware/request_id.py:62}}
Nov 21 16:37:01 devstack devstack@c-api.service[81718]: INFO cinder.api.openstack.wsgi [None req-a040044f-4c1b-45b7-bf94-191ab115b127 tempest-AttachSCSIVolumeTestJSON-689866350 tempest-AttachSCSIVolumeTestJSON-689866350-project-member] GET http://192.168.122.198/volume/v3/volumes/6a25791b-e114-4e4a-9a78-2b59a0ac74be
Nov 21 16:37:01 devstack devstack@c-api.service[81718]: DEBUG cinder.api.openstack.wsgi [None req-a040044f-4c1b-45b7-bf94-191ab115b127 tempest-AttachSCSIVolumeTestJSON-689866350 tempest-AttachSCSIVolumeTestJSON-689866350-project-member] Empty body provided in request {{(pid=81718) get_body /opt/stack/cinder/cinder/api/openstack/wsgi.py:723}}
Nov 21 16:37:01 devstack devstack@c-api.service[81718]: DEBUG cinder.api.openstack.wsgi [None req-a040044f-4c1b-45b7-bf94-191ab115b127 tempest-AttachSCSIVolumeTestJSON-689866350 tempest-AttachSCSIVolumeTestJSON-689866350-project-member] Calling method 'show' {{(pid=81718) _process_stack /opt/stack/cinder/cinder/api/openstack/wsgi.py:876}}
Nov 21 16:37:01 devstack devstack@c-api.service[81718]: /opt/stack/data/venv/lib/python3.10/site-packages/oslo_context/context.py:101: DeprecationWarning: Policy enforcement is depending on the value of is_admin. This key is deprecated. Please update your policy file to use the standard policy values.
Nov 21 16:37:01 devstack devstack@c-api.service[81718]: warnings.warn(
Nov 21 16:37:01 devstack devstack@c-api.service[81718]: INFO cinder.volume.api [None req-a040044f-4c1b-45b7-bf94-191ab115b127 tempest-AttachSCSIVolumeTestJSON-689866350 tempest-AttachSCSIVolumeTestJSON-689866350-project-member] Volume info retrieved successfully.
Nov 21 16:37:01 devstack devstack@c-api.service[81718]: INFO cinder.api.openstack.wsgi [None req-a040044f-4c1b-45b7-bf94-191ab115b127 tempest-AttachSCSIVolumeTestJSON-689866350 tempest-AttachSCSIVolumeTestJSON-689866350-project-member] http://192.168.122.198/volume/v3/volumes/6a25791b-e114-4e4a-9a78-2b59a0ac74be returned with HTTP 200
Nov 21 16:37:01 devstack devstack@c-api.service[81718]: [pid: 81718|app: 0|req: 56/111] 192.168.122.198 () {62 vars in 1331 bytes} [Fri Nov 21 16:37:01 2025] GET /volume/v3/volumes/6a25791b-e114-4e4a-9a78-2b59a0ac74be => generated 1151 bytes in 54 msecs (HTTP/1.1 200) 7 headers in 286 bytes (1 switches on core 0)
Nov 21 16:37:02 devstack devstack@c-api.service[81717]: DEBUG cinder.api.middleware.request_id [None req-88d9f0e2-1246-4335-8a54-468e4b56478a None None] RequestId filter calling following filter/app {{(pid=81717) _context_setter /opt/stack/cinder/cinder/api/middleware/request_id.py:62}}
Nov 21 16:37:02 devstack devstack@c-api.service[81717]: INFO cinder.api.openstack.wsgi [None req-88d9f0e2-1246-4335-8a54-468e4b56478a None None] GET http://192.168.122.198/volume//
Nov 21 16:37:02 devstack devstack@c-api.service[81717]: DEBUG cinder.api.openstack.wsgi [None req-88d9f0e2-1246-4335-8a54-468e4b56478a None None] Empty body provided in request {{(pid=81717) get_body /opt/stack/cinder/cinder/api/openstack/wsgi.py:723}}
Nov 21 16:37:02 devstack devstack@c-api.service[81717]: DEBUG cinder.api.openstack.wsgi [None req-88d9f0e2-1246-4335-8a54-468e4b56478a None None] Calling method 'all' {{(pid=81717) _process_stack /opt/stack/cinder/cinder/api/openstack/wsgi.py:876}}
Nov 21 16:37:02 devstack devstack@c-api.service[81717]: INFO cinder.api.openstack.wsgi [None req-88d9f0e2-1246-4335-8a54-468e4b56478a None None] http://192.168.122.198/volume// returned with HTTP 300
Nov 21 16:37:02 devstack devstack@c-api.service[81717]: [pid: 81717|app: 0|req: 56/112] 192.168.122.198 () {62 vars in 1406 bytes} [Fri Nov 21 16:37:02 2025] GET /volume/ => generated 390 bytes in 5 msecs (HTTP/1.1 300) 7 headers in 299 bytes (1 switches on core 0)
Nov 21 16:37:02 devstack devstack@c-api.service[81718]: DEBUG cinder.api.middleware.request_id [req-78c4463c-3884-45fb-a2e1-6bcf621c4087 req-87fb38ef-c548-435d-9e70-fe7ce116141a None None] RequestId filter calling following filter/app {{(pid=81718) _context_setter /opt/stack/cinder/cinder/api/middleware/request_id.py:62}}
Nov 21 16:37:02 devstack devstack@c-api.service[81718]: INFO cinder.api.openstack.wsgi [req-78c4463c-3884-45fb-a2e1-6bcf621c4087 req-87fb38ef-c548-435d-9e70-fe7ce116141a tempest-VolumesAssistedSnapshotsTest-694062759 tempest-VolumesAssistedSnapshotsTest-694062759-project-admin] POST http://192.168.122.198/volume/v3/attachments
Nov 21 16:37:02 devstack devstack@c-api.service[81718]: DEBUG cinder.api.openstack.wsgi [req-78c4463c-3884-45fb-a2e1-6bcf621c4087 req-87fb38ef-c548-435d-9e70-fe7ce116141a tempest-VolumesAssistedSnapshotsTest-694062759 tempest-VolumesAssistedSnapshotsTest-694062759-project-admin] Action: 'create', calling method: version_select, body: {"attachment": {"volume_uuid": "3b6f7782-1660-4a65-9fc9-47a4af3bbafa", "connector": null, "instance_uuid": "92d8b81a-b00b-43cf-a8bd-bd6096793477"}} {{(pid=81718) _process_stack /opt/stack/cinder/cinder/api/openstack/wsgi.py:874}}
Nov 21 16:37:02 devstack devstack@c-api.service[81718]: /opt/stack/data/venv/lib/python3.10/site-packages/oslo_context/context.py:101: DeprecationWarning: Policy enforcement is depending on the value of is_admin. This key is deprecated. Please update your policy file to use the standard policy values.
Nov 21 16:37:02 devstack devstack@c-api.service[81718]: warnings.warn(
Nov 21 16:37:02 devstack devstack@c-api.service[81718]: INFO cinder.api.openstack.wsgi [req-78c4463c-3884-45fb-a2e1-6bcf621c4087 req-87fb38ef-c548-435d-9e70-fe7ce116141a tempest-VolumesAssistedSnapshotsTest-694062759 tempest-VolumesAssistedSnapshotsTest-694062759-project-admin] http://192.168.122.198/volume/v3/attachments returned with HTTP 200
Nov 21 16:37:02 devstack devstack@c-api.service[81718]: [pid: 81718|app: 0|req: 57/113] 192.168.122.198 () {70 vars in 1580 bytes} [Fri Nov 21 16:37:02 2025] POST /volume/v3/attachments => generated 273 bytes in 133 msecs (HTTP/1.1 200) 7 headers in 286 bytes (1 switches on core 0)
Nov 21 16:37:02 devstack devstack@c-api.service[81717]: DEBUG cinder.api.middleware.request_id [None req-9aa3b497-549d-4cff-b2bb-33e9595e7d73 None None] RequestId filter calling following filter/app {{(pid=81717) _context_setter /opt/stack/cinder/cinder/api/middleware/request_id.py:62}}
Nov 21 16:37:02 devstack devstack@c-api.service[81717]: INFO cinder.api.openstack.wsgi [None req-9aa3b497-549d-4cff-b2bb-33e9595e7d73 tempest-VolumesAssistedSnapshotsTest-694062759 tempest-VolumesAssistedSnapshotsTest-694062759-project-admin] GET http://192.168.122.198/volume/v3/volumes/3b6f7782-1660-4a65-9fc9-47a4af3bbafa
Nov 21 16:37:02 devstack devstack@c-api.service[81717]: DEBUG cinder.api.openstack.wsgi [None req-9aa3b497-549d-4cff-b2bb-33e9595e7d73 tempest-VolumesAssistedSnapshotsTest-694062759 tempest-VolumesAssistedSnapshotsTest-694062759-project-admin] Empty body provided in request {{(pid=81717) get_body /opt/stack/cinder/cinder/api/openstack/wsgi.py:723}}
Nov 21 16:37:02 devstack devstack@c-api.service[81717]: DEBUG cinder.api.openstack.wsgi [None req-9aa3b497-549d-4cff-b2bb-33e9595e7d73 tempest-VolumesAssistedSnapshotsTest-694062759 tempest-VolumesAssistedSnapshotsTest-694062759-project-admin] Calling method 'show' {{(pid=81717) _process_stack /opt/stack/cinder/cinder/api/openstack/wsgi.py:876}}
Nov 21 16:37:02 devstack devstack@c-api.service[81717]: /opt/stack/data/venv/lib/python3.10/site-packages/oslo_context/context.py:101: DeprecationWarning: Policy enforcement is depending on the value of is_admin. This key is deprecated. Please update your policy file to use the standard policy values.
Nov 21 16:37:02 devstack devstack@c-api.service[81717]: warnings.warn(
Nov 21 16:37:02 devstack devstack@c-api.service[81717]: INFO cinder.volume.api [None req-9aa3b497-549d-4cff-b2bb-33e9595e7d73 tempest-VolumesAssistedSnapshotsTest-694062759 tempest-VolumesAssistedSnapshotsTest-694062759-project-admin] Volume info retrieved successfully.
Nov 21 16:37:02 devstack devstack@c-api.service[81717]: INFO cinder.api.openstack.wsgi [None req-9aa3b497-549d-4cff-b2bb-33e9595e7d73 tempest-VolumesAssistedSnapshotsTest-694062759 tempest-VolumesAssistedSnapshotsTest-694062759-project-admin] http://192.168.122.198/volume/v3/volumes/3b6f7782-1660-4a65-9fc9-47a4af3bbafa returned with HTTP 200
Nov 21 16:37:02 devstack devstack@c-api.service[81717]: [pid: 81717|app: 0|req: 57/114] 192.168.122.198 () {62 vars in 1331 bytes} [Fri Nov 21 16:37:02 2025] GET /volume/v3/volumes/3b6f7782-1660-4a65-9fc9-47a4af3bbafa => generated 1022 bytes in 74 msecs (HTTP/1.1 200) 7 headers in 286 bytes (1 switches on core 0)
Nov 21 16:37:02 devstack devstack@c-api.service[81718]: DEBUG cinder.api.middleware.request_id [None req-e17e39a5-c3b5-45c2-84a9-fea73b1fcbb2 None None] RequestId filter calling following filter/app {{(pid=81718) _context_setter /opt/stack/cinder/cinder/api/middleware/request_id.py:62}}
Nov 21 16:37:02 devstack devstack@c-api.service[81718]: INFO cinder.api.openstack.wsgi [None req-e17e39a5-c3b5-45c2-84a9-fea73b1fcbb2 tempest-GroupSnapshotsTest-1410706436 tempest-GroupSnapshotsTest-1410706436-project-member] GET http://192.168.122.198/volume/v3/snapshots/750aa0e5-692b-4a1a-86d9-21301d2100e3
Nov 21 16:37:02 devstack devstack@c-api.service[81718]: DEBUG cinder.api.openstack.wsgi [None req-e17e39a5-c3b5-45c2-84a9-fea73b1fcbb2 tempest-GroupSnapshotsTest-1410706436 tempest-GroupSnapshotsTest-1410706436-project-member] Empty body provided in request {{(pid=81718) get_body /opt/stack/cinder/cinder/api/openstack/wsgi.py:723}}
Nov 21 16:37:02 devstack devstack@c-api.service[81718]: DEBUG cinder.api.openstack.wsgi [None req-e17e39a5-c3b5-45c2-84a9-fea73b1fcbb2 tempest-GroupSnapshotsTest-1410706436 tempest-GroupSnapshotsTest-1410706436-project-member] Calling method 'show' {{(pid=81718) _process_stack /opt/stack/cinder/cinder/api/openstack/wsgi.py:876}}
Nov 21 16:37:02 devstack devstack@c-api.service[81718]: INFO cinder.api.openstack.wsgi [None req-e17e39a5-c3b5-45c2-84a9-fea73b1fcbb2 tempest-GroupSnapshotsTest-1410706436 tempest-GroupSnapshotsTest-1410706436-project-member] http://192.168.122.198/volume/v3/snapshots/750aa0e5-692b-4a1a-86d9-21301d2100e3 returned with HTTP 404
Nov 21 16:37:02 devstack devstack@c-api.service[81717]: DEBUG cinder.api.middleware.request_id [None req-6eaf3503-1d96-492e-a05a-e6f1a4ab1065 None None] RequestId filter calling following filter/app {{(pid=81717) _context_setter /opt/stack/cinder/cinder/api/middleware/request_id.py:62}}
Nov 21 16:37:02 devstack devstack@c-api.service[81718]: [pid: 81718|app: 0|req: 58/115] 192.168.122.198 () {62 vars in 1337 bytes} [Fri Nov 21 16:37:02 2025] GET /volume/v3/snapshots/750aa0e5-692b-4a1a-86d9-21301d2100e3 => generated 111 bytes in 20 msecs (HTTP/1.1 404) 7 headers in 292 bytes (1 switches on core 0)
Nov 21 16:37:02 devstack devstack@c-api.service[81717]: INFO cinder.api.openstack.wsgi [None req-6eaf3503-1d96-492e-a05a-e6f1a4ab1065 tempest-GroupSnapshotsTest-1410706436 tempest-GroupSnapshotsTest-1410706436-project-member] GET http://192.168.122.198/volume/v3/group_snapshots/59504ef5-8443-4e4a-8fed-ab577bb73d44
Nov 21 16:37:02 devstack devstack@c-api.service[81717]: DEBUG cinder.api.openstack.wsgi [None req-6eaf3503-1d96-492e-a05a-e6f1a4ab1065 tempest-GroupSnapshotsTest-1410706436 tempest-GroupSnapshotsTest-1410706436-project-member] Empty body provided in request {{(pid=81717) get_body /opt/stack/cinder/cinder/api/openstack/wsgi.py:723}}
Nov 21 16:37:02 devstack devstack@c-api.service[81717]: DEBUG cinder.api.openstack.wsgi [None req-6eaf3503-1d96-492e-a05a-e6f1a4ab1065 tempest-GroupSnapshotsTest-1410706436 tempest-GroupSnapshotsTest-1410706436-project-member] Calling method 'version_select' {{(pid=81717) _process_stack /opt/stack/cinder/cinder/api/openstack/wsgi.py:876}}
Nov 21 16:37:02 devstack devstack@c-api.service[81717]: DEBUG cinder.api.v3.group_snapshots [None req-6eaf3503-1d96-492e-a05a-e6f1a4ab1065 tempest-GroupSnapshotsTest-1410706436 tempest-GroupSnapshotsTest-1410706436-project-member] show called for member 59504ef5-8443-4e4a-8fed-ab577bb73d44 {{(pid=81717) show /opt/stack/cinder/cinder/api/v3/group_snapshots.py:58}}
Nov 21 16:37:02 devstack devstack@c-api.service[81717]: INFO cinder.api.openstack.wsgi [None req-6eaf3503-1d96-492e-a05a-e6f1a4ab1065 tempest-GroupSnapshotsTest-1410706436 tempest-GroupSnapshotsTest-1410706436-project-member] http://192.168.122.198/volume/v3/group_snapshots/59504ef5-8443-4e4a-8fed-ab577bb73d44 returned with HTTP 404
Nov 21 16:37:02 devstack devstack@c-api.service[81718]: DEBUG cinder.api.middleware.request_id [None req-4c3697b6-bb61-4643-8659-762b1cdaa50a None None] RequestId filter calling following filter/app {{(pid=81718) _context_setter /opt/stack/cinder/cinder/api/middleware/request_id.py:62}}
Nov 21 16:37:02 devstack devstack@c-api.service[81718]: INFO cinder.api.openstack.wsgi [None req-4c3697b6-bb61-4643-8659-762b1cdaa50a tempest-GroupSnapshotsTest-1410706436 tempest-GroupSnapshotsTest-1410706436-project-member] GET http://192.168.122.198/volume/v3/volumes/detail
Nov 21 16:37:02 devstack devstack@c-api.service[81718]: DEBUG cinder.api.openstack.wsgi [None req-4c3697b6-bb61-4643-8659-762b1cdaa50a tempest-GroupSnapshotsTest-1410706436 tempest-GroupSnapshotsTest-1410706436-project-member] Empty body provided in request {{(pid=81718) get_body /opt/stack/cinder/cinder/api/openstack/wsgi.py:723}}
Nov 21 16:37:02 devstack devstack@c-api.service[81718]: DEBUG cinder.api.openstack.wsgi [None req-4c3697b6-bb61-4643-8659-762b1cdaa50a tempest-GroupSnapshotsTest-1410706436 tempest-GroupSnapshotsTest-1410706436-project-member] Calling method 'detail' {{(pid=81718) _process_stack /opt/stack/cinder/cinder/api/openstack/wsgi.py:876}}
Nov 21 16:37:02 devstack devstack@c-api.service[81718]: DEBUG cinder.api.api_utils [None req-4c3697b6-bb61-4643-8659-762b1cdaa50a tempest-GroupSnapshotsTest-1410706436 tempest-GroupSnapshotsTest-1410706436-project-member] Removing options '' from query. {{(pid=81718) remove_invalid_filter_options /opt/stack/cinder/cinder/api/api_utils.py:81}}
Nov 21 16:37:02 devstack devstack@c-api.service[81718]: /opt/stack/data/venv/lib/python3.10/site-packages/oslo_context/context.py:101: DeprecationWarning: Policy enforcement is depending on the value of is_admin. This key is deprecated. Please update your policy file to use the standard policy values.
Nov 21 16:37:02 devstack devstack@c-api.service[81718]: warnings.warn(
Nov 21 16:37:02 devstack devstack@c-api.service[81717]: [pid: 81717|app: 0|req: 58/116] 192.168.122.198 () {64 vars in 1396 bytes} [Fri Nov 21 16:37:02 2025] GET /volume/v3/group_snapshots/59504ef5-8443-4e4a-8fed-ab577bb73d44 => generated 116 bytes in 26 msecs (HTTP/1.1 404) 7 headers in 293 bytes (1 switches on core 0)
Nov 21 16:37:02 devstack devstack@c-api.service[81718]: DEBUG cinder.volume.api [None req-4c3697b6-bb61-4643-8659-762b1cdaa50a tempest-GroupSnapshotsTest-1410706436 tempest-GroupSnapshotsTest-1410706436-project-member] Searching by: MultiDict([('no_migration_targets', True)]). {{(pid=81718) get_all /opt/stack/cinder/cinder/volume/api.py:663}}
Nov 21 16:37:02 devstack devstack@c-api.service[81717]: DEBUG cinder.api.middleware.request_id [None req-eff2aca6-c5d7-4185-a211-a2a02475add2 None None] RequestId filter calling following filter/app {{(pid=81717) _context_setter /opt/stack/cinder/cinder/api/middleware/request_id.py:62}}
Nov 21 16:37:02 devstack devstack@c-api.service[81717]: INFO cinder.api.openstack.wsgi [None req-eff2aca6-c5d7-4185-a211-a2a02475add2 None None] GET http://192.168.122.198/volume//
Nov 21 16:37:02 devstack devstack@c-api.service[81717]: DEBUG cinder.api.openstack.wsgi [None req-eff2aca6-c5d7-4185-a211-a2a02475add2 None None] Empty body provided in request {{(pid=81717) get_body /opt/stack/cinder/cinder/api/openstack/wsgi.py:723}}
Nov 21 16:37:02 devstack devstack@c-api.service[81717]: DEBUG cinder.api.openstack.wsgi [None req-eff2aca6-c5d7-4185-a211-a2a02475add2 None None] Calling method 'all' {{(pid=81717) _process_stack /opt/stack/cinder/cinder/api/openstack/wsgi.py:876}}
Nov 21 16:37:02 devstack devstack@c-api.service[81717]: INFO cinder.api.openstack.wsgi [None req-eff2aca6-c5d7-4185-a211-a2a02475add2 None None] http://192.168.122.198/volume// returned with HTTP 300
Nov 21 16:37:02 devstack devstack@c-api.service[81717]: [pid: 81717|app: 0|req: 59/117] 192.168.122.198 () {62 vars in 1413 bytes} [Fri Nov 21 16:37:02 2025] GET /volume/ => generated 390 bytes in 4 msecs (HTTP/1.1 300) 7 headers in 299 bytes (1 switches on core 0)
Nov 21 16:37:02 devstack devstack@c-api.service[81717]: DEBUG cinder.api.middleware.request_id [req-dba59d06-5e2b-4de4-9175-0378b512d4ec req-5a931898-4f62-4adc-98f8-26414ed65f6c None None] RequestId filter calling following filter/app {{(pid=81717) _context_setter /opt/stack/cinder/cinder/api/middleware/request_id.py:62}}
Nov 21 16:37:02 devstack devstack@c-api.service[81717]: INFO cinder.api.openstack.wsgi [req-dba59d06-5e2b-4de4-9175-0378b512d4ec req-5a931898-4f62-4adc-98f8-26414ed65f6c tempest-AttachSCSIVolumeTestJSON-689866350 tempest-AttachSCSIVolumeTestJSON-689866350-project-member] GET http://192.168.122.198/volume/v3/volumes/6a25791b-e114-4e4a-9a78-2b59a0ac74be
Nov 21 16:37:02 devstack devstack@c-api.service[81717]: DEBUG cinder.api.openstack.wsgi [req-dba59d06-5e2b-4de4-9175-0378b512d4ec req-5a931898-4f62-4adc-98f8-26414ed65f6c tempest-AttachSCSIVolumeTestJSON-689866350 tempest-AttachSCSIVolumeTestJSON-689866350-project-member] Empty body provided in request {{(pid=81717) get_body /opt/stack/cinder/cinder/api/openstack/wsgi.py:723}}
Nov 21 16:37:02 devstack devstack@c-api.service[81717]: DEBUG cinder.api.openstack.wsgi [req-dba59d06-5e2b-4de4-9175-0378b512d4ec req-5a931898-4f62-4adc-98f8-26414ed65f6c tempest-AttachSCSIVolumeTestJSON-689866350 tempest-AttachSCSIVolumeTestJSON-689866350-project-member] Calling method 'show' {{(pid=81717) _process_stack /opt/stack/cinder/cinder/api/openstack/wsgi.py:876}}
Nov 21 16:37:02 devstack devstack@c-api.service[81717]: /opt/stack/data/venv/lib/python3.10/site-packages/oslo_context/context.py:101: DeprecationWarning: Policy enforcement is depending on the value of is_admin. This key is deprecated. Please update your policy file to use the standard policy values.
Nov 21 16:37:02 devstack devstack@c-api.service[81717]: warnings.warn(
Nov 21 16:37:03 devstack devstack@c-api.service[81717]: INFO cinder.volume.api [req-dba59d06-5e2b-4de4-9175-0378b512d4ec req-5a931898-4f62-4adc-98f8-26414ed65f6c tempest-AttachSCSIVolumeTestJSON-689866350 tempest-AttachSCSIVolumeTestJSON-689866350-project-member] Volume info retrieved successfully.
Nov 21 16:37:03 devstack devstack@c-api.service[81717]: INFO cinder.api.openstack.wsgi [req-dba59d06-5e2b-4de4-9175-0378b512d4ec req-5a931898-4f62-4adc-98f8-26414ed65f6c tempest-AttachSCSIVolumeTestJSON-689866350 tempest-AttachSCSIVolumeTestJSON-689866350-project-member] http://192.168.122.198/volume/v3/volumes/6a25791b-e114-4e4a-9a78-2b59a0ac74be returned with HTTP 200
Nov 21 16:37:03 devstack devstack@c-api.service[81717]: [pid: 81717|app: 0|req: 60/118] 192.168.122.198 () {66 vars in 1625 bytes} [Fri Nov 21 16:37:02 2025] GET /volume/v3/volumes/6a25791b-e114-4e4a-9a78-2b59a0ac74be => generated 1332 bytes in 55 msecs (HTTP/1.1 200) 7 headers in 287 bytes (1 switches on core 0)
Nov 21 16:37:03 devstack devstack@c-api.service[81717]: DEBUG cinder.api.middleware.request_id [None req-090de1bf-fffa-4d71-9397-838d99e43cda None None] RequestId filter calling following filter/app {{(pid=81717) _context_setter /opt/stack/cinder/cinder/api/middleware/request_id.py:62}}
Nov 21 16:37:03 devstack devstack@c-api.service[81717]: INFO cinder.api.openstack.wsgi [None req-090de1bf-fffa-4d71-9397-838d99e43cda tempest-AttachSCSIVolumeTestJSON-689866350 tempest-AttachSCSIVolumeTestJSON-689866350-project-member] GET http://192.168.122.198/volume/v3/volumes/6a25791b-e114-4e4a-9a78-2b59a0ac74be
Nov 21 16:37:03 devstack devstack@c-api.service[81717]: DEBUG cinder.api.openstack.wsgi [None req-090de1bf-fffa-4d71-9397-838d99e43cda tempest-AttachSCSIVolumeTestJSON-689866350 tempest-AttachSCSIVolumeTestJSON-689866350-project-member] Empty body provided in request {{(pid=81717) get_body /opt/stack/cinder/cinder/api/openstack/wsgi.py:723}}
Nov 21 16:37:03 devstack devstack@c-api.service[81717]: DEBUG cinder.api.openstack.wsgi [None req-090de1bf-fffa-4d71-9397-838d99e43cda tempest-AttachSCSIVolumeTestJSON-689866350 tempest-AttachSCSIVolumeTestJSON-689866350-project-member] Calling method 'show' {{(pid=81717) _process_stack /opt/stack/cinder/cinder/api/openstack/wsgi.py:876}}
Nov 21 16:37:03 devstack devstack@c-api.service[81717]: /opt/stack/data/venv/lib/python3.10/site-packages/oslo_context/context.py:101: DeprecationWarning: Policy enforcement is depending on the value of is_admin. This key is deprecated. Please update your policy file to use the standard policy values.
Nov 21 16:37:03 devstack devstack@c-api.service[81717]: warnings.warn(
Nov 21 16:37:03 devstack devstack@c-api.service[81717]: INFO cinder.volume.api [None req-090de1bf-fffa-4d71-9397-838d99e43cda tempest-AttachSCSIVolumeTestJSON-689866350 tempest-AttachSCSIVolumeTestJSON-689866350-project-member] Volume info retrieved successfully.
Nov 21 16:37:03 devstack devstack@c-api.service[81718]: INFO cinder.volume.api [None req-4c3697b6-bb61-4643-8659-762b1cdaa50a tempest-GroupSnapshotsTest-1410706436 tempest-GroupSnapshotsTest-1410706436-project-member] Get all volumes completed successfully.
Nov 21 16:37:03 devstack devstack@c-api.service[81718]: WARNING stevedore.named [None req-4c3697b6-bb61-4643-8659-762b1cdaa50a tempest-GroupSnapshotsTest-1410706436 tempest-GroupSnapshotsTest-1410706436-project-member] Could not load cinder.keymgr.conf_key_mgr.ConfKeyManager
Nov 21 16:37:03 devstack devstack@c-api.service[81718]: WARNING castellan.key_manager [None req-4c3697b6-bb61-4643-8659-762b1cdaa50a tempest-GroupSnapshotsTest-1410706436 tempest-GroupSnapshotsTest-1410706436-project-member] Deprecation Warning : cinder.keymgr.conf_key_mgr.ConfKeyManager is not a stevedore based driver, trying to load it as a class: stevedore.exception.NoMatches: No 'castellan.drivers' driver found, looking for 'cinder.keymgr.conf_key_mgr.ConfKeyManager'
Nov 21 16:37:03 devstack devstack@c-api.service[81717]: INFO cinder.api.openstack.wsgi [None req-090de1bf-fffa-4d71-9397-838d99e43cda tempest-AttachSCSIVolumeTestJSON-689866350 tempest-AttachSCSIVolumeTestJSON-689866350-project-member] http://192.168.122.198/volume/v3/volumes/6a25791b-e114-4e4a-9a78-2b59a0ac74be returned with HTTP 200
Nov 21 16:37:03 devstack devstack@c-api.service[81717]: [pid: 81717|app: 0|req: 61/119] 192.168.122.198 () {62 vars in 1331 bytes} [Fri Nov 21 16:37:03 2025] GET /volume/v3/volumes/6a25791b-e114-4e4a-9a78-2b59a0ac74be => generated 1151 bytes in 47 msecs (HTTP/1.1 200) 7 headers in 286 bytes (1 switches on core 0)
Nov 21 16:37:03 devstack devstack@c-api.service[81718]: DEBUG oslo_db.sqlalchemy.engines [None req-4c3697b6-bb61-4643-8659-762b1cdaa50a tempest-GroupSnapshotsTest-1410706436 tempest-GroupSnapshotsTest-1410706436-project-member] MySQL server mode set to STRICT_TRANS_TABLES,STRICT_ALL_TABLES,NO_ZERO_IN_DATE,NO_ZERO_DATE,ERROR_FOR_DIVISION_BY_ZERO,TRADITIONAL,NO_ENGINE_SUBSTITUTION {{(pid=81718) _check_effective_sql_mode /opt/stack/data/venv/lib/python3.10/site-packages/oslo_db/sqlalchemy/engines.py:397}}
Nov 21 16:37:03 devstack devstack@c-api.service[81718]: /opt/stack/data/venv/lib/python3.10/site-packages/oslo_context/context.py:101: DeprecationWarning: Policy enforcement is depending on the value of is_admin. This key is deprecated. Please update your policy file to use the standard policy values.
Nov 21 16:37:03 devstack devstack@c-api.service[81718]: warnings.warn(
Nov 21 16:37:03 devstack devstack@c-api.service[81718]: INFO cinder.api.openstack.wsgi [None req-4c3697b6-bb61-4643-8659-762b1cdaa50a tempest-GroupSnapshotsTest-1410706436 tempest-GroupSnapshotsTest-1410706436-project-member] http://192.168.122.198/volume/v3/volumes/detail returned with HTTP 200
Nov 21 16:37:03 devstack devstack@c-api.service[81718]: [pid: 81718|app: 0|req: 59/120] 192.168.122.198 () {64 vars in 1282 bytes} [Fri Nov 21 16:37:02 2025] GET /volume/v3/volumes/detail => generated 927 bytes in 167 msecs (HTTP/1.1 200) 7 headers in 286 bytes (1 switches on core 0)
Nov 21 16:37:03 devstack devstack@c-api.service[81717]: DEBUG cinder.api.middleware.request_id [None req-1527b953-0e0a-4926-b70a-d515f4e59c8a None None] RequestId filter calling following filter/app {{(pid=81717) _context_setter /opt/stack/cinder/cinder/api/middleware/request_id.py:62}}
Nov 21 16:37:03 devstack devstack@c-api.service[81717]: INFO cinder.api.openstack.wsgi [None req-1527b953-0e0a-4926-b70a-d515f4e59c8a tempest-GroupSnapshotsTest-1410706436 tempest-GroupSnapshotsTest-1410706436-project-member] POST http://192.168.122.198/volume/v3/groups/a0bc70de-2918-4035-97c2-150e09cb0a7b/action
Nov 21 16:37:03 devstack devstack@c-api.service[81717]: DEBUG cinder.api.openstack.wsgi [None req-1527b953-0e0a-4926-b70a-d515f4e59c8a tempest-GroupSnapshotsTest-1410706436 tempest-GroupSnapshotsTest-1410706436-project-member] Action body: b'{"delete": {"delete-volumes": true}}' {{(pid=81717) get_method /opt/stack/cinder/cinder/api/openstack/wsgi.py:991}}
Nov 21 16:37:03 devstack devstack@c-api.service[81717]: DEBUG cinder.api.openstack.wsgi [None req-1527b953-0e0a-4926-b70a-d515f4e59c8a tempest-GroupSnapshotsTest-1410706436 tempest-GroupSnapshotsTest-1410706436-project-member] Action: 'action', calling method: delete_group, body: {"delete": {"delete-volumes": true}} {{(pid=81717) _process_stack /opt/stack/cinder/cinder/api/openstack/wsgi.py:874}}
Nov 21 16:37:03 devstack devstack@c-api.service[81717]: DEBUG cinder.api.v3.groups [None req-1527b953-0e0a-4926-b70a-d515f4e59c8a tempest-GroupSnapshotsTest-1410706436 tempest-GroupSnapshotsTest-1410706436-project-member] delete called for group a0bc70de-2918-4035-97c2-150e09cb0a7b {{(pid=81717) _delete /opt/stack/cinder/cinder/api/v3/groups.py:117}}
Nov 21 16:37:03 devstack devstack@c-api.service[81717]: INFO cinder.api.v3.groups [None req-1527b953-0e0a-4926-b70a-d515f4e59c8a tempest-GroupSnapshotsTest-1410706436 tempest-GroupSnapshotsTest-1410706436-project-member] Delete group with id: a0bc70de-2918-4035-97c2-150e09cb0a7b
Nov 21 16:37:03 devstack devstack@c-api.service[81717]: /opt/stack/data/venv/lib/python3.10/site-packages/oslo_context/context.py:101: DeprecationWarning: Policy enforcement is depending on the value of is_admin. This key is deprecated. Please update your policy file to use the standard policy values.
Nov 21 16:37:03 devstack devstack@c-api.service[81717]: warnings.warn(
Nov 21 16:37:03 devstack devstack@c-api.service[81718]: DEBUG cinder.api.middleware.request_id [req-dba59d06-5e2b-4de4-9175-0378b512d4ec req-8ce29855-2cab-47d2-8c22-288ebf8f277e None None] RequestId filter calling following filter/app {{(pid=81718) _context_setter /opt/stack/cinder/cinder/api/middleware/request_id.py:62}}
Nov 21 16:37:03 devstack devstack@c-api.service[81718]: INFO cinder.api.openstack.wsgi [req-dba59d06-5e2b-4de4-9175-0378b512d4ec req-8ce29855-2cab-47d2-8c22-288ebf8f277e tempest-AttachSCSIVolumeTestJSON-689866350 tempest-AttachSCSIVolumeTestJSON-689866350-project-member] DELETE http://192.168.122.198/volume/v3/attachments/cb01c465-4ed4-4f63-a45f-c7020db5f94c
Nov 21 16:37:03 devstack devstack@c-api.service[81718]: DEBUG cinder.api.openstack.wsgi [req-dba59d06-5e2b-4de4-9175-0378b512d4ec req-8ce29855-2cab-47d2-8c22-288ebf8f277e tempest-AttachSCSIVolumeTestJSON-689866350 tempest-AttachSCSIVolumeTestJSON-689866350-project-member] Empty body provided in request {{(pid=81718) get_body /opt/stack/cinder/cinder/api/openstack/wsgi.py:723}}
Nov 21 16:37:03 devstack devstack@c-api.service[81718]: DEBUG cinder.api.openstack.wsgi [req-dba59d06-5e2b-4de4-9175-0378b512d4ec req-8ce29855-2cab-47d2-8c22-288ebf8f277e tempest-AttachSCSIVolumeTestJSON-689866350 tempest-AttachSCSIVolumeTestJSON-689866350-project-member] Calling method 'version_select' {{(pid=81718) _process_stack /opt/stack/cinder/cinder/api/openstack/wsgi.py:876}}
Nov 21 16:37:03 devstack devstack@c-api.service[81717]: INFO cinder.api.openstack.wsgi [None req-1527b953-0e0a-4926-b70a-d515f4e59c8a tempest-GroupSnapshotsTest-1410706436 tempest-GroupSnapshotsTest-1410706436-project-member] http://192.168.122.198/volume/v3/groups/a0bc70de-2918-4035-97c2-150e09cb0a7b/action returned with HTTP 202
Nov 21 16:37:03 devstack devstack@c-api.service[81717]: [pid: 81717|app: 0|req: 62/121] 192.168.122.198 () {66 vars in 1411 bytes} [Fri Nov 21 16:37:03 2025] POST /volume/v3/groups/a0bc70de-2918-4035-97c2-150e09cb0a7b/action => generated 0 bytes in 125 msecs (HTTP/1.1 202) 6 headers in 234 bytes (1 switches on core 0)
Nov 21 16:37:03 devstack devstack@c-api.service[81717]: DEBUG cinder.api.middleware.request_id [None req-f9577ff8-571c-4789-a696-b5b54b1c5c74 None None] RequestId filter calling following filter/app {{(pid=81717) _context_setter /opt/stack/cinder/cinder/api/middleware/request_id.py:62}}
Nov 21 16:37:03 devstack devstack@c-api.service[81717]: INFO cinder.api.openstack.wsgi [None req-f9577ff8-571c-4789-a696-b5b54b1c5c74 tempest-GroupSnapshotsTest-1410706436 tempest-GroupSnapshotsTest-1410706436-project-member] GET http://192.168.122.198/volume/v3/volumes/ed76b133-b988-489b-84a0-be8a5ea2ab4d
Nov 21 16:37:03 devstack devstack@c-api.service[81717]: DEBUG cinder.api.openstack.wsgi [None req-f9577ff8-571c-4789-a696-b5b54b1c5c74 tempest-GroupSnapshotsTest-1410706436 tempest-GroupSnapshotsTest-1410706436-project-member] Empty body provided in request {{(pid=81717) get_body /opt/stack/cinder/cinder/api/openstack/wsgi.py:723}}
Nov 21 16:37:03 devstack devstack@c-api.service[81717]: DEBUG cinder.api.openstack.wsgi [None req-f9577ff8-571c-4789-a696-b5b54b1c5c74 tempest-GroupSnapshotsTest-1410706436 tempest-GroupSnapshotsTest-1410706436-project-member] Calling method 'show' {{(pid=81717) _process_stack /opt/stack/cinder/cinder/api/openstack/wsgi.py:876}}
Nov 21 16:37:03 devstack devstack@c-api.service[81718]: /opt/stack/data/venv/lib/python3.10/site-packages/oslo_context/context.py:101: DeprecationWarning: Policy enforcement is depending on the value of is_admin. This key is deprecated. Please update your policy file to use the standard policy values.
Nov 21 16:37:03 devstack devstack@c-api.service[81718]: warnings.warn(
Nov 21 16:37:03 devstack devstack@c-api.service[81717]: /opt/stack/data/venv/lib/python3.10/site-packages/oslo_context/context.py:101: DeprecationWarning: Policy enforcement is depending on the value of is_admin. This key is deprecated. Please update your policy file to use the standard policy values.
Nov 21 16:37:03 devstack devstack@c-api.service[81717]: warnings.warn(
Nov 21 16:37:03 devstack devstack@c-api.service[81717]: INFO cinder.volume.api [None req-f9577ff8-571c-4789-a696-b5b54b1c5c74 tempest-GroupSnapshotsTest-1410706436 tempest-GroupSnapshotsTest-1410706436-project-member] Volume info retrieved successfully.
Nov 21 16:37:03 devstack devstack@c-api.service[81717]: WARNING stevedore.named [None req-f9577ff8-571c-4789-a696-b5b54b1c5c74 tempest-GroupSnapshotsTest-1410706436 tempest-GroupSnapshotsTest-1410706436-project-member] Could not load cinder.keymgr.conf_key_mgr.ConfKeyManager
Nov 21 16:37:03 devstack devstack@c-api.service[81717]: WARNING castellan.key_manager [None req-f9577ff8-571c-4789-a696-b5b54b1c5c74 tempest-GroupSnapshotsTest-1410706436 tempest-GroupSnapshotsTest-1410706436-project-member] Deprecation Warning : cinder.keymgr.conf_key_mgr.ConfKeyManager is not a stevedore based driver, trying to load it as a class: stevedore.exception.NoMatches: No 'castellan.drivers' driver found, looking for 'cinder.keymgr.conf_key_mgr.ConfKeyManager'
Nov 21 16:37:03 devstack devstack@c-api.service[81717]: DEBUG oslo_db.sqlalchemy.engines [None req-f9577ff8-571c-4789-a696-b5b54b1c5c74 tempest-GroupSnapshotsTest-1410706436 tempest-GroupSnapshotsTest-1410706436-project-member] MySQL server mode set to STRICT_TRANS_TABLES,STRICT_ALL_TABLES,NO_ZERO_IN_DATE,NO_ZERO_DATE,ERROR_FOR_DIVISION_BY_ZERO,TRADITIONAL,NO_ENGINE_SUBSTITUTION {{(pid=81717) _check_effective_sql_mode /opt/stack/data/venv/lib/python3.10/site-packages/oslo_db/sqlalchemy/engines.py:397}}
Nov 21 16:37:03 devstack devstack@c-api.service[81717]: /opt/stack/data/venv/lib/python3.10/site-packages/oslo_context/context.py:101: DeprecationWarning: Policy enforcement is depending on the value of is_admin. This key is deprecated. Please update your policy file to use the standard policy values.
Nov 21 16:37:03 devstack devstack@c-api.service[81717]: warnings.warn(
Nov 21 16:37:03 devstack devstack@c-api.service[81717]: INFO cinder.api.openstack.wsgi [None req-f9577ff8-571c-4789-a696-b5b54b1c5c74 tempest-GroupSnapshotsTest-1410706436 tempest-GroupSnapshotsTest-1410706436-project-member] http://192.168.122.198/volume/v3/volumes/ed76b133-b988-489b-84a0-be8a5ea2ab4d returned with HTTP 200
Nov 21 16:37:03 devstack devstack@c-api.service[81717]: [pid: 81717|app: 0|req: 63/122] 192.168.122.198 () {64 vars in 1372 bytes} [Fri Nov 21 16:37:03 2025] GET /volume/v3/volumes/ed76b133-b988-489b-84a0-be8a5ea2ab4d => generated 923 bytes in 109 msecs (HTTP/1.1 200) 7 headers in 286 bytes (1 switches on core 0)
Nov 21 16:37:03 devstack devstack@c-api.service[81717]: DEBUG cinder.api.middleware.request_id [None req-35c6ae3b-7adb-482a-b26f-5d01bb1b96d0 None None] RequestId filter calling following filter/app {{(pid=81717) _context_setter /opt/stack/cinder/cinder/api/middleware/request_id.py:62}}
Nov 21 16:37:03 devstack devstack@c-api.service[81717]: INFO cinder.api.openstack.wsgi [None req-35c6ae3b-7adb-482a-b26f-5d01bb1b96d0 None None] GET http://192.168.122.198/volume//
Nov 21 16:37:03 devstack devstack@c-api.service[81717]: DEBUG cinder.api.openstack.wsgi [None req-35c6ae3b-7adb-482a-b26f-5d01bb1b96d0 None None] Empty body provided in request {{(pid=81717) get_body /opt/stack/cinder/cinder/api/openstack/wsgi.py:723}}
Nov 21 16:37:03 devstack devstack@c-api.service[81717]: DEBUG cinder.api.openstack.wsgi [None req-35c6ae3b-7adb-482a-b26f-5d01bb1b96d0 None None] Calling method 'all' {{(pid=81717) _process_stack /opt/stack/cinder/cinder/api/openstack/wsgi.py:876}}
Nov 21 16:37:03 devstack devstack@c-api.service[81717]: INFO cinder.api.openstack.wsgi [None req-35c6ae3b-7adb-482a-b26f-5d01bb1b96d0 None None] http://192.168.122.198/volume// returned with HTTP 300
Nov 21 16:37:03 devstack devstack@c-api.service[81717]: [pid: 81717|app: 0|req: 64/123] 192.168.122.198 () {62 vars in 1413 bytes} [Fri Nov 21 16:37:03 2025] GET /volume/ => generated 390 bytes in 20 msecs (HTTP/1.1 300) 7 headers in 299 bytes (1 switches on core 0)
Nov 21 16:37:03 devstack devstack@c-api.service[81717]: DEBUG cinder.api.middleware.request_id [req-78c4463c-3884-45fb-a2e1-6bcf621c4087 req-baf48aae-297e-4e89-b0ca-43998a30d1a4 None None] RequestId filter calling following filter/app {{(pid=81717) _context_setter /opt/stack/cinder/cinder/api/middleware/request_id.py:62}}
Nov 21 16:37:03 devstack devstack@c-api.service[81717]: INFO cinder.api.openstack.wsgi [req-78c4463c-3884-45fb-a2e1-6bcf621c4087 req-baf48aae-297e-4e89-b0ca-43998a30d1a4 tempest-VolumesAssistedSnapshotsTest-694062759 tempest-VolumesAssistedSnapshotsTest-694062759-project-admin] GET http://192.168.122.198/volume/v3/volumes/3b6f7782-1660-4a65-9fc9-47a4af3bbafa
Nov 21 16:37:03 devstack devstack@c-api.service[81717]: DEBUG cinder.api.openstack.wsgi [req-78c4463c-3884-45fb-a2e1-6bcf621c4087 req-baf48aae-297e-4e89-b0ca-43998a30d1a4 tempest-VolumesAssistedSnapshotsTest-694062759 tempest-VolumesAssistedSnapshotsTest-694062759-project-admin] Empty body provided in request {{(pid=81717) get_body /opt/stack/cinder/cinder/api/openstack/wsgi.py:723}}
Nov 21 16:37:03 devstack devstack@c-api.service[81717]: DEBUG cinder.api.openstack.wsgi [req-78c4463c-3884-45fb-a2e1-6bcf621c4087 req-baf48aae-297e-4e89-b0ca-43998a30d1a4 tempest-VolumesAssistedSnapshotsTest-694062759 tempest-VolumesAssistedSnapshotsTest-694062759-project-admin] Calling method 'show' {{(pid=81717) _process_stack /opt/stack/cinder/cinder/api/openstack/wsgi.py:876}}
