Jun 19 13:45:09 devstack cinder-volume[93523]: DEBUG cinder.volume.manager [None req-021f935c-e8e7-4c72-865c-bd508f4b532d tempest-GroupSnapshotsTest-113993773 None] Task 'cinder.volume.flows.manager.create_volume.NotifyVolumeActionTask;volume:create, create.start' (416de100-7f0f-4119-9eb1-83c5e3a76c41) transitioned into state 'SUCCESS' from state 'RUNNING' with result 'None' {{(pid=93523) _task_receiver /opt/stack/data/venv/lib/python3.12/site-packages/taskflow/listeners/logging.py:218}}
Jun 19 13:45:09 devstack cinder-volume[93523]: DEBUG cinder.volume.manager [None req-021f935c-e8e7-4c72-865c-bd508f4b532d tempest-GroupSnapshotsTest-113993773 None] Task 'cinder.volume.flows.manager.create_volume.CreateVolumeFromSpecTask;volume:create' (62eafb5d-4098-4b15-bd46-5f618e1f7bad) transitioned into state 'RUNNING' from state 'PENDING' {{(pid=93523) _task_receiver /opt/stack/data/venv/lib/python3.12/site-packages/taskflow/listeners/logging.py:242}}
Jun 19 13:45:09 devstack cinder-volume[93523]: INFO cinder.volume.flows.manager.create_volume [None req-021f935c-e8e7-4c72-865c-bd508f4b532d tempest-GroupSnapshotsTest-113993773 None] Volume 654364ba-1abb-417a-b31c-d3f8b5fbfeca: being created as raw with specification: {'status': 'creating', 'volume_name': 'volume-654364ba-1abb-417a-b31c-d3f8b5fbfeca', 'volume_size': 1}
Jun 19 13:45:09 devstack cinder-volume[93523]: DEBUG oslo_concurrency.lockutils [None req-021f935c-e8e7-4c72-865c-bd508f4b532d tempest-GroupSnapshotsTest-113993773 None] Acquiring lock "quobyte" by "cinder.volume.drivers.quobyte.QuobyteDriver.create_volume" {{(pid=93523) inner /opt/stack/data/venv/lib/python3.12/site-packages/oslo_concurrency/lockutils.py:511}}
Jun 19 13:45:09 devstack cinder-volume[93523]: DEBUG oslo_concurrency.lockutils [None req-021f935c-e8e7-4c72-865c-bd508f4b532d tempest-GroupSnapshotsTest-113993773 None] Lock "quobyte" acquired by "cinder.volume.drivers.quobyte.QuobyteDriver.create_volume" :: waited 0.000s {{(pid=93523) inner /opt/stack/data/venv/lib/python3.12/site-packages/oslo_concurrency/lockutils.py:524}}
Jun 19 13:45:09 devstack cinder-volume[93523]: DEBUG cinder.volume.drivers.quobyte [None req-021f935c-e8e7-4c72-865c-bd508f4b532d tempest-GroupSnapshotsTest-113993773 None] ==> create_volume: call "{'self': , 'volume': Volume(_name_id=None,admin_metadata=,attach_status='detached',availability_zone='nova',bootable=False,cluster=,cluster_name=None,consistencygroup=,consistencygroup_id=c6c04f3f-62e2-452a-9c56-b7d398078bc0,created_at=2026-06-19T11:45:09Z,deleted=False,deleted_at=None,display_description=None,display_name='tempest-volume-43696485',ec2_id=None,encryption_key_id=None,glance_metadata=,group=,group_id=c6c04f3f-62e2-452a-9c56-b7d398078bc0,host='devstack@QuobyteHD#QuobyteHD',id=654364ba-1abb-417a-b31c-d3f8b5fbfeca,launched_at=None,metadata={},migration_status=None,multiattach=False,previous_status=None,project_id='b08b405ef32b4e5e9748f6257e56ca82',provider_auth=None,provider_geometry=None,provider_id=None,provider_location=None,replication_driver_data=None,replication_extended_status=None,replication_status=None,scheduled_at=2026-06-19T11:45:09Z,service_uuid=None,shared_targets=True,size=1,snapshot_id=None,snapshots=,source_volid=None,status='creating',terminated_at=None,updated_at=2026-06-19T11:45:09Z,use_quota=True,user_id='4e6720d405dd413fa7e16250c78367c8',volume_attachment=VolumeAttachmentList,volume_type=VolumeType(43eeef5d-15a6-4799-b129-e5a0a7067ca8),volume_type_id=43eeef5d-15a6-4799-b129-e5a0a7067ca8)}" {{(pid=93523) trace_logging_wrapper /opt/stack/cinder/cinder/volume/volume_utils.py:1497}}
Jun 19 13:45:09 devstack cinder-volume[93523]: DEBUG cinder.volume.drivers.remotefs [None req-021f935c-e8e7-4c72-865c-bd508f4b532d tempest-GroupSnapshotsTest-113993773 None] Creating volume 654364ba-1abb-417a-b31c-d3f8b5fbfeca {{(pid=93523) create_volume /opt/stack/cinder/cinder/volume/drivers/remotefs.py:292}}
Jun 19 13:45:09 devstack cinder-volume[93523]: DEBUG oslo_concurrency.lockutils [None req-021f935c-e8e7-4c72-865c-bd508f4b532d tempest-GroupSnapshotsTest-113993773 None] Acquiring lock "quobyte_ensure" by "cinder.volume.drivers.quobyte.QuobyteDriver._ensure_shares_mounted" {{(pid=93523) inner /opt/stack/data/venv/lib/python3.12/site-packages/oslo_concurrency/lockutils.py:511}}
Jun 19 13:45:09 devstack cinder-volume[93523]: DEBUG oslo_concurrency.lockutils [None req-021f935c-e8e7-4c72-865c-bd508f4b532d tempest-GroupSnapshotsTest-113993773 None] Lock "quobyte_ensure" acquired by "cinder.volume.drivers.quobyte.QuobyteDriver._ensure_shares_mounted" :: waited 0.000s {{(pid=93523) inner /opt/stack/data/venv/lib/python3.12/site-packages/oslo_concurrency/lockutils.py:524}}
Jun 19 13:45:09 devstack cinder-volume[93523]: DEBUG cinder.volume.drivers.quobyte [None req-021f935c-e8e7-4c72-865c-bd508f4b532d tempest-GroupSnapshotsTest-113993773 None] Quobyte Volume URL set to: {'osci02.corp.quobyte.com/cinder-vol-f023a17e-5528-4e57-98ae-43dcd06481e4': None} {{(pid=93523) _load_shares_config /opt/stack/cinder/cinder/volume/drivers/quobyte.py:617}}
Jun 19 13:45:09 devstack cinder-volume[93523]: DEBUG cinder.volume.drivers.quobyte [None req-021f935c-e8e7-4c72-865c-bd508f4b532d tempest-GroupSnapshotsTest-113993773 None] Available shares ['osci02.corp.quobyte.com/cinder-vol-f023a17e-5528-4e57-98ae-43dcd06481e4'] {{(pid=93523) _ensure_shares_mounted /opt/stack/cinder/cinder/volume/drivers/quobyte.py:647}}
Jun 19 13:45:09 devstack cinder-volume[93523]: DEBUG oslo_concurrency.lockutils [None req-021f935c-e8e7-4c72-865c-bd508f4b532d tempest-GroupSnapshotsTest-113993773 None] Lock "quobyte_ensure" "released" by "cinder.volume.drivers.quobyte.QuobyteDriver._ensure_shares_mounted" :: held 0.009s {{(pid=93523) inner /opt/stack/data/venv/lib/python3.12/site-packages/oslo_concurrency/lockutils.py:543}}
Jun 19 13:45:09 devstack cinder-volume[93523]: DEBUG cinder.volume.drivers.quobyte [None req-021f935c-e8e7-4c72-865c-bd508f4b532d tempest-GroupSnapshotsTest-113993773 None] Selected osci02.corp.quobyte.com/cinder-vol-f023a17e-5528-4e57-98ae-43dcd06481e4 as target Quobyte volume. {{(pid=93523) _find_share /opt/stack/cinder/cinder/volume/drivers/quobyte.py:668}}
Jun 19 13:45:09 devstack cinder-volume[93523]: INFO cinder.volume.drivers.remotefs [None req-021f935c-e8e7-4c72-865c-bd508f4b532d tempest-GroupSnapshotsTest-113993773 None] casted to osci02.corp.quobyte.com/cinder-vol-f023a17e-5528-4e57-98ae-43dcd06481e4
Jun 19 13:45:09 devstack cinder-volume[93523]: DEBUG oslo_concurrency.processutils [None req-021f935c-e8e7-4c72-865c-bd508f4b532d tempest-GroupSnapshotsTest-113993773 None] Running cmd (subprocess): sudo cinder-rootwrap /etc/cinder/rootwrap.conf qemu-img create -f qcow2 -o preallocation=metadata /opt/stack/data/cinder/mnt/c46b1bae8f9b70df2712275554377de8/volume-654364ba-1abb-417a-b31c-d3f8b5fbfeca 1073741824 {{(pid=93523) execute /opt/stack/data/venv/lib/python3.12/site-packages/oslo_concurrency/processutils.py:440}}
Jun 19 13:45:09 devstack sudo[97589]: quobyte : PWD=/ ; USER=root ; COMMAND=/opt/stack/data/venv/bin/cinder-rootwrap /etc/cinder/rootwrap.conf qemu-img create -f qcow2 -o preallocation=metadata /opt/stack/data/cinder/mnt/c46b1bae8f9b70df2712275554377de8/volume-654364ba-1abb-417a-b31c-d3f8b5fbfeca 1073741824
Jun 19 13:45:09 devstack sudo[97589]: pam_unix(sudo:session): session opened for user root(uid=0) by (uid=1000)
Jun 19 13:45:10 devstack sudo[97589]: pam_unix(sudo:session): session closed for user root
Jun 19 13:45:10 devstack cinder-volume[93523]: DEBUG oslo_concurrency.processutils [None req-021f935c-e8e7-4c72-865c-bd508f4b532d tempest-GroupSnapshotsTest-113993773 None] CMD "sudo cinder-rootwrap /etc/cinder/rootwrap.conf qemu-img create -f qcow2 -o preallocation=metadata /opt/stack/data/cinder/mnt/c46b1bae8f9b70df2712275554377de8/volume-654364ba-1abb-417a-b31c-d3f8b5fbfeca 1073741824" returned: 0 in 1.110s {{(pid=93523) execute /opt/stack/data/venv/lib/python3.12/site-packages/oslo_concurrency/processutils.py:468}}
Jun 19 13:45:10 devstack cinder-volume[93523]: DEBUG oslo_concurrency.processutils [None req-021f935c-e8e7-4c72-865c-bd508f4b532d tempest-GroupSnapshotsTest-113993773 None] Running cmd (subprocess): sudo cinder-rootwrap /etc/cinder/rootwrap.conf chmod ugo+rw /opt/stack/data/cinder/mnt/c46b1bae8f9b70df2712275554377de8/volume-654364ba-1abb-417a-b31c-d3f8b5fbfeca {{(pid=93523) execute /opt/stack/data/venv/lib/python3.12/site-packages/oslo_concurrency/processutils.py:440}}
Jun 19 13:45:10 devstack sudo[97596]: quobyte : PWD=/ ; USER=root ; COMMAND=/opt/stack/data/venv/bin/cinder-rootwrap /etc/cinder/rootwrap.conf chmod ugo+rw /opt/stack/data/cinder/mnt/c46b1bae8f9b70df2712275554377de8/volume-654364ba-1abb-417a-b31c-d3f8b5fbfeca
Jun 19 13:45:10 devstack sudo[97596]: pam_unix(sudo:session): session opened for user root(uid=0) by (uid=1000)
Jun 19 13:45:10 devstack cinder-volume[93523]: DEBUG oslo_concurrency.lockutils [req-da69274d-bb9a-4fdb-a83d-da58f595bc63 req-76aac17c-2dda-4ba1-944e-6e07fafffc15 tempest-TaggedAttachmentsTest-1383424019 None] Acquiring lock "quobyte" by "cinder.volume.drivers.quobyte.QuobyteDriver.initialize_connection" {{(pid=93523) inner /opt/stack/data/venv/lib/python3.12/site-packages/oslo_concurrency/lockutils.py:511}}
Jun 19 13:45:10 devstack sudo[97596]: pam_unix(sudo:session): session closed for user root
Jun 19 13:45:10 devstack cinder-volume[93523]: DEBUG oslo_concurrency.processutils [None req-021f935c-e8e7-4c72-865c-bd508f4b532d tempest-GroupSnapshotsTest-113993773 None] CMD "sudo cinder-rootwrap /etc/cinder/rootwrap.conf chmod ugo+rw /opt/stack/data/cinder/mnt/c46b1bae8f9b70df2712275554377de8/volume-654364ba-1abb-417a-b31c-d3f8b5fbfeca" returned: 0 in 0.702s {{(pid=93523) execute /opt/stack/data/venv/lib/python3.12/site-packages/oslo_concurrency/processutils.py:468}}
Jun 19 13:45:10 devstack cinder-volume[93523]: DEBUG cinder.volume.drivers.quobyte [None req-021f935c-e8e7-4c72-865c-bd508f4b532d tempest-GroupSnapshotsTest-113993773 None] <== create_volume: return (1878ms) {'provider_location': 'osci02.corp.quobyte.com/cinder-vol-f023a17e-5528-4e57-98ae-43dcd06481e4'} {{(pid=93523) trace_logging_wrapper /opt/stack/cinder/cinder/volume/volume_utils.py:1522}}
Jun 19 13:45:10 devstack cinder-volume[93523]: DEBUG oslo_concurrency.lockutils [None req-021f935c-e8e7-4c72-865c-bd508f4b532d tempest-GroupSnapshotsTest-113993773 None] Lock "quobyte" "released" by "cinder.volume.drivers.quobyte.QuobyteDriver.create_volume" :: held 1.881s {{(pid=93523) inner /opt/stack/data/venv/lib/python3.12/site-packages/oslo_concurrency/lockutils.py:543}}
Jun 19 13:45:10 devstack cinder-volume[93523]: DEBUG oslo_concurrency.lockutils [req-da69274d-bb9a-4fdb-a83d-da58f595bc63 req-76aac17c-2dda-4ba1-944e-6e07fafffc15 tempest-TaggedAttachmentsTest-1383424019 None] Lock "quobyte" acquired by "cinder.volume.drivers.quobyte.QuobyteDriver.initialize_connection" :: waited 0.377s {{(pid=93523) inner /opt/stack/data/venv/lib/python3.12/site-packages/oslo_concurrency/lockutils.py:524}}
Jun 19 13:45:10 devstack cinder-volume[93523]: DEBUG cinder.volume.manager [None req-021f935c-e8e7-4c72-865c-bd508f4b532d tempest-GroupSnapshotsTest-113993773 None] Task 'cinder.volume.flows.manager.create_volume.CreateVolumeFromSpecTask;volume:create' (62eafb5d-4098-4b15-bd46-5f618e1f7bad) transitioned into state 'SUCCESS' from state 'RUNNING' with result '{'status': 'creating', 'volume_name': 'volume-654364ba-1abb-417a-b31c-d3f8b5fbfeca', 'volume_size': 1}' {{(pid=93523) _task_receiver /opt/stack/data/venv/lib/python3.12/site-packages/taskflow/listeners/logging.py:218}}
Jun 19 13:45:10 devstack cinder-volume[93523]: DEBUG cinder.volume.manager [None req-021f935c-e8e7-4c72-865c-bd508f4b532d tempest-GroupSnapshotsTest-113993773 None] Task 'cinder.volume.flows.manager.create_volume.CreateVolumeOnFinishTask;volume:create, create.end' (42d3d1ae-69c6-4ee9-a2fc-33ef25e5864c) transitioned into state 'RUNNING' from state 'PENDING' {{(pid=93523) _task_receiver /opt/stack/data/venv/lib/python3.12/site-packages/taskflow/listeners/logging.py:242}}
Jun 19 13:45:10 devstack cinder-volume[93523]: DEBUG oslo.privsep.daemon [-] privsep: reply[c1aaf022-1079-472f-976a-19ccfffcd0bb]: (4, 'qcow2') {{(pid=94891) _call_back /opt/stack/data/venv/lib/python3.12/site-packages/oslo_privsep/daemon.py:580}}
Jun 19 13:45:10 devstack cinder-volume[93523]: DEBUG oslo_concurrency.processutils [req-da69274d-bb9a-4fdb-a83d-da58f595bc63 req-76aac17c-2dda-4ba1-944e-6e07fafffc15 tempest-TaggedAttachmentsTest-1383424019 None] Running cmd (subprocess): /opt/stack/data/venv/bin/python3.12 -m oslo_concurrency.prlimit --as=1073741824 --cpu=60 -- sudo cinder-rootwrap /etc/cinder/rootwrap.conf env LC_ALL=C qemu-img info -f qcow2 --output=json --force-share /opt/stack/data/cinder/mnt/c46b1bae8f9b70df2712275554377de8/volume-6bf79362-ba0a-46d2-8a27-552a6302caa1 {{(pid=93523) execute /opt/stack/data/venv/lib/python3.12/site-packages/oslo_concurrency/processutils.py:440}}
Jun 19 13:45:10 devstack cinder-volume[93523]: INFO cinder.volume.flows.manager.create_volume [None req-021f935c-e8e7-4c72-865c-bd508f4b532d tempest-GroupSnapshotsTest-113993773 None] Volume volume-654364ba-1abb-417a-b31c-d3f8b5fbfeca (654364ba-1abb-417a-b31c-d3f8b5fbfeca): created successfully
Jun 19 13:45:10 devstack cinder-volume[93523]: DEBUG cinder.volume.manager [None req-021f935c-e8e7-4c72-865c-bd508f4b532d tempest-GroupSnapshotsTest-113993773 None] Task 'cinder.volume.flows.manager.create_volume.CreateVolumeOnFinishTask;volume:create, create.end' (42d3d1ae-69c6-4ee9-a2fc-33ef25e5864c) transitioned into state 'SUCCESS' from state 'RUNNING' with result 'None' {{(pid=93523) _task_receiver /opt/stack/data/venv/lib/python3.12/site-packages/taskflow/listeners/logging.py:218}}
Jun 19 13:45:10 devstack cinder-volume[93523]: DEBUG cinder.volume.manager [None req-021f935c-e8e7-4c72-865c-bd508f4b532d tempest-GroupSnapshotsTest-113993773 None] Flow 'volume_create_manager' (22001a89-43cc-43be-8299-da103ac3dabf) transitioned into state 'SUCCESS' from state 'RUNNING' {{(pid=93523) _flow_receiver /opt/stack/data/venv/lib/python3.12/site-packages/taskflow/listeners/logging.py:160}}
Jun 19 13:45:11 devstack cinder-volume[93523]: INFO cinder.volume.manager [None req-021f935c-e8e7-4c72-865c-bd508f4b532d tempest-GroupSnapshotsTest-113993773 None] Created volume successfully.
Jun 19 13:45:11 devstack sudo[97607]: quobyte : PWD=/ ; USER=root ; COMMAND=/opt/stack/data/venv/bin/cinder-rootwrap /etc/cinder/rootwrap.conf env LC_ALL=C qemu-img info -f qcow2 --output=json --force-share /opt/stack/data/cinder/mnt/c46b1bae8f9b70df2712275554377de8/volume-6bf79362-ba0a-46d2-8a27-552a6302caa1
Jun 19 13:45:11 devstack sudo[97607]: pam_unix(sudo:session): session opened for user root(uid=0) by (uid=1000)
Jun 19 13:45:11 devstack cinder-volume[93523]: INFO cinder.volume.manager [None req-0f64abcf-abe5-4eb3-936d-474a3b40c66f tempest-GroupSnapshotsTest-113993773 None] GroupSnapshot 29da7edf-40ec-4529-9de6-5f75ca51c592: creating.
Jun 19 13:45:11 devstack cinder-volume[93523]: DEBUG cinder.volume.manager [None req-0f64abcf-abe5-4eb3-936d-474a3b40c66f tempest-GroupSnapshotsTest-113993773 None] Group snapshot 29da7edf-40ec-4529-9de6-5f75ca51c592: creating. {{(pid=93523) create_group_snapshot /opt/stack/cinder/cinder/volume/manager.py:4175}}
Jun 19 13:45:11 devstack cinder-volume[93523]: DEBUG oslo_concurrency.lockutils [None req-0f64abcf-abe5-4eb3-936d-474a3b40c66f tempest-GroupSnapshotsTest-113993773 None] Acquiring lock "quobyte" by "cinder.volume.drivers.quobyte.QuobyteDriver.create_snapshot" {{(pid=93523) inner /opt/stack/data/venv/lib/python3.12/site-packages/oslo_concurrency/lockutils.py:511}}
Jun 19 13:45:11 devstack sudo[97607]: pam_unix(sudo:session): session closed for user root
Jun 19 13:45:12 devstack cinder-volume[93523]: DEBUG oslo_concurrency.processutils [req-da69274d-bb9a-4fdb-a83d-da58f595bc63 req-76aac17c-2dda-4ba1-944e-6e07fafffc15 tempest-TaggedAttachmentsTest-1383424019 None] CMD "/opt/stack/data/venv/bin/python3.12 -m oslo_concurrency.prlimit --as=1073741824 --cpu=60 -- sudo cinder-rootwrap /etc/cinder/rootwrap.conf env LC_ALL=C qemu-img info -f qcow2 --output=json --force-share /opt/stack/data/cinder/mnt/c46b1bae8f9b70df2712275554377de8/volume-6bf79362-ba0a-46d2-8a27-552a6302caa1" returned: 0 in 1.040s {{(pid=93523) execute /opt/stack/data/venv/lib/python3.12/site-packages/oslo_concurrency/processutils.py:468}}
Jun 19 13:45:12 devstack cinder-volume[93523]: DEBUG oslo_concurrency.lockutils [req-da69274d-bb9a-4fdb-a83d-da58f595bc63 req-76aac17c-2dda-4ba1-944e-6e07fafffc15 tempest-TaggedAttachmentsTest-1383424019 None] Lock "quobyte" "released" by "cinder.volume.drivers.quobyte.QuobyteDriver.initialize_connection" :: held 1.068s {{(pid=93523) inner /opt/stack/data/venv/lib/python3.12/site-packages/oslo_concurrency/lockutils.py:543}}
Jun 19 13:45:12 devstack cinder-volume[93523]: DEBUG oslo_concurrency.lockutils [None req-0f64abcf-abe5-4eb3-936d-474a3b40c66f tempest-GroupSnapshotsTest-113993773 None] Lock "quobyte" acquired by "cinder.volume.drivers.quobyte.QuobyteDriver.create_snapshot" :: waited 0.204s {{(pid=93523) inner /opt/stack/data/venv/lib/python3.12/site-packages/oslo_concurrency/lockutils.py:524}}
Jun 19 13:45:12 devstack cinder-volume[93523]: DEBUG cinder.volume.drivers.remotefs [None req-0f64abcf-abe5-4eb3-936d-474a3b40c66f tempest-GroupSnapshotsTest-113993773 None] Creating offline snapshot 5da007ef-553d-4b39-90ac-4b767d85a28c of volume 654364ba-1abb-417a-b31c-d3f8b5fbfeca {{(pid=93523) _create_snapshot /opt/stack/cinder/cinder/volume/drivers/remotefs.py:1816}}
Jun 19 13:45:12 devstack cinder-volume[93523]: DEBUG cinder.volume.manager [req-da69274d-bb9a-4fdb-a83d-da58f595bc63 req-76aac17c-2dda-4ba1-944e-6e07fafffc15 tempest-TaggedAttachmentsTest-1383424019 None] Connection info returned from driver {'export': 'osci02.corp.quobyte.com/cinder-vol-f023a17e-5528-4e57-98ae-43dcd06481e4', 'name': 'volume-6bf79362-ba0a-46d2-8a27-552a6302caa1', 'options': None, 'format': 'qcow2', 'qos_specs': None, 'access_mode': 'rw', 'encrypted': False, 'cacheable': False, 'driver_volume_type': 'quobyte', 'mount_point_base': '/opt/stack/data/cinder/mnt', 'attachment_id': 'cb0a70ab-f2a2-4528-ae09-16541d046dff', 'enforce_multipath': True} {{(pid=93523) _connection_create /opt/stack/cinder/cinder/volume/manager.py:4924}}
Jun 19 13:45:12 devstack cinder-volume[93523]: DEBUG oslo.privsep.daemon [-] privsep: reply[1ebc8f7c-4bba-4651-812e-528ebf23a3cb]: (4, 'qcow2') {{(pid=94891) _call_back /opt/stack/data/venv/lib/python3.12/site-packages/oslo_privsep/daemon.py:580}}
Jun 19 13:45:12 devstack cinder-volume[93523]: DEBUG oslo_concurrency.processutils [None req-0f64abcf-abe5-4eb3-936d-474a3b40c66f tempest-GroupSnapshotsTest-113993773 None] Running cmd (subprocess): /opt/stack/data/venv/bin/python3.12 -m oslo_concurrency.prlimit --as=1073741824 --cpu=60 -- sudo cinder-rootwrap /etc/cinder/rootwrap.conf env LC_ALL=C qemu-img info -f qcow2 --output=json --force-share /opt/stack/data/cinder/mnt/c46b1bae8f9b70df2712275554377de8/volume-654364ba-1abb-417a-b31c-d3f8b5fbfeca {{(pid=93523) execute /opt/stack/data/venv/lib/python3.12/site-packages/oslo_concurrency/processutils.py:440}}
Jun 19 13:45:12 devstack cinder-volume[93523]: INFO cinder.volume.manager [req-da69274d-bb9a-4fdb-a83d-da58f595bc63 req-76aac17c-2dda-4ba1-944e-6e07fafffc15 tempest-TaggedAttachmentsTest-1383424019 None] attachment_update completed successfully.
Jun 19 13:45:12 devstack sudo[97618]: quobyte : PWD=/ ; USER=root ; COMMAND=/opt/stack/data/venv/bin/cinder-rootwrap /etc/cinder/rootwrap.conf env LC_ALL=C qemu-img info -f qcow2 --output=json --force-share /opt/stack/data/cinder/mnt/c46b1bae8f9b70df2712275554377de8/volume-654364ba-1abb-417a-b31c-d3f8b5fbfeca
Jun 19 13:45:12 devstack sudo[97618]: pam_unix(sudo:session): session opened for user root(uid=0) by (uid=1000)
Jun 19 13:45:13 devstack sudo[97618]: pam_unix(sudo:session): session closed for user root
Jun 19 13:45:13 devstack cinder-volume[93523]: DEBUG oslo_concurrency.processutils [None req-0f64abcf-abe5-4eb3-936d-474a3b40c66f tempest-GroupSnapshotsTest-113993773 None] CMD "/opt/stack/data/venv/bin/python3.12 -m oslo_concurrency.prlimit --as=1073741824 --cpu=60 -- sudo cinder-rootwrap /etc/cinder/rootwrap.conf env LC_ALL=C qemu-img info -f qcow2 --output=json --force-share /opt/stack/data/cinder/mnt/c46b1bae8f9b70df2712275554377de8/volume-654364ba-1abb-417a-b31c-d3f8b5fbfeca" returned: 0 in 1.055s {{(pid=93523) execute /opt/stack/data/venv/lib/python3.12/site-packages/oslo_concurrency/processutils.py:468}}
Jun 19 13:45:13 devstack cinder-volume[93523]: DEBUG oslo_concurrency.processutils [None req-0f64abcf-abe5-4eb3-936d-474a3b40c66f tempest-GroupSnapshotsTest-113993773 None] Running cmd (subprocess): sudo cinder-rootwrap /etc/cinder/rootwrap.conf qemu-img create -f qcow2 -o backing_file=/opt/stack/data/cinder/mnt/c46b1bae8f9b70df2712275554377de8/volume-654364ba-1abb-417a-b31c-d3f8b5fbfeca,backing_fmt=qcow2 /opt/stack/data/cinder/mnt/c46b1bae8f9b70df2712275554377de8/volume-654364ba-1abb-417a-b31c-d3f8b5fbfeca.5da007ef-553d-4b39-90ac-4b767d85a28c 1G {{(pid=93523) execute /opt/stack/data/venv/lib/python3.12/site-packages/oslo_concurrency/processutils.py:440}}
Jun 19 13:45:13 devstack sudo[97690]: quobyte : PWD=/ ; USER=root ; COMMAND=/opt/stack/data/venv/bin/cinder-rootwrap /etc/cinder/rootwrap.conf qemu-img create -f qcow2 -o backing_file=/opt/stack/data/cinder/mnt/c46b1bae8f9b70df2712275554377de8/volume-654364ba-1abb-417a-b31c-d3f8b5fbfeca,backing_fmt=qcow2 /opt/stack/data/cinder/mnt/c46b1bae8f9b70df2712275554377de8/volume-654364ba-1abb-417a-b31c-d3f8b5fbfeca.5da007ef-553d-4b39-90ac-4b767d85a28c 1G
Jun 19 13:45:13 devstack sudo[97690]: pam_unix(sudo:session): session opened for user root(uid=0) by (uid=1000)
Jun 19 13:45:14 devstack sudo[97690]: pam_unix(sudo:session): session closed for user root
Jun 19 13:45:14 devstack cinder-volume[93523]: DEBUG oslo_concurrency.processutils [None req-0f64abcf-abe5-4eb3-936d-474a3b40c66f tempest-GroupSnapshotsTest-113993773 None] CMD "sudo cinder-rootwrap /etc/cinder/rootwrap.conf qemu-img create -f qcow2 -o backing_file=/opt/stack/data/cinder/mnt/c46b1bae8f9b70df2712275554377de8/volume-654364ba-1abb-417a-b31c-d3f8b5fbfeca,backing_fmt=qcow2 /opt/stack/data/cinder/mnt/c46b1bae8f9b70df2712275554377de8/volume-654364ba-1abb-417a-b31c-d3f8b5fbfeca.5da007ef-553d-4b39-90ac-4b767d85a28c 1G" returned: 0 in 1.120s {{(pid=93523) execute /opt/stack/data/venv/lib/python3.12/site-packages/oslo_concurrency/processutils.py:468}}
Jun 19 13:45:14 devstack cinder-volume[93523]: DEBUG oslo_concurrency.processutils [None req-0f64abcf-abe5-4eb3-936d-474a3b40c66f tempest-GroupSnapshotsTest-113993773 None] Running cmd (subprocess): sudo cinder-rootwrap /etc/cinder/rootwrap.conf qemu-img rebase -u -b volume-654364ba-1abb-417a-b31c-d3f8b5fbfeca -F qcow2 /opt/stack/data/cinder/mnt/c46b1bae8f9b70df2712275554377de8/volume-654364ba-1abb-417a-b31c-d3f8b5fbfeca.5da007ef-553d-4b39-90ac-4b767d85a28c {{(pid=93523) execute /opt/stack/data/venv/lib/python3.12/site-packages/oslo_concurrency/processutils.py:440}}
Jun 19 13:45:14 devstack sudo[98015]: quobyte : PWD=/ ; USER=root ; COMMAND=/opt/stack/data/venv/bin/cinder-rootwrap /etc/cinder/rootwrap.conf qemu-img rebase -u -b volume-654364ba-1abb-417a-b31c-d3f8b5fbfeca -F qcow2 /opt/stack/data/cinder/mnt/c46b1bae8f9b70df2712275554377de8/volume-654364ba-1abb-417a-b31c-d3f8b5fbfeca.5da007ef-553d-4b39-90ac-4b767d85a28c
Jun 19 13:45:14 devstack sudo[98015]: pam_unix(sudo:session): session opened for user root(uid=0) by (uid=1000)
Jun 19 13:45:15 devstack sudo[98015]: pam_unix(sudo:session): session closed for user root
Jun 19 13:45:15 devstack cinder-volume[93523]: DEBUG oslo_concurrency.processutils [None req-0f64abcf-abe5-4eb3-936d-474a3b40c66f tempest-GroupSnapshotsTest-113993773 None] CMD "sudo cinder-rootwrap /etc/cinder/rootwrap.conf qemu-img rebase -u -b volume-654364ba-1abb-417a-b31c-d3f8b5fbfeca -F qcow2 /opt/stack/data/cinder/mnt/c46b1bae8f9b70df2712275554377de8/volume-654364ba-1abb-417a-b31c-d3f8b5fbfeca.5da007ef-553d-4b39-90ac-4b767d85a28c" returned: 0 in 0.947s {{(pid=93523) execute /opt/stack/data/venv/lib/python3.12/site-packages/oslo_concurrency/processutils.py:468}}
Jun 19 13:45:15 devstack cinder-volume[93523]: WARNING cinder.volume.drivers.remotefs [None req-0f64abcf-abe5-4eb3-936d-474a3b40c66f tempest-GroupSnapshotsTest-113993773 None] /opt/stack/data/cinder/mnt/c46b1bae8f9b70df2712275554377de8/volume-654364ba-1abb-417a-b31c-d3f8b5fbfeca.5da007ef-553d-4b39-90ac-4b767d85a28c is being set with open permissions: ugo+rw: NotImplementedError
Jun 19 13:45:15 devstack cinder-volume[93523]: DEBUG oslo_concurrency.processutils [None req-0f64abcf-abe5-4eb3-936d-474a3b40c66f tempest-GroupSnapshotsTest-113993773 None] Running cmd (subprocess): sudo cinder-rootwrap /etc/cinder/rootwrap.conf chmod ugo+rw /opt/stack/data/cinder/mnt/c46b1bae8f9b70df2712275554377de8/volume-654364ba-1abb-417a-b31c-d3f8b5fbfeca.5da007ef-553d-4b39-90ac-4b767d85a28c {{(pid=93523) execute /opt/stack/data/venv/lib/python3.12/site-packages/oslo_concurrency/processutils.py:440}}
Jun 19 13:45:15 devstack sudo[98024]: quobyte : PWD=/ ; USER=root ; COMMAND=/opt/stack/data/venv/bin/cinder-rootwrap /etc/cinder/rootwrap.conf chmod ugo+rw /opt/stack/data/cinder/mnt/c46b1bae8f9b70df2712275554377de8/volume-654364ba-1abb-417a-b31c-d3f8b5fbfeca.5da007ef-553d-4b39-90ac-4b767d85a28c
Jun 19 13:45:15 devstack sudo[98024]: pam_unix(sudo:session): session opened for user root(uid=0) by (uid=1000)
Jun 19 13:45:16 devstack sudo[98024]: pam_unix(sudo:session): session closed for user root
Jun 19 13:45:16 devstack cinder-volume[93523]: DEBUG oslo_concurrency.processutils [None req-0f64abcf-abe5-4eb3-936d-474a3b40c66f tempest-GroupSnapshotsTest-113993773 None] CMD "sudo cinder-rootwrap /etc/cinder/rootwrap.conf chmod ugo+rw /opt/stack/data/cinder/mnt/c46b1bae8f9b70df2712275554377de8/volume-654364ba-1abb-417a-b31c-d3f8b5fbfeca.5da007ef-553d-4b39-90ac-4b767d85a28c" returned: 0 in 0.973s {{(pid=93523) execute /opt/stack/data/venv/lib/python3.12/site-packages/oslo_concurrency/processutils.py:468}}
Jun 19 13:45:16 devstack cinder-volume[93523]: DEBUG oslo_concurrency.processutils [None req-0f64abcf-abe5-4eb3-936d-474a3b40c66f tempest-GroupSnapshotsTest-113993773 None] Running cmd (subprocess): sudo cinder-rootwrap /etc/cinder/rootwrap.conf truncate -s0 /opt/stack/data/cinder/mnt/c46b1bae8f9b70df2712275554377de8/volume-654364ba-1abb-417a-b31c-d3f8b5fbfeca.info {{(pid=93523) execute /opt/stack/data/venv/lib/python3.12/site-packages/oslo_concurrency/processutils.py:440}}
Jun 19 13:45:16 devstack sudo[98042]: quobyte : PWD=/ ; USER=root ; COMMAND=/opt/stack/data/venv/bin/cinder-rootwrap /etc/cinder/rootwrap.conf truncate -s0 /opt/stack/data/cinder/mnt/c46b1bae8f9b70df2712275554377de8/volume-654364ba-1abb-417a-b31c-d3f8b5fbfeca.info
Jun 19 13:45:16 devstack sudo[98042]: pam_unix(sudo:session): session opened for user root(uid=0) by (uid=1000)
Jun 19 13:45:17 devstack sudo[98042]: pam_unix(sudo:session): session closed for user root
Jun 19 13:45:17 devstack cinder-volume[93523]: DEBUG oslo_concurrency.processutils [None req-0f64abcf-abe5-4eb3-936d-474a3b40c66f tempest-GroupSnapshotsTest-113993773 None] CMD "sudo cinder-rootwrap /etc/cinder/rootwrap.conf truncate -s0 /opt/stack/data/cinder/mnt/c46b1bae8f9b70df2712275554377de8/volume-654364ba-1abb-417a-b31c-d3f8b5fbfeca.info" returned: 0 in 0.792s {{(pid=93523) execute /opt/stack/data/venv/lib/python3.12/site-packages/oslo_concurrency/processutils.py:468}}
Jun 19 13:45:17 devstack cinder-volume[93523]: WARNING cinder.volume.drivers.remotefs [None req-0f64abcf-abe5-4eb3-936d-474a3b40c66f tempest-GroupSnapshotsTest-113993773 None] /opt/stack/data/cinder/mnt/c46b1bae8f9b70df2712275554377de8/volume-654364ba-1abb-417a-b31c-d3f8b5fbfeca.info is being set with open permissions: ugo+rw: NotImplementedError
Jun 19 13:45:17 devstack cinder-volume[93523]: DEBUG oslo_concurrency.processutils [None req-0f64abcf-abe5-4eb3-936d-474a3b40c66f tempest-GroupSnapshotsTest-113993773 None] Running cmd (subprocess): sudo cinder-rootwrap /etc/cinder/rootwrap.conf chmod ugo+rw /opt/stack/data/cinder/mnt/c46b1bae8f9b70df2712275554377de8/volume-654364ba-1abb-417a-b31c-d3f8b5fbfeca.info {{(pid=93523) execute /opt/stack/data/venv/lib/python3.12/site-packages/oslo_concurrency/processutils.py:440}}
Jun 19 13:45:17 devstack sudo[98048]: quobyte : PWD=/ ; USER=root ; COMMAND=/opt/stack/data/venv/bin/cinder-rootwrap /etc/cinder/rootwrap.conf chmod ugo+rw /opt/stack/data/cinder/mnt/c46b1bae8f9b70df2712275554377de8/volume-654364ba-1abb-417a-b31c-d3f8b5fbfeca.info
Jun 19 13:45:17 devstack sudo[98048]: pam_unix(sudo:session): session opened for user root(uid=0) by (uid=1000)
Jun 19 13:45:17 devstack sudo[98048]: pam_unix(sudo:session): session closed for user root
Jun 19 13:45:17 devstack cinder-volume[93523]: DEBUG oslo_concurrency.processutils [None req-0f64abcf-abe5-4eb3-936d-474a3b40c66f tempest-GroupSnapshotsTest-113993773 None] CMD "sudo cinder-rootwrap /etc/cinder/rootwrap.conf chmod ugo+rw /opt/stack/data/cinder/mnt/c46b1bae8f9b70df2712275554377de8/volume-654364ba-1abb-417a-b31c-d3f8b5fbfeca.info" returned: 0 in 0.881s {{(pid=93523) execute /opt/stack/data/venv/lib/python3.12/site-packages/oslo_concurrency/processutils.py:468}}
Jun 19 13:45:17 devstack cinder-volume[93523]: DEBUG oslo_concurrency.lockutils [None req-0f64abcf-abe5-4eb3-936d-474a3b40c66f tempest-GroupSnapshotsTest-113993773 None] Lock "quobyte" "released" by "cinder.volume.drivers.quobyte.QuobyteDriver.create_snapshot" :: held 5.905s {{(pid=93523) inner /opt/stack/data/venv/lib/python3.12/site-packages/oslo_concurrency/lockutils.py:543}}
Jun 19 13:45:18 devstack cinder-volume[93523]: INFO cinder.volume.manager [None req-0f64abcf-abe5-4eb3-936d-474a3b40c66f tempest-GroupSnapshotsTest-113993773 None] group_snapshot 29da7edf-40ec-4529-9de6-5f75ca51c592: created successfully
Jun 19 13:45:19 devstack cinder-volume[93523]: DEBUG oslo_concurrency.lockutils [None req-927a8fb2-b54b-48cb-bdaf-c56ddab87b9d tempest-GroupSnapshotsTest-113993773 None] Acquiring lock "quobyte" by "cinder.volume.drivers.quobyte.QuobyteDriver.create_volume_from_snapshot" {{(pid=93523) inner /opt/stack/data/venv/lib/python3.12/site-packages/oslo_concurrency/lockutils.py:511}}
Jun 19 13:45:19 devstack cinder-volume[93523]: DEBUG oslo_concurrency.lockutils [None req-927a8fb2-b54b-48cb-bdaf-c56ddab87b9d tempest-GroupSnapshotsTest-113993773 None] Lock "quobyte" acquired by "cinder.volume.drivers.quobyte.QuobyteDriver.create_volume_from_snapshot" :: waited 0.001s {{(pid=93523) inner /opt/stack/data/venv/lib/python3.12/site-packages/oslo_concurrency/lockutils.py:524}}
Jun 19 13:45:19 devstack cinder-volume[93523]: DEBUG cinder.coordination [None req-927a8fb2-b54b-48cb-bdaf-c56ddab87b9d tempest-GroupSnapshotsTest-113993773 None] Acquiring lock "cinder-quobyte-5da007ef-553d-4b39-90ac-4b767d85a28c-9a7fe64a-9018-4430-b4b5-b45ad8ba57c2" by "_create_volume_from_snapshot" {{(pid=93523) __acquire /opt/stack/cinder/cinder/coordination.py:138}}
Jun 19 13:45:19 devstack cinder-volume[93523]: DEBUG cinder.coordination [None req-927a8fb2-b54b-48cb-bdaf-c56ddab87b9d tempest-GroupSnapshotsTest-113993773 None] Lock "cinder-quobyte-5da007ef-553d-4b39-90ac-4b767d85a28c-9a7fe64a-9018-4430-b4b5-b45ad8ba57c2" acquired by "_create_volume_from_snapshot" :: waited 0.032s {{(pid=93523) __acquire /opt/stack/cinder/cinder/coordination.py:141}}
Jun 19 13:45:19 devstack cinder-volume[93523]: DEBUG cinder.volume.drivers.quobyte [None req-927a8fb2-b54b-48cb-bdaf-c56ddab87b9d tempest-GroupSnapshotsTest-113993773 None] Creating volume 9a7fe64a-9018-4430-b4b5-b45ad8ba57c2 from snapshot 5da007ef-553d-4b39-90ac-4b767d85a28c {{(pid=93523) _create_volume_from_snapshot /opt/stack/cinder/cinder/volume/drivers/quobyte.py:356}}
Jun 19 13:45:19 devstack cinder-volume[93523]: DEBUG oslo_concurrency.lockutils [None req-927a8fb2-b54b-48cb-bdaf-c56ddab87b9d tempest-GroupSnapshotsTest-113993773 None] Acquiring lock "quobyte_ensure" by "cinder.volume.drivers.quobyte.QuobyteDriver._ensure_shares_mounted" {{(pid=93523) inner /opt/stack/data/venv/lib/python3.12/site-packages/oslo_concurrency/lockutils.py:511}}
Jun 19 13:45:19 devstack cinder-volume[93523]: DEBUG oslo_concurrency.lockutils [None req-927a8fb2-b54b-48cb-bdaf-c56ddab87b9d tempest-GroupSnapshotsTest-113993773 None] Lock "quobyte_ensure" acquired by "cinder.volume.drivers.quobyte.QuobyteDriver._ensure_shares_mounted" :: waited 0.000s {{(pid=93523) inner /opt/stack/data/venv/lib/python3.12/site-packages/oslo_concurrency/lockutils.py:524}}
Jun 19 13:45:19 devstack cinder-volume[93523]: DEBUG cinder.volume.drivers.quobyte [None req-927a8fb2-b54b-48cb-bdaf-c56ddab87b9d tempest-GroupSnapshotsTest-113993773 None] Quobyte Volume URL set to: {'osci02.corp.quobyte.com/cinder-vol-f023a17e-5528-4e57-98ae-43dcd06481e4': None} {{(pid=93523) _load_shares_config /opt/stack/cinder/cinder/volume/drivers/quobyte.py:617}}
Jun 19 13:45:19 devstack cinder-volume[93523]: DEBUG cinder.volume.drivers.quobyte [None req-927a8fb2-b54b-48cb-bdaf-c56ddab87b9d tempest-GroupSnapshotsTest-113993773 None] Available shares ['osci02.corp.quobyte.com/cinder-vol-f023a17e-5528-4e57-98ae-43dcd06481e4'] {{(pid=93523) _ensure_shares_mounted /opt/stack/cinder/cinder/volume/drivers/quobyte.py:647}}
Jun 19 13:45:19 devstack cinder-volume[93523]: DEBUG oslo_concurrency.lockutils [None req-927a8fb2-b54b-48cb-bdaf-c56ddab87b9d tempest-GroupSnapshotsTest-113993773 None] Lock "quobyte_ensure" "released" by "cinder.volume.drivers.quobyte.QuobyteDriver._ensure_shares_mounted" :: held 0.015s {{(pid=93523) inner /opt/stack/data/venv/lib/python3.12/site-packages/oslo_concurrency/lockutils.py:543}}
Jun 19 13:45:19 devstack cinder-volume[93523]: DEBUG cinder.volume.drivers.quobyte [None req-927a8fb2-b54b-48cb-bdaf-c56ddab87b9d tempest-GroupSnapshotsTest-113993773 None] Selected osci02.corp.quobyte.com/cinder-vol-f023a17e-5528-4e57-98ae-43dcd06481e4 as target Quobyte volume. {{(pid=93523) _find_share /opt/stack/cinder/cinder/volume/drivers/quobyte.py:668}}
Jun 19 13:45:19 devstack cinder-volume[93523]: DEBUG cinder.coordination [None req-927a8fb2-b54b-48cb-bdaf-c56ddab87b9d tempest-GroupSnapshotsTest-113993773 None] Acquiring lock "cinder-quobyte-9a7fe64a-9018-4430-b4b5-b45ad8ba57c2" by "_copy_volume_from_snapshot" {{(pid=93523) __acquire /opt/stack/cinder/cinder/coordination.py:138}}
Jun 19 13:45:19 devstack cinder-volume[93523]: DEBUG cinder.coordination [None req-927a8fb2-b54b-48cb-bdaf-c56ddab87b9d tempest-GroupSnapshotsTest-113993773 None] Lock "cinder-quobyte-9a7fe64a-9018-4430-b4b5-b45ad8ba57c2" acquired by "_copy_volume_from_snapshot" :: waited 0.027s {{(pid=93523) __acquire /opt/stack/cinder/cinder/coordination.py:141}}
Jun 19 13:45:19 devstack cinder-volume[93523]: DEBUG cinder.volume.drivers.quobyte [None req-927a8fb2-b54b-48cb-bdaf-c56ddab87b9d tempest-GroupSnapshotsTest-113993773 None] snapshot: 5da007ef-553d-4b39-90ac-4b767d85a28c, volume: 9a7fe64a-9018-4430-b4b5-b45ad8ba57c2, {{(pid=93523) _copy_volume_from_snapshot /opt/stack/cinder/cinder/volume/drivers/quobyte.py:401}}
Jun 19 13:45:19 devstack cinder-volume[93523]: DEBUG oslo_concurrency.lockutils [None req-927a8fb2-b54b-48cb-bdaf-c56ddab87b9d tempest-GroupSnapshotsTest-113993773 None] Acquiring lock "quobyte_ensure" by "cinder.volume.drivers.quobyte.QuobyteDriver._ensure_shares_mounted" {{(pid=93523) inner /opt/stack/data/venv/lib/python3.12/site-packages/oslo_concurrency/lockutils.py:511}}
Jun 19 13:45:19 devstack cinder-volume[93523]: DEBUG oslo_concurrency.lockutils [None req-927a8fb2-b54b-48cb-bdaf-c56ddab87b9d tempest-GroupSnapshotsTest-113993773 None] Lock "quobyte_ensure" acquired by "cinder.volume.drivers.quobyte.QuobyteDriver._ensure_shares_mounted" :: waited 0.001s {{(pid=93523) inner /opt/stack/data/venv/lib/python3.12/site-packages/oslo_concurrency/lockutils.py:524}}
Jun 19 13:45:19 devstack cinder-volume[93523]: DEBUG cinder.volume.drivers.quobyte [None req-927a8fb2-b54b-48cb-bdaf-c56ddab87b9d tempest-GroupSnapshotsTest-113993773 None] Quobyte Volume URL set to: {'osci02.corp.quobyte.com/cinder-vol-f023a17e-5528-4e57-98ae-43dcd06481e4': None} {{(pid=93523) _load_shares_config /opt/stack/cinder/cinder/volume/drivers/quobyte.py:617}}
Jun 19 13:45:19 devstack cinder-volume[93523]: DEBUG cinder.volume.drivers.quobyte [None req-927a8fb2-b54b-48cb-bdaf-c56ddab87b9d tempest-GroupSnapshotsTest-113993773 None] Available shares ['osci02.corp.quobyte.com/cinder-vol-f023a17e-5528-4e57-98ae-43dcd06481e4'] {{(pid=93523) _ensure_shares_mounted /opt/stack/cinder/cinder/volume/drivers/quobyte.py:647}}
Jun 19 13:45:19 devstack cinder-volume[93523]: DEBUG oslo_concurrency.lockutils [None req-927a8fb2-b54b-48cb-bdaf-c56ddab87b9d tempest-GroupSnapshotsTest-113993773 None] Lock "quobyte_ensure" "released" by "cinder.volume.drivers.quobyte.QuobyteDriver._ensure_shares_mounted" :: held 0.015s {{(pid=93523) inner /opt/stack/data/venv/lib/python3.12/site-packages/oslo_concurrency/lockutils.py:543}}
Jun 19 13:45:19 devstack cinder-volume[93523]: DEBUG oslo.privsep.daemon [-] privsep: reply[0006a42a-8441-46bf-ba1b-da1a10f40a40]: (4, 'qcow2') {{(pid=94891) _call_back /opt/stack/data/venv/lib/python3.12/site-packages/oslo_privsep/daemon.py:580}}
Jun 19 13:45:19 devstack cinder-volume[93523]: DEBUG oslo_concurrency.processutils [None req-927a8fb2-b54b-48cb-bdaf-c56ddab87b9d tempest-GroupSnapshotsTest-113993773 None] Running cmd (subprocess): /opt/stack/data/venv/bin/python3.12 -m oslo_concurrency.prlimit --as=1073741824 --cpu=60 -- sudo cinder-rootwrap /etc/cinder/rootwrap.conf env LC_ALL=C qemu-img info -f qcow2 --output=json --force-share /opt/stack/data/cinder/mnt/c46b1bae8f9b70df2712275554377de8/volume-654364ba-1abb-417a-b31c-d3f8b5fbfeca.5da007ef-553d-4b39-90ac-4b767d85a28c {{(pid=93523) execute /opt/stack/data/venv/lib/python3.12/site-packages/oslo_concurrency/processutils.py:440}}
Jun 19 13:45:20 devstack cinder-volume[93523]: INFO cinder.volume.manager [req-b5f15acf-4db4-4bf6-954c-f4f3a08a3dfd req-8e80e63d-3157-491d-bf78-af2a682b02f8 tempest-TaggedAttachmentsTest-1383424019 None] Terminate volume connection completed successfully.
Jun 19 13:45:20 devstack sudo[98078]: quobyte : PWD=/ ; USER=root ; COMMAND=/opt/stack/data/venv/bin/cinder-rootwrap /etc/cinder/rootwrap.conf env LC_ALL=C qemu-img info -f qcow2 --output=json --force-share /opt/stack/data/cinder/mnt/c46b1bae8f9b70df2712275554377de8/volume-654364ba-1abb-417a-b31c-d3f8b5fbfeca.5da007ef-553d-4b39-90ac-4b767d85a28c
Jun 19 13:45:20 devstack sudo[98078]: pam_unix(sudo:session): session opened for user root(uid=0) by (uid=1000)
Jun 19 13:45:20 devstack cinder-volume[93523]: DEBUG cinder.volume.manager [req-b5f15acf-4db4-4bf6-954c-f4f3a08a3dfd req-8e80e63d-3157-491d-bf78-af2a682b02f8 tempest-TaggedAttachmentsTest-1383424019 None] Deleting attachment cb0a70ab-f2a2-4528-ae09-16541d046dff. {{(pid=93523) attachment_delete /opt/stack/cinder/cinder/volume/manager.py:5055}}
Jun 19 13:45:20 devstack sudo[98078]: pam_unix(sudo:session): session closed for user root
Jun 19 13:45:20 devstack cinder-volume[93523]: DEBUG oslo_concurrency.processutils [None req-927a8fb2-b54b-48cb-bdaf-c56ddab87b9d tempest-GroupSnapshotsTest-113993773 None] CMD "/opt/stack/data/venv/bin/python3.12 -m oslo_concurrency.prlimit --as=1073741824 --cpu=60 -- sudo cinder-rootwrap /etc/cinder/rootwrap.conf env LC_ALL=C qemu-img info -f qcow2 --output=json --force-share /opt/stack/data/cinder/mnt/c46b1bae8f9b70df2712275554377de8/volume-654364ba-1abb-417a-b31c-d3f8b5fbfeca.5da007ef-553d-4b39-90ac-4b767d85a28c" returned: 0 in 0.982s {{(pid=93523) execute /opt/stack/data/venv/lib/python3.12/site-packages/oslo_concurrency/processutils.py:468}}
Jun 19 13:45:20 devstack cinder-volume[93523]: DEBUG cinder.volume.drivers.remotefs [None req-927a8fb2-b54b-48cb-bdaf-c56ddab87b9d tempest-GroupSnapshotsTest-113993773 None] Fetching qemu-img info with special backing_file_template: (/opt/stack/data/cinder/mnt/[0-9a-f]+/)?(volume-654364ba-1abb-417a-b31c-d3f8b5fbfeca(.(tmp-snap-)?[0-9a-f-]+)?|volume_from_snapshot_cache/(tmp-snap-)?[0-9a-f-]+(.(child-|parent-)[0-9a-f-]+)?)$ {{(pid=93523) _qemu_img_info_base /opt/stack/cinder/cinder/volume/drivers/remotefs.py:896}}
Jun 19 13:45:20 devstack cinder-volume[93523]: DEBUG cinder.volume.drivers.quobyte [None req-927a8fb2-b54b-48cb-bdaf-c56ddab87b9d tempest-GroupSnapshotsTest-113993773 None] will copy from snapshot at /opt/stack/data/cinder/mnt/c46b1bae8f9b70df2712275554377de8/volume-654364ba-1abb-417a-b31c-d3f8b5fbfeca {{(pid=93523) _copy_volume_from_snapshot /opt/stack/cinder/cinder/volume/drivers/quobyte.py:420}}
Jun 19 13:45:20 devstack cinder-volume[93523]: DEBUG cinder.volume.drivers.quobyte [None req-927a8fb2-b54b-48cb-bdaf-c56ddab87b9d tempest-GroupSnapshotsTest-113993773 None] Creating direct copy from snapshot {{(pid=93523) _copy_volume_from_snapshot /opt/stack/cinder/cinder/volume/drivers/quobyte.py:428}}
Jun 19 13:45:20 devstack cinder-volume[93523]: DEBUG oslo.privsep.daemon [-] privsep: reply[5cb8cb81-ae67-4ab5-8bc6-73b373b3a05d]: (4, 'qcow2') {{(pid=94891) _call_back /opt/stack/data/venv/lib/python3.12/site-packages/oslo_privsep/daemon.py:580}}
Jun 19 13:45:20 devstack cinder-volume[93523]: DEBUG oslo_concurrency.processutils [None req-927a8fb2-b54b-48cb-bdaf-c56ddab87b9d tempest-GroupSnapshotsTest-113993773 None] Running cmd (subprocess): /opt/stack/data/venv/bin/python3.12 -m oslo_concurrency.prlimit --as=1073741824 --cpu=60 -- sudo cinder-rootwrap /etc/cinder/rootwrap.conf env LC_ALL=C qemu-img info -f qcow2 --output=json /opt/stack/data/cinder/mnt/c46b1bae8f9b70df2712275554377de8/volume-654364ba-1abb-417a-b31c-d3f8b5fbfeca {{(pid=93523) execute /opt/stack/data/venv/lib/python3.12/site-packages/oslo_concurrency/processutils.py:440}}
Jun 19 13:45:21 devstack sudo[98111]: quobyte : PWD=/ ; USER=root ; COMMAND=/opt/stack/data/venv/bin/cinder-rootwrap /etc/cinder/rootwrap.conf env LC_ALL=C qemu-img info -f qcow2 --output=json /opt/stack/data/cinder/mnt/c46b1bae8f9b70df2712275554377de8/volume-654364ba-1abb-417a-b31c-d3f8b5fbfeca
Jun 19 13:45:21 devstack sudo[98111]: pam_unix(sudo:session): session opened for user root(uid=0) by (uid=1000)
Jun 19 13:45:21 devstack sudo[98111]: pam_unix(sudo:session): session closed for user root
Jun 19 13:45:21 devstack cinder-volume[93523]: DEBUG oslo_concurrency.processutils [None req-927a8fb2-b54b-48cb-bdaf-c56ddab87b9d tempest-GroupSnapshotsTest-113993773 None] CMD "/opt/stack/data/venv/bin/python3.12 -m oslo_concurrency.prlimit --as=1073741824 --cpu=60 -- sudo cinder-rootwrap /etc/cinder/rootwrap.conf env LC_ALL=C qemu-img info -f qcow2 --output=json /opt/stack/data/cinder/mnt/c46b1bae8f9b70df2712275554377de8/volume-654364ba-1abb-417a-b31c-d3f8b5fbfeca" returned: 0 in 0.924s {{(pid=93523) execute /opt/stack/data/venv/lib/python3.12/site-packages/oslo_concurrency/processutils.py:468}}
Jun 19 13:45:21 devstack cinder-volume[93523]: DEBUG cinder.utils [None req-927a8fb2-b54b-48cb-bdaf-c56ddab87b9d tempest-GroupSnapshotsTest-113993773 None] Path /opt/stack/data/cinder/mnt/c46b1bae8f9b70df2712275554377de8/volume-9a7fe64a-9018-4430-b4b5-b45ad8ba57c2 not found in is_blk_device check {{(pid=93523) is_blk_device /opt/stack/cinder/cinder/utils.py:615}}
Jun 19 13:45:21 devstack cinder-volume[93523]: DEBUG oslo_concurrency.processutils [None req-927a8fb2-b54b-48cb-bdaf-c56ddab87b9d tempest-GroupSnapshotsTest-113993773 None] Running cmd (subprocess): sudo cinder-rootwrap /etc/cinder/rootwrap.conf qemu-img convert -O qcow2 /opt/stack/data/cinder/mnt/c46b1bae8f9b70df2712275554377de8/volume-654364ba-1abb-417a-b31c-d3f8b5fbfeca /opt/stack/data/cinder/mnt/c46b1bae8f9b70df2712275554377de8/volume-9a7fe64a-9018-4430-b4b5-b45ad8ba57c2 {{(pid=93523) execute /opt/stack/data/venv/lib/python3.12/site-packages/oslo_concurrency/processutils.py:440}}
Jun 19 13:45:21 devstack sudo[98121]: quobyte : PWD=/ ; USER=root ; COMMAND=/opt/stack/data/venv/bin/cinder-rootwrap /etc/cinder/rootwrap.conf qemu-img convert -O qcow2 /opt/stack/data/cinder/mnt/c46b1bae8f9b70df2712275554377de8/volume-654364ba-1abb-417a-b31c-d3f8b5fbfeca /opt/stack/data/cinder/mnt/c46b1bae8f9b70df2712275554377de8/volume-9a7fe64a-9018-4430-b4b5-b45ad8ba57c2
Jun 19 13:45:21 devstack sudo[98121]: pam_unix(sudo:session): session opened for user root(uid=0) by (uid=1000)
Jun 19 13:45:30 devstack cinder-volume[93523]: DEBUG dbcounter [-] [93523] Writing DB stats cinder:SELECT=51,cinder:INSERT=9,cinder:UPDATE=44,cinder:DELETE=2 {{(pid=93523) stat_writer /opt/stack/data/venv/lib/python3.12/site-packages/dbcounter.py:115}}
Jun 19 13:45:30 devstack cinder-volume[93523]: DEBUG dbcounter [-] [93523] Writing DB stats cinder:SELECT=41,cinder:UPDATE=40,cinder:INSERT=11,cinder:DELETE=4 {{(pid=93523) stat_writer /opt/stack/data/venv/lib/python3.12/site-packages/dbcounter.py:115}}
Jun 19 13:45:30 devstack sudo[98121]: pam_unix(sudo:session): session closed for user root
Jun 19 13:45:30 devstack cinder-volume[93523]: DEBUG oslo_concurrency.processutils [None req-927a8fb2-b54b-48cb-bdaf-c56ddab87b9d tempest-GroupSnapshotsTest-113993773 None] CMD "sudo cinder-rootwrap /etc/cinder/rootwrap.conf qemu-img convert -O qcow2 /opt/stack/data/cinder/mnt/c46b1bae8f9b70df2712275554377de8/volume-654364ba-1abb-417a-b31c-d3f8b5fbfeca /opt/stack/data/cinder/mnt/c46b1bae8f9b70df2712275554377de8/volume-9a7fe64a-9018-4430-b4b5-b45ad8ba57c2" returned: 0 in 9.022s {{(pid=93523) execute /opt/stack/data/venv/lib/python3.12/site-packages/oslo_concurrency/processutils.py:468}}
Jun 19 13:45:30 devstack cinder-volume[93523]: DEBUG oslo.privsep.daemon [-] privsep: reply[4cec50a0-ee56-460e-8c23-15a54c752081]: (4, 'qcow2') {{(pid=94891) _call_back /opt/stack/data/venv/lib/python3.12/site-packages/oslo_privsep/daemon.py:580}}
Jun 19 13:45:30 devstack cinder-volume[93523]: DEBUG oslo_concurrency.processutils [None req-927a8fb2-b54b-48cb-bdaf-c56ddab87b9d tempest-GroupSnapshotsTest-113993773 None] Running cmd (subprocess): /opt/stack/data/venv/bin/python3.12 -m oslo_concurrency.prlimit --as=1073741824 --cpu=60 -- sudo cinder-rootwrap /etc/cinder/rootwrap.conf env LC_ALL=C qemu-img info -f qcow2 --output=json /opt/stack/data/cinder/mnt/c46b1bae8f9b70df2712275554377de8/volume-654364ba-1abb-417a-b31c-d3f8b5fbfeca {{(pid=93523) execute /opt/stack/data/venv/lib/python3.12/site-packages/oslo_concurrency/processutils.py:440}}
Jun 19 13:45:31 devstack sudo[98341]: quobyte : PWD=/ ; USER=root ; COMMAND=/opt/stack/data/venv/bin/cinder-rootwrap /etc/cinder/rootwrap.conf env LC_ALL=C qemu-img info -f qcow2 --output=json /opt/stack/data/cinder/mnt/c46b1bae8f9b70df2712275554377de8/volume-654364ba-1abb-417a-b31c-d3f8b5fbfeca
Jun 19 13:45:31 devstack sudo[98341]: pam_unix(sudo:session): session opened for user root(uid=0) by (uid=1000)
Jun 19 13:45:32 devstack sudo[98341]: pam_unix(sudo:session): session closed for user root
Jun 19 13:45:32 devstack cinder-volume[93523]: DEBUG oslo_concurrency.processutils [None req-927a8fb2-b54b-48cb-bdaf-c56ddab87b9d tempest-GroupSnapshotsTest-113993773 None] CMD "/opt/stack/data/venv/bin/python3.12 -m oslo_concurrency.prlimit --as=1073741824 --cpu=60 -- sudo cinder-rootwrap /etc/cinder/rootwrap.conf env LC_ALL=C qemu-img info -f qcow2 --output=json /opt/stack/data/cinder/mnt/c46b1bae8f9b70df2712275554377de8/volume-654364ba-1abb-417a-b31c-d3f8b5fbfeca" returned: 0 in 1.994s {{(pid=93523) execute /opt/stack/data/venv/lib/python3.12/site-packages/oslo_concurrency/processutils.py:468}}
Jun 19 13:45:32 devstack cinder-volume[93523]: DEBUG cinder.image.image_utils [None req-927a8fb2-b54b-48cb-bdaf-c56ddab87b9d tempest-GroupSnapshotsTest-113993773 None] Image conversion details: src /opt/stack/data/cinder/mnt/c46b1bae8f9b70df2712275554377de8/volume-654364ba-1abb-417a-b31c-d3f8b5fbfeca, size 1024.00 MB, duration 9.02 sec, destination /opt/stack/data/cinder/mnt/c46b1bae8f9b70df2712275554377de8/volume-9a7fe64a-9018-4430-b4b5-b45ad8ba57c2 {{(pid=93523) _convert_image /opt/stack/cinder/cinder/image/image_utils.py:536}}
Jun 19 13:45:32 devstack cinder-volume[93523]: INFO cinder.image.image_utils [None req-927a8fb2-b54b-48cb-bdaf-c56ddab87b9d tempest-GroupSnapshotsTest-113993773 None] Converted 1024.00 MB image at 113.47 MB/s
Jun 19 13:45:32 devstack cinder-volume[93523]: WARNING cinder.volume.drivers.remotefs [None req-927a8fb2-b54b-48cb-bdaf-c56ddab87b9d tempest-GroupSnapshotsTest-113993773 None] /opt/stack/data/cinder/mnt/c46b1bae8f9b70df2712275554377de8/volume-9a7fe64a-9018-4430-b4b5-b45ad8ba57c2 is being set with open permissions: ugo+rw: NotImplementedError
Jun 19 13:45:32 devstack cinder-volume[93523]: DEBUG oslo_concurrency.processutils [None req-927a8fb2-b54b-48cb-bdaf-c56ddab87b9d tempest-GroupSnapshotsTest-113993773 None] Running cmd (subprocess): sudo cinder-rootwrap /etc/cinder/rootwrap.conf chmod ugo+rw /opt/stack/data/cinder/mnt/c46b1bae8f9b70df2712275554377de8/volume-9a7fe64a-9018-4430-b4b5-b45ad8ba57c2 {{(pid=93523) execute /opt/stack/data/venv/lib/python3.12/site-packages/oslo_concurrency/processutils.py:440}}
Jun 19 13:45:32 devstack sudo[98350]: quobyte : PWD=/ ; USER=root ; COMMAND=/opt/stack/data/venv/bin/cinder-rootwrap /etc/cinder/rootwrap.conf chmod ugo+rw /opt/stack/data/cinder/mnt/c46b1bae8f9b70df2712275554377de8/volume-9a7fe64a-9018-4430-b4b5-b45ad8ba57c2
Jun 19 13:45:32 devstack sudo[98350]: pam_unix(sudo:session): session opened for user root(uid=0) by (uid=1000)
Jun 19 13:45:34 devstack sudo[98350]: pam_unix(sudo:session): session closed for user root
