Jun 19 13:46:48 devstack cinder-volume[93523]: DEBUG cinder.volume.drivers.quobyte [None req-bb2ab0bd-8ec9-48f3-9a95-157e7c61a0de tempest-GroupSnapshotsTest-113993773 None] ==> create_volume: call "{'self': , 'volume': Volume(_name_id=None,admin_metadata=,attach_status='detached',availability_zone='nova',bootable=False,cluster=,cluster_name=None,consistencygroup=,consistencygroup_id=9648afa6-1bb8-46f9-9c72-02ff726cbec7,created_at=2026-06-19T11:46:48Z,deleted=False,deleted_at=None,display_description=None,display_name='tempest-volume-322258553',ec2_id=None,encryption_key_id=None,glance_metadata=,group=,group_id=9648afa6-1bb8-46f9-9c72-02ff726cbec7,host='devstack@QuobyteHD#QuobyteHD',id=61ff2dfd-8106-44bc-868a-c64ff5ebe311,launched_at=None,metadata={},migration_status=None,multiattach=False,previous_status=None,project_id='b08b405ef32b4e5e9748f6257e56ca82',provider_auth=None,provider_geometry=None,provider_id=None,provider_location=None,replication_driver_data=None,replication_extended_status=None,replication_status=None,scheduled_at=2026-06-19T11:46:49Z,service_uuid=None,shared_targets=True,size=1,snapshot_id=None,snapshots=,source_volid=None,status='creating',terminated_at=None,updated_at=2026-06-19T11:46:49Z,use_quota=True,user_id='4e6720d405dd413fa7e16250c78367c8',volume_attachment=VolumeAttachmentList,volume_type=VolumeType(5a2474eb-b54e-4e9d-b474-9aa374e28363),volume_type_id=5a2474eb-b54e-4e9d-b474-9aa374e28363)}" {{(pid=93523) trace_logging_wrapper /opt/stack/cinder/cinder/volume/volume_utils.py:1497}}
Jun 19 13:46:48 devstack cinder-volume[93523]: DEBUG cinder.volume.drivers.remotefs [None req-bb2ab0bd-8ec9-48f3-9a95-157e7c61a0de tempest-GroupSnapshotsTest-113993773 None] Creating volume 61ff2dfd-8106-44bc-868a-c64ff5ebe311 {{(pid=93523) create_volume /opt/stack/cinder/cinder/volume/drivers/remotefs.py:292}}
Jun 19 13:46:48 devstack cinder-volume[93523]: DEBUG oslo_concurrency.lockutils [None req-bb2ab0bd-8ec9-48f3-9a95-157e7c61a0de tempest-GroupSnapshotsTest-113993773 None] Acquiring lock "quobyte_ensure" by "cinder.volume.drivers.quobyte.QuobyteDriver._ensure_shares_mounted" {{(pid=93523) inner /opt/stack/data/venv/lib/python3.12/site-packages/oslo_concurrency/lockutils.py:511}}
Jun 19 13:46:48 devstack cinder-volume[93523]: DEBUG oslo_concurrency.lockutils [None req-bb2ab0bd-8ec9-48f3-9a95-157e7c61a0de tempest-GroupSnapshotsTest-113993773 None] Lock "quobyte_ensure" acquired by "cinder.volume.drivers.quobyte.QuobyteDriver._ensure_shares_mounted" :: waited 0.000s {{(pid=93523) inner /opt/stack/data/venv/lib/python3.12/site-packages/oslo_concurrency/lockutils.py:524}}
Jun 19 13:46:48 devstack cinder-volume[93523]: DEBUG cinder.volume.drivers.quobyte [None req-bb2ab0bd-8ec9-48f3-9a95-157e7c61a0de tempest-GroupSnapshotsTest-113993773 None] Quobyte Volume URL set to: {'osci02.corp.quobyte.com/cinder-vol-f023a17e-5528-4e57-98ae-43dcd06481e4': None} {{(pid=93523) _load_shares_config /opt/stack/cinder/cinder/volume/drivers/quobyte.py:617}}
Jun 19 13:46:48 devstack cinder-volume[93523]: DEBUG cinder.volume.drivers.quobyte [None req-bb2ab0bd-8ec9-48f3-9a95-157e7c61a0de tempest-GroupSnapshotsTest-113993773 None] Available shares ['osci02.corp.quobyte.com/cinder-vol-f023a17e-5528-4e57-98ae-43dcd06481e4'] {{(pid=93523) _ensure_shares_mounted /opt/stack/cinder/cinder/volume/drivers/quobyte.py:647}}
Jun 19 13:46:48 devstack cinder-volume[93523]: DEBUG oslo_concurrency.lockutils [None req-bb2ab0bd-8ec9-48f3-9a95-157e7c61a0de tempest-GroupSnapshotsTest-113993773 None] Lock "quobyte_ensure" "released" by "cinder.volume.drivers.quobyte.QuobyteDriver._ensure_shares_mounted" :: held 0.016s {{(pid=93523) inner /opt/stack/data/venv/lib/python3.12/site-packages/oslo_concurrency/lockutils.py:543}}
Jun 19 13:46:48 devstack cinder-volume[93523]: DEBUG cinder.volume.drivers.quobyte [None req-bb2ab0bd-8ec9-48f3-9a95-157e7c61a0de tempest-GroupSnapshotsTest-113993773 None] Selected osci02.corp.quobyte.com/cinder-vol-f023a17e-5528-4e57-98ae-43dcd06481e4 as target Quobyte volume. {{(pid=93523) _find_share /opt/stack/cinder/cinder/volume/drivers/quobyte.py:668}}
Jun 19 13:46:48 devstack cinder-volume[93523]: INFO cinder.volume.drivers.remotefs [None req-bb2ab0bd-8ec9-48f3-9a95-157e7c61a0de tempest-GroupSnapshotsTest-113993773 None] casted to osci02.corp.quobyte.com/cinder-vol-f023a17e-5528-4e57-98ae-43dcd06481e4
Jun 19 13:46:48 devstack cinder-volume[93523]: DEBUG oslo_concurrency.processutils [None req-bb2ab0bd-8ec9-48f3-9a95-157e7c61a0de tempest-GroupSnapshotsTest-113993773 None] Running cmd (subprocess): sudo cinder-rootwrap /etc/cinder/rootwrap.conf qemu-img create -f qcow2 -o preallocation=metadata /opt/stack/data/cinder/mnt/c46b1bae8f9b70df2712275554377de8/volume-61ff2dfd-8106-44bc-868a-c64ff5ebe311 1073741824 {{(pid=93523) execute /opt/stack/data/venv/lib/python3.12/site-packages/oslo_concurrency/processutils.py:440}}
Jun 19 13:46:48 devstack sudo[99590]: quobyte : PWD=/ ; USER=root ; COMMAND=/opt/stack/data/venv/bin/cinder-rootwrap /etc/cinder/rootwrap.conf qemu-img create -f qcow2 -o preallocation=metadata /opt/stack/data/cinder/mnt/c46b1bae8f9b70df2712275554377de8/volume-61ff2dfd-8106-44bc-868a-c64ff5ebe311 1073741824
Jun 19 13:46:48 devstack sudo[99590]: pam_unix(sudo:session): session opened for user root(uid=0) by (uid=1000)
Jun 19 13:46:49 devstack sudo[99588]: pam_unix(sudo:session): session closed for user root
Jun 19 13:46:49 devstack cinder-volume[93523]: DEBUG oslo_concurrency.processutils [None req-ab5a4cff-8e1a-49ac-98b7-528adc1caaee tempest-VolumesActionsTest-732976249 None] CMD "sudo cinder-rootwrap /etc/cinder/rootwrap.conf rm -f /opt/stack/data/cinder/mnt/c46b1bae8f9b70df2712275554377de8/volume-6ef16fd6-4133-4f27-bfb5-1c936714b540" returned: 0 in 0.943s {{(pid=93523) execute /opt/stack/data/venv/lib/python3.12/site-packages/oslo_concurrency/processutils.py:468}}
Jun 19 13:46:49 devstack cinder-volume[93523]: DEBUG cinder.coordination [None req-ab5a4cff-8e1a-49ac-98b7-528adc1caaee tempest-VolumesActionsTest-732976249 None] Lock "cinder-quobyte-6ef16fd6-4133-4f27-bfb5-1c936714b540" released by "delete_volume" :: held 1.820s {{(pid=93523) __release /opt/stack/cinder/cinder/coordination.py:152}}
Jun 19 13:46:49 devstack cinder-volume[93523]: DEBUG cinder.quota [None req-ab5a4cff-8e1a-49ac-98b7-528adc1caaee tempest-VolumesActionsTest-732976249 None] Created reservations ['2c78041d-19d8-4030-ac61-89e3fab6814b', '47636470-28e8-4ceb-bb76-bf4b9d86cd77', '0244ca6c-f829-41e1-91aa-9c51c2d3b371', 'd9d0ce7f-25c2-4253-9c71-32e125ccab27'] {{(pid=93523) reserve /opt/stack/cinder/cinder/quota.py:752}}
Jun 19 13:46:49 devstack cinder-volume[93523]: DEBUG oslo_concurrency.lockutils [None req-ab5a4cff-8e1a-49ac-98b7-528adc1caaee tempest-VolumesActionsTest-732976249 None] Acquiring lock "quobyte_ensure" by "cinder.volume.drivers.quobyte.QuobyteDriver._ensure_shares_mounted" {{(pid=93523) inner /opt/stack/data/venv/lib/python3.12/site-packages/oslo_concurrency/lockutils.py:511}}
Jun 19 13:46:49 devstack cinder-volume[93523]: DEBUG oslo_concurrency.lockutils [None req-ab5a4cff-8e1a-49ac-98b7-528adc1caaee tempest-VolumesActionsTest-732976249 None] Lock "quobyte_ensure" acquired by "cinder.volume.drivers.quobyte.QuobyteDriver._ensure_shares_mounted" :: waited 0.001s {{(pid=93523) inner /opt/stack/data/venv/lib/python3.12/site-packages/oslo_concurrency/lockutils.py:524}}
Jun 19 13:46:49 devstack cinder-volume[93523]: DEBUG cinder.volume.drivers.quobyte [None req-ab5a4cff-8e1a-49ac-98b7-528adc1caaee tempest-VolumesActionsTest-732976249 None] Quobyte Volume URL set to: {'osci02.corp.quobyte.com/cinder-vol-f023a17e-5528-4e57-98ae-43dcd06481e4': None} {{(pid=93523) _load_shares_config /opt/stack/cinder/cinder/volume/drivers/quobyte.py:617}}
Jun 19 13:46:49 devstack cinder-volume[93523]: DEBUG cinder.volume.drivers.quobyte [None req-ab5a4cff-8e1a-49ac-98b7-528adc1caaee tempest-VolumesActionsTest-732976249 None] Available shares ['osci02.corp.quobyte.com/cinder-vol-f023a17e-5528-4e57-98ae-43dcd06481e4'] {{(pid=93523) _ensure_shares_mounted /opt/stack/cinder/cinder/volume/drivers/quobyte.py:647}}
Jun 19 13:46:49 devstack cinder-volume[93523]: DEBUG oslo_concurrency.lockutils [None req-ab5a4cff-8e1a-49ac-98b7-528adc1caaee tempest-VolumesActionsTest-732976249 None] Lock "quobyte_ensure" "released" by "cinder.volume.drivers.quobyte.QuobyteDriver._ensure_shares_mounted" :: held 0.008s {{(pid=93523) inner /opt/stack/data/venv/lib/python3.12/site-packages/oslo_concurrency/lockutils.py:543}}
Jun 19 13:46:49 devstack cinder-volume[93523]: DEBUG oslo_concurrency.processutils [None req-ab5a4cff-8e1a-49ac-98b7-528adc1caaee tempest-VolumesActionsTest-732976249 None] Running cmd (subprocess): sudo cinder-rootwrap /etc/cinder/rootwrap.conf df --portability --block-size 1 /opt/stack/data/cinder/mnt/c46b1bae8f9b70df2712275554377de8 {{(pid=93523) execute /opt/stack/data/venv/lib/python3.12/site-packages/oslo_concurrency/processutils.py:440}}
Jun 19 13:46:49 devstack sudo[99594]: quobyte : PWD=/ ; USER=root ; COMMAND=/opt/stack/data/venv/bin/cinder-rootwrap /etc/cinder/rootwrap.conf df --portability --block-size 1 /opt/stack/data/cinder/mnt/c46b1bae8f9b70df2712275554377de8
Jun 19 13:46:49 devstack sudo[99594]: pam_unix(sudo:session): session opened for user root(uid=0) by (uid=1000)
Jun 19 13:46:49 devstack sudo[99590]: pam_unix(sudo:session): session closed for user root
Jun 19 13:46:49 devstack cinder-volume[93523]: DEBUG oslo_concurrency.processutils [None req-bb2ab0bd-8ec9-48f3-9a95-157e7c61a0de tempest-GroupSnapshotsTest-113993773 None] CMD "sudo cinder-rootwrap /etc/cinder/rootwrap.conf qemu-img create -f qcow2 -o preallocation=metadata /opt/stack/data/cinder/mnt/c46b1bae8f9b70df2712275554377de8/volume-61ff2dfd-8106-44bc-868a-c64ff5ebe311 1073741824" returned: 0 in 1.006s {{(pid=93523) execute /opt/stack/data/venv/lib/python3.12/site-packages/oslo_concurrency/processutils.py:468}}
Jun 19 13:46:49 devstack cinder-volume[93523]: DEBUG oslo_concurrency.processutils [None req-bb2ab0bd-8ec9-48f3-9a95-157e7c61a0de tempest-GroupSnapshotsTest-113993773 None] Running cmd (subprocess): sudo cinder-rootwrap /etc/cinder/rootwrap.conf chmod ugo+rw /opt/stack/data/cinder/mnt/c46b1bae8f9b70df2712275554377de8/volume-61ff2dfd-8106-44bc-868a-c64ff5ebe311 {{(pid=93523) execute /opt/stack/data/venv/lib/python3.12/site-packages/oslo_concurrency/processutils.py:440}}
Jun 19 13:46:49 devstack sudo[99610]: quobyte : PWD=/ ; USER=root ; COMMAND=/opt/stack/data/venv/bin/cinder-rootwrap /etc/cinder/rootwrap.conf chmod ugo+rw /opt/stack/data/cinder/mnt/c46b1bae8f9b70df2712275554377de8/volume-61ff2dfd-8106-44bc-868a-c64ff5ebe311
Jun 19 13:46:49 devstack sudo[99610]: pam_unix(sudo:session): session opened for user root(uid=0) by (uid=1000)
Jun 19 13:46:50 devstack cinder-volume[93523]: DEBUG oslo_concurrency.processutils [None req-ab5a4cff-8e1a-49ac-98b7-528adc1caaee tempest-VolumesActionsTest-732976249 None] CMD "sudo cinder-rootwrap /etc/cinder/rootwrap.conf df --portability --block-size 1 /opt/stack/data/cinder/mnt/c46b1bae8f9b70df2712275554377de8" returned: 0 in 0.940s {{(pid=93523) execute /opt/stack/data/venv/lib/python3.12/site-packages/oslo_concurrency/processutils.py:468}}
Jun 19 13:46:50 devstack cinder-volume[93523]: DEBUG cinder.manager [None req-ab5a4cff-8e1a-49ac-98b7-528adc1caaee tempest-VolumesActionsTest-732976249 None] Notifying Schedulers of capabilities ... {{(pid=93523) _publish_service_capabilities /opt/stack/cinder/cinder/manager.py:219}}
Jun 19 13:46:50 devstack sudo[99594]: pam_unix(sudo:session): session closed for user root
Jun 19 13:46:50 devstack cinder-volume[93523]: INFO cinder.volume.manager [None req-ab5a4cff-8e1a-49ac-98b7-528adc1caaee tempest-VolumesActionsTest-732976249 None] Deleted volume successfully.
Jun 19 13:46:50 devstack cinder-volume[93523]: DEBUG cinder.coordination [None req-ab5a4cff-8e1a-49ac-98b7-528adc1caaee tempest-VolumesActionsTest-732976249 None] Lock "cinder-6ef16fd6-4133-4f27-bfb5-1c936714b540-delete_volume" released by "delete_volume" :: held 3.037s {{(pid=93523) __release /opt/stack/cinder/cinder/coordination.py:152}}
Jun 19 13:46:51 devstack sudo[99610]: pam_unix(sudo:session): session closed for user root
Jun 19 13:46:51 devstack cinder-volume[93523]: DEBUG oslo_concurrency.processutils [None req-bb2ab0bd-8ec9-48f3-9a95-157e7c61a0de tempest-GroupSnapshotsTest-113993773 None] CMD "sudo cinder-rootwrap /etc/cinder/rootwrap.conf chmod ugo+rw /opt/stack/data/cinder/mnt/c46b1bae8f9b70df2712275554377de8/volume-61ff2dfd-8106-44bc-868a-c64ff5ebe311" returned: 0 in 1.365s {{(pid=93523) execute /opt/stack/data/venv/lib/python3.12/site-packages/oslo_concurrency/processutils.py:468}}
Jun 19 13:46:51 devstack cinder-volume[93523]: DEBUG cinder.volume.drivers.quobyte [None req-bb2ab0bd-8ec9-48f3-9a95-157e7c61a0de tempest-GroupSnapshotsTest-113993773 None] <== create_volume: return (2442ms) {'provider_location': 'osci02.corp.quobyte.com/cinder-vol-f023a17e-5528-4e57-98ae-43dcd06481e4'} {{(pid=93523) trace_logging_wrapper /opt/stack/cinder/cinder/volume/volume_utils.py:1522}}
Jun 19 13:46:51 devstack cinder-volume[93523]: DEBUG oslo_concurrency.lockutils [None req-bb2ab0bd-8ec9-48f3-9a95-157e7c61a0de tempest-GroupSnapshotsTest-113993773 None] Lock "quobyte" "released" by "cinder.volume.drivers.quobyte.QuobyteDriver.create_volume" :: held 2.448s {{(pid=93523) inner /opt/stack/data/venv/lib/python3.12/site-packages/oslo_concurrency/lockutils.py:543}}
Jun 19 13:46:51 devstack cinder-volume[93523]: DEBUG cinder.volume.manager [None req-bb2ab0bd-8ec9-48f3-9a95-157e7c61a0de tempest-GroupSnapshotsTest-113993773 None] Task 'cinder.volume.flows.manager.create_volume.CreateVolumeFromSpecTask;volume:create' (0a36a6d4-ade0-4250-b42a-9003eba1626f) transitioned into state 'SUCCESS' from state 'RUNNING' with result '{'status': 'creating', 'volume_name': 'volume-61ff2dfd-8106-44bc-868a-c64ff5ebe311', 'volume_size': 1}' {{(pid=93523) _task_receiver /opt/stack/data/venv/lib/python3.12/site-packages/taskflow/listeners/logging.py:218}}
Jun 19 13:46:51 devstack cinder-volume[93523]: DEBUG cinder.volume.manager [None req-bb2ab0bd-8ec9-48f3-9a95-157e7c61a0de tempest-GroupSnapshotsTest-113993773 None] Task 'cinder.volume.flows.manager.create_volume.CreateVolumeOnFinishTask;volume:create, create.end' (55485527-3977-4917-bac9-b8c0fca055e4) transitioned into state 'RUNNING' from state 'PENDING' {{(pid=93523) _task_receiver /opt/stack/data/venv/lib/python3.12/site-packages/taskflow/listeners/logging.py:242}}
Jun 19 13:46:51 devstack cinder-volume[93523]: INFO cinder.volume.flows.manager.create_volume [None req-bb2ab0bd-8ec9-48f3-9a95-157e7c61a0de tempest-GroupSnapshotsTest-113993773 None] Volume volume-61ff2dfd-8106-44bc-868a-c64ff5ebe311 (61ff2dfd-8106-44bc-868a-c64ff5ebe311): created successfully
Jun 19 13:46:51 devstack cinder-volume[93523]: DEBUG cinder.volume.manager [None req-bb2ab0bd-8ec9-48f3-9a95-157e7c61a0de tempest-GroupSnapshotsTest-113993773 None] Task 'cinder.volume.flows.manager.create_volume.CreateVolumeOnFinishTask;volume:create, create.end' (55485527-3977-4917-bac9-b8c0fca055e4) transitioned into state 'SUCCESS' from state 'RUNNING' with result 'None' {{(pid=93523) _task_receiver /opt/stack/data/venv/lib/python3.12/site-packages/taskflow/listeners/logging.py:218}}
Jun 19 13:46:51 devstack cinder-volume[93523]: DEBUG cinder.volume.manager [None req-bb2ab0bd-8ec9-48f3-9a95-157e7c61a0de tempest-GroupSnapshotsTest-113993773 None] Flow 'volume_create_manager' (64cd6e1e-ffd1-45f6-80f3-bb2b58451d12) transitioned into state 'SUCCESS' from state 'RUNNING' {{(pid=93523) _flow_receiver /opt/stack/data/venv/lib/python3.12/site-packages/taskflow/listeners/logging.py:160}}
Jun 19 13:46:51 devstack cinder-volume[93523]: INFO cinder.volume.manager [None req-bb2ab0bd-8ec9-48f3-9a95-157e7c61a0de tempest-GroupSnapshotsTest-113993773 None] Created volume successfully.
Jun 19 13:46:52 devstack cinder-volume[93523]: INFO cinder.volume.manager [None req-7770ec2e-f651-4794-9417-e8d24b575bea tempest-GroupSnapshotsTest-113993773 None] GroupSnapshot 63f8a978-37ad-4f24-90ec-b71a355418f4: creating.
Jun 19 13:46:52 devstack cinder-volume[93523]: DEBUG cinder.volume.manager [None req-7770ec2e-f651-4794-9417-e8d24b575bea tempest-GroupSnapshotsTest-113993773 None] Group snapshot 63f8a978-37ad-4f24-90ec-b71a355418f4: creating. {{(pid=93523) create_group_snapshot /opt/stack/cinder/cinder/volume/manager.py:4175}}
Jun 19 13:46:52 devstack cinder-volume[93523]: DEBUG oslo_concurrency.lockutils [None req-7770ec2e-f651-4794-9417-e8d24b575bea tempest-GroupSnapshotsTest-113993773 None] Acquiring lock "quobyte" by "cinder.volume.drivers.quobyte.QuobyteDriver.create_snapshot" {{(pid=93523) inner /opt/stack/data/venv/lib/python3.12/site-packages/oslo_concurrency/lockutils.py:511}}
Jun 19 13:46:52 devstack cinder-volume[93523]: DEBUG oslo_concurrency.lockutils [None req-7770ec2e-f651-4794-9417-e8d24b575bea tempest-GroupSnapshotsTest-113993773 None] Lock "quobyte" acquired by "cinder.volume.drivers.quobyte.QuobyteDriver.create_snapshot" :: waited 0.001s {{(pid=93523) inner /opt/stack/data/venv/lib/python3.12/site-packages/oslo_concurrency/lockutils.py:524}}
Jun 19 13:46:52 devstack cinder-volume[93523]: DEBUG cinder.volume.drivers.remotefs [None req-7770ec2e-f651-4794-9417-e8d24b575bea tempest-GroupSnapshotsTest-113993773 None] Creating offline snapshot 01da6da1-ddc2-44f2-b26f-417177a9c469 of volume 61ff2dfd-8106-44bc-868a-c64ff5ebe311 {{(pid=93523) _create_snapshot /opt/stack/cinder/cinder/volume/drivers/remotefs.py:1816}}
Jun 19 13:46:52 devstack cinder-volume[93523]: DEBUG oslo.privsep.daemon [-] privsep: reply[5a8b8f38-5c32-4f1d-86de-d25e02d3520a]: (4, 'qcow2') {{(pid=94891) _call_back /opt/stack/data/venv/lib/python3.12/site-packages/oslo_privsep/daemon.py:580}}
Jun 19 13:46:52 devstack cinder-volume[93523]: DEBUG oslo_concurrency.processutils [None req-7770ec2e-f651-4794-9417-e8d24b575bea tempest-GroupSnapshotsTest-113993773 None] Running cmd (subprocess): /opt/stack/data/venv/bin/python3.12 -m oslo_concurrency.prlimit --as=1073741824 --cpu=60 -- sudo cinder-rootwrap /etc/cinder/rootwrap.conf env LC_ALL=C qemu-img info -f qcow2 --output=json --force-share /opt/stack/data/cinder/mnt/c46b1bae8f9b70df2712275554377de8/volume-61ff2dfd-8106-44bc-868a-c64ff5ebe311 {{(pid=93523) execute /opt/stack/data/venv/lib/python3.12/site-packages/oslo_concurrency/processutils.py:440}}
Jun 19 13:46:52 devstack sudo[99685]: quobyte : PWD=/ ; USER=root ; COMMAND=/opt/stack/data/venv/bin/cinder-rootwrap /etc/cinder/rootwrap.conf env LC_ALL=C qemu-img info -f qcow2 --output=json --force-share /opt/stack/data/cinder/mnt/c46b1bae8f9b70df2712275554377de8/volume-61ff2dfd-8106-44bc-868a-c64ff5ebe311
Jun 19 13:46:52 devstack sudo[99685]: pam_unix(sudo:session): session opened for user root(uid=0) by (uid=1000)
Jun 19 13:46:54 devstack sudo[99685]: pam_unix(sudo:session): session closed for user root
Jun 19 13:46:54 devstack cinder-volume[93523]: DEBUG oslo_concurrency.processutils [None req-7770ec2e-f651-4794-9417-e8d24b575bea tempest-GroupSnapshotsTest-113993773 None] CMD "/opt/stack/data/venv/bin/python3.12 -m oslo_concurrency.prlimit --as=1073741824 --cpu=60 -- sudo cinder-rootwrap /etc/cinder/rootwrap.conf env LC_ALL=C qemu-img info -f qcow2 --output=json --force-share /opt/stack/data/cinder/mnt/c46b1bae8f9b70df2712275554377de8/volume-61ff2dfd-8106-44bc-868a-c64ff5ebe311" returned: 0 in 1.224s {{(pid=93523) execute /opt/stack/data/venv/lib/python3.12/site-packages/oslo_concurrency/processutils.py:468}}
Jun 19 13:46:54 devstack cinder-volume[93523]: DEBUG oslo_concurrency.processutils [None req-7770ec2e-f651-4794-9417-e8d24b575bea tempest-GroupSnapshotsTest-113993773 None] Running cmd (subprocess): sudo cinder-rootwrap /etc/cinder/rootwrap.conf qemu-img create -f qcow2 -o backing_file=/opt/stack/data/cinder/mnt/c46b1bae8f9b70df2712275554377de8/volume-61ff2dfd-8106-44bc-868a-c64ff5ebe311,backing_fmt=qcow2 /opt/stack/data/cinder/mnt/c46b1bae8f9b70df2712275554377de8/volume-61ff2dfd-8106-44bc-868a-c64ff5ebe311.01da6da1-ddc2-44f2-b26f-417177a9c469 1G {{(pid=93523) execute /opt/stack/data/venv/lib/python3.12/site-packages/oslo_concurrency/processutils.py:440}}
Jun 19 13:46:54 devstack sudo[99691]: quobyte : PWD=/ ; USER=root ; COMMAND=/opt/stack/data/venv/bin/cinder-rootwrap /etc/cinder/rootwrap.conf qemu-img create -f qcow2 -o backing_file=/opt/stack/data/cinder/mnt/c46b1bae8f9b70df2712275554377de8/volume-61ff2dfd-8106-44bc-868a-c64ff5ebe311,backing_fmt=qcow2 /opt/stack/data/cinder/mnt/c46b1bae8f9b70df2712275554377de8/volume-61ff2dfd-8106-44bc-868a-c64ff5ebe311.01da6da1-ddc2-44f2-b26f-417177a9c469 1G
Jun 19 13:46:54 devstack sudo[99691]: pam_unix(sudo:session): session opened for user root(uid=0) by (uid=1000)
Jun 19 13:46:55 devstack sudo[99691]: pam_unix(sudo:session): session closed for user root
Jun 19 13:46:55 devstack cinder-volume[93523]: DEBUG oslo_concurrency.processutils [None req-7770ec2e-f651-4794-9417-e8d24b575bea tempest-GroupSnapshotsTest-113993773 None] CMD "sudo cinder-rootwrap /etc/cinder/rootwrap.conf qemu-img create -f qcow2 -o backing_file=/opt/stack/data/cinder/mnt/c46b1bae8f9b70df2712275554377de8/volume-61ff2dfd-8106-44bc-868a-c64ff5ebe311,backing_fmt=qcow2 /opt/stack/data/cinder/mnt/c46b1bae8f9b70df2712275554377de8/volume-61ff2dfd-8106-44bc-868a-c64ff5ebe311.01da6da1-ddc2-44f2-b26f-417177a9c469 1G" returned: 0 in 1.214s {{(pid=93523) execute /opt/stack/data/venv/lib/python3.12/site-packages/oslo_concurrency/processutils.py:468}}
Jun 19 13:46:55 devstack cinder-volume[93523]: DEBUG oslo_concurrency.processutils [None req-7770ec2e-f651-4794-9417-e8d24b575bea tempest-GroupSnapshotsTest-113993773 None] Running cmd (subprocess): sudo cinder-rootwrap /etc/cinder/rootwrap.conf qemu-img rebase -u -b volume-61ff2dfd-8106-44bc-868a-c64ff5ebe311 -F qcow2 /opt/stack/data/cinder/mnt/c46b1bae8f9b70df2712275554377de8/volume-61ff2dfd-8106-44bc-868a-c64ff5ebe311.01da6da1-ddc2-44f2-b26f-417177a9c469 {{(pid=93523) execute /opt/stack/data/venv/lib/python3.12/site-packages/oslo_concurrency/processutils.py:440}}
Jun 19 13:46:55 devstack sudo[99697]: quobyte : PWD=/ ; USER=root ; COMMAND=/opt/stack/data/venv/bin/cinder-rootwrap /etc/cinder/rootwrap.conf qemu-img rebase -u -b volume-61ff2dfd-8106-44bc-868a-c64ff5ebe311 -F qcow2 /opt/stack/data/cinder/mnt/c46b1bae8f9b70df2712275554377de8/volume-61ff2dfd-8106-44bc-868a-c64ff5ebe311.01da6da1-ddc2-44f2-b26f-417177a9c469
Jun 19 13:46:55 devstack sudo[99697]: pam_unix(sudo:session): session opened for user root(uid=0) by (uid=1000)
Jun 19 13:46:56 devstack sudo[99697]: pam_unix(sudo:session): session closed for user root
Jun 19 13:46:56 devstack cinder-volume[93523]: DEBUG oslo_concurrency.processutils [None req-7770ec2e-f651-4794-9417-e8d24b575bea tempest-GroupSnapshotsTest-113993773 None] CMD "sudo cinder-rootwrap /etc/cinder/rootwrap.conf qemu-img rebase -u -b volume-61ff2dfd-8106-44bc-868a-c64ff5ebe311 -F qcow2 /opt/stack/data/cinder/mnt/c46b1bae8f9b70df2712275554377de8/volume-61ff2dfd-8106-44bc-868a-c64ff5ebe311.01da6da1-ddc2-44f2-b26f-417177a9c469" returned: 0 in 1.050s {{(pid=93523) execute /opt/stack/data/venv/lib/python3.12/site-packages/oslo_concurrency/processutils.py:468}}
Jun 19 13:46:56 devstack cinder-volume[93523]: WARNING cinder.volume.drivers.remotefs [None req-7770ec2e-f651-4794-9417-e8d24b575bea tempest-GroupSnapshotsTest-113993773 None] /opt/stack/data/cinder/mnt/c46b1bae8f9b70df2712275554377de8/volume-61ff2dfd-8106-44bc-868a-c64ff5ebe311.01da6da1-ddc2-44f2-b26f-417177a9c469 is being set with open permissions: ugo+rw: NotImplementedError
Jun 19 13:46:56 devstack cinder-volume[93523]: DEBUG oslo_concurrency.processutils [None req-7770ec2e-f651-4794-9417-e8d24b575bea tempest-GroupSnapshotsTest-113993773 None] Running cmd (subprocess): sudo cinder-rootwrap /etc/cinder/rootwrap.conf chmod ugo+rw /opt/stack/data/cinder/mnt/c46b1bae8f9b70df2712275554377de8/volume-61ff2dfd-8106-44bc-868a-c64ff5ebe311.01da6da1-ddc2-44f2-b26f-417177a9c469 {{(pid=93523) execute /opt/stack/data/venv/lib/python3.12/site-packages/oslo_concurrency/processutils.py:440}}
Jun 19 13:46:56 devstack sudo[99704]: quobyte : PWD=/ ; USER=root ; COMMAND=/opt/stack/data/venv/bin/cinder-rootwrap /etc/cinder/rootwrap.conf chmod ugo+rw /opt/stack/data/cinder/mnt/c46b1bae8f9b70df2712275554377de8/volume-61ff2dfd-8106-44bc-868a-c64ff5ebe311.01da6da1-ddc2-44f2-b26f-417177a9c469
Jun 19 13:46:56 devstack sudo[99704]: pam_unix(sudo:session): session opened for user root(uid=0) by (uid=1000)
Jun 19 13:46:57 devstack sudo[99704]: pam_unix(sudo:session): session closed for user root
Jun 19 13:46:57 devstack cinder-volume[93523]: DEBUG oslo_concurrency.processutils [None req-7770ec2e-f651-4794-9417-e8d24b575bea tempest-GroupSnapshotsTest-113993773 None] CMD "sudo cinder-rootwrap /etc/cinder/rootwrap.conf chmod ugo+rw /opt/stack/data/cinder/mnt/c46b1bae8f9b70df2712275554377de8/volume-61ff2dfd-8106-44bc-868a-c64ff5ebe311.01da6da1-ddc2-44f2-b26f-417177a9c469" returned: 0 in 0.945s {{(pid=93523) execute /opt/stack/data/venv/lib/python3.12/site-packages/oslo_concurrency/processutils.py:468}}
Jun 19 13:46:57 devstack cinder-volume[93523]: DEBUG oslo_concurrency.processutils [None req-7770ec2e-f651-4794-9417-e8d24b575bea tempest-GroupSnapshotsTest-113993773 None] Running cmd (subprocess): sudo cinder-rootwrap /etc/cinder/rootwrap.conf truncate -s0 /opt/stack/data/cinder/mnt/c46b1bae8f9b70df2712275554377de8/volume-61ff2dfd-8106-44bc-868a-c64ff5ebe311.info {{(pid=93523) execute /opt/stack/data/venv/lib/python3.12/site-packages/oslo_concurrency/processutils.py:440}}
Jun 19 13:46:57 devstack sudo[99707]: quobyte : PWD=/ ; USER=root ; COMMAND=/opt/stack/data/venv/bin/cinder-rootwrap /etc/cinder/rootwrap.conf truncate -s0 /opt/stack/data/cinder/mnt/c46b1bae8f9b70df2712275554377de8/volume-61ff2dfd-8106-44bc-868a-c64ff5ebe311.info
Jun 19 13:46:57 devstack sudo[99707]: pam_unix(sudo:session): session opened for user root(uid=0) by (uid=1000)
Jun 19 13:46:58 devstack sudo[99707]: pam_unix(sudo:session): session closed for user root
Jun 19 13:46:58 devstack cinder-volume[93523]: DEBUG oslo_concurrency.processutils [None req-7770ec2e-f651-4794-9417-e8d24b575bea tempest-GroupSnapshotsTest-113993773 None] CMD "sudo cinder-rootwrap /etc/cinder/rootwrap.conf truncate -s0 /opt/stack/data/cinder/mnt/c46b1bae8f9b70df2712275554377de8/volume-61ff2dfd-8106-44bc-868a-c64ff5ebe311.info" returned: 0 in 1.009s {{(pid=93523) execute /opt/stack/data/venv/lib/python3.12/site-packages/oslo_concurrency/processutils.py:468}}
Jun 19 13:46:58 devstack cinder-volume[93523]: WARNING cinder.volume.drivers.remotefs [None req-7770ec2e-f651-4794-9417-e8d24b575bea tempest-GroupSnapshotsTest-113993773 None] /opt/stack/data/cinder/mnt/c46b1bae8f9b70df2712275554377de8/volume-61ff2dfd-8106-44bc-868a-c64ff5ebe311.info is being set with open permissions: ugo+rw: NotImplementedError
Jun 19 13:46:58 devstack cinder-volume[93523]: DEBUG oslo_concurrency.processutils [None req-7770ec2e-f651-4794-9417-e8d24b575bea tempest-GroupSnapshotsTest-113993773 None] Running cmd (subprocess): sudo cinder-rootwrap /etc/cinder/rootwrap.conf chmod ugo+rw /opt/stack/data/cinder/mnt/c46b1bae8f9b70df2712275554377de8/volume-61ff2dfd-8106-44bc-868a-c64ff5ebe311.info {{(pid=93523) execute /opt/stack/data/venv/lib/python3.12/site-packages/oslo_concurrency/processutils.py:440}}
Jun 19 13:46:58 devstack sudo[99711]: quobyte : PWD=/ ; USER=root ; COMMAND=/opt/stack/data/venv/bin/cinder-rootwrap /etc/cinder/rootwrap.conf chmod ugo+rw /opt/stack/data/cinder/mnt/c46b1bae8f9b70df2712275554377de8/volume-61ff2dfd-8106-44bc-868a-c64ff5ebe311.info
Jun 19 13:46:58 devstack sudo[99711]: pam_unix(sudo:session): session opened for user root(uid=0) by (uid=1000)
Jun 19 13:46:59 devstack sudo[99711]: pam_unix(sudo:session): session closed for user root
Jun 19 13:46:59 devstack cinder-volume[93523]: DEBUG oslo_concurrency.processutils [None req-7770ec2e-f651-4794-9417-e8d24b575bea tempest-GroupSnapshotsTest-113993773 None] CMD "sudo cinder-rootwrap /etc/cinder/rootwrap.conf chmod ugo+rw /opt/stack/data/cinder/mnt/c46b1bae8f9b70df2712275554377de8/volume-61ff2dfd-8106-44bc-868a-c64ff5ebe311.info" returned: 0 in 0.885s {{(pid=93523) execute /opt/stack/data/venv/lib/python3.12/site-packages/oslo_concurrency/processutils.py:468}}
Jun 19 13:46:59 devstack cinder-volume[93523]: DEBUG oslo_concurrency.lockutils [None req-7770ec2e-f651-4794-9417-e8d24b575bea tempest-GroupSnapshotsTest-113993773 None] Lock "quobyte" "released" by "cinder.volume.drivers.quobyte.QuobyteDriver.create_snapshot" :: held 6.453s {{(pid=93523) inner /opt/stack/data/venv/lib/python3.12/site-packages/oslo_concurrency/lockutils.py:543}}
Jun 19 13:46:59 devstack cinder-volume[93523]: INFO cinder.volume.manager [None req-7770ec2e-f651-4794-9417-e8d24b575bea tempest-GroupSnapshotsTest-113993773 None] group_snapshot 63f8a978-37ad-4f24-90ec-b71a355418f4: created successfully
Jun 19 13:47:00 devstack cinder-volume[93523]: INFO cinder.volume.manager [None req-475806a5-8b62-4189-a755-f7fc93f55a53 tempest-GroupSnapshotsTest-113993773 None] group_snapshot 63f8a978-37ad-4f24-90ec-b71a355418f4: deleting
Jun 19 13:47:00 devstack cinder-volume[93523]: DEBUG cinder.volume.manager [None req-475806a5-8b62-4189-a755-f7fc93f55a53 tempest-GroupSnapshotsTest-113993773 None] group_snapshot 63f8a978-37ad-4f24-90ec-b71a355418f4: deleting {{(pid=93523) delete_group_snapshot /opt/stack/cinder/cinder/volume/manager.py:4350}}
Jun 19 13:47:00 devstack cinder-volume[93523]: DEBUG cinder.coordination [None req-475806a5-8b62-4189-a755-f7fc93f55a53 tempest-GroupSnapshotsTest-113993773 None] Acquiring lock "cinder-quobyte-61ff2dfd-8106-44bc-868a-c64ff5ebe311" by "delete_snapshot" {{(pid=93523) __acquire /opt/stack/cinder/cinder/coordination.py:138}}
Jun 19 13:47:00 devstack cinder-volume[93523]: DEBUG oslo_service.periodic_task [None req-008f09b8-80e7-4f59-814e-8e49aaf6aba2 None None] Running periodic task VolumeManager.publish_service_capabilities {{(pid=93523) run_periodic_tasks /opt/stack/data/venv/lib/python3.12/site-packages/oslo_service/periodic_task.py:225}}
Jun 19 13:47:00 devstack cinder-volume[93523]: DEBUG oslo_concurrency.lockutils [None req-008f09b8-80e7-4f59-814e-8e49aaf6aba2 None None] Acquiring lock "quobyte_ensure" by "cinder.volume.drivers.quobyte.QuobyteDriver._ensure_shares_mounted" {{(pid=93523) inner /opt/stack/data/venv/lib/python3.12/site-packages/oslo_concurrency/lockutils.py:511}}
Jun 19 13:47:00 devstack cinder-volume[93523]: DEBUG oslo_concurrency.lockutils [None req-008f09b8-80e7-4f59-814e-8e49aaf6aba2 None None] Lock "quobyte_ensure" acquired by "cinder.volume.drivers.quobyte.QuobyteDriver._ensure_shares_mounted" :: waited 0.001s {{(pid=93523) inner /opt/stack/data/venv/lib/python3.12/site-packages/oslo_concurrency/lockutils.py:524}}
Jun 19 13:47:00 devstack cinder-volume[93523]: DEBUG cinder.volume.drivers.quobyte [None req-008f09b8-80e7-4f59-814e-8e49aaf6aba2 None None] Quobyte Volume URL set to: {'osci02.corp.quobyte.com/cinder-vol-f023a17e-5528-4e57-98ae-43dcd06481e4': None} {{(pid=93523) _load_shares_config /opt/stack/cinder/cinder/volume/drivers/quobyte.py:617}}
Jun 19 13:47:00 devstack cinder-volume[93523]: DEBUG cinder.volume.drivers.quobyte [None req-008f09b8-80e7-4f59-814e-8e49aaf6aba2 None None] Available shares ['osci02.corp.quobyte.com/cinder-vol-f023a17e-5528-4e57-98ae-43dcd06481e4'] {{(pid=93523) _ensure_shares_mounted /opt/stack/cinder/cinder/volume/drivers/quobyte.py:647}}
Jun 19 13:47:00 devstack cinder-volume[93523]: DEBUG oslo_concurrency.lockutils [None req-008f09b8-80e7-4f59-814e-8e49aaf6aba2 None None] Lock "quobyte_ensure" "released" by "cinder.volume.drivers.quobyte.QuobyteDriver._ensure_shares_mounted" :: held 0.011s {{(pid=93523) inner /opt/stack/data/venv/lib/python3.12/site-packages/oslo_concurrency/lockutils.py:543}}
Jun 19 13:47:00 devstack cinder-volume[93523]: DEBUG oslo_concurrency.processutils [None req-008f09b8-80e7-4f59-814e-8e49aaf6aba2 None None] Running cmd (subprocess): sudo cinder-rootwrap /etc/cinder/rootwrap.conf df --portability --block-size 1 /opt/stack/data/cinder/mnt/c46b1bae8f9b70df2712275554377de8 {{(pid=93523) execute /opt/stack/data/venv/lib/python3.12/site-packages/oslo_concurrency/processutils.py:440}}
Jun 19 13:47:00 devstack cinder-volume[93523]: DEBUG cinder.coordination [None req-475806a5-8b62-4189-a755-f7fc93f55a53 tempest-GroupSnapshotsTest-113993773 None] Lock "cinder-quobyte-61ff2dfd-8106-44bc-868a-c64ff5ebe311" acquired by "delete_snapshot" :: waited 0.051s {{(pid=93523) __acquire /opt/stack/cinder/cinder/coordination.py:141}}
Jun 19 13:47:00 devstack cinder-volume[93523]: DEBUG cinder.coordination [None req-475806a5-8b62-4189-a755-f7fc93f55a53 tempest-GroupSnapshotsTest-113993773 None] Acquiring lock "cinder-quobyte-01da6da1-ddc2-44f2-b26f-417177a9c469" by "_delete_snapshot" {{(pid=93523) __acquire /opt/stack/cinder/cinder/coordination.py:138}}
Jun 19 13:47:00 devstack cinder-volume[93523]: DEBUG cinder.coordination [None req-475806a5-8b62-4189-a755-f7fc93f55a53 tempest-GroupSnapshotsTest-113993773 None] Lock "cinder-quobyte-01da6da1-ddc2-44f2-b26f-417177a9c469" acquired by "_delete_snapshot" :: waited 0.028s {{(pid=93523) __acquire /opt/stack/cinder/cinder/coordination.py:141}}
Jun 19 13:47:00 devstack cinder-volume[93523]: DEBUG cinder.volume.drivers.remotefs [None req-475806a5-8b62-4189-a755-f7fc93f55a53 tempest-GroupSnapshotsTest-113993773 None] Deleting offline snapshot 01da6da1-ddc2-44f2-b26f-417177a9c469 of volume 61ff2dfd-8106-44bc-868a-c64ff5ebe311 {{(pid=93523) _delete_snapshot /opt/stack/cinder/cinder/volume/drivers/remotefs.py:1288}}
Jun 19 13:47:00 devstack sudo[99716]: quobyte : PWD=/ ; USER=root ; COMMAND=/opt/stack/data/venv/bin/cinder-rootwrap /etc/cinder/rootwrap.conf df --portability --block-size 1 /opt/stack/data/cinder/mnt/c46b1bae8f9b70df2712275554377de8
Jun 19 13:47:00 devstack sudo[99716]: pam_unix(sudo:session): session opened for user root(uid=0) by (uid=1000)
Jun 19 13:47:00 devstack cinder-volume[93523]: DEBUG cinder.volume.drivers.remotefs [None req-475806a5-8b62-4189-a755-f7fc93f55a53 tempest-GroupSnapshotsTest-113993773 None] snapshot_file for this snap is: volume-61ff2dfd-8106-44bc-868a-c64ff5ebe311.01da6da1-ddc2-44f2-b26f-417177a9c469 {{(pid=93523) _delete_snapshot /opt/stack/cinder/cinder/volume/drivers/remotefs.py:1317}}
Jun 19 13:47:00 devstack cinder-volume[93523]: DEBUG oslo.privsep.daemon [-] privsep: reply[34e0a48f-6e0a-4634-8109-868c2d011b6d]: (4, 'qcow2') {{(pid=94891) _call_back /opt/stack/data/venv/lib/python3.12/site-packages/oslo_privsep/daemon.py:580}}
Jun 19 13:47:00 devstack cinder-volume[93523]: DEBUG oslo_concurrency.processutils [None req-475806a5-8b62-4189-a755-f7fc93f55a53 tempest-GroupSnapshotsTest-113993773 None] Running cmd (subprocess): /opt/stack/data/venv/bin/python3.12 -m oslo_concurrency.prlimit --as=1073741824 --cpu=60 -- sudo cinder-rootwrap /etc/cinder/rootwrap.conf env LC_ALL=C qemu-img info -f qcow2 --output=json --force-share /opt/stack/data/cinder/mnt/c46b1bae8f9b70df2712275554377de8/volume-61ff2dfd-8106-44bc-868a-c64ff5ebe311.01da6da1-ddc2-44f2-b26f-417177a9c469 {{(pid=93523) execute /opt/stack/data/venv/lib/python3.12/site-packages/oslo_concurrency/processutils.py:440}}
Jun 19 13:47:01 devstack sudo[99718]: quobyte : PWD=/ ; USER=root ; COMMAND=/opt/stack/data/venv/bin/cinder-rootwrap /etc/cinder/rootwrap.conf env LC_ALL=C qemu-img info -f qcow2 --output=json --force-share /opt/stack/data/cinder/mnt/c46b1bae8f9b70df2712275554377de8/volume-61ff2dfd-8106-44bc-868a-c64ff5ebe311.01da6da1-ddc2-44f2-b26f-417177a9c469
Jun 19 13:47:01 devstack sudo[99718]: pam_unix(sudo:session): session opened for user root(uid=0) by (uid=1000)
Jun 19 13:47:01 devstack sudo[99716]: pam_unix(sudo:session): session closed for user root
Jun 19 13:47:01 devstack cinder-volume[93523]: DEBUG oslo_concurrency.processutils [None req-008f09b8-80e7-4f59-814e-8e49aaf6aba2 None None] CMD "sudo cinder-rootwrap /etc/cinder/rootwrap.conf df --portability --block-size 1 /opt/stack/data/cinder/mnt/c46b1bae8f9b70df2712275554377de8" returned: 0 in 1.060s {{(pid=93523) execute /opt/stack/data/venv/lib/python3.12/site-packages/oslo_concurrency/processutils.py:468}}
Jun 19 13:47:01 devstack cinder-volume[93523]: DEBUG cinder.manager [None req-008f09b8-80e7-4f59-814e-8e49aaf6aba2 None None] Notifying Schedulers of capabilities ... {{(pid=93523) _publish_service_capabilities /opt/stack/cinder/cinder/manager.py:219}}
Jun 19 13:47:01 devstack cinder-volume[93523]: DEBUG oslo_service.periodic_task [None req-008f09b8-80e7-4f59-814e-8e49aaf6aba2 None None] Running periodic task VolumeManager._thread_info {{(pid=93523) run_periodic_tasks /opt/stack/data/venv/lib/python3.12/site-packages/oslo_service/periodic_task.py:225}}
Jun 19 13:47:01 devstack cinder-volume[93523]: DEBUG cinder.volume.manager [None req-008f09b8-80e7-4f59-814e-8e49aaf6aba2 None None] thread count: 9 {{(pid=93523) _thread_info /opt/stack/cinder/cinder/volume/manager.py:5472}}
Jun 19 13:47:01 devstack cinder-volume[93523]: DEBUG cinder.volume.manager [None req-008f09b8-80e7-4f59-814e-8e49aaf6aba2 None None] thread info: [<_MainThread(MainThread, started 139525079908480)>, , , , , , , , ] {{(pid=93523) _thread_info /opt/stack/cinder/cinder/volume/manager.py:5473}}
Jun 19 13:47:02 devstack sudo[99718]: pam_unix(sudo:session): session closed for user root
Jun 19 13:47:02 devstack cinder-volume[93523]: DEBUG oslo_concurrency.processutils [None req-475806a5-8b62-4189-a755-f7fc93f55a53 tempest-GroupSnapshotsTest-113993773 None] CMD "/opt/stack/data/venv/bin/python3.12 -m oslo_concurrency.prlimit --as=1073741824 --cpu=60 -- sudo cinder-rootwrap /etc/cinder/rootwrap.conf env LC_ALL=C qemu-img info -f qcow2 --output=json --force-share /opt/stack/data/cinder/mnt/c46b1bae8f9b70df2712275554377de8/volume-61ff2dfd-8106-44bc-868a-c64ff5ebe311.01da6da1-ddc2-44f2-b26f-417177a9c469" returned: 0 in 1.472s {{(pid=93523) execute /opt/stack/data/venv/lib/python3.12/site-packages/oslo_concurrency/processutils.py:468}}
Jun 19 13:47:02 devstack cinder-volume[93523]: DEBUG cinder.volume.drivers.remotefs [None req-475806a5-8b62-4189-a755-f7fc93f55a53 tempest-GroupSnapshotsTest-113993773 None] Fetching qemu-img info with special backing_file_template: (/opt/stack/data/cinder/mnt/[0-9a-f]+/)?(volume-61ff2dfd-8106-44bc-868a-c64ff5ebe311(.(tmp-snap-)?[0-9a-f-]+)?|volume_from_snapshot_cache/(tmp-snap-)?[0-9a-f-]+(.(child-|parent-)[0-9a-f-]+)?)$ {{(pid=93523) _qemu_img_info_base /opt/stack/cinder/cinder/volume/drivers/remotefs.py:896}}
Jun 19 13:47:02 devstack cinder-volume[93523]: DEBUG oslo.privsep.daemon [-] privsep: reply[36ce12c4-62b9-4da0-818f-b8512ae4e786]: (4, 'qcow2') {{(pid=94891) _call_back /opt/stack/data/venv/lib/python3.12/site-packages/oslo_privsep/daemon.py:580}}
Jun 19 13:47:02 devstack cinder-volume[93523]: DEBUG oslo_concurrency.processutils [None req-475806a5-8b62-4189-a755-f7fc93f55a53 tempest-GroupSnapshotsTest-113993773 None] Running cmd (subprocess): /opt/stack/data/venv/bin/python3.12 -m oslo_concurrency.prlimit --as=1073741824 --cpu=60 -- sudo cinder-rootwrap /etc/cinder/rootwrap.conf env LC_ALL=C qemu-img info -f qcow2 --output=json --force-share /opt/stack/data/cinder/mnt/c46b1bae8f9b70df2712275554377de8/volume-61ff2dfd-8106-44bc-868a-c64ff5ebe311 {{(pid=93523) execute /opt/stack/data/venv/lib/python3.12/site-packages/oslo_concurrency/processutils.py:440}}
Jun 19 13:47:02 devstack sudo[99727]: quobyte : PWD=/ ; USER=root ; COMMAND=/opt/stack/data/venv/bin/cinder-rootwrap /etc/cinder/rootwrap.conf env LC_ALL=C qemu-img info -f qcow2 --output=json --force-share /opt/stack/data/cinder/mnt/c46b1bae8f9b70df2712275554377de8/volume-61ff2dfd-8106-44bc-868a-c64ff5ebe311
Jun 19 13:47:02 devstack sudo[99727]: pam_unix(sudo:session): session opened for user root(uid=0) by (uid=1000)
Jun 19 13:47:03 devstack sudo[99727]: pam_unix(sudo:session): session closed for user root
Jun 19 13:47:03 devstack cinder-volume[93523]: DEBUG oslo_concurrency.processutils [None req-475806a5-8b62-4189-a755-f7fc93f55a53 tempest-GroupSnapshotsTest-113993773 None] CMD "/opt/stack/data/venv/bin/python3.12 -m oslo_concurrency.prlimit --as=1073741824 --cpu=60 -- sudo cinder-rootwrap /etc/cinder/rootwrap.conf env LC_ALL=C qemu-img info -f qcow2 --output=json --force-share /opt/stack/data/cinder/mnt/c46b1bae8f9b70df2712275554377de8/volume-61ff2dfd-8106-44bc-868a-c64ff5ebe311" returned: 0 in 1.157s {{(pid=93523) execute /opt/stack/data/venv/lib/python3.12/site-packages/oslo_concurrency/processutils.py:468}}
Jun 19 13:47:03 devstack cinder-volume[93523]: DEBUG oslo_concurrency.processutils [None req-475806a5-8b62-4189-a755-f7fc93f55a53 tempest-GroupSnapshotsTest-113993773 None] Running cmd (subprocess): sudo cinder-rootwrap /etc/cinder/rootwrap.conf qemu-img commit -d /opt/stack/data/cinder/mnt/c46b1bae8f9b70df2712275554377de8/volume-61ff2dfd-8106-44bc-868a-c64ff5ebe311.01da6da1-ddc2-44f2-b26f-417177a9c469 {{(pid=93523) execute /opt/stack/data/venv/lib/python3.12/site-packages/oslo_concurrency/processutils.py:440}}
Jun 19 13:47:03 devstack sudo[99732]: quobyte : PWD=/ ; USER=root ; COMMAND=/opt/stack/data/venv/bin/cinder-rootwrap /etc/cinder/rootwrap.conf qemu-img commit -d /opt/stack/data/cinder/mnt/c46b1bae8f9b70df2712275554377de8/volume-61ff2dfd-8106-44bc-868a-c64ff5ebe311.01da6da1-ddc2-44f2-b26f-417177a9c469
Jun 19 13:47:03 devstack sudo[99732]: pam_unix(sudo:session): session opened for user root(uid=0) by (uid=1000)
Jun 19 13:47:04 devstack sudo[99732]: pam_unix(sudo:session): session closed for user root
Jun 19 13:47:04 devstack cinder-volume[93523]: DEBUG oslo_concurrency.processutils [None req-475806a5-8b62-4189-a755-f7fc93f55a53 tempest-GroupSnapshotsTest-113993773 None] CMD "sudo cinder-rootwrap /etc/cinder/rootwrap.conf qemu-img commit -d /opt/stack/data/cinder/mnt/c46b1bae8f9b70df2712275554377de8/volume-61ff2dfd-8106-44bc-868a-c64ff5ebe311.01da6da1-ddc2-44f2-b26f-417177a9c469" returned: 0 in 1.071s {{(pid=93523) execute /opt/stack/data/venv/lib/python3.12/site-packages/oslo_concurrency/processutils.py:468}}
Jun 19 13:47:04 devstack cinder-volume[93523]: DEBUG oslo_concurrency.processutils [None req-475806a5-8b62-4189-a755-f7fc93f55a53 tempest-GroupSnapshotsTest-113993773 None] Running cmd (subprocess): sudo cinder-rootwrap /etc/cinder/rootwrap.conf rm -f /opt/stack/data/cinder/mnt/c46b1bae8f9b70df2712275554377de8/volume-61ff2dfd-8106-44bc-868a-c64ff5ebe311.01da6da1-ddc2-44f2-b26f-417177a9c469 {{(pid=93523) execute /opt/stack/data/venv/lib/python3.12/site-packages/oslo_concurrency/processutils.py:440}}
Jun 19 13:47:04 devstack sudo[99761]: quobyte : PWD=/ ; USER=root ; COMMAND=/opt/stack/data/venv/bin/cinder-rootwrap /etc/cinder/rootwrap.conf rm -f /opt/stack/data/cinder/mnt/c46b1bae8f9b70df2712275554377de8/volume-61ff2dfd-8106-44bc-868a-c64ff5ebe311.01da6da1-ddc2-44f2-b26f-417177a9c469
Jun 19 13:47:04 devstack sudo[99761]: pam_unix(sudo:session): session opened for user root(uid=0) by (uid=1000)
Jun 19 13:47:05 devstack sudo[99761]: pam_unix(sudo:session): session closed for user root
Jun 19 13:47:05 devstack cinder-volume[93523]: DEBUG oslo_concurrency.processutils [None req-475806a5-8b62-4189-a755-f7fc93f55a53 tempest-GroupSnapshotsTest-113993773 None] CMD "sudo cinder-rootwrap /etc/cinder/rootwrap.conf rm -f /opt/stack/data/cinder/mnt/c46b1bae8f9b70df2712275554377de8/volume-61ff2dfd-8106-44bc-868a-c64ff5ebe311.01da6da1-ddc2-44f2-b26f-417177a9c469" returned: 0 in 0.704s {{(pid=93523) execute /opt/stack/data/venv/lib/python3.12/site-packages/oslo_concurrency/processutils.py:468}}
Jun 19 13:47:05 devstack cinder-volume[93523]: DEBUG cinder.coordination [None req-475806a5-8b62-4189-a755-f7fc93f55a53 tempest-GroupSnapshotsTest-113993773 None] Lock "cinder-quobyte-01da6da1-ddc2-44f2-b26f-417177a9c469" released by "_delete_snapshot" :: held 4.583s {{(pid=93523) __release /opt/stack/cinder/cinder/coordination.py:152}}
Jun 19 13:47:05 devstack cinder-volume[93523]: DEBUG cinder.coordination [None req-475806a5-8b62-4189-a755-f7fc93f55a53 tempest-GroupSnapshotsTest-113993773 None] Lock "cinder-quobyte-61ff2dfd-8106-44bc-868a-c64ff5ebe311" released by "delete_snapshot" :: held 4.622s {{(pid=93523) __release /opt/stack/cinder/cinder/coordination.py:152}}
Jun 19 13:47:05 devstack cinder-volume[93523]: WARNING cinder.quota [None req-475806a5-8b62-4189-a755-f7fc93f55a53 tempest-GroupSnapshotsTest-113993773 None] Deprecated: Default quota for resource: gigabytes_tempest-GroupSnapshotsTest-volume-type-1690845287 is set by the default quota flag: quota_gigabytes_tempest-GroupSnapshotsTest-volume-type-1690845287, it is now deprecated. Please use the default quota class for default quota.
Jun 19 13:47:05 devstack cinder-volume[93523]: WARNING cinder.quota [None req-475806a5-8b62-4189-a755-f7fc93f55a53 tempest-GroupSnapshotsTest-113993773 None] Deprecated: Default quota for resource: snapshots_tempest-GroupSnapshotsTest-volume-type-1690845287 is set by the default quota flag: quota_snapshots_tempest-GroupSnapshotsTest-volume-type-1690845287, it is now deprecated. Please use the default quota class for default quota.
Jun 19 13:47:05 devstack cinder-volume[93523]: DEBUG cinder.quota [None req-475806a5-8b62-4189-a755-f7fc93f55a53 tempest-GroupSnapshotsTest-113993773 None] Created reservations ['999437ab-42b7-4292-bd87-c671623a490c', '91962209-bc64-48e8-aee3-d34d6786ed50', '9c99eea2-12d0-453e-a0d4-6d25bb1d6e4d', '8b7717c8-001e-4015-9ff8-4aa9bda7c0ca'] {{(pid=93523) reserve /opt/stack/cinder/cinder/quota.py:752}}
Jun 19 13:47:05 devstack cinder-volume[93523]: INFO cinder.volume.manager [None req-475806a5-8b62-4189-a755-f7fc93f55a53 tempest-GroupSnapshotsTest-113993773 None] group_snapshot 63f8a978-37ad-4f24-90ec-b71a355418f4: deleted successfully
Jun 19 13:47:06 devstack cinder-volume[93523]: DEBUG cinder.coordination [None req-fcf8e09e-9283-47b9-b949-a10ef08b0955 tempest-GroupSnapshotsTest-113993773 None] Acquiring lock "cinder-quobyte-61ff2dfd-8106-44bc-868a-c64ff5ebe311" by "delete_volume" {{(pid=93523) __acquire /opt/stack/cinder/cinder/coordination.py:138}}
Jun 19 13:47:06 devstack cinder-volume[93523]: DEBUG cinder.coordination [None req-fcf8e09e-9283-47b9-b949-a10ef08b0955 tempest-GroupSnapshotsTest-113993773 None] Lock "cinder-quobyte-61ff2dfd-8106-44bc-868a-c64ff5ebe311" acquired by "delete_volume" :: waited 0.016s {{(pid=93523) __acquire /opt/stack/cinder/cinder/coordination.py:141}}
Jun 19 13:47:06 devstack cinder-volume[93523]: DEBUG oslo.privsep.daemon [-] privsep: reply[c2482945-1c10-494c-9c6f-2c0af6452d17]: (4, 'qcow2') {{(pid=94891) _call_back /opt/stack/data/venv/lib/python3.12/site-packages/oslo_privsep/daemon.py:580}}
Jun 19 13:47:06 devstack cinder-volume[93523]: DEBUG oslo_concurrency.processutils [None req-fcf8e09e-9283-47b9-b949-a10ef08b0955 tempest-GroupSnapshotsTest-113993773 None] Running cmd (subprocess): /opt/stack/data/venv/bin/python3.12 -m oslo_concurrency.prlimit --as=1073741824 --cpu=60 -- sudo cinder-rootwrap /etc/cinder/rootwrap.conf env LC_ALL=C qemu-img info -f qcow2 --output=json --force-share /opt/stack/data/cinder/mnt/c46b1bae8f9b70df2712275554377de8/volume-61ff2dfd-8106-44bc-868a-c64ff5ebe311 {{(pid=93523) execute /opt/stack/data/venv/lib/python3.12/site-packages/oslo_concurrency/processutils.py:440}}
Jun 19 13:47:07 devstack sudo[99765]: quobyte : PWD=/ ; USER=root ; COMMAND=/opt/stack/data/venv/bin/cinder-rootwrap /etc/cinder/rootwrap.conf env LC_ALL=C qemu-img info -f qcow2 --output=json --force-share /opt/stack/data/cinder/mnt/c46b1bae8f9b70df2712275554377de8/volume-61ff2dfd-8106-44bc-868a-c64ff5ebe311
Jun 19 13:47:07 devstack sudo[99765]: pam_unix(sudo:session): session opened for user root(uid=0) by (uid=1000)
Jun 19 13:47:07 devstack sudo[99765]: pam_unix(sudo:session): session closed for user root
Jun 19 13:47:07 devstack cinder-volume[93523]: DEBUG oslo_concurrency.processutils [None req-fcf8e09e-9283-47b9-b949-a10ef08b0955 tempest-GroupSnapshotsTest-113993773 None] CMD "/opt/stack/data/venv/bin/python3.12 -m oslo_concurrency.prlimit --as=1073741824 --cpu=60 -- sudo cinder-rootwrap /etc/cinder/rootwrap.conf env LC_ALL=C qemu-img info -f qcow2 --output=json --force-share /opt/stack/data/cinder/mnt/c46b1bae8f9b70df2712275554377de8/volume-61ff2dfd-8106-44bc-868a-c64ff5ebe311" returned: 0 in 0.867s {{(pid=93523) execute /opt/stack/data/venv/lib/python3.12/site-packages/oslo_concurrency/processutils.py:468}}
Jun 19 13:47:07 devstack cinder-volume[93523]: DEBUG oslo_concurrency.processutils [None req-fcf8e09e-9283-47b9-b949-a10ef08b0955 tempest-GroupSnapshotsTest-113993773 None] Running cmd (subprocess): sudo cinder-rootwrap /etc/cinder/rootwrap.conf rm -f /opt/stack/data/cinder/mnt/c46b1bae8f9b70df2712275554377de8/volume-61ff2dfd-8106-44bc-868a-c64ff5ebe311 {{(pid=93523) execute /opt/stack/data/venv/lib/python3.12/site-packages/oslo_concurrency/processutils.py:440}}
Jun 19 13:47:07 devstack sudo[99770]: quobyte : PWD=/ ; USER=root ; COMMAND=/opt/stack/data/venv/bin/cinder-rootwrap /etc/cinder/rootwrap.conf rm -f /opt/stack/data/cinder/mnt/c46b1bae8f9b70df2712275554377de8/volume-61ff2dfd-8106-44bc-868a-c64ff5ebe311
Jun 19 13:47:07 devstack sudo[99770]: pam_unix(sudo:session): session opened for user root(uid=0) by (uid=1000)
Jun 19 13:47:08 devstack sudo[99770]: pam_unix(sudo:session): session closed for user root
Jun 19 13:47:08 devstack cinder-volume[93523]: DEBUG oslo_concurrency.processutils [None req-fcf8e09e-9283-47b9-b949-a10ef08b0955 tempest-GroupSnapshotsTest-113993773 None] CMD "sudo cinder-rootwrap /etc/cinder/rootwrap.conf rm -f /opt/stack/data/cinder/mnt/c46b1bae8f9b70df2712275554377de8/volume-61ff2dfd-8106-44bc-868a-c64ff5ebe311" returned: 0 in 0.737s {{(pid=93523) execute /opt/stack/data/venv/lib/python3.12/site-packages/oslo_concurrency/processutils.py:468}}
