Nov 19 12:53:54 devstack cinder-volume[80839]: DEBUG cinder.volume.manager [None req-bd59d7a3-5787-4f7d-a05b-481f53ed428d tempest-TaggedAttachmentsTest-362033490 None] Task 'cinder.volume.flows.manager.create_volume.CreateVolumeOnFinishTask;volume:create, create.end' (f3435d95-cc6c-4bef-ad04-8fc813fd4f0d) transitioned into state 'SUCCESS' from state 'RUNNING' with result 'None' {{(pid=80839) _task_receiver /opt/stack/data/venv/lib/python3.10/site-packages/taskflow/listeners/logging.py:182}}
Nov 19 12:53:54 devstack cinder-volume[80839]: DEBUG cinder.volume.manager [None req-bd59d7a3-5787-4f7d-a05b-481f53ed428d tempest-TaggedAttachmentsTest-362033490 None] Flow 'volume_create_manager' (e7613841-70ca-4cf2-843e-7e12940c3036) transitioned into state 'SUCCESS' from state 'RUNNING' {{(pid=80839) _flow_receiver /opt/stack/data/venv/lib/python3.10/site-packages/taskflow/listeners/logging.py:145}}
Nov 19 12:53:54 devstack cinder-volume[80839]: INFO cinder.volume.manager [None req-bd59d7a3-5787-4f7d-a05b-481f53ed428d tempest-TaggedAttachmentsTest-362033490 None] Created volume successfully.
Nov 19 12:53:57 devstack cinder-volume[80839]: DEBUG oslo_concurrency.lockutils [req-0174fa96-0d3f-4441-a5e0-83b6468d3d8c req-fb54ac9e-0a0f-44e6-b9c7-25db8bb11cf2 tempest-ServerActionsV293TestJSON-1607053477 None] Acquiring lock "quobyte" by "cinder.volume.drivers.quobyte.QuobyteDriver.initialize_connection" {{(pid=80839) inner /opt/stack/data/venv/lib/python3.10/site-packages/oslo_concurrency/lockutils.py:405}}
Nov 19 12:53:57 devstack cinder-volume[80839]: DEBUG oslo_concurrency.lockutils [req-0174fa96-0d3f-4441-a5e0-83b6468d3d8c req-fb54ac9e-0a0f-44e6-b9c7-25db8bb11cf2 tempest-ServerActionsV293TestJSON-1607053477 None] Lock "quobyte" acquired by "cinder.volume.drivers.quobyte.QuobyteDriver.initialize_connection" :: waited 0.001s {{(pid=80839) inner /opt/stack/data/venv/lib/python3.10/site-packages/oslo_concurrency/lockutils.py:410}}
Nov 19 12:53:57 devstack cinder-volume[80839]: DEBUG oslo.privsep.daemon [-] privsep: reply[6acb82c2-2c09-495f-a23f-9dd10e4cb932]: (4, 'raw') {{(pid=81550) _call_back /opt/stack/data/venv/lib/python3.10/site-packages/oslo_privsep/daemon.py:515}}
Nov 19 12:53:57 devstack cinder-volume[80839]: DEBUG oslo_concurrency.processutils [req-0174fa96-0d3f-4441-a5e0-83b6468d3d8c req-fb54ac9e-0a0f-44e6-b9c7-25db8bb11cf2 tempest-ServerActionsV293TestJSON-1607053477 None] Running cmd (subprocess): /opt/stack/data/venv/bin/python3.10 -m oslo_concurrency.prlimit --as=1073741824 --cpu=60 -- sudo cinder-rootwrap /etc/cinder/rootwrap.conf env LC_ALL=C qemu-img info -f raw --output=json --force-share /opt/stack/data/cinder/mnt/3d4e93f41e61708b5064d945bd0d95b3/volume-1852d1f9-6022-4da9-aec1-3cc6ec90b974 {{(pid=80839) execute /opt/stack/data/venv/lib/python3.10/site-packages/oslo_concurrency/processutils.py:349}}
Nov 19 12:53:57 devstack sudo[85672]: quobyte : PWD=/ ; USER=root ; COMMAND=/opt/stack/data/venv/bin/cinder-rootwrap /etc/cinder/rootwrap.conf env LC_ALL=C qemu-img info -f raw --output=json --force-share /opt/stack/data/cinder/mnt/3d4e93f41e61708b5064d945bd0d95b3/volume-1852d1f9-6022-4da9-aec1-3cc6ec90b974
Nov 19 12:53:57 devstack sudo[85672]: pam_unix(sudo:session): session opened for user root(uid=0) by (uid=1000)
Nov 19 12:53:58 devstack sudo[85672]: pam_unix(sudo:session): session closed for user root
Nov 19 12:53:58 devstack cinder-volume[80839]: DEBUG oslo_concurrency.processutils [req-0174fa96-0d3f-4441-a5e0-83b6468d3d8c req-fb54ac9e-0a0f-44e6-b9c7-25db8bb11cf2 tempest-ServerActionsV293TestJSON-1607053477 None] CMD "/opt/stack/data/venv/bin/python3.10 -m oslo_concurrency.prlimit --as=1073741824 --cpu=60 -- sudo cinder-rootwrap /etc/cinder/rootwrap.conf env LC_ALL=C qemu-img info -f raw --output=json --force-share /opt/stack/data/cinder/mnt/3d4e93f41e61708b5064d945bd0d95b3/volume-1852d1f9-6022-4da9-aec1-3cc6ec90b974" returned: 0 in 0.922s {{(pid=80839) execute /opt/stack/data/venv/lib/python3.10/site-packages/oslo_concurrency/processutils.py:372}}
Nov 19 12:53:58 devstack cinder-volume[80839]: DEBUG oslo_concurrency.processutils [req-0174fa96-0d3f-4441-a5e0-83b6468d3d8c req-fb54ac9e-0a0f-44e6-b9c7-25db8bb11cf2 tempest-ServerActionsV293TestJSON-1607053477 None] Running cmd (subprocess): /opt/stack/data/venv/bin/python3.10 -m oslo_concurrency.prlimit --as=1073741824 --cpu=60 -- sudo cinder-rootwrap /etc/cinder/rootwrap.conf env LC_ALL=C qemu-img info -f luks --output=json --force-share /opt/stack/data/cinder/mnt/3d4e93f41e61708b5064d945bd0d95b3/volume-1852d1f9-6022-4da9-aec1-3cc6ec90b974 {{(pid=80839) execute /opt/stack/data/venv/lib/python3.10/site-packages/oslo_concurrency/processutils.py:349}}
Nov 19 12:53:58 devstack sudo[85703]: quobyte : PWD=/ ; USER=root ; COMMAND=/opt/stack/data/venv/bin/cinder-rootwrap /etc/cinder/rootwrap.conf env LC_ALL=C qemu-img info -f luks --output=json --force-share /opt/stack/data/cinder/mnt/3d4e93f41e61708b5064d945bd0d95b3/volume-1852d1f9-6022-4da9-aec1-3cc6ec90b974
Nov 19 12:53:58 devstack sudo[85703]: pam_unix(sudo:session): session opened for user root(uid=0) by (uid=1000)
Nov 19 12:53:59 devstack cinder-volume[80839]: DEBUG cinder.volume.flows.manager.create_volume [None req-2477b3c7-abc6-4ffe-8b04-b625ad2260b8 tempest-SnapshotsActionsTest-734248391 None] Volume reschedule parameters: True retry: {'num_attempts': 1, 'backends': ['devstack@QuobyteHD#QuobyteHD'], 'hosts': ['devstack@QuobyteHD#QuobyteHD']} {{(pid=80839) get_flow /opt/stack/cinder/cinder/volume/flows/manager/create_volume.py:1384}}
Nov 19 12:53:59 devstack cinder-volume[80839]: DEBUG cinder.volume.manager [None req-2477b3c7-abc6-4ffe-8b04-b625ad2260b8 tempest-SnapshotsActionsTest-734248391 None] Flow 'volume_create_manager' (7441e438-1823-4521-8eb9-54375282b7c4) transitioned into state 'RUNNING' from state 'PENDING' {{(pid=80839) _flow_receiver /opt/stack/data/venv/lib/python3.10/site-packages/taskflow/listeners/logging.py:145}}
Nov 19 12:53:59 devstack cinder-volume[80839]: DEBUG cinder.volume.manager [None req-2477b3c7-abc6-4ffe-8b04-b625ad2260b8 tempest-SnapshotsActionsTest-734248391 None] Task 'cinder.volume.flows.manager.create_volume.ExtractVolumeRefTask;volume:create' (7a6541cb-e646-45c7-a915-86af3108f6b4) transitioned into state 'RUNNING' from state 'PENDING' {{(pid=80839) _task_receiver /opt/stack/data/venv/lib/python3.10/site-packages/taskflow/listeners/logging.py:194}}
Nov 19 12:53:59 devstack cinder-volume[80839]: DEBUG cinder.volume.manager [None req-2477b3c7-abc6-4ffe-8b04-b625ad2260b8 tempest-SnapshotsActionsTest-734248391 None] Task 'cinder.volume.flows.manager.create_volume.ExtractVolumeRefTask;volume:create' (7a6541cb-e646-45c7-a915-86af3108f6b4) transitioned into state 'SUCCESS' from state 'RUNNING' with result 'Volume(_name_id=None,admin_metadata=,attach_status='detached',availability_zone='nova',bootable=False,cluster=,cluster_name=None,consistencygroup=,consistencygroup_id=None,created_at=2025-11-19T11:53:59Z,deleted=False,deleted_at=None,display_description=None,display_name='tempest-SnapshotsActionsTest-Volume-903465049',ec2_id=None,encryption_key_id=None,glance_metadata=,group=,group_id=None,host='devstack@QuobyteHD#QuobyteHD',id=568112a2-95f6-42fa-b50b-220c4e6255a5,launched_at=None,metadata={},migration_status=None,multiattach=False,previous_status=None,project_id='66acfbd617a44b0f856dcb05bbe4acce',provider_auth=None,provider_geometry=None,provider_id=None,provider_location=None,replication_driver_data=None,replication_extended_status=None,replication_status=None,scheduled_at=2025-11-19T11:53:59Z,service_uuid=None,shared_targets=True,size=1,snapshot_id=None,snapshots=,source_volid=None,status='creating',terminated_at=None,updated_at=2025-11-19T11:53:59Z,use_quota=True,user_id='946a3bad00874cb986a5edfa8cd22cdc',volume_attachment=VolumeAttachmentList,volume_type=VolumeType(27e88f40-f7d6-452f-b45a-ffafbaf462d3),volume_type_id=27e88f40-f7d6-452f-b45a-ffafbaf462d3)' {{(pid=80839) _task_receiver /opt/stack/data/venv/lib/python3.10/site-packages/taskflow/listeners/logging.py:182}}
Nov 19 12:53:59 devstack cinder-volume[80839]: DEBUG cinder.volume.manager [None req-2477b3c7-abc6-4ffe-8b04-b625ad2260b8 tempest-SnapshotsActionsTest-734248391 None] Task 'cinder.volume.flows.manager.create_volume.OnFailureRescheduleTask;volume:create' (b1a23156-d792-4557-b0cb-2a469154f051) transitioned into state 'RUNNING' from state 'PENDING' {{(pid=80839) _task_receiver /opt/stack/data/venv/lib/python3.10/site-packages/taskflow/listeners/logging.py:194}}
Nov 19 12:53:59 devstack cinder-volume[80839]: DEBUG cinder.volume.manager [None req-2477b3c7-abc6-4ffe-8b04-b625ad2260b8 tempest-SnapshotsActionsTest-734248391 None] Task 'cinder.volume.flows.manager.create_volume.OnFailureRescheduleTask;volume:create' (b1a23156-d792-4557-b0cb-2a469154f051) transitioned into state 'SUCCESS' from state 'RUNNING' with result 'None' {{(pid=80839) _task_receiver /opt/stack/data/venv/lib/python3.10/site-packages/taskflow/listeners/logging.py:182}}
Nov 19 12:53:59 devstack cinder-volume[80839]: DEBUG cinder.volume.manager [None req-2477b3c7-abc6-4ffe-8b04-b625ad2260b8 tempest-SnapshotsActionsTest-734248391 None] Task 'cinder.volume.flows.manager.create_volume.ExtractVolumeSpecTask;volume:create' (5bc79866-0993-4097-812c-01449df40aca) transitioned into state 'RUNNING' from state 'PENDING' {{(pid=80839) _task_receiver /opt/stack/data/venv/lib/python3.10/site-packages/taskflow/listeners/logging.py:194}}
Nov 19 12:53:59 devstack cinder-volume[80839]: DEBUG cinder.volume.manager [None req-2477b3c7-abc6-4ffe-8b04-b625ad2260b8 tempest-SnapshotsActionsTest-734248391 None] Task 'cinder.volume.flows.manager.create_volume.ExtractVolumeSpecTask;volume:create' (5bc79866-0993-4097-812c-01449df40aca) transitioned into state 'SUCCESS' from state 'RUNNING' with result '{'status': 'creating', 'type': 'raw', 'volume_id': '568112a2-95f6-42fa-b50b-220c4e6255a5', 'volume_name': 'volume-568112a2-95f6-42fa-b50b-220c4e6255a5', 'volume_size': 1}' {{(pid=80839) _task_receiver /opt/stack/data/venv/lib/python3.10/site-packages/taskflow/listeners/logging.py:182}}
Nov 19 12:53:59 devstack cinder-volume[80839]: DEBUG cinder.volume.manager [None req-2477b3c7-abc6-4ffe-8b04-b625ad2260b8 tempest-SnapshotsActionsTest-734248391 None] Task 'cinder.volume.flows.manager.create_volume.NotifyVolumeActionTask;volume:create, create.start' (f4cf0ede-e834-4215-944b-5db8e0d34b34) transitioned into state 'RUNNING' from state 'PENDING' {{(pid=80839) _task_receiver /opt/stack/data/venv/lib/python3.10/site-packages/taskflow/listeners/logging.py:194}}
Nov 19 12:53:59 devstack cinder-volume[80839]: DEBUG cinder.volume.manager [None req-2477b3c7-abc6-4ffe-8b04-b625ad2260b8 tempest-SnapshotsActionsTest-734248391 None] Task 'cinder.volume.flows.manager.create_volume.NotifyVolumeActionTask;volume:create, create.start' (f4cf0ede-e834-4215-944b-5db8e0d34b34) transitioned into state 'SUCCESS' from state 'RUNNING' with result 'None' {{(pid=80839) _task_receiver /opt/stack/data/venv/lib/python3.10/site-packages/taskflow/listeners/logging.py:182}}
Nov 19 12:53:59 devstack cinder-volume[80839]: DEBUG cinder.volume.manager [None req-2477b3c7-abc6-4ffe-8b04-b625ad2260b8 tempest-SnapshotsActionsTest-734248391 None] Task 'cinder.volume.flows.manager.create_volume.CreateVolumeFromSpecTask;volume:create' (369c60cf-37f5-4db6-a9c3-2cb70118db83) transitioned into state 'RUNNING' from state 'PENDING' {{(pid=80839) _task_receiver /opt/stack/data/venv/lib/python3.10/site-packages/taskflow/listeners/logging.py:194}}
Nov 19 12:53:59 devstack cinder-volume[80839]: INFO cinder.volume.flows.manager.create_volume [None req-2477b3c7-abc6-4ffe-8b04-b625ad2260b8 tempest-SnapshotsActionsTest-734248391 None] Volume 568112a2-95f6-42fa-b50b-220c4e6255a5: being created as raw with specification: {'status': 'creating', 'volume_name': 'volume-568112a2-95f6-42fa-b50b-220c4e6255a5', 'volume_size': 1}
Nov 19 12:53:59 devstack cinder-volume[80839]: DEBUG oslo_concurrency.lockutils [None req-2477b3c7-abc6-4ffe-8b04-b625ad2260b8 tempest-SnapshotsActionsTest-734248391 None] Acquiring lock "quobyte" by "cinder.volume.drivers.quobyte.QuobyteDriver.create_volume" {{(pid=80839) inner /opt/stack/data/venv/lib/python3.10/site-packages/oslo_concurrency/lockutils.py:405}}
Nov 19 12:53:59 devstack sudo[85703]: pam_unix(sudo:session): session closed for user root
Nov 19 12:53:59 devstack cinder-volume[80839]: DEBUG oslo_concurrency.processutils [req-0174fa96-0d3f-4441-a5e0-83b6468d3d8c req-fb54ac9e-0a0f-44e6-b9c7-25db8bb11cf2 tempest-ServerActionsV293TestJSON-1607053477 None] CMD "/opt/stack/data/venv/bin/python3.10 -m oslo_concurrency.prlimit --as=1073741824 --cpu=60 -- sudo cinder-rootwrap /etc/cinder/rootwrap.conf env LC_ALL=C qemu-img info -f luks --output=json --force-share /opt/stack/data/cinder/mnt/3d4e93f41e61708b5064d945bd0d95b3/volume-1852d1f9-6022-4da9-aec1-3cc6ec90b974" returned: 1 in 0.733s {{(pid=80839) execute /opt/stack/data/venv/lib/python3.10/site-packages/oslo_concurrency/processutils.py:372}}
Nov 19 12:53:59 devstack cinder-volume[80839]: DEBUG oslo_concurrency.processutils [req-0174fa96-0d3f-4441-a5e0-83b6468d3d8c req-fb54ac9e-0a0f-44e6-b9c7-25db8bb11cf2 tempest-ServerActionsV293TestJSON-1607053477 None] '/opt/stack/data/venv/bin/python3.10 -m oslo_concurrency.prlimit --as=1073741824 --cpu=60 -- sudo cinder-rootwrap /etc/cinder/rootwrap.conf env LC_ALL=C qemu-img info -f luks --output=json --force-share /opt/stack/data/cinder/mnt/3d4e93f41e61708b5064d945bd0d95b3/volume-1852d1f9-6022-4da9-aec1-3cc6ec90b974' failed. Not Retrying. {{(pid=80839) execute /opt/stack/data/venv/lib/python3.10/site-packages/oslo_concurrency/processutils.py:423}}
Nov 19 12:53:59 devstack cinder-volume[80839]: DEBUG oslo_concurrency.lockutils [req-0174fa96-0d3f-4441-a5e0-83b6468d3d8c req-fb54ac9e-0a0f-44e6-b9c7-25db8bb11cf2 tempest-ServerActionsV293TestJSON-1607053477 None] Lock "quobyte" "released" by "cinder.volume.drivers.quobyte.QuobyteDriver.initialize_connection" :: held 1.690s {{(pid=80839) inner /opt/stack/data/venv/lib/python3.10/site-packages/oslo_concurrency/lockutils.py:424}}
Nov 19 12:53:59 devstack cinder-volume[80839]: DEBUG oslo_concurrency.lockutils [None req-2477b3c7-abc6-4ffe-8b04-b625ad2260b8 tempest-SnapshotsActionsTest-734248391 None] Lock "quobyte" acquired by "cinder.volume.drivers.quobyte.QuobyteDriver.create_volume" :: waited 0.132s {{(pid=80839) inner /opt/stack/data/venv/lib/python3.10/site-packages/oslo_concurrency/lockutils.py:410}}
Nov 19 12:53:59 devstack cinder-volume[80839]: DEBUG cinder.volume.drivers.quobyte [None req-2477b3c7-abc6-4ffe-8b04-b625ad2260b8 tempest-SnapshotsActionsTest-734248391 None] ==> create_volume: call "{'self': , 'volume': Volume(_name_id=None,admin_metadata=,attach_status='detached',availability_zone='nova',bootable=False,cluster=,cluster_name=None,consistencygroup=,consistencygroup_id=None,created_at=2025-11-19T11:53:59Z,deleted=False,deleted_at=None,display_description=None,display_name='tempest-SnapshotsActionsTest-Volume-903465049',ec2_id=None,encryption_key_id=None,glance_metadata=,group=,group_id=None,host='devstack@QuobyteHD#QuobyteHD',id=568112a2-95f6-42fa-b50b-220c4e6255a5,launched_at=None,metadata={},migration_status=None,multiattach=False,previous_status=None,project_id='66acfbd617a44b0f856dcb05bbe4acce',provider_auth=None,provider_geometry=None,provider_id=None,provider_location=None,replication_driver_data=None,replication_extended_status=None,replication_status=None,scheduled_at=2025-11-19T11:53:59Z,service_uuid=None,shared_targets=True,size=1,snapshot_id=None,snapshots=,source_volid=None,status='creating',terminated_at=None,updated_at=2025-11-19T11:53:59Z,use_quota=True,user_id='946a3bad00874cb986a5edfa8cd22cdc',volume_attachment=VolumeAttachmentList,volume_type=VolumeType(27e88f40-f7d6-452f-b45a-ffafbaf462d3),volume_type_id=27e88f40-f7d6-452f-b45a-ffafbaf462d3)}" {{(pid=80839) trace_logging_wrapper /opt/stack/cinder/cinder/volume/volume_utils.py:1498}}
Nov 19 12:53:59 devstack cinder-volume[80839]: DEBUG cinder.volume.drivers.remotefs [None req-2477b3c7-abc6-4ffe-8b04-b625ad2260b8 tempest-SnapshotsActionsTest-734248391 None] Creating volume 568112a2-95f6-42fa-b50b-220c4e6255a5 {{(pid=80839) create_volume /opt/stack/cinder/cinder/volume/drivers/remotefs.py:290}}
Nov 19 12:53:59 devstack cinder-volume[80839]: DEBUG oslo_concurrency.lockutils [None req-2477b3c7-abc6-4ffe-8b04-b625ad2260b8 tempest-SnapshotsActionsTest-734248391 None] Acquiring lock "quobyte_ensure" by "cinder.volume.drivers.quobyte.QuobyteDriver._ensure_shares_mounted" {{(pid=80839) inner /opt/stack/data/venv/lib/python3.10/site-packages/oslo_concurrency/lockutils.py:405}}
Nov 19 12:53:59 devstack cinder-volume[80839]: DEBUG oslo_concurrency.lockutils [None req-2477b3c7-abc6-4ffe-8b04-b625ad2260b8 tempest-SnapshotsActionsTest-734248391 None] Lock "quobyte_ensure" acquired by "cinder.volume.drivers.quobyte.QuobyteDriver._ensure_shares_mounted" :: waited 0.000s {{(pid=80839) inner /opt/stack/data/venv/lib/python3.10/site-packages/oslo_concurrency/lockutils.py:410}}
Nov 19 12:53:59 devstack cinder-volume[80839]: DEBUG cinder.volume.drivers.quobyte [None req-2477b3c7-abc6-4ffe-8b04-b625ad2260b8 tempest-SnapshotsActionsTest-734248391 None] Quobyte Volume URL set to: {'osci02.corp.quobyte.com/cinder-vol-87260f92-3551-4182-b0ca-2a6c984928f0': None} {{(pid=80839) _load_shares_config /opt/stack/cinder/cinder/volume/drivers/quobyte.py:601}}
Nov 19 12:53:59 devstack cinder-volume[80839]: DEBUG cinder.volume.drivers.quobyte [None req-2477b3c7-abc6-4ffe-8b04-b625ad2260b8 tempest-SnapshotsActionsTest-734248391 None] Available shares ['osci02.corp.quobyte.com/cinder-vol-87260f92-3551-4182-b0ca-2a6c984928f0'] {{(pid=80839) _ensure_shares_mounted /opt/stack/cinder/cinder/volume/drivers/quobyte.py:631}}
Nov 19 12:53:59 devstack cinder-volume[80839]: DEBUG oslo_concurrency.lockutils [None req-2477b3c7-abc6-4ffe-8b04-b625ad2260b8 tempest-SnapshotsActionsTest-734248391 None] Lock "quobyte_ensure" "released" by "cinder.volume.drivers.quobyte.QuobyteDriver._ensure_shares_mounted" :: held 0.003s {{(pid=80839) inner /opt/stack/data/venv/lib/python3.10/site-packages/oslo_concurrency/lockutils.py:424}}
Nov 19 12:53:59 devstack cinder-volume[80839]: DEBUG cinder.volume.drivers.quobyte [None req-2477b3c7-abc6-4ffe-8b04-b625ad2260b8 tempest-SnapshotsActionsTest-734248391 None] Selected osci02.corp.quobyte.com/cinder-vol-87260f92-3551-4182-b0ca-2a6c984928f0 as target Quobyte volume. {{(pid=80839) _find_share /opt/stack/cinder/cinder/volume/drivers/quobyte.py:652}}
Nov 19 12:53:59 devstack cinder-volume[80839]: INFO cinder.volume.drivers.remotefs [None req-2477b3c7-abc6-4ffe-8b04-b625ad2260b8 tempest-SnapshotsActionsTest-734248391 None] casted to osci02.corp.quobyte.com/cinder-vol-87260f92-3551-4182-b0ca-2a6c984928f0
Nov 19 12:53:59 devstack cinder-volume[80839]: DEBUG oslo_concurrency.processutils [None req-2477b3c7-abc6-4ffe-8b04-b625ad2260b8 tempest-SnapshotsActionsTest-734248391 None] Running cmd (subprocess): sudo cinder-rootwrap /etc/cinder/rootwrap.conf qemu-img create -f qcow2 -o preallocation=metadata /opt/stack/data/cinder/mnt/3d4e93f41e61708b5064d945bd0d95b3/volume-568112a2-95f6-42fa-b50b-220c4e6255a5 1073741824 {{(pid=80839) execute /opt/stack/data/venv/lib/python3.10/site-packages/oslo_concurrency/processutils.py:349}}
Nov 19 12:53:59 devstack sudo[85708]: quobyte : PWD=/ ; USER=root ; COMMAND=/opt/stack/data/venv/bin/cinder-rootwrap /etc/cinder/rootwrap.conf qemu-img create -f qcow2 -o preallocation=metadata /opt/stack/data/cinder/mnt/3d4e93f41e61708b5064d945bd0d95b3/volume-568112a2-95f6-42fa-b50b-220c4e6255a5 1073741824
Nov 19 12:53:59 devstack sudo[85708]: pam_unix(sudo:session): session opened for user root(uid=0) by (uid=1000)
Nov 19 12:53:59 devstack cinder-volume[80839]: DEBUG cinder.volume.manager [req-0174fa96-0d3f-4441-a5e0-83b6468d3d8c req-fb54ac9e-0a0f-44e6-b9c7-25db8bb11cf2 tempest-ServerActionsV293TestJSON-1607053477 None] Connection info returned from driver {'export': 'osci02.corp.quobyte.com/cinder-vol-87260f92-3551-4182-b0ca-2a6c984928f0', 'name': 'volume-1852d1f9-6022-4da9-aec1-3cc6ec90b974', 'options': None, 'format': 'raw', 'qos_specs': None, 'access_mode': 'rw', 'encrypted': False, 'cacheable': False, 'driver_volume_type': 'quobyte', 'mount_point_base': '/opt/stack/data/cinder/mnt', 'attachment_id': 'cd0e750c-a545-4143-b7e7-d650bb7f668e', 'enforce_multipath': True} {{(pid=80839) _connection_create /opt/stack/cinder/cinder/volume/manager.py:4892}}
Nov 19 12:53:59 devstack cinder-volume[80839]: INFO cinder.volume.manager [req-0174fa96-0d3f-4441-a5e0-83b6468d3d8c req-fb54ac9e-0a0f-44e6-b9c7-25db8bb11cf2 tempest-ServerActionsV293TestJSON-1607053477 None] attachment_update completed successfully.
Nov 19 12:53:59 devstack sudo[85708]: pam_unix(sudo:session): session closed for user root
Nov 19 12:53:59 devstack cinder-volume[80839]: DEBUG oslo_concurrency.processutils [None req-2477b3c7-abc6-4ffe-8b04-b625ad2260b8 tempest-SnapshotsActionsTest-734248391 None] CMD "sudo cinder-rootwrap /etc/cinder/rootwrap.conf qemu-img create -f qcow2 -o preallocation=metadata /opt/stack/data/cinder/mnt/3d4e93f41e61708b5064d945bd0d95b3/volume-568112a2-95f6-42fa-b50b-220c4e6255a5 1073741824" returned: 0 in 0.548s {{(pid=80839) execute /opt/stack/data/venv/lib/python3.10/site-packages/oslo_concurrency/processutils.py:372}}
Nov 19 12:53:59 devstack cinder-volume[80839]: DEBUG oslo_concurrency.processutils [None req-2477b3c7-abc6-4ffe-8b04-b625ad2260b8 tempest-SnapshotsActionsTest-734248391 None] Running cmd (subprocess): sudo cinder-rootwrap /etc/cinder/rootwrap.conf chmod ugo+rw /opt/stack/data/cinder/mnt/3d4e93f41e61708b5064d945bd0d95b3/volume-568112a2-95f6-42fa-b50b-220c4e6255a5 {{(pid=80839) execute /opt/stack/data/venv/lib/python3.10/site-packages/oslo_concurrency/processutils.py:349}}
Nov 19 12:53:59 devstack sudo[85713]: quobyte : PWD=/ ; USER=root ; COMMAND=/opt/stack/data/venv/bin/cinder-rootwrap /etc/cinder/rootwrap.conf chmod ugo+rw /opt/stack/data/cinder/mnt/3d4e93f41e61708b5064d945bd0d95b3/volume-568112a2-95f6-42fa-b50b-220c4e6255a5
Nov 19 12:53:59 devstack sudo[85713]: pam_unix(sudo:session): session opened for user root(uid=0) by (uid=1000)
Nov 19 12:54:00 devstack sudo[85713]: pam_unix(sudo:session): session closed for user root
Nov 19 12:54:00 devstack cinder-volume[80839]: DEBUG oslo_concurrency.processutils [None req-2477b3c7-abc6-4ffe-8b04-b625ad2260b8 tempest-SnapshotsActionsTest-734248391 None] CMD "sudo cinder-rootwrap /etc/cinder/rootwrap.conf chmod ugo+rw /opt/stack/data/cinder/mnt/3d4e93f41e61708b5064d945bd0d95b3/volume-568112a2-95f6-42fa-b50b-220c4e6255a5" returned: 0 in 0.491s {{(pid=80839) execute /opt/stack/data/venv/lib/python3.10/site-packages/oslo_concurrency/processutils.py:372}}
Nov 19 12:54:00 devstack cinder-volume[80839]: DEBUG cinder.volume.drivers.quobyte [None req-2477b3c7-abc6-4ffe-8b04-b625ad2260b8 tempest-SnapshotsActionsTest-734248391 None] <== create_volume: return (1045ms) {'provider_location': 'osci02.corp.quobyte.com/cinder-vol-87260f92-3551-4182-b0ca-2a6c984928f0'} {{(pid=80839) trace_logging_wrapper /opt/stack/cinder/cinder/volume/volume_utils.py:1523}}
Nov 19 12:54:00 devstack cinder-volume[80839]: DEBUG oslo_concurrency.lockutils [None req-2477b3c7-abc6-4ffe-8b04-b625ad2260b8 tempest-SnapshotsActionsTest-734248391 None] Lock "quobyte" "released" by "cinder.volume.drivers.quobyte.QuobyteDriver.create_volume" :: held 1.047s {{(pid=80839) inner /opt/stack/data/venv/lib/python3.10/site-packages/oslo_concurrency/lockutils.py:424}}
Nov 19 12:54:00 devstack cinder-volume[80839]: DEBUG cinder.volume.manager [None req-2477b3c7-abc6-4ffe-8b04-b625ad2260b8 tempest-SnapshotsActionsTest-734248391 None] Task 'cinder.volume.flows.manager.create_volume.CreateVolumeFromSpecTask;volume:create' (369c60cf-37f5-4db6-a9c3-2cb70118db83) transitioned into state 'SUCCESS' from state 'RUNNING' with result '{'status': 'creating', 'volume_name': 'volume-568112a2-95f6-42fa-b50b-220c4e6255a5', 'volume_size': 1}' {{(pid=80839) _task_receiver /opt/stack/data/venv/lib/python3.10/site-packages/taskflow/listeners/logging.py:182}}
Nov 19 12:54:00 devstack cinder-volume[80839]: DEBUG cinder.volume.manager [None req-2477b3c7-abc6-4ffe-8b04-b625ad2260b8 tempest-SnapshotsActionsTest-734248391 None] Task 'cinder.volume.flows.manager.create_volume.CreateVolumeOnFinishTask;volume:create, create.end' (61dda04b-5d06-4a39-9d89-a327071e2769) transitioned into state 'RUNNING' from state 'PENDING' {{(pid=80839) _task_receiver /opt/stack/data/venv/lib/python3.10/site-packages/taskflow/listeners/logging.py:194}}
Nov 19 12:54:00 devstack cinder-volume[80839]: INFO cinder.volume.flows.manager.create_volume [None req-2477b3c7-abc6-4ffe-8b04-b625ad2260b8 tempest-SnapshotsActionsTest-734248391 None] Volume volume-568112a2-95f6-42fa-b50b-220c4e6255a5 (568112a2-95f6-42fa-b50b-220c4e6255a5): created successfully
Nov 19 12:54:00 devstack cinder-volume[80839]: DEBUG cinder.volume.manager [None req-2477b3c7-abc6-4ffe-8b04-b625ad2260b8 tempest-SnapshotsActionsTest-734248391 None] Task 'cinder.volume.flows.manager.create_volume.CreateVolumeOnFinishTask;volume:create, create.end' (61dda04b-5d06-4a39-9d89-a327071e2769) transitioned into state 'SUCCESS' from state 'RUNNING' with result 'None' {{(pid=80839) _task_receiver /opt/stack/data/venv/lib/python3.10/site-packages/taskflow/listeners/logging.py:182}}
Nov 19 12:54:00 devstack cinder-volume[80839]: DEBUG cinder.volume.manager [None req-2477b3c7-abc6-4ffe-8b04-b625ad2260b8 tempest-SnapshotsActionsTest-734248391 None] Flow 'volume_create_manager' (7441e438-1823-4521-8eb9-54375282b7c4) transitioned into state 'SUCCESS' from state 'RUNNING' {{(pid=80839) _flow_receiver /opt/stack/data/venv/lib/python3.10/site-packages/taskflow/listeners/logging.py:145}}
Nov 19 12:54:00 devstack cinder-volume[80839]: INFO cinder.volume.manager [None req-2477b3c7-abc6-4ffe-8b04-b625ad2260b8 tempest-SnapshotsActionsTest-734248391 None] Created volume successfully.
Nov 19 12:54:01 devstack cinder-volume[80839]: DEBUG oslo_concurrency.lockutils [None req-fdb3d1a1-ffa3-46b6-9c78-514ab19407d8 tempest-SnapshotsActionsTest-734248391 None] Acquiring lock "quobyte" by "cinder.volume.drivers.quobyte.QuobyteDriver.create_snapshot" {{(pid=80839) inner /opt/stack/data/venv/lib/python3.10/site-packages/oslo_concurrency/lockutils.py:405}}
Nov 19 12:54:01 devstack cinder-volume[80839]: DEBUG oslo_concurrency.lockutils [None req-fdb3d1a1-ffa3-46b6-9c78-514ab19407d8 tempest-SnapshotsActionsTest-734248391 None] Lock "quobyte" acquired by "cinder.volume.drivers.quobyte.QuobyteDriver.create_snapshot" :: waited 0.001s {{(pid=80839) inner /opt/stack/data/venv/lib/python3.10/site-packages/oslo_concurrency/lockutils.py:410}}
Nov 19 12:54:01 devstack cinder-volume[80839]: DEBUG cinder.volume.drivers.remotefs [None req-fdb3d1a1-ffa3-46b6-9c78-514ab19407d8 tempest-SnapshotsActionsTest-734248391 None] Creating offline snapshot 271c598e-cb73-4e10-a691-31e98aac4616 of volume 568112a2-95f6-42fa-b50b-220c4e6255a5 {{(pid=80839) _create_snapshot /opt/stack/cinder/cinder/volume/drivers/remotefs.py:1694}}
Nov 19 12:54:01 devstack cinder-volume[80839]: DEBUG oslo.privsep.daemon [-] privsep: reply[06786bf6-59cb-4924-9879-cb2f19713021]: (4, 'qcow2') {{(pid=81550) _call_back /opt/stack/data/venv/lib/python3.10/site-packages/oslo_privsep/daemon.py:515}}
Nov 19 12:54:01 devstack cinder-volume[80839]: DEBUG oslo_concurrency.processutils [None req-fdb3d1a1-ffa3-46b6-9c78-514ab19407d8 tempest-SnapshotsActionsTest-734248391 None] Running cmd (subprocess): /opt/stack/data/venv/bin/python3.10 -m oslo_concurrency.prlimit --as=1073741824 --cpu=60 -- sudo cinder-rootwrap /etc/cinder/rootwrap.conf env LC_ALL=C qemu-img info -f qcow2 --output=json --force-share /opt/stack/data/cinder/mnt/3d4e93f41e61708b5064d945bd0d95b3/volume-568112a2-95f6-42fa-b50b-220c4e6255a5 {{(pid=80839) execute /opt/stack/data/venv/lib/python3.10/site-packages/oslo_concurrency/processutils.py:349}}
Nov 19 12:54:01 devstack sudo[85716]: quobyte : PWD=/ ; USER=root ; COMMAND=/opt/stack/data/venv/bin/cinder-rootwrap /etc/cinder/rootwrap.conf env LC_ALL=C qemu-img info -f qcow2 --output=json --force-share /opt/stack/data/cinder/mnt/3d4e93f41e61708b5064d945bd0d95b3/volume-568112a2-95f6-42fa-b50b-220c4e6255a5
Nov 19 12:54:01 devstack sudo[85716]: pam_unix(sudo:session): session opened for user root(uid=0) by (uid=1000)
Nov 19 12:54:02 devstack sudo[85716]: pam_unix(sudo:session): session closed for user root
Nov 19 12:54:02 devstack cinder-volume[80839]: DEBUG oslo_concurrency.processutils [None req-fdb3d1a1-ffa3-46b6-9c78-514ab19407d8 tempest-SnapshotsActionsTest-734248391 None] CMD "/opt/stack/data/venv/bin/python3.10 -m oslo_concurrency.prlimit --as=1073741824 --cpu=60 -- sudo cinder-rootwrap /etc/cinder/rootwrap.conf env LC_ALL=C qemu-img info -f qcow2 --output=json --force-share /opt/stack/data/cinder/mnt/3d4e93f41e61708b5064d945bd0d95b3/volume-568112a2-95f6-42fa-b50b-220c4e6255a5" returned: 0 in 0.580s {{(pid=80839) execute /opt/stack/data/venv/lib/python3.10/site-packages/oslo_concurrency/processutils.py:372}}
Nov 19 12:54:02 devstack cinder-volume[80839]: DEBUG oslo_concurrency.processutils [None req-fdb3d1a1-ffa3-46b6-9c78-514ab19407d8 tempest-SnapshotsActionsTest-734248391 None] Running cmd (subprocess): sudo cinder-rootwrap /etc/cinder/rootwrap.conf qemu-img create -f qcow2 -o backing_file=/opt/stack/data/cinder/mnt/3d4e93f41e61708b5064d945bd0d95b3/volume-568112a2-95f6-42fa-b50b-220c4e6255a5,backing_fmt=qcow2 /opt/stack/data/cinder/mnt/3d4e93f41e61708b5064d945bd0d95b3/volume-568112a2-95f6-42fa-b50b-220c4e6255a5.271c598e-cb73-4e10-a691-31e98aac4616 1G {{(pid=80839) execute /opt/stack/data/venv/lib/python3.10/site-packages/oslo_concurrency/processutils.py:349}}
Nov 19 12:54:02 devstack sudo[85721]: quobyte : PWD=/ ; USER=root ; COMMAND=/opt/stack/data/venv/bin/cinder-rootwrap /etc/cinder/rootwrap.conf qemu-img create -f qcow2 -o backing_file=/opt/stack/data/cinder/mnt/3d4e93f41e61708b5064d945bd0d95b3/volume-568112a2-95f6-42fa-b50b-220c4e6255a5,backing_fmt=qcow2 /opt/stack/data/cinder/mnt/3d4e93f41e61708b5064d945bd0d95b3/volume-568112a2-95f6-42fa-b50b-220c4e6255a5.271c598e-cb73-4e10-a691-31e98aac4616 1G
Nov 19 12:54:02 devstack sudo[85721]: pam_unix(sudo:session): session opened for user root(uid=0) by (uid=1000)
Nov 19 12:54:02 devstack sudo[85721]: pam_unix(sudo:session): session closed for user root
Nov 19 12:54:02 devstack cinder-volume[80839]: DEBUG oslo_concurrency.processutils [None req-fdb3d1a1-ffa3-46b6-9c78-514ab19407d8 tempest-SnapshotsActionsTest-734248391 None] CMD "sudo cinder-rootwrap /etc/cinder/rootwrap.conf qemu-img create -f qcow2 -o backing_file=/opt/stack/data/cinder/mnt/3d4e93f41e61708b5064d945bd0d95b3/volume-568112a2-95f6-42fa-b50b-220c4e6255a5,backing_fmt=qcow2 /opt/stack/data/cinder/mnt/3d4e93f41e61708b5064d945bd0d95b3/volume-568112a2-95f6-42fa-b50b-220c4e6255a5.271c598e-cb73-4e10-a691-31e98aac4616 1G" returned: 0 in 0.572s {{(pid=80839) execute /opt/stack/data/venv/lib/python3.10/site-packages/oslo_concurrency/processutils.py:372}}
Nov 19 12:54:02 devstack cinder-volume[80839]: DEBUG oslo_concurrency.processutils [None req-fdb3d1a1-ffa3-46b6-9c78-514ab19407d8 tempest-SnapshotsActionsTest-734248391 None] Running cmd (subprocess): sudo cinder-rootwrap /etc/cinder/rootwrap.conf qemu-img rebase -u -b volume-568112a2-95f6-42fa-b50b-220c4e6255a5 -F qcow2 /opt/stack/data/cinder/mnt/3d4e93f41e61708b5064d945bd0d95b3/volume-568112a2-95f6-42fa-b50b-220c4e6255a5.271c598e-cb73-4e10-a691-31e98aac4616 {{(pid=80839) execute /opt/stack/data/venv/lib/python3.10/site-packages/oslo_concurrency/processutils.py:349}}
Nov 19 12:54:02 devstack sudo[85730]: quobyte : PWD=/ ; USER=root ; COMMAND=/opt/stack/data/venv/bin/cinder-rootwrap /etc/cinder/rootwrap.conf qemu-img rebase -u -b volume-568112a2-95f6-42fa-b50b-220c4e6255a5 -F qcow2 /opt/stack/data/cinder/mnt/3d4e93f41e61708b5064d945bd0d95b3/volume-568112a2-95f6-42fa-b50b-220c4e6255a5.271c598e-cb73-4e10-a691-31e98aac4616
Nov 19 12:54:02 devstack sudo[85730]: pam_unix(sudo:session): session opened for user root(uid=0) by (uid=1000)
Nov 19 12:54:03 devstack sudo[85730]: pam_unix(sudo:session): session closed for user root
Nov 19 12:54:03 devstack cinder-volume[80839]: DEBUG oslo_concurrency.processutils [None req-fdb3d1a1-ffa3-46b6-9c78-514ab19407d8 tempest-SnapshotsActionsTest-734248391 None] CMD "sudo cinder-rootwrap /etc/cinder/rootwrap.conf qemu-img rebase -u -b volume-568112a2-95f6-42fa-b50b-220c4e6255a5 -F qcow2 /opt/stack/data/cinder/mnt/3d4e93f41e61708b5064d945bd0d95b3/volume-568112a2-95f6-42fa-b50b-220c4e6255a5.271c598e-cb73-4e10-a691-31e98aac4616" returned: 0 in 0.507s {{(pid=80839) execute /opt/stack/data/venv/lib/python3.10/site-packages/oslo_concurrency/processutils.py:372}}
Nov 19 12:54:03 devstack cinder-volume[80839]: WARNING cinder.volume.drivers.remotefs [None req-fdb3d1a1-ffa3-46b6-9c78-514ab19407d8 tempest-SnapshotsActionsTest-734248391 None] /opt/stack/data/cinder/mnt/3d4e93f41e61708b5064d945bd0d95b3/volume-568112a2-95f6-42fa-b50b-220c4e6255a5.271c598e-cb73-4e10-a691-31e98aac4616 is being set with open permissions: ugo+rw
Nov 19 12:54:03 devstack cinder-volume[80839]: DEBUG oslo_concurrency.processutils [None req-fdb3d1a1-ffa3-46b6-9c78-514ab19407d8 tempest-SnapshotsActionsTest-734248391 None] Running cmd (subprocess): sudo cinder-rootwrap /etc/cinder/rootwrap.conf chmod ugo+rw /opt/stack/data/cinder/mnt/3d4e93f41e61708b5064d945bd0d95b3/volume-568112a2-95f6-42fa-b50b-220c4e6255a5.271c598e-cb73-4e10-a691-31e98aac4616 {{(pid=80839) execute /opt/stack/data/venv/lib/python3.10/site-packages/oslo_concurrency/processutils.py:349}}
Nov 19 12:54:03 devstack sudo[85735]: quobyte : PWD=/ ; USER=root ; COMMAND=/opt/stack/data/venv/bin/cinder-rootwrap /etc/cinder/rootwrap.conf chmod ugo+rw /opt/stack/data/cinder/mnt/3d4e93f41e61708b5064d945bd0d95b3/volume-568112a2-95f6-42fa-b50b-220c4e6255a5.271c598e-cb73-4e10-a691-31e98aac4616
Nov 19 12:54:03 devstack sudo[85735]: pam_unix(sudo:session): session opened for user root(uid=0) by (uid=1000)
Nov 19 12:54:03 devstack sudo[85735]: pam_unix(sudo:session): session closed for user root
Nov 19 12:54:03 devstack cinder-volume[80839]: DEBUG oslo_concurrency.processutils [None req-fdb3d1a1-ffa3-46b6-9c78-514ab19407d8 tempest-SnapshotsActionsTest-734248391 None] CMD "sudo cinder-rootwrap /etc/cinder/rootwrap.conf chmod ugo+rw /opt/stack/data/cinder/mnt/3d4e93f41e61708b5064d945bd0d95b3/volume-568112a2-95f6-42fa-b50b-220c4e6255a5.271c598e-cb73-4e10-a691-31e98aac4616" returned: 0 in 0.470s {{(pid=80839) execute /opt/stack/data/venv/lib/python3.10/site-packages/oslo_concurrency/processutils.py:372}}
Nov 19 12:54:03 devstack cinder-volume[80839]: DEBUG oslo_concurrency.processutils [None req-fdb3d1a1-ffa3-46b6-9c78-514ab19407d8 tempest-SnapshotsActionsTest-734248391 None] Running cmd (subprocess): sudo cinder-rootwrap /etc/cinder/rootwrap.conf truncate -s0 /opt/stack/data/cinder/mnt/3d4e93f41e61708b5064d945bd0d95b3/volume-568112a2-95f6-42fa-b50b-220c4e6255a5.info {{(pid=80839) execute /opt/stack/data/venv/lib/python3.10/site-packages/oslo_concurrency/processutils.py:349}}
Nov 19 12:54:03 devstack sudo[85738]: quobyte : PWD=/ ; USER=root ; COMMAND=/opt/stack/data/venv/bin/cinder-rootwrap /etc/cinder/rootwrap.conf truncate -s0 /opt/stack/data/cinder/mnt/3d4e93f41e61708b5064d945bd0d95b3/volume-568112a2-95f6-42fa-b50b-220c4e6255a5.info
Nov 19 12:54:03 devstack sudo[85738]: pam_unix(sudo:session): session opened for user root(uid=0) by (uid=1000)
Nov 19 12:54:04 devstack sudo[85738]: pam_unix(sudo:session): session closed for user root
Nov 19 12:54:04 devstack cinder-volume[80839]: DEBUG oslo_concurrency.processutils [None req-fdb3d1a1-ffa3-46b6-9c78-514ab19407d8 tempest-SnapshotsActionsTest-734248391 None] CMD "sudo cinder-rootwrap /etc/cinder/rootwrap.conf truncate -s0 /opt/stack/data/cinder/mnt/3d4e93f41e61708b5064d945bd0d95b3/volume-568112a2-95f6-42fa-b50b-220c4e6255a5.info" returned: 0 in 0.804s {{(pid=80839) execute /opt/stack/data/venv/lib/python3.10/site-packages/oslo_concurrency/processutils.py:372}}
Nov 19 12:54:04 devstack cinder-volume[80839]: WARNING cinder.volume.drivers.remotefs [None req-fdb3d1a1-ffa3-46b6-9c78-514ab19407d8 tempest-SnapshotsActionsTest-734248391 None] /opt/stack/data/cinder/mnt/3d4e93f41e61708b5064d945bd0d95b3/volume-568112a2-95f6-42fa-b50b-220c4e6255a5.info is being set with open permissions: ugo+rw
Nov 19 12:54:04 devstack cinder-volume[80839]: DEBUG oslo_concurrency.processutils [None req-fdb3d1a1-ffa3-46b6-9c78-514ab19407d8 tempest-SnapshotsActionsTest-734248391 None] Running cmd (subprocess): sudo cinder-rootwrap /etc/cinder/rootwrap.conf chmod ugo+rw /opt/stack/data/cinder/mnt/3d4e93f41e61708b5064d945bd0d95b3/volume-568112a2-95f6-42fa-b50b-220c4e6255a5.info {{(pid=80839) execute /opt/stack/data/venv/lib/python3.10/site-packages/oslo_concurrency/processutils.py:349}}
Nov 19 12:54:04 devstack cinder-volume[80839]: DEBUG oslo_service.periodic_task [None req-277e46a3-ac81-411d-be62-c8d54078039f None None] Running periodic task VolumeManager.publish_service_capabilities {{(pid=80839) run_periodic_tasks /opt/stack/data/venv/lib/python3.10/site-packages/oslo_service/periodic_task.py:210}}
Nov 19 12:54:04 devstack cinder-volume[80839]: DEBUG oslo_concurrency.lockutils [None req-277e46a3-ac81-411d-be62-c8d54078039f None None] Acquiring lock "quobyte_ensure" by "cinder.volume.drivers.quobyte.QuobyteDriver._ensure_shares_mounted" {{(pid=80839) inner /opt/stack/data/venv/lib/python3.10/site-packages/oslo_concurrency/lockutils.py:405}}
Nov 19 12:54:04 devstack cinder-volume[80839]: DEBUG oslo_concurrency.lockutils [None req-277e46a3-ac81-411d-be62-c8d54078039f None None] Lock "quobyte_ensure" acquired by "cinder.volume.drivers.quobyte.QuobyteDriver._ensure_shares_mounted" :: waited 0.001s {{(pid=80839) inner /opt/stack/data/venv/lib/python3.10/site-packages/oslo_concurrency/lockutils.py:410}}
Nov 19 12:54:04 devstack cinder-volume[80839]: DEBUG cinder.volume.drivers.quobyte [None req-277e46a3-ac81-411d-be62-c8d54078039f None None] Quobyte Volume URL set to: {'osci02.corp.quobyte.com/cinder-vol-87260f92-3551-4182-b0ca-2a6c984928f0': None} {{(pid=80839) _load_shares_config /opt/stack/cinder/cinder/volume/drivers/quobyte.py:601}}
Nov 19 12:54:04 devstack cinder-volume[80839]: DEBUG cinder.volume.drivers.quobyte [None req-277e46a3-ac81-411d-be62-c8d54078039f None None] Available shares ['osci02.corp.quobyte.com/cinder-vol-87260f92-3551-4182-b0ca-2a6c984928f0'] {{(pid=80839) _ensure_shares_mounted /opt/stack/cinder/cinder/volume/drivers/quobyte.py:631}}
Nov 19 12:54:04 devstack cinder-volume[80839]: DEBUG oslo_concurrency.lockutils [None req-277e46a3-ac81-411d-be62-c8d54078039f None None] Lock "quobyte_ensure" "released" by "cinder.volume.drivers.quobyte.QuobyteDriver._ensure_shares_mounted" :: held 0.007s {{(pid=80839) inner /opt/stack/data/venv/lib/python3.10/site-packages/oslo_concurrency/lockutils.py:424}}
Nov 19 12:54:04 devstack cinder-volume[80839]: DEBUG oslo_concurrency.processutils [None req-277e46a3-ac81-411d-be62-c8d54078039f None None] Running cmd (subprocess): sudo cinder-rootwrap /etc/cinder/rootwrap.conf df --portability --block-size 1 /opt/stack/data/cinder/mnt/3d4e93f41e61708b5064d945bd0d95b3 {{(pid=80839) execute /opt/stack/data/venv/lib/python3.10/site-packages/oslo_concurrency/processutils.py:349}}
Nov 19 12:54:04 devstack sudo[85788]: quobyte : PWD=/ ; USER=root ; COMMAND=/opt/stack/data/venv/bin/cinder-rootwrap /etc/cinder/rootwrap.conf chmod ugo+rw /opt/stack/data/cinder/mnt/3d4e93f41e61708b5064d945bd0d95b3/volume-568112a2-95f6-42fa-b50b-220c4e6255a5.info
Nov 19 12:54:04 devstack sudo[85788]: pam_unix(sudo:session): session opened for user root(uid=0) by (uid=1000)
Nov 19 12:54:04 devstack sudo[85791]: quobyte : PWD=/ ; USER=root ; COMMAND=/opt/stack/data/venv/bin/cinder-rootwrap /etc/cinder/rootwrap.conf df --portability --block-size 1 /opt/stack/data/cinder/mnt/3d4e93f41e61708b5064d945bd0d95b3
Nov 19 12:54:04 devstack sudo[85791]: pam_unix(sudo:session): session opened for user root(uid=0) by (uid=1000)
Nov 19 12:54:05 devstack sudo[85788]: pam_unix(sudo:session): session closed for user root
Nov 19 12:54:05 devstack cinder-volume[80839]: DEBUG oslo_concurrency.processutils [None req-fdb3d1a1-ffa3-46b6-9c78-514ab19407d8 tempest-SnapshotsActionsTest-734248391 None] CMD "sudo cinder-rootwrap /etc/cinder/rootwrap.conf chmod ugo+rw /opt/stack/data/cinder/mnt/3d4e93f41e61708b5064d945bd0d95b3/volume-568112a2-95f6-42fa-b50b-220c4e6255a5.info" returned: 0 in 1.141s {{(pid=80839) execute /opt/stack/data/venv/lib/python3.10/site-packages/oslo_concurrency/processutils.py:372}}
Nov 19 12:54:05 devstack cinder-volume[80839]: DEBUG oslo_concurrency.lockutils [None req-fdb3d1a1-ffa3-46b6-9c78-514ab19407d8 tempest-SnapshotsActionsTest-734248391 None] Lock "quobyte" "released" by "cinder.volume.drivers.quobyte.QuobyteDriver.create_snapshot" :: held 4.144s {{(pid=80839) inner /opt/stack/data/venv/lib/python3.10/site-packages/oslo_concurrency/lockutils.py:424}}
Nov 19 12:54:05 devstack sudo[85791]: pam_unix(sudo:session): session closed for user root
Nov 19 12:54:05 devstack cinder-volume[80839]: INFO cinder.volume.manager [None req-fdb3d1a1-ffa3-46b6-9c78-514ab19407d8 tempest-SnapshotsActionsTest-734248391 None] Create snapshot completed successfully
Nov 19 12:54:05 devstack cinder-volume[80839]: DEBUG oslo_concurrency.processutils [None req-277e46a3-ac81-411d-be62-c8d54078039f None None] CMD "sudo cinder-rootwrap /etc/cinder/rootwrap.conf df --portability --block-size 1 /opt/stack/data/cinder/mnt/3d4e93f41e61708b5064d945bd0d95b3" returned: 0 in 1.187s {{(pid=80839) execute /opt/stack/data/venv/lib/python3.10/site-packages/oslo_concurrency/processutils.py:372}}
Nov 19 12:54:05 devstack cinder-volume[80839]: DEBUG cinder.manager [None req-277e46a3-ac81-411d-be62-c8d54078039f None None] Notifying Schedulers of capabilities ... {{(pid=80839) _publish_service_capabilities /opt/stack/cinder/cinder/manager.py:202}}
Nov 19 12:54:07 devstack cinder-volume[80839]: DEBUG oslo_concurrency.lockutils [None req-3b183027-9492-4e8d-a0eb-f7ad9504b193 tempest-SnapshotsActionsTest-734248391 None] Acquiring lock "quobyte" by "cinder.volume.drivers.quobyte.QuobyteDriver.create_snapshot" {{(pid=80839) inner /opt/stack/data/venv/lib/python3.10/site-packages/oslo_concurrency/lockutils.py:405}}
Nov 19 12:54:07 devstack cinder-volume[80839]: DEBUG oslo_concurrency.lockutils [None req-3b183027-9492-4e8d-a0eb-f7ad9504b193 tempest-SnapshotsActionsTest-734248391 None] Lock "quobyte" acquired by "cinder.volume.drivers.quobyte.QuobyteDriver.create_snapshot" :: waited 0.001s {{(pid=80839) inner /opt/stack/data/venv/lib/python3.10/site-packages/oslo_concurrency/lockutils.py:410}}
Nov 19 12:54:07 devstack cinder-volume[80839]: DEBUG cinder.volume.drivers.remotefs [None req-3b183027-9492-4e8d-a0eb-f7ad9504b193 tempest-SnapshotsActionsTest-734248391 None] Creating offline snapshot e1c682a8-ec49-47e1-a821-2d7aa1dd4f02 of volume 568112a2-95f6-42fa-b50b-220c4e6255a5 {{(pid=80839) _create_snapshot /opt/stack/cinder/cinder/volume/drivers/remotefs.py:1694}}
Nov 19 12:54:07 devstack cinder-volume[80839]: DEBUG oslo.privsep.daemon [-] privsep: reply[5745bd78-3d47-4b14-b5f6-f414b0e569d0]: (4, 'qcow2') {{(pid=81550) _call_back /opt/stack/data/venv/lib/python3.10/site-packages/oslo_privsep/daemon.py:515}}
Nov 19 12:54:07 devstack cinder-volume[80839]: DEBUG oslo_concurrency.processutils [None req-3b183027-9492-4e8d-a0eb-f7ad9504b193 tempest-SnapshotsActionsTest-734248391 None] Running cmd (subprocess): /opt/stack/data/venv/bin/python3.10 -m oslo_concurrency.prlimit --as=1073741824 --cpu=60 -- sudo cinder-rootwrap /etc/cinder/rootwrap.conf env LC_ALL=C qemu-img info -f qcow2 --output=json --force-share /opt/stack/data/cinder/mnt/3d4e93f41e61708b5064d945bd0d95b3/volume-568112a2-95f6-42fa-b50b-220c4e6255a5.271c598e-cb73-4e10-a691-31e98aac4616 {{(pid=80839) execute /opt/stack/data/venv/lib/python3.10/site-packages/oslo_concurrency/processutils.py:349}}
Nov 19 12:54:07 devstack sudo[85822]: quobyte : PWD=/ ; USER=root ; COMMAND=/opt/stack/data/venv/bin/cinder-rootwrap /etc/cinder/rootwrap.conf env LC_ALL=C qemu-img info -f qcow2 --output=json --force-share /opt/stack/data/cinder/mnt/3d4e93f41e61708b5064d945bd0d95b3/volume-568112a2-95f6-42fa-b50b-220c4e6255a5.271c598e-cb73-4e10-a691-31e98aac4616
Nov 19 12:54:07 devstack sudo[85822]: pam_unix(sudo:session): session opened for user root(uid=0) by (uid=1000)
Nov 19 12:54:07 devstack sudo[85822]: pam_unix(sudo:session): session closed for user root
Nov 19 12:54:07 devstack cinder-volume[80839]: DEBUG oslo_concurrency.processutils [None req-3b183027-9492-4e8d-a0eb-f7ad9504b193 tempest-SnapshotsActionsTest-734248391 None] CMD "/opt/stack/data/venv/bin/python3.10 -m oslo_concurrency.prlimit --as=1073741824 --cpu=60 -- sudo cinder-rootwrap /etc/cinder/rootwrap.conf env LC_ALL=C qemu-img info -f qcow2 --output=json --force-share /opt/stack/data/cinder/mnt/3d4e93f41e61708b5064d945bd0d95b3/volume-568112a2-95f6-42fa-b50b-220c4e6255a5.271c598e-cb73-4e10-a691-31e98aac4616" returned: 0 in 0.840s {{(pid=80839) execute /opt/stack/data/venv/lib/python3.10/site-packages/oslo_concurrency/processutils.py:372}}
Nov 19 12:54:07 devstack cinder-volume[80839]: DEBUG cinder.volume.drivers.remotefs [None req-3b183027-9492-4e8d-a0eb-f7ad9504b193 tempest-SnapshotsActionsTest-734248391 None] Fetching qemu-img info with special backing_file_template: (/opt/stack/data/cinder/mnt/[0-9a-f]+/)?(volume-568112a2-95f6-42fa-b50b-220c4e6255a5(.(tmp-snap-)?[0-9a-f-]+)?|volume_from_snapshot_cache/(tmp-snap-)?[0-9a-f-]+(.(child-|parent-)[0-9a-f-]+)?)$ {{(pid=80839) _qemu_img_info_base /opt/stack/cinder/cinder/volume/drivers/remotefs.py:886}}
Nov 19 12:54:07 devstack cinder-volume[80839]: DEBUG oslo_concurrency.processutils [None req-3b183027-9492-4e8d-a0eb-f7ad9504b193 tempest-SnapshotsActionsTest-734248391 None] Running cmd (subprocess): sudo cinder-rootwrap /etc/cinder/rootwrap.conf qemu-img create -f qcow2 -o backing_file=/opt/stack/data/cinder/mnt/3d4e93f41e61708b5064d945bd0d95b3/volume-568112a2-95f6-42fa-b50b-220c4e6255a5.271c598e-cb73-4e10-a691-31e98aac4616,backing_fmt=qcow2 /opt/stack/data/cinder/mnt/3d4e93f41e61708b5064d945bd0d95b3/volume-568112a2-95f6-42fa-b50b-220c4e6255a5.e1c682a8-ec49-47e1-a821-2d7aa1dd4f02 1G {{(pid=80839) execute /opt/stack/data/venv/lib/python3.10/site-packages/oslo_concurrency/processutils.py:349}}
Nov 19 12:54:07 devstack sudo[85830]: quobyte : PWD=/ ; USER=root ; COMMAND=/opt/stack/data/venv/bin/cinder-rootwrap /etc/cinder/rootwrap.conf qemu-img create -f qcow2 -o backing_file=/opt/stack/data/cinder/mnt/3d4e93f41e61708b5064d945bd0d95b3/volume-568112a2-95f6-42fa-b50b-220c4e6255a5.271c598e-cb73-4e10-a691-31e98aac4616,backing_fmt=qcow2 /opt/stack/data/cinder/mnt/3d4e93f41e61708b5064d945bd0d95b3/volume-568112a2-95f6-42fa-b50b-220c4e6255a5.e1c682a8-ec49-47e1-a821-2d7aa1dd4f02 1G
Nov 19 12:54:07 devstack sudo[85830]: pam_unix(sudo:session): session opened for user root(uid=0) by (uid=1000)
Nov 19 12:54:08 devstack sudo[85830]: pam_unix(sudo:session): session closed for user root
Nov 19 12:54:08 devstack cinder-volume[80839]: DEBUG oslo_concurrency.processutils [None req-3b183027-9492-4e8d-a0eb-f7ad9504b193 tempest-SnapshotsActionsTest-734248391 None] CMD "sudo cinder-rootwrap /etc/cinder/rootwrap.conf qemu-img create -f qcow2 -o backing_file=/opt/stack/data/cinder/mnt/3d4e93f41e61708b5064d945bd0d95b3/volume-568112a2-95f6-42fa-b50b-220c4e6255a5.271c598e-cb73-4e10-a691-31e98aac4616,backing_fmt=qcow2 /opt/stack/data/cinder/mnt/3d4e93f41e61708b5064d945bd0d95b3/volume-568112a2-95f6-42fa-b50b-220c4e6255a5.e1c682a8-ec49-47e1-a821-2d7aa1dd4f02 1G" returned: 0 in 0.838s {{(pid=80839) execute /opt/stack/data/venv/lib/python3.10/site-packages/oslo_concurrency/processutils.py:372}}
Nov 19 12:54:08 devstack cinder-volume[80839]: DEBUG oslo_concurrency.processutils [None req-3b183027-9492-4e8d-a0eb-f7ad9504b193 tempest-SnapshotsActionsTest-734248391 None] Running cmd (subprocess): sudo cinder-rootwrap /etc/cinder/rootwrap.conf qemu-img rebase -u -b volume-568112a2-95f6-42fa-b50b-220c4e6255a5.271c598e-cb73-4e10-a691-31e98aac4616 -F qcow2 /opt/stack/data/cinder/mnt/3d4e93f41e61708b5064d945bd0d95b3/volume-568112a2-95f6-42fa-b50b-220c4e6255a5.e1c682a8-ec49-47e1-a821-2d7aa1dd4f02 {{(pid=80839) execute /opt/stack/data/venv/lib/python3.10/site-packages/oslo_concurrency/processutils.py:349}}
Nov 19 12:54:08 devstack sudo[85836]: quobyte : PWD=/ ; USER=root ; COMMAND=/opt/stack/data/venv/bin/cinder-rootwrap /etc/cinder/rootwrap.conf qemu-img rebase -u -b volume-568112a2-95f6-42fa-b50b-220c4e6255a5.271c598e-cb73-4e10-a691-31e98aac4616 -F qcow2 /opt/stack/data/cinder/mnt/3d4e93f41e61708b5064d945bd0d95b3/volume-568112a2-95f6-42fa-b50b-220c4e6255a5.e1c682a8-ec49-47e1-a821-2d7aa1dd4f02
Nov 19 12:54:08 devstack sudo[85836]: pam_unix(sudo:session): session opened for user root(uid=0) by (uid=1000)
Nov 19 12:54:09 devstack sudo[85836]: pam_unix(sudo:session): session closed for user root
Nov 19 12:54:09 devstack cinder-volume[80839]: DEBUG oslo_concurrency.processutils [None req-3b183027-9492-4e8d-a0eb-f7ad9504b193 tempest-SnapshotsActionsTest-734248391 None] CMD "sudo cinder-rootwrap /etc/cinder/rootwrap.conf qemu-img rebase -u -b volume-568112a2-95f6-42fa-b50b-220c4e6255a5.271c598e-cb73-4e10-a691-31e98aac4616 -F qcow2 /opt/stack/data/cinder/mnt/3d4e93f41e61708b5064d945bd0d95b3/volume-568112a2-95f6-42fa-b50b-220c4e6255a5.e1c682a8-ec49-47e1-a821-2d7aa1dd4f02" returned: 0 in 0.576s {{(pid=80839) execute /opt/stack/data/venv/lib/python3.10/site-packages/oslo_concurrency/processutils.py:372}}
