Apr 15 16:29:16 devstack cinder-volume[82156]: DEBUG cinder.volume.drivers.remotefs [None req-45bd7705-fa86-4d9c-b75a-1ecfc7e2e233 tempest-GroupSnapshotsTest-689663665 None] Creating offline snapshot 5bc615a3-2a0d-45cb-b347-77402b0a55c6 of volume 74f61be8-6054-415f-902f-8c4b2b0d413f {{(pid=82156) _create_snapshot /opt/stack/cinder/cinder/volume/drivers/remotefs.py:1816}}
Apr 15 16:29:16 devstack cinder-volume[82156]: DEBUG oslo.privsep.daemon [-] privsep: reply[6f5df33f-4cf8-4ac8-b86a-b1990f05fe40]: (4, 'qcow2') {{(pid=83065) _call_back /opt/stack/data/venv/lib/python3.10/site-packages/oslo_privsep/daemon.py:573}}
Apr 15 16:29:16 devstack cinder-volume[82156]: DEBUG oslo_concurrency.processutils [None req-45bd7705-fa86-4d9c-b75a-1ecfc7e2e233 tempest-GroupSnapshotsTest-689663665 None] Running cmd (subprocess): /opt/stack/data/venv/bin/python3.10 -m oslo_concurrency.prlimit --as=1073741824 --cpu=60 -- sudo cinder-rootwrap /etc/cinder/rootwrap.conf env LC_ALL=C qemu-img info -f qcow2 --output=json --force-share /opt/stack/data/cinder/mnt/ab9906cb66fc6891d8d0aada1b78a361/volume-74f61be8-6054-415f-902f-8c4b2b0d413f {{(pid=82156) execute /opt/stack/data/venv/lib/python3.10/site-packages/oslo_concurrency/processutils.py:440}}
Apr 15 16:29:16 devstack cinder-volume[82156]: DEBUG oslo_concurrency.lockutils [req-90b4be11-ee89-44cb-98ab-2c0d79200a83 req-eb01012a-1b9f-4a46-a218-c610c5d99eb0 tempest-ServerBootFromVolumeStableRescueTest-2012510219 None] Acquiring lock "quobyte" by "cinder.volume.drivers.quobyte.QuobyteDriver.initialize_connection" {{(pid=82156) inner /opt/stack/data/venv/lib/python3.10/site-packages/oslo_concurrency/lockutils.py:506}}
Apr 15 16:29:16 devstack sudo[85179]: quobyte : PWD=/ ; USER=root ; COMMAND=/opt/stack/data/venv/bin/cinder-rootwrap /etc/cinder/rootwrap.conf env LC_ALL=C qemu-img info -f qcow2 --output=json --force-share /opt/stack/data/cinder/mnt/ab9906cb66fc6891d8d0aada1b78a361/volume-74f61be8-6054-415f-902f-8c4b2b0d413f
Apr 15 16:29:16 devstack sudo[85179]: pam_unix(sudo:session): session opened for user root(uid=0) by (uid=1000)
Apr 15 16:29:17 devstack sudo[85179]: pam_unix(sudo:session): session closed for user root
Apr 15 16:29:17 devstack cinder-volume[82156]: DEBUG oslo_concurrency.processutils [None req-45bd7705-fa86-4d9c-b75a-1ecfc7e2e233 tempest-GroupSnapshotsTest-689663665 None] CMD "/opt/stack/data/venv/bin/python3.10 -m oslo_concurrency.prlimit --as=1073741824 --cpu=60 -- sudo cinder-rootwrap /etc/cinder/rootwrap.conf env LC_ALL=C qemu-img info -f qcow2 --output=json --force-share /opt/stack/data/cinder/mnt/ab9906cb66fc6891d8d0aada1b78a361/volume-74f61be8-6054-415f-902f-8c4b2b0d413f" returned: 0 in 0.618s {{(pid=82156) execute /opt/stack/data/venv/lib/python3.10/site-packages/oslo_concurrency/processutils.py:468}}
Apr 15 16:29:17 devstack cinder-volume[82156]: DEBUG oslo_concurrency.processutils [None req-45bd7705-fa86-4d9c-b75a-1ecfc7e2e233 tempest-GroupSnapshotsTest-689663665 None] Running cmd (subprocess): sudo cinder-rootwrap /etc/cinder/rootwrap.conf qemu-img create -f qcow2 -o backing_file=/opt/stack/data/cinder/mnt/ab9906cb66fc6891d8d0aada1b78a361/volume-74f61be8-6054-415f-902f-8c4b2b0d413f,backing_fmt=qcow2 /opt/stack/data/cinder/mnt/ab9906cb66fc6891d8d0aada1b78a361/volume-74f61be8-6054-415f-902f-8c4b2b0d413f.5bc615a3-2a0d-45cb-b347-77402b0a55c6 1G {{(pid=82156) execute /opt/stack/data/venv/lib/python3.10/site-packages/oslo_concurrency/processutils.py:440}}
Apr 15 16:29:17 devstack sudo[85185]: quobyte : PWD=/ ; USER=root ; COMMAND=/opt/stack/data/venv/bin/cinder-rootwrap /etc/cinder/rootwrap.conf qemu-img create -f qcow2 -o backing_file=/opt/stack/data/cinder/mnt/ab9906cb66fc6891d8d0aada1b78a361/volume-74f61be8-6054-415f-902f-8c4b2b0d413f,backing_fmt=qcow2 /opt/stack/data/cinder/mnt/ab9906cb66fc6891d8d0aada1b78a361/volume-74f61be8-6054-415f-902f-8c4b2b0d413f.5bc615a3-2a0d-45cb-b347-77402b0a55c6 1G
Apr 15 16:29:17 devstack sudo[85185]: pam_unix(sudo:session): session opened for user root(uid=0) by (uid=1000)
Apr 15 16:29:18 devstack sudo[85185]: pam_unix(sudo:session): session closed for user root
Apr 15 16:29:18 devstack cinder-volume[82156]: DEBUG oslo_concurrency.processutils [None req-45bd7705-fa86-4d9c-b75a-1ecfc7e2e233 tempest-GroupSnapshotsTest-689663665 None] CMD "sudo cinder-rootwrap /etc/cinder/rootwrap.conf qemu-img create -f qcow2 -o backing_file=/opt/stack/data/cinder/mnt/ab9906cb66fc6891d8d0aada1b78a361/volume-74f61be8-6054-415f-902f-8c4b2b0d413f,backing_fmt=qcow2 /opt/stack/data/cinder/mnt/ab9906cb66fc6891d8d0aada1b78a361/volume-74f61be8-6054-415f-902f-8c4b2b0d413f.5bc615a3-2a0d-45cb-b347-77402b0a55c6 1G" returned: 0 in 0.563s {{(pid=82156) execute /opt/stack/data/venv/lib/python3.10/site-packages/oslo_concurrency/processutils.py:468}}
Apr 15 16:29:18 devstack cinder-volume[82156]: DEBUG oslo_concurrency.processutils [None req-45bd7705-fa86-4d9c-b75a-1ecfc7e2e233 tempest-GroupSnapshotsTest-689663665 None] Running cmd (subprocess): sudo cinder-rootwrap /etc/cinder/rootwrap.conf qemu-img rebase -u -b volume-74f61be8-6054-415f-902f-8c4b2b0d413f -F qcow2 /opt/stack/data/cinder/mnt/ab9906cb66fc6891d8d0aada1b78a361/volume-74f61be8-6054-415f-902f-8c4b2b0d413f.5bc615a3-2a0d-45cb-b347-77402b0a55c6 {{(pid=82156) execute /opt/stack/data/venv/lib/python3.10/site-packages/oslo_concurrency/processutils.py:440}}
Apr 15 16:29:18 devstack sudo[85190]: quobyte : PWD=/ ; USER=root ; COMMAND=/opt/stack/data/venv/bin/cinder-rootwrap /etc/cinder/rootwrap.conf qemu-img rebase -u -b volume-74f61be8-6054-415f-902f-8c4b2b0d413f -F qcow2 /opt/stack/data/cinder/mnt/ab9906cb66fc6891d8d0aada1b78a361/volume-74f61be8-6054-415f-902f-8c4b2b0d413f.5bc615a3-2a0d-45cb-b347-77402b0a55c6
Apr 15 16:29:18 devstack sudo[85190]: pam_unix(sudo:session): session opened for user root(uid=0) by (uid=1000)
Apr 15 16:29:18 devstack sudo[85190]: pam_unix(sudo:session): session closed for user root
Apr 15 16:29:18 devstack cinder-volume[82156]: DEBUG oslo_concurrency.processutils [None req-45bd7705-fa86-4d9c-b75a-1ecfc7e2e233 tempest-GroupSnapshotsTest-689663665 None] CMD "sudo cinder-rootwrap /etc/cinder/rootwrap.conf qemu-img rebase -u -b volume-74f61be8-6054-415f-902f-8c4b2b0d413f -F qcow2 /opt/stack/data/cinder/mnt/ab9906cb66fc6891d8d0aada1b78a361/volume-74f61be8-6054-415f-902f-8c4b2b0d413f.5bc615a3-2a0d-45cb-b347-77402b0a55c6" returned: 0 in 0.512s {{(pid=82156) execute /opt/stack/data/venv/lib/python3.10/site-packages/oslo_concurrency/processutils.py:468}}
Apr 15 16:29:18 devstack cinder-volume[82156]: WARNING cinder.volume.drivers.remotefs [None req-45bd7705-fa86-4d9c-b75a-1ecfc7e2e233 tempest-GroupSnapshotsTest-689663665 None] /opt/stack/data/cinder/mnt/ab9906cb66fc6891d8d0aada1b78a361/volume-74f61be8-6054-415f-902f-8c4b2b0d413f.5bc615a3-2a0d-45cb-b347-77402b0a55c6 is being set with open permissions: ugo+rw: NotImplementedError
Apr 15 16:29:18 devstack cinder-volume[82156]: DEBUG oslo_concurrency.processutils [None req-45bd7705-fa86-4d9c-b75a-1ecfc7e2e233 tempest-GroupSnapshotsTest-689663665 None] Running cmd (subprocess): sudo cinder-rootwrap /etc/cinder/rootwrap.conf chmod ugo+rw /opt/stack/data/cinder/mnt/ab9906cb66fc6891d8d0aada1b78a361/volume-74f61be8-6054-415f-902f-8c4b2b0d413f.5bc615a3-2a0d-45cb-b347-77402b0a55c6 {{(pid=82156) execute /opt/stack/data/venv/lib/python3.10/site-packages/oslo_concurrency/processutils.py:440}}
Apr 15 16:29:18 devstack sudo[85195]: quobyte : PWD=/ ; USER=root ; COMMAND=/opt/stack/data/venv/bin/cinder-rootwrap /etc/cinder/rootwrap.conf chmod ugo+rw /opt/stack/data/cinder/mnt/ab9906cb66fc6891d8d0aada1b78a361/volume-74f61be8-6054-415f-902f-8c4b2b0d413f.5bc615a3-2a0d-45cb-b347-77402b0a55c6
Apr 15 16:29:18 devstack sudo[85195]: pam_unix(sudo:session): session opened for user root(uid=0) by (uid=1000)
Apr 15 16:29:18 devstack sudo[85195]: pam_unix(sudo:session): session closed for user root
Apr 15 16:29:18 devstack cinder-volume[82156]: DEBUG oslo_concurrency.processutils [None req-45bd7705-fa86-4d9c-b75a-1ecfc7e2e233 tempest-GroupSnapshotsTest-689663665 None] CMD "sudo cinder-rootwrap /etc/cinder/rootwrap.conf chmod ugo+rw /opt/stack/data/cinder/mnt/ab9906cb66fc6891d8d0aada1b78a361/volume-74f61be8-6054-415f-902f-8c4b2b0d413f.5bc615a3-2a0d-45cb-b347-77402b0a55c6" returned: 0 in 0.462s {{(pid=82156) execute /opt/stack/data/venv/lib/python3.10/site-packages/oslo_concurrency/processutils.py:468}}
Apr 15 16:29:18 devstack cinder-volume[82156]: DEBUG oslo_concurrency.processutils [None req-45bd7705-fa86-4d9c-b75a-1ecfc7e2e233 tempest-GroupSnapshotsTest-689663665 None] Running cmd (subprocess): sudo cinder-rootwrap /etc/cinder/rootwrap.conf truncate -s0 /opt/stack/data/cinder/mnt/ab9906cb66fc6891d8d0aada1b78a361/volume-74f61be8-6054-415f-902f-8c4b2b0d413f.info {{(pid=82156) execute /opt/stack/data/venv/lib/python3.10/site-packages/oslo_concurrency/processutils.py:440}}
Apr 15 16:29:19 devstack sudo[85201]: quobyte : PWD=/ ; USER=root ; COMMAND=/opt/stack/data/venv/bin/cinder-rootwrap /etc/cinder/rootwrap.conf truncate -s0 /opt/stack/data/cinder/mnt/ab9906cb66fc6891d8d0aada1b78a361/volume-74f61be8-6054-415f-902f-8c4b2b0d413f.info
Apr 15 16:29:19 devstack sudo[85201]: pam_unix(sudo:session): session opened for user root(uid=0) by (uid=1000)
Apr 15 16:29:19 devstack sudo[85201]: pam_unix(sudo:session): session closed for user root
Apr 15 16:29:19 devstack cinder-volume[82156]: DEBUG oslo_concurrency.processutils [None req-45bd7705-fa86-4d9c-b75a-1ecfc7e2e233 tempest-GroupSnapshotsTest-689663665 None] CMD "sudo cinder-rootwrap /etc/cinder/rootwrap.conf truncate -s0 /opt/stack/data/cinder/mnt/ab9906cb66fc6891d8d0aada1b78a361/volume-74f61be8-6054-415f-902f-8c4b2b0d413f.info" returned: 0 in 0.424s {{(pid=82156) execute /opt/stack/data/venv/lib/python3.10/site-packages/oslo_concurrency/processutils.py:468}}
Apr 15 16:29:19 devstack cinder-volume[82156]: WARNING cinder.volume.drivers.remotefs [None req-45bd7705-fa86-4d9c-b75a-1ecfc7e2e233 tempest-GroupSnapshotsTest-689663665 None] /opt/stack/data/cinder/mnt/ab9906cb66fc6891d8d0aada1b78a361/volume-74f61be8-6054-415f-902f-8c4b2b0d413f.info is being set with open permissions: ugo+rw: NotImplementedError
Apr 15 16:29:19 devstack cinder-volume[82156]: DEBUG oslo_concurrency.processutils [None req-45bd7705-fa86-4d9c-b75a-1ecfc7e2e233 tempest-GroupSnapshotsTest-689663665 None] Running cmd (subprocess): sudo cinder-rootwrap /etc/cinder/rootwrap.conf chmod ugo+rw /opt/stack/data/cinder/mnt/ab9906cb66fc6891d8d0aada1b78a361/volume-74f61be8-6054-415f-902f-8c4b2b0d413f.info {{(pid=82156) execute /opt/stack/data/venv/lib/python3.10/site-packages/oslo_concurrency/processutils.py:440}}
Apr 15 16:29:19 devstack sudo[85204]: quobyte : PWD=/ ; USER=root ; COMMAND=/opt/stack/data/venv/bin/cinder-rootwrap /etc/cinder/rootwrap.conf chmod ugo+rw /opt/stack/data/cinder/mnt/ab9906cb66fc6891d8d0aada1b78a361/volume-74f61be8-6054-415f-902f-8c4b2b0d413f.info
Apr 15 16:29:19 devstack sudo[85204]: pam_unix(sudo:session): session opened for user root(uid=0) by (uid=1000)
Apr 15 16:29:19 devstack sudo[85204]: pam_unix(sudo:session): session closed for user root
Apr 15 16:29:19 devstack cinder-volume[82156]: DEBUG oslo_concurrency.processutils [None req-45bd7705-fa86-4d9c-b75a-1ecfc7e2e233 tempest-GroupSnapshotsTest-689663665 None] CMD "sudo cinder-rootwrap /etc/cinder/rootwrap.conf chmod ugo+rw /opt/stack/data/cinder/mnt/ab9906cb66fc6891d8d0aada1b78a361/volume-74f61be8-6054-415f-902f-8c4b2b0d413f.info" returned: 0 in 0.500s {{(pid=82156) execute /opt/stack/data/venv/lib/python3.10/site-packages/oslo_concurrency/processutils.py:468}}
Apr 15 16:29:19 devstack cinder-volume[82156]: DEBUG oslo_concurrency.lockutils [None req-45bd7705-fa86-4d9c-b75a-1ecfc7e2e233 tempest-GroupSnapshotsTest-689663665 None] Lock "quobyte" "released" by "cinder.volume.drivers.quobyte.QuobyteDriver.create_snapshot" :: held 3.168s {{(pid=82156) inner /opt/stack/data/venv/lib/python3.10/site-packages/oslo_concurrency/lockutils.py:538}}
Apr 15 16:29:19 devstack cinder-volume[82156]: DEBUG oslo_concurrency.lockutils [None req-45bd7705-fa86-4d9c-b75a-1ecfc7e2e233 tempest-GroupSnapshotsTest-689663665 None] Acquiring lock "quobyte" by "cinder.volume.drivers.quobyte.QuobyteDriver.create_snapshot" {{(pid=82156) inner /opt/stack/data/venv/lib/python3.10/site-packages/oslo_concurrency/lockutils.py:506}}
Apr 15 16:29:19 devstack cinder-volume[82156]: DEBUG oslo_concurrency.lockutils [None req-45bd7705-fa86-4d9c-b75a-1ecfc7e2e233 tempest-GroupSnapshotsTest-689663665 None] Lock "quobyte" acquired by "cinder.volume.drivers.quobyte.QuobyteDriver.create_snapshot" :: waited 0.001s {{(pid=82156) inner /opt/stack/data/venv/lib/python3.10/site-packages/oslo_concurrency/lockutils.py:519}}
Apr 15 16:29:19 devstack cinder-volume[82156]: DEBUG cinder.volume.drivers.remotefs [None req-45bd7705-fa86-4d9c-b75a-1ecfc7e2e233 tempest-GroupSnapshotsTest-689663665 None] Creating offline snapshot 7029d646-dc2f-4656-b21d-75ce9a1c121d of volume e2b1b7c6-7a02-42d1-b3c1-65ed63db2913 {{(pid=82156) _create_snapshot /opt/stack/cinder/cinder/volume/drivers/remotefs.py:1816}}
Apr 15 16:29:19 devstack cinder-volume[82156]: DEBUG oslo.privsep.daemon [-] privsep: reply[9f8f0ab3-2918-43c4-9c21-f535bccb3edf]: (4, 'qcow2') {{(pid=83065) _call_back /opt/stack/data/venv/lib/python3.10/site-packages/oslo_privsep/daemon.py:573}}
Apr 15 16:29:19 devstack cinder-volume[82156]: DEBUG oslo_concurrency.processutils [None req-45bd7705-fa86-4d9c-b75a-1ecfc7e2e233 tempest-GroupSnapshotsTest-689663665 None] Running cmd (subprocess): /opt/stack/data/venv/bin/python3.10 -m oslo_concurrency.prlimit --as=1073741824 --cpu=60 -- sudo cinder-rootwrap /etc/cinder/rootwrap.conf env LC_ALL=C qemu-img info -f qcow2 --output=json --force-share /opt/stack/data/cinder/mnt/ab9906cb66fc6891d8d0aada1b78a361/volume-e2b1b7c6-7a02-42d1-b3c1-65ed63db2913 {{(pid=82156) execute /opt/stack/data/venv/lib/python3.10/site-packages/oslo_concurrency/processutils.py:440}}
Apr 15 16:29:20 devstack sudo[85207]: quobyte : PWD=/ ; USER=root ; COMMAND=/opt/stack/data/venv/bin/cinder-rootwrap /etc/cinder/rootwrap.conf env LC_ALL=C qemu-img info -f qcow2 --output=json --force-share /opt/stack/data/cinder/mnt/ab9906cb66fc6891d8d0aada1b78a361/volume-e2b1b7c6-7a02-42d1-b3c1-65ed63db2913
Apr 15 16:29:20 devstack sudo[85207]: pam_unix(sudo:session): session opened for user root(uid=0) by (uid=1000)
Apr 15 16:29:20 devstack sudo[85207]: pam_unix(sudo:session): session closed for user root
Apr 15 16:29:20 devstack cinder-volume[82156]: DEBUG oslo_concurrency.processutils [None req-45bd7705-fa86-4d9c-b75a-1ecfc7e2e233 tempest-GroupSnapshotsTest-689663665 None] CMD "/opt/stack/data/venv/bin/python3.10 -m oslo_concurrency.prlimit --as=1073741824 --cpu=60 -- sudo cinder-rootwrap /etc/cinder/rootwrap.conf env LC_ALL=C qemu-img info -f qcow2 --output=json --force-share /opt/stack/data/cinder/mnt/ab9906cb66fc6891d8d0aada1b78a361/volume-e2b1b7c6-7a02-42d1-b3c1-65ed63db2913" returned: 0 in 0.562s {{(pid=82156) execute /opt/stack/data/venv/lib/python3.10/site-packages/oslo_concurrency/processutils.py:468}}
Apr 15 16:29:20 devstack cinder-volume[82156]: DEBUG oslo_concurrency.processutils [None req-45bd7705-fa86-4d9c-b75a-1ecfc7e2e233 tempest-GroupSnapshotsTest-689663665 None] Running cmd (subprocess): sudo cinder-rootwrap /etc/cinder/rootwrap.conf qemu-img create -f qcow2 -o backing_file=/opt/stack/data/cinder/mnt/ab9906cb66fc6891d8d0aada1b78a361/volume-e2b1b7c6-7a02-42d1-b3c1-65ed63db2913,backing_fmt=qcow2 /opt/stack/data/cinder/mnt/ab9906cb66fc6891d8d0aada1b78a361/volume-e2b1b7c6-7a02-42d1-b3c1-65ed63db2913.7029d646-dc2f-4656-b21d-75ce9a1c121d 1G {{(pid=82156) execute /opt/stack/data/venv/lib/python3.10/site-packages/oslo_concurrency/processutils.py:440}}
Apr 15 16:29:20 devstack sudo[85237]: quobyte : PWD=/ ; USER=root ; COMMAND=/opt/stack/data/venv/bin/cinder-rootwrap /etc/cinder/rootwrap.conf qemu-img create -f qcow2 -o backing_file=/opt/stack/data/cinder/mnt/ab9906cb66fc6891d8d0aada1b78a361/volume-e2b1b7c6-7a02-42d1-b3c1-65ed63db2913,backing_fmt=qcow2 /opt/stack/data/cinder/mnt/ab9906cb66fc6891d8d0aada1b78a361/volume-e2b1b7c6-7a02-42d1-b3c1-65ed63db2913.7029d646-dc2f-4656-b21d-75ce9a1c121d 1G
Apr 15 16:29:20 devstack sudo[85237]: pam_unix(sudo:session): session opened for user root(uid=0) by (uid=1000)
Apr 15 16:29:21 devstack sudo[85237]: pam_unix(sudo:session): session closed for user root
Apr 15 16:29:21 devstack cinder-volume[82156]: DEBUG oslo_concurrency.processutils [None req-45bd7705-fa86-4d9c-b75a-1ecfc7e2e233 tempest-GroupSnapshotsTest-689663665 None] CMD "sudo cinder-rootwrap /etc/cinder/rootwrap.conf qemu-img create -f qcow2 -o backing_file=/opt/stack/data/cinder/mnt/ab9906cb66fc6891d8d0aada1b78a361/volume-e2b1b7c6-7a02-42d1-b3c1-65ed63db2913,backing_fmt=qcow2 /opt/stack/data/cinder/mnt/ab9906cb66fc6891d8d0aada1b78a361/volume-e2b1b7c6-7a02-42d1-b3c1-65ed63db2913.7029d646-dc2f-4656-b21d-75ce9a1c121d 1G" returned: 0 in 0.699s {{(pid=82156) execute /opt/stack/data/venv/lib/python3.10/site-packages/oslo_concurrency/processutils.py:468}}
Apr 15 16:29:21 devstack cinder-volume[82156]: DEBUG oslo_concurrency.processutils [None req-45bd7705-fa86-4d9c-b75a-1ecfc7e2e233 tempest-GroupSnapshotsTest-689663665 None] Running cmd (subprocess): sudo cinder-rootwrap /etc/cinder/rootwrap.conf qemu-img rebase -u -b volume-e2b1b7c6-7a02-42d1-b3c1-65ed63db2913 -F qcow2 /opt/stack/data/cinder/mnt/ab9906cb66fc6891d8d0aada1b78a361/volume-e2b1b7c6-7a02-42d1-b3c1-65ed63db2913.7029d646-dc2f-4656-b21d-75ce9a1c121d {{(pid=82156) execute /opt/stack/data/venv/lib/python3.10/site-packages/oslo_concurrency/processutils.py:440}}
Apr 15 16:29:21 devstack sudo[85244]: quobyte : PWD=/ ; USER=root ; COMMAND=/opt/stack/data/venv/bin/cinder-rootwrap /etc/cinder/rootwrap.conf qemu-img rebase -u -b volume-e2b1b7c6-7a02-42d1-b3c1-65ed63db2913 -F qcow2 /opt/stack/data/cinder/mnt/ab9906cb66fc6891d8d0aada1b78a361/volume-e2b1b7c6-7a02-42d1-b3c1-65ed63db2913.7029d646-dc2f-4656-b21d-75ce9a1c121d
Apr 15 16:29:21 devstack sudo[85244]: pam_unix(sudo:session): session opened for user root(uid=0) by (uid=1000)
Apr 15 16:29:21 devstack sudo[85244]: pam_unix(sudo:session): session closed for user root
Apr 15 16:29:21 devstack cinder-volume[82156]: DEBUG oslo_concurrency.processutils [None req-45bd7705-fa86-4d9c-b75a-1ecfc7e2e233 tempest-GroupSnapshotsTest-689663665 None] CMD "sudo cinder-rootwrap /etc/cinder/rootwrap.conf qemu-img rebase -u -b volume-e2b1b7c6-7a02-42d1-b3c1-65ed63db2913 -F qcow2 /opt/stack/data/cinder/mnt/ab9906cb66fc6891d8d0aada1b78a361/volume-e2b1b7c6-7a02-42d1-b3c1-65ed63db2913.7029d646-dc2f-4656-b21d-75ce9a1c121d" returned: 0 in 0.496s {{(pid=82156) execute /opt/stack/data/venv/lib/python3.10/site-packages/oslo_concurrency/processutils.py:468}}
Apr 15 16:29:21 devstack cinder-volume[82156]: WARNING cinder.volume.drivers.remotefs [None req-45bd7705-fa86-4d9c-b75a-1ecfc7e2e233 tempest-GroupSnapshotsTest-689663665 None] /opt/stack/data/cinder/mnt/ab9906cb66fc6891d8d0aada1b78a361/volume-e2b1b7c6-7a02-42d1-b3c1-65ed63db2913.7029d646-dc2f-4656-b21d-75ce9a1c121d is being set with open permissions: ugo+rw: NotImplementedError
Apr 15 16:29:21 devstack cinder-volume[82156]: DEBUG oslo_concurrency.processutils [None req-45bd7705-fa86-4d9c-b75a-1ecfc7e2e233 tempest-GroupSnapshotsTest-689663665 None] Running cmd (subprocess): sudo cinder-rootwrap /etc/cinder/rootwrap.conf chmod ugo+rw /opt/stack/data/cinder/mnt/ab9906cb66fc6891d8d0aada1b78a361/volume-e2b1b7c6-7a02-42d1-b3c1-65ed63db2913.7029d646-dc2f-4656-b21d-75ce9a1c121d {{(pid=82156) execute /opt/stack/data/venv/lib/python3.10/site-packages/oslo_concurrency/processutils.py:440}}
Apr 15 16:29:21 devstack sudo[85249]: quobyte : PWD=/ ; USER=root ; COMMAND=/opt/stack/data/venv/bin/cinder-rootwrap /etc/cinder/rootwrap.conf chmod ugo+rw /opt/stack/data/cinder/mnt/ab9906cb66fc6891d8d0aada1b78a361/volume-e2b1b7c6-7a02-42d1-b3c1-65ed63db2913.7029d646-dc2f-4656-b21d-75ce9a1c121d
Apr 15 16:29:21 devstack sudo[85249]: pam_unix(sudo:session): session opened for user root(uid=0) by (uid=1000)
Apr 15 16:29:22 devstack sudo[85249]: pam_unix(sudo:session): session closed for user root
Apr 15 16:29:22 devstack cinder-volume[82156]: DEBUG oslo_concurrency.processutils [None req-45bd7705-fa86-4d9c-b75a-1ecfc7e2e233 tempest-GroupSnapshotsTest-689663665 None] CMD "sudo cinder-rootwrap /etc/cinder/rootwrap.conf chmod ugo+rw /opt/stack/data/cinder/mnt/ab9906cb66fc6891d8d0aada1b78a361/volume-e2b1b7c6-7a02-42d1-b3c1-65ed63db2913.7029d646-dc2f-4656-b21d-75ce9a1c121d" returned: 0 in 0.565s {{(pid=82156) execute /opt/stack/data/venv/lib/python3.10/site-packages/oslo_concurrency/processutils.py:468}}
Apr 15 16:29:22 devstack cinder-volume[82156]: DEBUG oslo_concurrency.processutils [None req-45bd7705-fa86-4d9c-b75a-1ecfc7e2e233 tempest-GroupSnapshotsTest-689663665 None] Running cmd (subprocess): sudo cinder-rootwrap /etc/cinder/rootwrap.conf truncate -s0 /opt/stack/data/cinder/mnt/ab9906cb66fc6891d8d0aada1b78a361/volume-e2b1b7c6-7a02-42d1-b3c1-65ed63db2913.info {{(pid=82156) execute /opt/stack/data/venv/lib/python3.10/site-packages/oslo_concurrency/processutils.py:440}}
Apr 15 16:29:22 devstack sudo[85252]: quobyte : PWD=/ ; USER=root ; COMMAND=/opt/stack/data/venv/bin/cinder-rootwrap /etc/cinder/rootwrap.conf truncate -s0 /opt/stack/data/cinder/mnt/ab9906cb66fc6891d8d0aada1b78a361/volume-e2b1b7c6-7a02-42d1-b3c1-65ed63db2913.info
Apr 15 16:29:22 devstack sudo[85252]: pam_unix(sudo:session): session opened for user root(uid=0) by (uid=1000)
Apr 15 16:29:22 devstack sudo[85252]: pam_unix(sudo:session): session closed for user root
Apr 15 16:29:22 devstack cinder-volume[82156]: DEBUG oslo_concurrency.processutils [None req-45bd7705-fa86-4d9c-b75a-1ecfc7e2e233 tempest-GroupSnapshotsTest-689663665 None] CMD "sudo cinder-rootwrap /etc/cinder/rootwrap.conf truncate -s0 /opt/stack/data/cinder/mnt/ab9906cb66fc6891d8d0aada1b78a361/volume-e2b1b7c6-7a02-42d1-b3c1-65ed63db2913.info" returned: 0 in 0.454s {{(pid=82156) execute /opt/stack/data/venv/lib/python3.10/site-packages/oslo_concurrency/processutils.py:468}}
Apr 15 16:29:22 devstack cinder-volume[82156]: WARNING cinder.volume.drivers.remotefs [None req-45bd7705-fa86-4d9c-b75a-1ecfc7e2e233 tempest-GroupSnapshotsTest-689663665 None] /opt/stack/data/cinder/mnt/ab9906cb66fc6891d8d0aada1b78a361/volume-e2b1b7c6-7a02-42d1-b3c1-65ed63db2913.info is being set with open permissions: ugo+rw: NotImplementedError
Apr 15 16:29:22 devstack cinder-volume[82156]: DEBUG oslo_concurrency.processutils [None req-45bd7705-fa86-4d9c-b75a-1ecfc7e2e233 tempest-GroupSnapshotsTest-689663665 None] Running cmd (subprocess): sudo cinder-rootwrap /etc/cinder/rootwrap.conf chmod ugo+rw /opt/stack/data/cinder/mnt/ab9906cb66fc6891d8d0aada1b78a361/volume-e2b1b7c6-7a02-42d1-b3c1-65ed63db2913.info {{(pid=82156) execute /opt/stack/data/venv/lib/python3.10/site-packages/oslo_concurrency/processutils.py:440}}
Apr 15 16:29:22 devstack sudo[85255]: quobyte : PWD=/ ; USER=root ; COMMAND=/opt/stack/data/venv/bin/cinder-rootwrap /etc/cinder/rootwrap.conf chmod ugo+rw /opt/stack/data/cinder/mnt/ab9906cb66fc6891d8d0aada1b78a361/volume-e2b1b7c6-7a02-42d1-b3c1-65ed63db2913.info
Apr 15 16:29:22 devstack sudo[85255]: pam_unix(sudo:session): session opened for user root(uid=0) by (uid=1000)
Apr 15 16:29:23 devstack sudo[85255]: pam_unix(sudo:session): session closed for user root
Apr 15 16:29:23 devstack cinder-volume[82156]: DEBUG oslo_concurrency.processutils [None req-45bd7705-fa86-4d9c-b75a-1ecfc7e2e233 tempest-GroupSnapshotsTest-689663665 None] CMD "sudo cinder-rootwrap /etc/cinder/rootwrap.conf chmod ugo+rw /opt/stack/data/cinder/mnt/ab9906cb66fc6891d8d0aada1b78a361/volume-e2b1b7c6-7a02-42d1-b3c1-65ed63db2913.info" returned: 0 in 0.509s {{(pid=82156) execute /opt/stack/data/venv/lib/python3.10/site-packages/oslo_concurrency/processutils.py:468}}
Apr 15 16:29:23 devstack cinder-volume[82156]: DEBUG oslo_concurrency.lockutils [None req-45bd7705-fa86-4d9c-b75a-1ecfc7e2e233 tempest-GroupSnapshotsTest-689663665 None] Lock "quobyte" "released" by "cinder.volume.drivers.quobyte.QuobyteDriver.create_snapshot" :: held 3.343s {{(pid=82156) inner /opt/stack/data/venv/lib/python3.10/site-packages/oslo_concurrency/lockutils.py:538}}
Apr 15 16:29:23 devstack cinder-volume[82156]: DEBUG oslo_concurrency.lockutils [req-90b4be11-ee89-44cb-98ab-2c0d79200a83 req-eb01012a-1b9f-4a46-a218-c610c5d99eb0 tempest-ServerBootFromVolumeStableRescueTest-2012510219 None] Lock "quobyte" acquired by "cinder.volume.drivers.quobyte.QuobyteDriver.initialize_connection" :: waited 6.443s {{(pid=82156) inner /opt/stack/data/venv/lib/python3.10/site-packages/oslo_concurrency/lockutils.py:519}}
Apr 15 16:29:23 devstack cinder-volume[82156]: DEBUG oslo.privsep.daemon [-] privsep: reply[e2c9013c-4e0b-4bcc-aa75-d6eb27b4a198]: (4, 'raw') {{(pid=83065) _call_back /opt/stack/data/venv/lib/python3.10/site-packages/oslo_privsep/daemon.py:573}}
Apr 15 16:29:23 devstack cinder-volume[82156]: DEBUG oslo_concurrency.processutils [req-90b4be11-ee89-44cb-98ab-2c0d79200a83 req-eb01012a-1b9f-4a46-a218-c610c5d99eb0 tempest-ServerBootFromVolumeStableRescueTest-2012510219 None] Running cmd (subprocess): /opt/stack/data/venv/bin/python3.10 -m oslo_concurrency.prlimit --as=1073741824 --cpu=60 -- sudo cinder-rootwrap /etc/cinder/rootwrap.conf env LC_ALL=C qemu-img info -f raw --output=json --force-share /opt/stack/data/cinder/mnt/ab9906cb66fc6891d8d0aada1b78a361/volume-1a8d48b7-cd9a-423d-acf4-b68428d002f7 {{(pid=82156) execute /opt/stack/data/venv/lib/python3.10/site-packages/oslo_concurrency/processutils.py:440}}
Apr 15 16:29:23 devstack cinder-volume[82156]: INFO cinder.volume.manager [None req-45bd7705-fa86-4d9c-b75a-1ecfc7e2e233 tempest-GroupSnapshotsTest-689663665 None] group_snapshot f0e886d7-91a5-4391-a06e-2e9ed1cf1778: created successfully
Apr 15 16:29:23 devstack sudo[85258]: quobyte : PWD=/ ; USER=root ; COMMAND=/opt/stack/data/venv/bin/cinder-rootwrap /etc/cinder/rootwrap.conf env LC_ALL=C qemu-img info -f raw --output=json --force-share /opt/stack/data/cinder/mnt/ab9906cb66fc6891d8d0aada1b78a361/volume-1a8d48b7-cd9a-423d-acf4-b68428d002f7
Apr 15 16:29:23 devstack sudo[85258]: pam_unix(sudo:session): session opened for user root(uid=0) by (uid=1000)
Apr 15 16:29:23 devstack sudo[85258]: pam_unix(sudo:session): session closed for user root
Apr 15 16:29:23 devstack cinder-volume[82156]: DEBUG oslo_concurrency.processutils [req-90b4be11-ee89-44cb-98ab-2c0d79200a83 req-eb01012a-1b9f-4a46-a218-c610c5d99eb0 tempest-ServerBootFromVolumeStableRescueTest-2012510219 None] CMD "/opt/stack/data/venv/bin/python3.10 -m oslo_concurrency.prlimit --as=1073741824 --cpu=60 -- sudo cinder-rootwrap /etc/cinder/rootwrap.conf env LC_ALL=C qemu-img info -f raw --output=json --force-share /opt/stack/data/cinder/mnt/ab9906cb66fc6891d8d0aada1b78a361/volume-1a8d48b7-cd9a-423d-acf4-b68428d002f7" returned: 0 in 0.583s {{(pid=82156) execute /opt/stack/data/venv/lib/python3.10/site-packages/oslo_concurrency/processutils.py:468}}
Apr 15 16:29:23 devstack cinder-volume[82156]: DEBUG oslo_concurrency.processutils [req-90b4be11-ee89-44cb-98ab-2c0d79200a83 req-eb01012a-1b9f-4a46-a218-c610c5d99eb0 tempest-ServerBootFromVolumeStableRescueTest-2012510219 None] Running cmd (subprocess): /opt/stack/data/venv/bin/python3.10 -m oslo_concurrency.prlimit --as=1073741824 --cpu=60 -- sudo cinder-rootwrap /etc/cinder/rootwrap.conf env LC_ALL=C qemu-img info -f luks --output=json --force-share /opt/stack/data/cinder/mnt/ab9906cb66fc6891d8d0aada1b78a361/volume-1a8d48b7-cd9a-423d-acf4-b68428d002f7 {{(pid=82156) execute /opt/stack/data/venv/lib/python3.10/site-packages/oslo_concurrency/processutils.py:440}}
Apr 15 16:29:24 devstack sudo[85262]: quobyte : PWD=/ ; USER=root ; COMMAND=/opt/stack/data/venv/bin/cinder-rootwrap /etc/cinder/rootwrap.conf env LC_ALL=C qemu-img info -f luks --output=json --force-share /opt/stack/data/cinder/mnt/ab9906cb66fc6891d8d0aada1b78a361/volume-1a8d48b7-cd9a-423d-acf4-b68428d002f7
Apr 15 16:29:24 devstack sudo[85262]: pam_unix(sudo:session): session opened for user root(uid=0) by (uid=1000)
Apr 15 16:29:24 devstack cinder-volume[82156]: INFO cinder.volume.manager [None req-fe26fd56-7a64-4d2e-9c94-d95aac4aac55 tempest-GroupSnapshotsTest-689663665 None] group_snapshot f0e886d7-91a5-4391-a06e-2e9ed1cf1778: deleting
Apr 15 16:29:24 devstack cinder-volume[82156]: DEBUG cinder.volume.manager [None req-fe26fd56-7a64-4d2e-9c94-d95aac4aac55 tempest-GroupSnapshotsTest-689663665 None] group_snapshot f0e886d7-91a5-4391-a06e-2e9ed1cf1778: deleting {{(pid=82156) delete_group_snapshot /opt/stack/cinder/cinder/volume/manager.py:4350}}
Apr 15 16:29:24 devstack cinder-volume[82156]: DEBUG cinder.coordination [None req-fe26fd56-7a64-4d2e-9c94-d95aac4aac55 tempest-GroupSnapshotsTest-689663665 None] Acquiring lock "cinder-quobyte-74f61be8-6054-415f-902f-8c4b2b0d413f" by "delete_snapshot" {{(pid=82156) __acquire /opt/stack/cinder/cinder/coordination.py:138}}
Apr 15 16:29:24 devstack cinder-volume[82156]: DEBUG cinder.coordination [None req-fe26fd56-7a64-4d2e-9c94-d95aac4aac55 tempest-GroupSnapshotsTest-689663665 None] Lock "cinder-quobyte-74f61be8-6054-415f-902f-8c4b2b0d413f" acquired by "delete_snapshot" :: waited 0.013s {{(pid=82156) __acquire /opt/stack/cinder/cinder/coordination.py:141}}
Apr 15 16:29:24 devstack cinder-volume[82156]: DEBUG cinder.coordination [None req-fe26fd56-7a64-4d2e-9c94-d95aac4aac55 tempest-GroupSnapshotsTest-689663665 None] Acquiring lock "cinder-quobyte-5bc615a3-2a0d-45cb-b347-77402b0a55c6" by "_delete_snapshot" {{(pid=82156) __acquire /opt/stack/cinder/cinder/coordination.py:138}}
Apr 15 16:29:24 devstack cinder-volume[82156]: DEBUG cinder.coordination [None req-fe26fd56-7a64-4d2e-9c94-d95aac4aac55 tempest-GroupSnapshotsTest-689663665 None] Lock "cinder-quobyte-5bc615a3-2a0d-45cb-b347-77402b0a55c6" acquired by "_delete_snapshot" :: waited 0.006s {{(pid=82156) __acquire /opt/stack/cinder/cinder/coordination.py:141}}
Apr 15 16:29:24 devstack cinder-volume[82156]: DEBUG cinder.volume.drivers.remotefs [None req-fe26fd56-7a64-4d2e-9c94-d95aac4aac55 tempest-GroupSnapshotsTest-689663665 None] Deleting offline snapshot 5bc615a3-2a0d-45cb-b347-77402b0a55c6 of volume 74f61be8-6054-415f-902f-8c4b2b0d413f {{(pid=82156) _delete_snapshot /opt/stack/cinder/cinder/volume/drivers/remotefs.py:1288}}
Apr 15 16:29:24 devstack cinder-volume[82156]: DEBUG cinder.volume.drivers.remotefs [None req-fe26fd56-7a64-4d2e-9c94-d95aac4aac55 tempest-GroupSnapshotsTest-689663665 None] snapshot_file for this snap is: volume-74f61be8-6054-415f-902f-8c4b2b0d413f.5bc615a3-2a0d-45cb-b347-77402b0a55c6 {{(pid=82156) _delete_snapshot /opt/stack/cinder/cinder/volume/drivers/remotefs.py:1317}}
Apr 15 16:29:24 devstack cinder-volume[82156]: DEBUG oslo.privsep.daemon [-] privsep: reply[b2c01e9d-4576-430a-9896-d23f8a1661b9]: (4, 'qcow2') {{(pid=83065) _call_back /opt/stack/data/venv/lib/python3.10/site-packages/oslo_privsep/daemon.py:573}}
Apr 15 16:29:24 devstack cinder-volume[82156]: DEBUG oslo_concurrency.processutils [None req-fe26fd56-7a64-4d2e-9c94-d95aac4aac55 tempest-GroupSnapshotsTest-689663665 None] Running cmd (subprocess): /opt/stack/data/venv/bin/python3.10 -m oslo_concurrency.prlimit --as=1073741824 --cpu=60 -- sudo cinder-rootwrap /etc/cinder/rootwrap.conf env LC_ALL=C qemu-img info -f qcow2 --output=json --force-share /opt/stack/data/cinder/mnt/ab9906cb66fc6891d8d0aada1b78a361/volume-74f61be8-6054-415f-902f-8c4b2b0d413f.5bc615a3-2a0d-45cb-b347-77402b0a55c6 {{(pid=82156) execute /opt/stack/data/venv/lib/python3.10/site-packages/oslo_concurrency/processutils.py:440}}
Apr 15 16:29:24 devstack sudo[85264]: quobyte : PWD=/ ; USER=root ; COMMAND=/opt/stack/data/venv/bin/cinder-rootwrap /etc/cinder/rootwrap.conf env LC_ALL=C qemu-img info -f qcow2 --output=json --force-share /opt/stack/data/cinder/mnt/ab9906cb66fc6891d8d0aada1b78a361/volume-74f61be8-6054-415f-902f-8c4b2b0d413f.5bc615a3-2a0d-45cb-b347-77402b0a55c6
Apr 15 16:29:24 devstack sudo[85264]: pam_unix(sudo:session): session opened for user root(uid=0) by (uid=1000)
Apr 15 16:29:24 devstack sudo[85262]: pam_unix(sudo:session): session closed for user root
Apr 15 16:29:24 devstack cinder-volume[82156]: DEBUG oslo_concurrency.processutils [req-90b4be11-ee89-44cb-98ab-2c0d79200a83 req-eb01012a-1b9f-4a46-a218-c610c5d99eb0 tempest-ServerBootFromVolumeStableRescueTest-2012510219 None] CMD "/opt/stack/data/venv/bin/python3.10 -m oslo_concurrency.prlimit --as=1073741824 --cpu=60 -- sudo cinder-rootwrap /etc/cinder/rootwrap.conf env LC_ALL=C qemu-img info -f luks --output=json --force-share /opt/stack/data/cinder/mnt/ab9906cb66fc6891d8d0aada1b78a361/volume-1a8d48b7-cd9a-423d-acf4-b68428d002f7" returned: 1 in 0.586s {{(pid=82156) execute /opt/stack/data/venv/lib/python3.10/site-packages/oslo_concurrency/processutils.py:468}}
Apr 15 16:29:24 devstack cinder-volume[82156]: DEBUG oslo_concurrency.processutils [req-90b4be11-ee89-44cb-98ab-2c0d79200a83 req-eb01012a-1b9f-4a46-a218-c610c5d99eb0 tempest-ServerBootFromVolumeStableRescueTest-2012510219 None] '/opt/stack/data/venv/bin/python3.10 -m oslo_concurrency.prlimit --as=1073741824 --cpu=60 -- sudo cinder-rootwrap /etc/cinder/rootwrap.conf env LC_ALL=C qemu-img info -f luks --output=json --force-share /opt/stack/data/cinder/mnt/ab9906cb66fc6891d8d0aada1b78a361/volume-1a8d48b7-cd9a-423d-acf4-b68428d002f7' failed. Not Retrying. {{(pid=82156) execute /opt/stack/data/venv/lib/python3.10/site-packages/oslo_concurrency/processutils.py:543}}
Apr 15 16:29:24 devstack cinder-volume[82156]: DEBUG oslo_concurrency.lockutils [req-90b4be11-ee89-44cb-98ab-2c0d79200a83 req-eb01012a-1b9f-4a46-a218-c610c5d99eb0 tempest-ServerBootFromVolumeStableRescueTest-2012510219 None] Lock "quobyte" "released" by "cinder.volume.drivers.quobyte.QuobyteDriver.initialize_connection" :: held 1.201s {{(pid=82156) inner /opt/stack/data/venv/lib/python3.10/site-packages/oslo_concurrency/lockutils.py:538}}
Apr 15 16:29:24 devstack cinder-volume[82156]: DEBUG cinder.volume.manager [req-90b4be11-ee89-44cb-98ab-2c0d79200a83 req-eb01012a-1b9f-4a46-a218-c610c5d99eb0 tempest-ServerBootFromVolumeStableRescueTest-2012510219 None] Connection info returned from driver {'export': 'osci02.corp.quobyte.com/cinder-vol-c570a23e-77f5-418f-a6f5-feadbc45f4d6', 'name': 'volume-1a8d48b7-cd9a-423d-acf4-b68428d002f7', 'options': None, 'format': 'raw', 'qos_specs': None, 'access_mode': 'rw', 'encrypted': False, 'cacheable': False, 'driver_volume_type': 'quobyte', 'mount_point_base': '/opt/stack/data/cinder/mnt', 'attachment_id': '3b8e9e84-8022-4e3d-b0dc-9fec4fa0a56e', 'enforce_multipath': True} {{(pid=82156) _connection_create /opt/stack/cinder/cinder/volume/manager.py:4924}}
Apr 15 16:29:24 devstack cinder-volume[82156]: INFO cinder.volume.manager [req-90b4be11-ee89-44cb-98ab-2c0d79200a83 req-eb01012a-1b9f-4a46-a218-c610c5d99eb0 tempest-ServerBootFromVolumeStableRescueTest-2012510219 None] attachment_update completed successfully.
Apr 15 16:29:24 devstack sudo[85264]: pam_unix(sudo:session): session closed for user root
Apr 15 16:29:24 devstack cinder-volume[82156]: DEBUG oslo_concurrency.processutils [None req-fe26fd56-7a64-4d2e-9c94-d95aac4aac55 tempest-GroupSnapshotsTest-689663665 None] CMD "/opt/stack/data/venv/bin/python3.10 -m oslo_concurrency.prlimit --as=1073741824 --cpu=60 -- sudo cinder-rootwrap /etc/cinder/rootwrap.conf env LC_ALL=C qemu-img info -f qcow2 --output=json --force-share /opt/stack/data/cinder/mnt/ab9906cb66fc6891d8d0aada1b78a361/volume-74f61be8-6054-415f-902f-8c4b2b0d413f.5bc615a3-2a0d-45cb-b347-77402b0a55c6" returned: 0 in 0.717s {{(pid=82156) execute /opt/stack/data/venv/lib/python3.10/site-packages/oslo_concurrency/processutils.py:468}}
Apr 15 16:29:24 devstack cinder-volume[82156]: DEBUG cinder.volume.drivers.remotefs [None req-fe26fd56-7a64-4d2e-9c94-d95aac4aac55 tempest-GroupSnapshotsTest-689663665 None] Fetching qemu-img info with special backing_file_template: (/opt/stack/data/cinder/mnt/[0-9a-f]+/)?(volume-74f61be8-6054-415f-902f-8c4b2b0d413f(.(tmp-snap-)?[0-9a-f-]+)?|volume_from_snapshot_cache/(tmp-snap-)?[0-9a-f-]+(.(child-|parent-)[0-9a-f-]+)?)$ {{(pid=82156) _qemu_img_info_base /opt/stack/cinder/cinder/volume/drivers/remotefs.py:896}}
Apr 15 16:29:25 devstack cinder-volume[82156]: DEBUG oslo.privsep.daemon [-] privsep: reply[47014188-4dba-486d-9744-cb32efb4babc]: (4, 'qcow2') {{(pid=83065) _call_back /opt/stack/data/venv/lib/python3.10/site-packages/oslo_privsep/daemon.py:573}}
Apr 15 16:29:25 devstack cinder-volume[82156]: DEBUG oslo_concurrency.processutils [None req-fe26fd56-7a64-4d2e-9c94-d95aac4aac55 tempest-GroupSnapshotsTest-689663665 None] Running cmd (subprocess): /opt/stack/data/venv/bin/python3.10 -m oslo_concurrency.prlimit --as=1073741824 --cpu=60 -- sudo cinder-rootwrap /etc/cinder/rootwrap.conf env LC_ALL=C qemu-img info -f qcow2 --output=json --force-share /opt/stack/data/cinder/mnt/ab9906cb66fc6891d8d0aada1b78a361/volume-74f61be8-6054-415f-902f-8c4b2b0d413f {{(pid=82156) execute /opt/stack/data/venv/lib/python3.10/site-packages/oslo_concurrency/processutils.py:440}}
Apr 15 16:29:25 devstack sudo[85277]: quobyte : PWD=/ ; USER=root ; COMMAND=/opt/stack/data/venv/bin/cinder-rootwrap /etc/cinder/rootwrap.conf env LC_ALL=C qemu-img info -f qcow2 --output=json --force-share /opt/stack/data/cinder/mnt/ab9906cb66fc6891d8d0aada1b78a361/volume-74f61be8-6054-415f-902f-8c4b2b0d413f
Apr 15 16:29:25 devstack sudo[85277]: pam_unix(sudo:session): session opened for user root(uid=0) by (uid=1000)
Apr 15 16:29:25 devstack sudo[85277]: pam_unix(sudo:session): session closed for user root
Apr 15 16:29:25 devstack cinder-volume[82156]: DEBUG oslo_concurrency.processutils [None req-fe26fd56-7a64-4d2e-9c94-d95aac4aac55 tempest-GroupSnapshotsTest-689663665 None] CMD "/opt/stack/data/venv/bin/python3.10 -m oslo_concurrency.prlimit --as=1073741824 --cpu=60 -- sudo cinder-rootwrap /etc/cinder/rootwrap.conf env LC_ALL=C qemu-img info -f qcow2 --output=json --force-share /opt/stack/data/cinder/mnt/ab9906cb66fc6891d8d0aada1b78a361/volume-74f61be8-6054-415f-902f-8c4b2b0d413f" returned: 0 in 0.811s {{(pid=82156) execute /opt/stack/data/venv/lib/python3.10/site-packages/oslo_concurrency/processutils.py:468}}
Apr 15 16:29:25 devstack cinder-volume[82156]: DEBUG oslo_concurrency.processutils [None req-fe26fd56-7a64-4d2e-9c94-d95aac4aac55 tempest-GroupSnapshotsTest-689663665 None] Running cmd (subprocess): sudo cinder-rootwrap /etc/cinder/rootwrap.conf qemu-img commit -d /opt/stack/data/cinder/mnt/ab9906cb66fc6891d8d0aada1b78a361/volume-74f61be8-6054-415f-902f-8c4b2b0d413f.5bc615a3-2a0d-45cb-b347-77402b0a55c6 {{(pid=82156) execute /opt/stack/data/venv/lib/python3.10/site-packages/oslo_concurrency/processutils.py:440}}
Apr 15 16:29:25 devstack sudo[85286]: quobyte : PWD=/ ; USER=root ; COMMAND=/opt/stack/data/venv/bin/cinder-rootwrap /etc/cinder/rootwrap.conf qemu-img commit -d /opt/stack/data/cinder/mnt/ab9906cb66fc6891d8d0aada1b78a361/volume-74f61be8-6054-415f-902f-8c4b2b0d413f.5bc615a3-2a0d-45cb-b347-77402b0a55c6
Apr 15 16:29:25 devstack sudo[85286]: pam_unix(sudo:session): session opened for user root(uid=0) by (uid=1000)
Apr 15 16:29:26 devstack sudo[85286]: pam_unix(sudo:session): session closed for user root
Apr 15 16:29:26 devstack cinder-volume[82156]: DEBUG oslo_concurrency.processutils [None req-fe26fd56-7a64-4d2e-9c94-d95aac4aac55 tempest-GroupSnapshotsTest-689663665 None] CMD "sudo cinder-rootwrap /etc/cinder/rootwrap.conf qemu-img commit -d /opt/stack/data/cinder/mnt/ab9906cb66fc6891d8d0aada1b78a361/volume-74f61be8-6054-415f-902f-8c4b2b0d413f.5bc615a3-2a0d-45cb-b347-77402b0a55c6" returned: 0 in 0.808s {{(pid=82156) execute /opt/stack/data/venv/lib/python3.10/site-packages/oslo_concurrency/processutils.py:468}}
Apr 15 16:29:26 devstack cinder-volume[82156]: DEBUG oslo_concurrency.processutils [None req-fe26fd56-7a64-4d2e-9c94-d95aac4aac55 tempest-GroupSnapshotsTest-689663665 None] Running cmd (subprocess): sudo cinder-rootwrap /etc/cinder/rootwrap.conf rm -f /opt/stack/data/cinder/mnt/ab9906cb66fc6891d8d0aada1b78a361/volume-74f61be8-6054-415f-902f-8c4b2b0d413f.5bc615a3-2a0d-45cb-b347-77402b0a55c6 {{(pid=82156) execute /opt/stack/data/venv/lib/python3.10/site-packages/oslo_concurrency/processutils.py:440}}
Apr 15 16:29:26 devstack sudo[85292]: quobyte : PWD=/ ; USER=root ; COMMAND=/opt/stack/data/venv/bin/cinder-rootwrap /etc/cinder/rootwrap.conf rm -f /opt/stack/data/cinder/mnt/ab9906cb66fc6891d8d0aada1b78a361/volume-74f61be8-6054-415f-902f-8c4b2b0d413f.5bc615a3-2a0d-45cb-b347-77402b0a55c6
Apr 15 16:29:26 devstack sudo[85292]: pam_unix(sudo:session): session opened for user root(uid=0) by (uid=1000)
Apr 15 16:29:27 devstack sudo[85292]: pam_unix(sudo:session): session closed for user root
Apr 15 16:29:27 devstack cinder-volume[82156]: DEBUG oslo_concurrency.processutils [None req-fe26fd56-7a64-4d2e-9c94-d95aac4aac55 tempest-GroupSnapshotsTest-689663665 None] CMD "sudo cinder-rootwrap /etc/cinder/rootwrap.conf rm -f /opt/stack/data/cinder/mnt/ab9906cb66fc6891d8d0aada1b78a361/volume-74f61be8-6054-415f-902f-8c4b2b0d413f.5bc615a3-2a0d-45cb-b347-77402b0a55c6" returned: 0 in 0.602s {{(pid=82156) execute /opt/stack/data/venv/lib/python3.10/site-packages/oslo_concurrency/processutils.py:468}}
Apr 15 16:29:27 devstack cinder-volume[82156]: DEBUG cinder.coordination [None req-fe26fd56-7a64-4d2e-9c94-d95aac4aac55 tempest-GroupSnapshotsTest-689663665 None] Lock "cinder-quobyte-5bc615a3-2a0d-45cb-b347-77402b0a55c6" released by "_delete_snapshot" :: held 3.039s {{(pid=82156) __release /opt/stack/cinder/cinder/coordination.py:152}}
Apr 15 16:29:27 devstack cinder-volume[82156]: DEBUG cinder.coordination [None req-fe26fd56-7a64-4d2e-9c94-d95aac4aac55 tempest-GroupSnapshotsTest-689663665 None] Lock "cinder-quobyte-74f61be8-6054-415f-902f-8c4b2b0d413f" released by "delete_snapshot" :: held 3.050s {{(pid=82156) __release /opt/stack/cinder/cinder/coordination.py:152}}
Apr 15 16:29:27 devstack cinder-volume[82156]: DEBUG cinder.coordination [None req-fe26fd56-7a64-4d2e-9c94-d95aac4aac55 tempest-GroupSnapshotsTest-689663665 None] Acquiring lock "cinder-quobyte-e2b1b7c6-7a02-42d1-b3c1-65ed63db2913" by "delete_snapshot" {{(pid=82156) __acquire /opt/stack/cinder/cinder/coordination.py:138}}
Apr 15 16:29:27 devstack cinder-volume[82156]: DEBUG cinder.coordination [None req-fe26fd56-7a64-4d2e-9c94-d95aac4aac55 tempest-GroupSnapshotsTest-689663665 None] Lock "cinder-quobyte-e2b1b7c6-7a02-42d1-b3c1-65ed63db2913" acquired by "delete_snapshot" :: waited 0.008s {{(pid=82156) __acquire /opt/stack/cinder/cinder/coordination.py:141}}
Apr 15 16:29:27 devstack cinder-volume[82156]: DEBUG cinder.coordination [None req-fe26fd56-7a64-4d2e-9c94-d95aac4aac55 tempest-GroupSnapshotsTest-689663665 None] Acquiring lock "cinder-quobyte-7029d646-dc2f-4656-b21d-75ce9a1c121d" by "_delete_snapshot" {{(pid=82156) __acquire /opt/stack/cinder/cinder/coordination.py:138}}
Apr 15 16:29:27 devstack cinder-volume[82156]: DEBUG cinder.coordination [None req-fe26fd56-7a64-4d2e-9c94-d95aac4aac55 tempest-GroupSnapshotsTest-689663665 None] Lock "cinder-quobyte-7029d646-dc2f-4656-b21d-75ce9a1c121d" acquired by "_delete_snapshot" :: waited 0.008s {{(pid=82156) __acquire /opt/stack/cinder/cinder/coordination.py:141}}
Apr 15 16:29:27 devstack cinder-volume[82156]: DEBUG cinder.volume.drivers.remotefs [None req-fe26fd56-7a64-4d2e-9c94-d95aac4aac55 tempest-GroupSnapshotsTest-689663665 None] Deleting offline snapshot 7029d646-dc2f-4656-b21d-75ce9a1c121d of volume e2b1b7c6-7a02-42d1-b3c1-65ed63db2913 {{(pid=82156) _delete_snapshot /opt/stack/cinder/cinder/volume/drivers/remotefs.py:1288}}
Apr 15 16:29:27 devstack cinder-volume[82156]: DEBUG cinder.volume.drivers.remotefs [None req-fe26fd56-7a64-4d2e-9c94-d95aac4aac55 tempest-GroupSnapshotsTest-689663665 None] snapshot_file for this snap is: volume-e2b1b7c6-7a02-42d1-b3c1-65ed63db2913.7029d646-dc2f-4656-b21d-75ce9a1c121d {{(pid=82156) _delete_snapshot /opt/stack/cinder/cinder/volume/drivers/remotefs.py:1317}}
Apr 15 16:29:27 devstack cinder-volume[82156]: DEBUG oslo.privsep.daemon [-] privsep: reply[a6bcdfac-83d6-4bea-a37a-0c366d96dc15]: (4, 'qcow2') {{(pid=83065) _call_back /opt/stack/data/venv/lib/python3.10/site-packages/oslo_privsep/daemon.py:573}}
Apr 15 16:29:27 devstack cinder-volume[82156]: DEBUG oslo_concurrency.processutils [None req-fe26fd56-7a64-4d2e-9c94-d95aac4aac55 tempest-GroupSnapshotsTest-689663665 None] Running cmd (subprocess): /opt/stack/data/venv/bin/python3.10 -m oslo_concurrency.prlimit --as=1073741824 --cpu=60 -- sudo cinder-rootwrap /etc/cinder/rootwrap.conf env LC_ALL=C qemu-img info -f qcow2 --output=json --force-share /opt/stack/data/cinder/mnt/ab9906cb66fc6891d8d0aada1b78a361/volume-e2b1b7c6-7a02-42d1-b3c1-65ed63db2913.7029d646-dc2f-4656-b21d-75ce9a1c121d {{(pid=82156) execute /opt/stack/data/venv/lib/python3.10/site-packages/oslo_concurrency/processutils.py:440}}
Apr 15 16:29:27 devstack sudo[85299]: quobyte : PWD=/ ; USER=root ; COMMAND=/opt/stack/data/venv/bin/cinder-rootwrap /etc/cinder/rootwrap.conf env LC_ALL=C qemu-img info -f qcow2 --output=json --force-share /opt/stack/data/cinder/mnt/ab9906cb66fc6891d8d0aada1b78a361/volume-e2b1b7c6-7a02-42d1-b3c1-65ed63db2913.7029d646-dc2f-4656-b21d-75ce9a1c121d
Apr 15 16:29:27 devstack sudo[85299]: pam_unix(sudo:session): session opened for user root(uid=0) by (uid=1000)
Apr 15 16:29:27 devstack sudo[85299]: pam_unix(sudo:session): session closed for user root
Apr 15 16:29:27 devstack cinder-volume[82156]: DEBUG oslo_concurrency.processutils [None req-fe26fd56-7a64-4d2e-9c94-d95aac4aac55 tempest-GroupSnapshotsTest-689663665 None] CMD "/opt/stack/data/venv/bin/python3.10 -m oslo_concurrency.prlimit --as=1073741824 --cpu=60 -- sudo cinder-rootwrap /etc/cinder/rootwrap.conf env LC_ALL=C qemu-img info -f qcow2 --output=json --force-share /opt/stack/data/cinder/mnt/ab9906cb66fc6891d8d0aada1b78a361/volume-e2b1b7c6-7a02-42d1-b3c1-65ed63db2913.7029d646-dc2f-4656-b21d-75ce9a1c121d" returned: 0 in 0.623s {{(pid=82156) execute /opt/stack/data/venv/lib/python3.10/site-packages/oslo_concurrency/processutils.py:468}}
Apr 15 16:29:27 devstack cinder-volume[82156]: DEBUG cinder.volume.drivers.remotefs [None req-fe26fd56-7a64-4d2e-9c94-d95aac4aac55 tempest-GroupSnapshotsTest-689663665 None] Fetching qemu-img info with special backing_file_template: (/opt/stack/data/cinder/mnt/[0-9a-f]+/)?(volume-e2b1b7c6-7a02-42d1-b3c1-65ed63db2913(.(tmp-snap-)?[0-9a-f-]+)?|volume_from_snapshot_cache/(tmp-snap-)?[0-9a-f-]+(.(child-|parent-)[0-9a-f-]+)?)$ {{(pid=82156) _qemu_img_info_base /opt/stack/cinder/cinder/volume/drivers/remotefs.py:896}}
Apr 15 16:29:27 devstack cinder-volume[82156]: DEBUG oslo.privsep.daemon [-] privsep: reply[d48b9d85-dde4-4e08-bb7c-ef3d7b4bac65]: (4, 'qcow2') {{(pid=83065) _call_back /opt/stack/data/venv/lib/python3.10/site-packages/oslo_privsep/daemon.py:573}}
Apr 15 16:29:27 devstack cinder-volume[82156]: DEBUG oslo_concurrency.processutils [None req-fe26fd56-7a64-4d2e-9c94-d95aac4aac55 tempest-GroupSnapshotsTest-689663665 None] Running cmd (subprocess): /opt/stack/data/venv/bin/python3.10 -m oslo_concurrency.prlimit --as=1073741824 --cpu=60 -- sudo cinder-rootwrap /etc/cinder/rootwrap.conf env LC_ALL=C qemu-img info -f qcow2 --output=json --force-share /opt/stack/data/cinder/mnt/ab9906cb66fc6891d8d0aada1b78a361/volume-e2b1b7c6-7a02-42d1-b3c1-65ed63db2913 {{(pid=82156) execute /opt/stack/data/venv/lib/python3.10/site-packages/oslo_concurrency/processutils.py:440}}
Apr 15 16:29:28 devstack sudo[85309]: quobyte : PWD=/ ; USER=root ; COMMAND=/opt/stack/data/venv/bin/cinder-rootwrap /etc/cinder/rootwrap.conf env LC_ALL=C qemu-img info -f qcow2 --output=json --force-share /opt/stack/data/cinder/mnt/ab9906cb66fc6891d8d0aada1b78a361/volume-e2b1b7c6-7a02-42d1-b3c1-65ed63db2913
Apr 15 16:29:28 devstack sudo[85309]: pam_unix(sudo:session): session opened for user root(uid=0) by (uid=1000)
Apr 15 16:29:28 devstack sudo[85309]: pam_unix(sudo:session): session closed for user root
Apr 15 16:29:28 devstack cinder-volume[82156]: DEBUG oslo_concurrency.processutils [None req-fe26fd56-7a64-4d2e-9c94-d95aac4aac55 tempest-GroupSnapshotsTest-689663665 None] CMD "/opt/stack/data/venv/bin/python3.10 -m oslo_concurrency.prlimit --as=1073741824 --cpu=60 -- sudo cinder-rootwrap /etc/cinder/rootwrap.conf env LC_ALL=C qemu-img info -f qcow2 --output=json --force-share /opt/stack/data/cinder/mnt/ab9906cb66fc6891d8d0aada1b78a361/volume-e2b1b7c6-7a02-42d1-b3c1-65ed63db2913" returned: 0 in 0.595s {{(pid=82156) execute /opt/stack/data/venv/lib/python3.10/site-packages/oslo_concurrency/processutils.py:468}}
Apr 15 16:29:28 devstack cinder-volume[82156]: DEBUG oslo_concurrency.processutils [None req-fe26fd56-7a64-4d2e-9c94-d95aac4aac55 tempest-GroupSnapshotsTest-689663665 None] Running cmd (subprocess): sudo cinder-rootwrap /etc/cinder/rootwrap.conf qemu-img commit -d /opt/stack/data/cinder/mnt/ab9906cb66fc6891d8d0aada1b78a361/volume-e2b1b7c6-7a02-42d1-b3c1-65ed63db2913.7029d646-dc2f-4656-b21d-75ce9a1c121d {{(pid=82156) execute /opt/stack/data/venv/lib/python3.10/site-packages/oslo_concurrency/processutils.py:440}}
Apr 15 16:29:28 devstack sudo[85314]: quobyte : PWD=/ ; USER=root ; COMMAND=/opt/stack/data/venv/bin/cinder-rootwrap /etc/cinder/rootwrap.conf qemu-img commit -d /opt/stack/data/cinder/mnt/ab9906cb66fc6891d8d0aada1b78a361/volume-e2b1b7c6-7a02-42d1-b3c1-65ed63db2913.7029d646-dc2f-4656-b21d-75ce9a1c121d
Apr 15 16:29:28 devstack sudo[85314]: pam_unix(sudo:session): session opened for user root(uid=0) by (uid=1000)
Apr 15 16:29:29 devstack sudo[85314]: pam_unix(sudo:session): session closed for user root
