Jan 20 19:28:49 devstack devstack@g-api.service[75590]: DEBUG glance.common.config [None req-f0fd3267-bd8a-47ed-99c2-d0595d668a54 None None] barbican_service_user.auth_type = None {{(pid=75590) log_opt_values /opt/stack/data/venv/lib/python3.10/site-packages/oslo_config/cfg.py:2824}}
Jan 20 19:28:49 devstack devstack@g-api.service[75590]: DEBUG glance.common.config [None req-f0fd3267-bd8a-47ed-99c2-d0595d668a54 None None] barbican_service_user.cafile = None {{(pid=75590) log_opt_values /opt/stack/data/venv/lib/python3.10/site-packages/oslo_config/cfg.py:2824}}
Jan 20 19:28:49 devstack devstack@g-api.service[75590]: DEBUG glance.common.config [None req-f0fd3267-bd8a-47ed-99c2-d0595d668a54 None None] barbican_service_user.certfile = None {{(pid=75590) log_opt_values /opt/stack/data/venv/lib/python3.10/site-packages/oslo_config/cfg.py:2824}}
Jan 20 19:28:49 devstack devstack@g-api.service[75590]: DEBUG glance.common.config [None req-f0fd3267-bd8a-47ed-99c2-d0595d668a54 None None] barbican_service_user.collect_timing = False {{(pid=75590) log_opt_values /opt/stack/data/venv/lib/python3.10/site-packages/oslo_config/cfg.py:2824}}
Jan 20 19:28:49 devstack devstack@g-api.service[75590]: DEBUG glance.common.config [None req-f0fd3267-bd8a-47ed-99c2-d0595d668a54 None None] barbican_service_user.insecure = False {{(pid=75590) log_opt_values /opt/stack/data/venv/lib/python3.10/site-packages/oslo_config/cfg.py:2824}}
Jan 20 19:28:49 devstack devstack@g-api.service[75590]: DEBUG glance.common.config [None req-f0fd3267-bd8a-47ed-99c2-d0595d668a54 None None] barbican_service_user.keyfile = None {{(pid=75590) log_opt_values /opt/stack/data/venv/lib/python3.10/site-packages/oslo_config/cfg.py:2824}}
Jan 20 19:28:49 devstack devstack@g-api.service[75590]: DEBUG glance.common.config [None req-f0fd3267-bd8a-47ed-99c2-d0595d668a54 None None] barbican_service_user.split_loggers = False {{(pid=75590) log_opt_values /opt/stack/data/venv/lib/python3.10/site-packages/oslo_config/cfg.py:2824}}
Jan 20 19:28:49 devstack devstack@g-api.service[75590]: DEBUG glance.common.config [None req-f0fd3267-bd8a-47ed-99c2-d0595d668a54 None None] barbican_service_user.timeout = None {{(pid=75590) log_opt_values /opt/stack/data/venv/lib/python3.10/site-packages/oslo_config/cfg.py:2824}}
Jan 20 19:28:49 devstack devstack@g-api.service[75590]: DEBUG glance.common.config [None req-f0fd3267-bd8a-47ed-99c2-d0595d668a54 None None] database.asyncio_connection = **** {{(pid=75590) log_opt_values /opt/stack/data/venv/lib/python3.10/site-packages/oslo_config/cfg.py:2824}}
Jan 20 19:28:49 devstack devstack@g-api.service[75590]: DEBUG glance.common.config [None req-f0fd3267-bd8a-47ed-99c2-d0595d668a54 None None] database.asyncio_slave_connection = **** {{(pid=75590) log_opt_values /opt/stack/data/venv/lib/python3.10/site-packages/oslo_config/cfg.py:2824}}
Jan 20 19:28:49 devstack devstack@g-api.service[75590]: DEBUG glance.common.config [None req-f0fd3267-bd8a-47ed-99c2-d0595d668a54 None None] database.backend = sqlalchemy {{(pid=75590) log_opt_values /opt/stack/data/venv/lib/python3.10/site-packages/oslo_config/cfg.py:2824}}
Jan 20 19:28:49 devstack devstack@g-api.service[75590]: DEBUG glance.common.config [None req-f0fd3267-bd8a-47ed-99c2-d0595d668a54 None None] database.connection = **** {{(pid=75590) log_opt_values /opt/stack/data/venv/lib/python3.10/site-packages/oslo_config/cfg.py:2824}}
Jan 20 19:28:49 devstack devstack@g-api.service[75590]: DEBUG glance.common.config [None req-f0fd3267-bd8a-47ed-99c2-d0595d668a54 None None] database.connection_debug = 0 {{(pid=75590) log_opt_values /opt/stack/data/venv/lib/python3.10/site-packages/oslo_config/cfg.py:2824}}
Jan 20 19:28:49 devstack devstack@g-api.service[75590]: DEBUG glance.common.config [None req-f0fd3267-bd8a-47ed-99c2-d0595d668a54 None None] database.connection_parameters = {{(pid=75590) log_opt_values /opt/stack/data/venv/lib/python3.10/site-packages/oslo_config/cfg.py:2824}}
Jan 20 19:28:49 devstack devstack@g-api.service[75590]: DEBUG glance.common.config [None req-f0fd3267-bd8a-47ed-99c2-d0595d668a54 None None] database.connection_recycle_time = 3600 {{(pid=75590) log_opt_values /opt/stack/data/venv/lib/python3.10/site-packages/oslo_config/cfg.py:2824}}
Jan 20 19:28:49 devstack devstack@g-api.service[75590]: DEBUG glance.common.config [None req-f0fd3267-bd8a-47ed-99c2-d0595d668a54 None None] database.connection_trace = False {{(pid=75590) log_opt_values /opt/stack/data/venv/lib/python3.10/site-packages/oslo_config/cfg.py:2824}}
Jan 20 19:28:49 devstack devstack@g-api.service[75590]: DEBUG glance.common.config [None req-f0fd3267-bd8a-47ed-99c2-d0595d668a54 None None] database.db_inc_retry_interval = True {{(pid=75590) log_opt_values /opt/stack/data/venv/lib/python3.10/site-packages/oslo_config/cfg.py:2824}}
Jan 20 19:28:49 devstack devstack@g-api.service[75590]: DEBUG glance.common.config [None req-f0fd3267-bd8a-47ed-99c2-d0595d668a54 None None] database.db_max_retries = 20 {{(pid=75590) log_opt_values /opt/stack/data/venv/lib/python3.10/site-packages/oslo_config/cfg.py:2824}}
Jan 20 19:28:49 devstack devstack@g-api.service[75590]: DEBUG glance.common.config [None req-f0fd3267-bd8a-47ed-99c2-d0595d668a54 None None] database.db_max_retry_interval = 10 {{(pid=75590) log_opt_values /opt/stack/data/venv/lib/python3.10/site-packages/oslo_config/cfg.py:2824}}
Jan 20 19:28:49 devstack devstack@g-api.service[75590]: DEBUG glance.common.config [None req-f0fd3267-bd8a-47ed-99c2-d0595d668a54 None None] database.db_retry_interval = 1 {{(pid=75590) log_opt_values /opt/stack/data/venv/lib/python3.10/site-packages/oslo_config/cfg.py:2824}}
Jan 20 19:28:49 devstack devstack@g-api.service[75590]: DEBUG glance.common.config [None req-f0fd3267-bd8a-47ed-99c2-d0595d668a54 None None] database.max_overflow = 50 {{(pid=75590) log_opt_values /opt/stack/data/venv/lib/python3.10/site-packages/oslo_config/cfg.py:2824}}
Jan 20 19:28:49 devstack devstack@g-api.service[75590]: DEBUG glance.common.config [None req-f0fd3267-bd8a-47ed-99c2-d0595d668a54 None None] database.max_pool_size = 5 {{(pid=75590) log_opt_values /opt/stack/data/venv/lib/python3.10/site-packages/oslo_config/cfg.py:2824}}
Jan 20 19:28:49 devstack devstack@g-api.service[75590]: DEBUG glance.common.config [None req-f0fd3267-bd8a-47ed-99c2-d0595d668a54 None None] database.max_retries = 10 {{(pid=75590) log_opt_values /opt/stack/data/venv/lib/python3.10/site-packages/oslo_config/cfg.py:2824}}
Jan 20 19:28:49 devstack devstack@g-api.service[75590]: DEBUG glance.common.config [None req-f0fd3267-bd8a-47ed-99c2-d0595d668a54 None None] database.mysql_sql_mode = TRADITIONAL {{(pid=75590) log_opt_values /opt/stack/data/venv/lib/python3.10/site-packages/oslo_config/cfg.py:2824}}
Jan 20 19:28:49 devstack devstack@g-api.service[75590]: DEBUG glance.common.config [None req-f0fd3267-bd8a-47ed-99c2-d0595d668a54 None None] database.mysql_wsrep_sync_wait = None {{(pid=75590) log_opt_values /opt/stack/data/venv/lib/python3.10/site-packages/oslo_config/cfg.py:2824}}
Jan 20 19:28:49 devstack devstack@g-api.service[75590]: DEBUG glance.common.config [None req-f0fd3267-bd8a-47ed-99c2-d0595d668a54 None None] database.pool_timeout = None {{(pid=75590) log_opt_values /opt/stack/data/venv/lib/python3.10/site-packages/oslo_config/cfg.py:2824}}
Jan 20 19:28:49 devstack devstack@g-api.service[75590]: DEBUG glance.common.config [None req-f0fd3267-bd8a-47ed-99c2-d0595d668a54 None None] database.retry_interval = 10 {{(pid=75590) log_opt_values /opt/stack/data/venv/lib/python3.10/site-packages/oslo_config/cfg.py:2824}}
Jan 20 19:28:49 devstack devstack@g-api.service[75590]: DEBUG glance.common.config [None req-f0fd3267-bd8a-47ed-99c2-d0595d668a54 None None] database.slave_connection = **** {{(pid=75590) log_opt_values /opt/stack/data/venv/lib/python3.10/site-packages/oslo_config/cfg.py:2824}}
Jan 20 19:28:49 devstack devstack@g-api.service[75590]: DEBUG glance.common.config [None req-f0fd3267-bd8a-47ed-99c2-d0595d668a54 None None] database.sqlite_synchronous = True {{(pid=75590) log_opt_values /opt/stack/data/venv/lib/python3.10/site-packages/oslo_config/cfg.py:2824}}
Jan 20 19:28:49 devstack devstack@g-api.service[75590]: DEBUG glance.common.config [None req-f0fd3267-bd8a-47ed-99c2-d0595d668a54 None None] database.use_db_reconnect = False {{(pid=75590) log_opt_values /opt/stack/data/venv/lib/python3.10/site-packages/oslo_config/cfg.py:2824}}
Jan 20 19:28:49 devstack devstack@g-api.service[75590]: DEBUG glance.common.config [None req-f0fd3267-bd8a-47ed-99c2-d0595d668a54 None None] healthcheck.allowed_source_ranges = [] {{(pid=75590) log_opt_values /opt/stack/data/venv/lib/python3.10/site-packages/oslo_config/cfg.py:2824}}
Jan 20 19:28:49 devstack devstack@g-api.service[75590]: DEBUG glance.common.config [None req-f0fd3267-bd8a-47ed-99c2-d0595d668a54 None None] healthcheck.backends = ['disable_by_file'] {{(pid=75590) log_opt_values /opt/stack/data/venv/lib/python3.10/site-packages/oslo_config/cfg.py:2824}}
Jan 20 19:28:49 devstack devstack@g-api.service[75590]: DEBUG glance.common.config [None req-f0fd3267-bd8a-47ed-99c2-d0595d668a54 None None] healthcheck.detailed = False {{(pid=75590) log_opt_values /opt/stack/data/venv/lib/python3.10/site-packages/oslo_config/cfg.py:2824}}
Jan 20 19:28:49 devstack devstack@g-api.service[75590]: DEBUG glance.common.config [None req-f0fd3267-bd8a-47ed-99c2-d0595d668a54 None None] healthcheck.disable_by_file_path = None {{(pid=75590) log_opt_values /opt/stack/data/venv/lib/python3.10/site-packages/oslo_config/cfg.py:2824}}
Jan 20 19:28:49 devstack devstack@g-api.service[75590]: DEBUG glance.common.config [None req-f0fd3267-bd8a-47ed-99c2-d0595d668a54 None None] healthcheck.ignore_proxied_requests = False {{(pid=75590) log_opt_values /opt/stack/data/venv/lib/python3.10/site-packages/oslo_config/cfg.py:2824}}
Jan 20 19:28:49 devstack devstack@g-api.service[75590]: DEBUG glance.common.config [None req-f0fd3267-bd8a-47ed-99c2-d0595d668a54 None None] ******************************************************************************** {{(pid=75590) log_opt_values /opt/stack/data/venv/lib/python3.10/site-packages/oslo_config/cfg.py:2828}}
Jan 20 19:28:49 devstack devstack@g-api.service[75590]: WSGI app 0 (mountpoint='') ready in 4 seconds on interpreter 0x55b2163576a0 pid: 75590 (default app)
Jan 20 19:28:51 devstack devstack@g-api.service[75589]: DEBUG glance.api.middleware.version_negotiation [None req-9636515d-908e-4657-8223-3e0ba795c236 None None] Determining version of request: GET / Accept: application/json {{(pid=75589) process_request /opt/stack/glance/glance/api/middleware/version_negotiation.py:44}}
Jan 20 19:28:51 devstack devstack@g-api.service[75589]: DEBUG glance.api.middleware.version_negotiation [None req-9636515d-908e-4657-8223-3e0ba795c236 None None] Using url versioning {{(pid=75589) process_request /opt/stack/glance/glance/api/middleware/version_negotiation.py:57}}
Jan 20 19:28:51 devstack devstack@g-api.service[75589]: DEBUG glance.api.middleware.version_negotiation [None req-9636515d-908e-4657-8223-3e0ba795c236 None None] Unknown version. Returning version choices. {{(pid=75589) process_request /opt/stack/glance/glance/api/middleware/version_negotiation.py:64}}
Jan 20 19:28:51 devstack devstack@g-api.service[75589]: [pid: 75589|app: 0|req: 2/2] 127.0.0.1 () {34 vars in 519 bytes} [Tue Jan 20 19:28:51 2026] GET / => generated 1459 bytes in 3 msecs (HTTP/1.1 300) 3 headers in 106 bytes (1 switches on core 0)
Jan 20 19:28:51 devstack devstack@g-api.service[75590]: DEBUG glance.api.middleware.version_negotiation [None req-f0fd3267-bd8a-47ed-99c2-d0595d668a54 None None] Determining version of request: POST /v2/images Accept: */* {{(pid=75590) process_request /opt/stack/glance/glance/api/middleware/version_negotiation.py:44}}
Jan 20 19:28:51 devstack devstack@g-api.service[75590]: DEBUG glance.api.middleware.version_negotiation [None req-f0fd3267-bd8a-47ed-99c2-d0595d668a54 None None] Using url versioning {{(pid=75590) process_request /opt/stack/glance/glance/api/middleware/version_negotiation.py:57}}
Jan 20 19:28:51 devstack devstack@g-api.service[75590]: DEBUG glance.api.middleware.version_negotiation [None req-f0fd3267-bd8a-47ed-99c2-d0595d668a54 None None] Matched version: v2 {{(pid=75590) process_request /opt/stack/glance/glance/api/middleware/version_negotiation.py:69}}
Jan 20 19:28:51 devstack devstack@g-api.service[75590]: DEBUG glance.api.middleware.version_negotiation [None req-f0fd3267-bd8a-47ed-99c2-d0595d668a54 None None] new path /v2/images {{(pid=75590) process_request /opt/stack/glance/glance/api/middleware/version_negotiation.py:70}}
Jan 20 19:28:51 devstack devstack@g-api.service[75590]: [pid: 75590|app: 0|req: 1/3] 127.0.0.1 () {40 vars in 782 bytes} [Tue Jan 20 19:28:51 2026] POST /v2/images => generated 807 bytes in 809 msecs (HTTP/1.1 201) 6 headers in 314 bytes (1 switches on core 0)
Jan 20 19:28:51 devstack devstack@g-api.service[75589]: DEBUG glance.api.middleware.version_negotiation [None req-9636515d-908e-4657-8223-3e0ba795c236 None None] Determining version of request: PUT /v2/images/68a1c22b-b1f1-4ee5-b466-e6d4a00f769e/file Accept: {{(pid=75589) process_request /opt/stack/glance/glance/api/middleware/version_negotiation.py:44}}
Jan 20 19:28:51 devstack devstack@g-api.service[75589]: DEBUG glance.api.middleware.version_negotiation [None req-9636515d-908e-4657-8223-3e0ba795c236 None None] Using url versioning {{(pid=75589) process_request /opt/stack/glance/glance/api/middleware/version_negotiation.py:57}}
Jan 20 19:28:51 devstack devstack@g-api.service[75589]: DEBUG glance.api.middleware.version_negotiation [None req-9636515d-908e-4657-8223-3e0ba795c236 None None] Matched version: v2 {{(pid=75589) process_request /opt/stack/glance/glance/api/middleware/version_negotiation.py:69}}
Jan 20 19:28:51 devstack devstack@g-api.service[75589]: DEBUG glance.api.middleware.version_negotiation [None req-9636515d-908e-4657-8223-3e0ba795c236 None None] new path /v2/images/68a1c22b-b1f1-4ee5-b466-e6d4a00f769e/file {{(pid=75589) process_request /opt/stack/glance/glance/api/middleware/version_negotiation.py:70}}
Jan 20 19:28:52 devstack devstack@g-api.service[75589]: INFO glance.api.v2.image_data [None req-b7169f84-252e-48da-83ba-ef8cedf7fd17 admin admin] Unable to create trust: no such option collect_timing in group [keystone_authtoken] Use the existing user token.
Jan 20 19:28:52 devstack devstack@g-api.service[75589]: DEBUG glance.location [None req-b7169f84-252e-48da-83ba-ef8cedf7fd17 admin admin] Enabling in-flight format inspection for qcow2 {{(pid=75589) set_data /opt/stack/glance/glance/location.py:616}}
Jan 20 19:28:52 devstack devstack@g-api.service[75589]: DEBUG oslo_utils.imageutils.format_inspector [None req-b7169f84-252e-48da-83ba-ef8cedf7fd17 admin admin] Format inspector for vmdk does not match, excluding from consideration (Signature KDMV not found: b'QFI\xfb') {{(pid=75589) _process_chunk /opt/stack/data/venv/lib/python3.10/site-packages/oslo_utils/imageutils/format_inspector.py:1537}}
Jan 20 19:28:52 devstack devstack@g-api.service[75589]: DEBUG oslo_utils.imageutils.format_inspector [None req-b7169f84-252e-48da-83ba-ef8cedf7fd17 admin admin] Format inspector for vhdx does not match, excluding from consideration (Region signature not found at 30000) {{(pid=75589) _process_chunk /opt/stack/data/venv/lib/python3.10/site-packages/oslo_utils/imageutils/format_inspector.py:1537}}
Jan 20 19:28:53 devstack devstack@g-api.service[75589]: DEBUG glance_store._drivers.filesystem [None req-b7169f84-252e-48da-83ba-ef8cedf7fd17 admin admin] Wrote 21692416 bytes to /opt/stack/data/glance/images/68a1c22b-b1f1-4ee5-b466-e6d4a00f769e with checksum 87617e24a5e30cb3b87fda8c0764838f and multihash 9a9bce0083a00939ec17c11febbfc767aa211aaa54f51e75c5a8b271a9b5637c77205a518b7a2007cb391d23cceb01e0e4e8d64832317151bc85b734b92a7be0 {{(pid=75589) add /opt/stack/data/venv/lib/python3.10/site-packages/glance_store/_drivers/filesystem.py:794}}
Jan 20 19:28:53 devstack devstack@g-api.service[75589]: INFO glance.location [None req-b7169f84-252e-48da-83ba-ef8cedf7fd17 admin admin] Image format matched and virtual size computed: 117440512
Jan 20 19:28:53 devstack devstack@g-api.service[75589]: DEBUG glance_store.backend [None req-b7169f84-252e-48da-83ba-ef8cedf7fd17 admin admin] Skipping store.set_acls... not implemented. {{(pid=75589) set_acls /opt/stack/data/venv/lib/python3.10/site-packages/glance_store/backend.py:507}}
Jan 20 19:28:53 devstack devstack@g-api.service[75589]: [pid: 75589|app: 0|req: 3/4] 127.0.0.1 () {40 vars in 875 bytes} [Tue Jan 20 19:28:51 2026] PUT /v2/images/68a1c22b-b1f1-4ee5-b466-e6d4a00f769e/file => generated 0 bytes in 1215 msecs (HTTP/1.1 204) 4 headers in 171 bytes (1 switches on core 0)
Jan 20 19:28:53 devstack devstack@g-api.service[75590]: DEBUG glance.api.middleware.version_negotiation [None req-0f9677ad-447a-48db-9f16-1dc2daf78c59 admin admin] Determining version of request: GET /v2/images/68a1c22b-b1f1-4ee5-b466-e6d4a00f769e Accept: */* {{(pid=75590) process_request /opt/stack/glance/glance/api/middleware/version_negotiation.py:44}}
Jan 20 19:28:53 devstack devstack@g-api.service[75590]: DEBUG glance.api.middleware.version_negotiation [None req-0f9677ad-447a-48db-9f16-1dc2daf78c59 admin admin] Using url versioning {{(pid=75590) process_request /opt/stack/glance/glance/api/middleware/version_negotiation.py:57}}
Jan 20 19:28:53 devstack devstack@g-api.service[75590]: DEBUG glance.api.middleware.version_negotiation [None req-0f9677ad-447a-48db-9f16-1dc2daf78c59 admin admin] Matched version: v2 {{(pid=75590) process_request /opt/stack/glance/glance/api/middleware/version_negotiation.py:69}}
Jan 20 19:28:53 devstack devstack@g-api.service[75590]: DEBUG glance.api.middleware.version_negotiation [None req-0f9677ad-447a-48db-9f16-1dc2daf78c59 admin admin] new path /v2/images/68a1c22b-b1f1-4ee5-b466-e6d4a00f769e {{(pid=75590) process_request /opt/stack/glance/glance/api/middleware/version_negotiation.py:70}}
Jan 20 19:28:53 devstack devstack@g-api.service[75590]: [pid: 75590|app: 0|req: 2/5] 127.0.0.1 () {36 vars in 802 bytes} [Tue Jan 20 19:28:53 2026] GET /v2/images/68a1c22b-b1f1-4ee5-b466-e6d4a00f769e => generated 976 bytes in 21 msecs (HTTP/1.1 200) 4 headers in 157 bytes (1 switches on core 0)
Jan 20 19:29:03 devstack devstack@g-api.service[75589]: DEBUG dbcounter [-] [75589] Writing DB stats glance:INSERT=5,glance:SELECT=16,glance:UPDATE=2 {{(pid=75589) stat_writer /opt/stack/data/venv/lib/python3.10/site-packages/dbcounter.py:115}}
Jan 20 19:29:03 devstack devstack@g-api.service[75590]: DEBUG dbcounter [-] [75590] Writing DB stats glance:INSERT=9,glance:SELECT=6 {{(pid=75590) stat_writer /opt/stack/data/venv/lib/python3.10/site-packages/dbcounter.py:115}}
Jan 20 19:29:31 devstack devstack@g-api.service[75589]: DEBUG glance.api.middleware.version_negotiation [None req-b7169f84-252e-48da-83ba-ef8cedf7fd17 admin admin] Determining version of request: GET / Accept: application/json {{(pid=75589) process_request /opt/stack/glance/glance/api/middleware/version_negotiation.py:44}}
Jan 20 19:29:31 devstack devstack@g-api.service[75589]: DEBUG glance.api.middleware.version_negotiation [None req-b7169f84-252e-48da-83ba-ef8cedf7fd17 admin admin] Using url versioning {{(pid=75589) process_request /opt/stack/glance/glance/api/middleware/version_negotiation.py:57}}
Jan 20 19:29:31 devstack devstack@g-api.service[75589]: DEBUG glance.api.middleware.version_negotiation [None req-b7169f84-252e-48da-83ba-ef8cedf7fd17 admin admin] Unknown version. Returning version choices. {{(pid=75589) process_request /opt/stack/glance/glance/api/middleware/version_negotiation.py:64}}
Jan 20 19:29:31 devstack devstack@g-api.service[75589]: [pid: 75589|app: 0|req: 4/6] 127.0.0.1 () {34 vars in 515 bytes} [Tue Jan 20 19:29:31 2026] GET / => generated 1459 bytes in 2 msecs (HTTP/1.1 300) 3 headers in 106 bytes (1 switches on core 0)
Jan 20 19:29:31 devstack devstack@g-api.service[75590]: DEBUG glance.api.middleware.version_negotiation [None req-f29c705e-80b4-40ec-ae27-88a43b157119 admin admin] Determining version of request: GET /v2/images Accept: application/json {{(pid=75590) process_request /opt/stack/glance/glance/api/middleware/version_negotiation.py:44}}
Jan 20 19:29:31 devstack devstack@g-api.service[75590]: DEBUG glance.api.middleware.version_negotiation [None req-f29c705e-80b4-40ec-ae27-88a43b157119 admin admin] Using url versioning {{(pid=75590) process_request /opt/stack/glance/glance/api/middleware/version_negotiation.py:57}}
Jan 20 19:29:31 devstack devstack@g-api.service[75590]: DEBUG glance.api.middleware.version_negotiation [None req-f29c705e-80b4-40ec-ae27-88a43b157119 admin admin] Matched version: v2 {{(pid=75590) process_request /opt/stack/glance/glance/api/middleware/version_negotiation.py:69}}
Jan 20 19:29:31 devstack devstack@g-api.service[75590]: DEBUG glance.api.middleware.version_negotiation [None req-f29c705e-80b4-40ec-ae27-88a43b157119 admin admin] new path /v2/images {{(pid=75590) process_request /opt/stack/glance/glance/api/middleware/version_negotiation.py:70}}
Jan 20 19:29:31 devstack devstack@g-api.service[75590]: [pid: 75590|app: 0|req: 3/7] 127.0.0.1 () {36 vars in 737 bytes} [Tue Jan 20 19:29:31 2026] GET /v2/images => generated 1045 bytes in 58 msecs (HTTP/1.1 200) 4 headers in 158 bytes (1 switches on core 0)
Jan 20 19:29:37 devstack devstack@g-api.service[75589]: DEBUG glance.api.middleware.version_negotiation [None req-b7169f84-252e-48da-83ba-ef8cedf7fd17 admin admin] Determining version of request: GET / Accept: application/json {{(pid=75589) process_request /opt/stack/glance/glance/api/middleware/version_negotiation.py:44}}
Jan 20 19:29:37 devstack devstack@g-api.service[75589]: DEBUG glance.api.middleware.version_negotiation [None req-b7169f84-252e-48da-83ba-ef8cedf7fd17 admin admin] Using url versioning {{(pid=75589) process_request /opt/stack/glance/glance/api/middleware/version_negotiation.py:57}}
Jan 20 19:29:37 devstack devstack@g-api.service[75589]: DEBUG glance.api.middleware.version_negotiation [None req-b7169f84-252e-48da-83ba-ef8cedf7fd17 admin admin] Unknown version. Returning version choices. {{(pid=75589) process_request /opt/stack/glance/glance/api/middleware/version_negotiation.py:64}}
Jan 20 19:29:37 devstack devstack@g-api.service[75589]: [pid: 75589|app: 0|req: 5/8] 127.0.0.1 () {34 vars in 515 bytes} [Tue Jan 20 19:29:37 2026] GET / => generated 1459 bytes in 2 msecs (HTTP/1.1 300) 3 headers in 106 bytes (1 switches on core 0)
Jan 20 19:29:37 devstack devstack@g-api.service[75590]: DEBUG glance.api.middleware.version_negotiation [None req-9de73c03-d5a4-44c3-902a-6279202f505a admin admin] Determining version of request: GET /v2/images/68a1c22b-b1f1-4ee5-b466-e6d4a00f769e Accept: */* {{(pid=75590) process_request /opt/stack/glance/glance/api/middleware/version_negotiation.py:44}}
Jan 20 19:29:37 devstack devstack@g-api.service[75590]: DEBUG glance.api.middleware.version_negotiation [None req-9de73c03-d5a4-44c3-902a-6279202f505a admin admin] Using url versioning {{(pid=75590) process_request /opt/stack/glance/glance/api/middleware/version_negotiation.py:57}}
Jan 20 19:29:37 devstack devstack@g-api.service[75590]: DEBUG glance.api.middleware.version_negotiation [None req-9de73c03-d5a4-44c3-902a-6279202f505a admin admin] Matched version: v2 {{(pid=75590) process_request /opt/stack/glance/glance/api/middleware/version_negotiation.py:69}}
Jan 20 19:29:37 devstack devstack@g-api.service[75590]: DEBUG glance.api.middleware.version_negotiation [None req-9de73c03-d5a4-44c3-902a-6279202f505a admin admin] new path /v2/images/68a1c22b-b1f1-4ee5-b466-e6d4a00f769e {{(pid=75590) process_request /opt/stack/glance/glance/api/middleware/version_negotiation.py:70}}
Jan 20 19:29:37 devstack devstack@g-api.service[75590]: [pid: 75590|app: 0|req: 4/9] 127.0.0.1 () {36 vars in 798 bytes} [Tue Jan 20 19:29:37 2026] GET /v2/images/68a1c22b-b1f1-4ee5-b466-e6d4a00f769e => generated 976 bytes in 45 msecs (HTTP/1.1 200) 4 headers in 157 bytes (1 switches on core 0)
Jan 20 19:29:40 devstack devstack@g-api.service[75589]: DEBUG glance.api.middleware.version_negotiation [None req-b7169f84-252e-48da-83ba-ef8cedf7fd17 admin admin] Determining version of request: GET / Accept: application/json {{(pid=75589) process_request /opt/stack/glance/glance/api/middleware/version_negotiation.py:44}}
Jan 20 19:29:40 devstack devstack@g-api.service[75589]: DEBUG glance.api.middleware.version_negotiation [None req-b7169f84-252e-48da-83ba-ef8cedf7fd17 admin admin] Using url versioning {{(pid=75589) process_request /opt/stack/glance/glance/api/middleware/version_negotiation.py:57}}
Jan 20 19:29:40 devstack devstack@g-api.service[75589]: DEBUG glance.api.middleware.version_negotiation [None req-b7169f84-252e-48da-83ba-ef8cedf7fd17 admin admin] Unknown version. Returning version choices. {{(pid=75589) process_request /opt/stack/glance/glance/api/middleware/version_negotiation.py:64}}
Jan 20 19:29:40 devstack devstack@g-api.service[75589]: [pid: 75589|app: 0|req: 6/10] 127.0.0.1 () {34 vars in 515 bytes} [Tue Jan 20 19:29:40 2026] GET / => generated 1459 bytes in 2 msecs (HTTP/1.1 300) 3 headers in 106 bytes (1 switches on core 0)
Jan 20 19:29:40 devstack devstack@g-api.service[75590]: DEBUG glance.api.middleware.version_negotiation [None req-dc8a1cae-6286-494d-b7b6-710391bde085 admin admin] Determining version of request: GET /v2/images/68a1c22b-b1f1-4ee5-b466-e6d4a00f769e Accept: */* {{(pid=75590) process_request /opt/stack/glance/glance/api/middleware/version_negotiation.py:44}}
Jan 20 19:29:40 devstack devstack@g-api.service[75590]: DEBUG glance.api.middleware.version_negotiation [None req-dc8a1cae-6286-494d-b7b6-710391bde085 admin admin] Using url versioning {{(pid=75590) process_request /opt/stack/glance/glance/api/middleware/version_negotiation.py:57}}
Jan 20 19:29:40 devstack devstack@g-api.service[75590]: DEBUG glance.api.middleware.version_negotiation [None req-dc8a1cae-6286-494d-b7b6-710391bde085 admin admin] Matched version: v2 {{(pid=75590) process_request /opt/stack/glance/glance/api/middleware/version_negotiation.py:69}}
Jan 20 19:29:40 devstack devstack@g-api.service[75590]: DEBUG glance.api.middleware.version_negotiation [None req-dc8a1cae-6286-494d-b7b6-710391bde085 admin admin] new path /v2/images/68a1c22b-b1f1-4ee5-b466-e6d4a00f769e {{(pid=75590) process_request /opt/stack/glance/glance/api/middleware/version_negotiation.py:70}}
Jan 20 19:29:40 devstack devstack@g-api.service[75590]: [pid: 75590|app: 0|req: 5/11] 127.0.0.1 () {36 vars in 798 bytes} [Tue Jan 20 19:29:40 2026] GET /v2/images/68a1c22b-b1f1-4ee5-b466-e6d4a00f769e => generated 976 bytes in 42 msecs (HTTP/1.1 200) 4 headers in 157 bytes (1 switches on core 0)
Jan 20 19:29:50 devstack devstack@g-api.service[75590]: DEBUG dbcounter [-] [75590] Writing DB stats glance:SELECT=5 {{(pid=75590) stat_writer /opt/stack/data/venv/lib/python3.10/site-packages/dbcounter.py:115}}
Jan 20 19:30:58 devstack devstack@g-api.service[75589]: DEBUG glance.api.middleware.version_negotiation [None req-b7169f84-252e-48da-83ba-ef8cedf7fd17 admin admin] Determining version of request: GET / Accept: application/json {{(pid=75589) process_request /opt/stack/glance/glance/api/middleware/version_negotiation.py:44}}
Jan 20 19:30:58 devstack devstack@g-api.service[75589]: DEBUG glance.api.middleware.version_negotiation [None req-b7169f84-252e-48da-83ba-ef8cedf7fd17 admin admin] Using url versioning {{(pid=75589) process_request /opt/stack/glance/glance/api/middleware/version_negotiation.py:57}}
Jan 20 19:30:58 devstack devstack@g-api.service[75589]: DEBUG glance.api.middleware.version_negotiation [None req-b7169f84-252e-48da-83ba-ef8cedf7fd17 admin admin] Unknown version. Returning version choices. {{(pid=75589) process_request /opt/stack/glance/glance/api/middleware/version_negotiation.py:64}}
Jan 20 19:30:58 devstack devstack@g-api.service[75589]: [pid: 75589|app: 0|req: 7/12] 127.0.0.1 () {36 vars in 486 bytes} [Tue Jan 20 19:30:58 2026] GET / => generated 1459 bytes in 3 msecs (HTTP/1.1 300) 3 headers in 106 bytes (1 switches on core 0)
Jan 20 19:32:04 devstack devstack@g-api.service[75590]: DEBUG glance.api.middleware.version_negotiation [None req-351c6d09-0503-4860-ab93-c70d02f14512 admin admin] Determining version of request: GET /v2/images/68a1c22b-b1f1-4ee5-b466-e6d4a00f769e Accept: */* {{(pid=75590) process_request /opt/stack/glance/glance/api/middleware/version_negotiation.py:44}}
Jan 20 19:32:04 devstack devstack@g-api.service[75590]: DEBUG glance.api.middleware.version_negotiation [None req-351c6d09-0503-4860-ab93-c70d02f14512 admin admin] Using url versioning {{(pid=75590) process_request /opt/stack/glance/glance/api/middleware/version_negotiation.py:57}}
Jan 20 19:32:04 devstack devstack@g-api.service[75590]: DEBUG glance.api.middleware.version_negotiation [None req-351c6d09-0503-4860-ab93-c70d02f14512 admin admin] Matched version: v2 {{(pid=75590) process_request /opt/stack/glance/glance/api/middleware/version_negotiation.py:69}}
Jan 20 19:32:04 devstack devstack@g-api.service[75590]: DEBUG glance.api.middleware.version_negotiation [None req-351c6d09-0503-4860-ab93-c70d02f14512 admin admin] new path /v2/images/68a1c22b-b1f1-4ee5-b466-e6d4a00f769e {{(pid=75590) process_request /opt/stack/glance/glance/api/middleware/version_negotiation.py:70}}
Jan 20 19:32:04 devstack devstack@g-api.service[75590]: WARNING keystonemiddleware.auth_token [None req-351c6d09-0503-4860-ab93-c70d02f14512 admin admin] A valid token was submitted as a service token, but it was not a valid service token. This is incorrect but backwards compatible behaviour. This will be removed in future releases.
Jan 20 19:32:04 devstack devstack@g-api.service[75590]: [pid: 75590|app: 0|req: 6/13] 127.0.0.1 () {42 vars in 1057 bytes} [Tue Jan 20 19:32:04 2026] GET /v2/images/68a1c22b-b1f1-4ee5-b466-e6d4a00f769e => generated 976 bytes in 114 msecs (HTTP/1.1 200) 4 headers in 157 bytes (1 switches on core 0)
Jan 20 19:32:04 devstack devstack@g-api.service[75589]: DEBUG glance.api.middleware.version_negotiation [None req-b7169f84-252e-48da-83ba-ef8cedf7fd17 admin admin] Determining version of request: GET /v2/schemas/image Accept: */* {{(pid=75589) process_request /opt/stack/glance/glance/api/middleware/version_negotiation.py:44}}
Jan 20 19:32:04 devstack devstack@g-api.service[75589]: DEBUG glance.api.middleware.version_negotiation [None req-b7169f84-252e-48da-83ba-ef8cedf7fd17 admin admin] Using url versioning {{(pid=75589) process_request /opt/stack/glance/glance/api/middleware/version_negotiation.py:57}}
Jan 20 19:32:04 devstack devstack@g-api.service[75589]: DEBUG glance.api.middleware.version_negotiation [None req-b7169f84-252e-48da-83ba-ef8cedf7fd17 admin admin] Matched version: v2 {{(pid=75589) process_request /opt/stack/glance/glance/api/middleware/version_negotiation.py:69}}
Jan 20 19:32:04 devstack devstack@g-api.service[75589]: DEBUG glance.api.middleware.version_negotiation [None req-b7169f84-252e-48da-83ba-ef8cedf7fd17 admin admin] new path /v2/schemas/image {{(pid=75589) process_request /opt/stack/glance/glance/api/middleware/version_negotiation.py:70}}
Jan 20 19:32:04 devstack devstack@g-api.service[75589]: WARNING keystonemiddleware.auth_token [None req-b7169f84-252e-48da-83ba-ef8cedf7fd17 admin admin] A valid token was submitted as a service token, but it was not a valid service token. This is incorrect but backwards compatible behaviour. This will be removed in future releases.
Jan 20 19:32:04 devstack devstack@g-api.service[75589]: [pid: 75589|app: 0|req: 8/14] 127.0.0.1 () {42 vars in 997 bytes} [Tue Jan 20 19:32:04 2026] GET /v2/schemas/image => generated 6083 bytes in 6 msecs (HTTP/1.1 200) 4 headers in 158 bytes (1 switches on core 0)
Jan 20 19:32:04 devstack devstack@g-api.service[75590]: DEBUG glance.api.middleware.version_negotiation [None req-cf0a7979-0eb8-4550-b3d1-6ea55fe409f9 tempest-TaggedBootDevicesTest_v242-607810967 tempest-TaggedBootDevicesTest_v242-607810967-project-member] Determining version of request: GET /v2/schemas/image Accept: */* {{(pid=75590) process_request /opt/stack/glance/glance/api/middleware/version_negotiation.py:44}}
Jan 20 19:32:04 devstack devstack@g-api.service[75590]: DEBUG glance.api.middleware.version_negotiation [None req-cf0a7979-0eb8-4550-b3d1-6ea55fe409f9 tempest-TaggedBootDevicesTest_v242-607810967 tempest-TaggedBootDevicesTest_v242-607810967-project-member] Using url versioning {{(pid=75590) process_request /opt/stack/glance/glance/api/middleware/version_negotiation.py:57}}
Jan 20 19:32:04 devstack devstack@g-api.service[75590]: DEBUG glance.api.middleware.version_negotiation [None req-cf0a7979-0eb8-4550-b3d1-6ea55fe409f9 tempest-TaggedBootDevicesTest_v242-607810967 tempest-TaggedBootDevicesTest_v242-607810967-project-member] Matched version: v2 {{(pid=75590) process_request /opt/stack/glance/glance/api/middleware/version_negotiation.py:69}}
Jan 20 19:32:04 devstack devstack@g-api.service[75590]: DEBUG glance.api.middleware.version_negotiation [None req-cf0a7979-0eb8-4550-b3d1-6ea55fe409f9 tempest-TaggedBootDevicesTest_v242-607810967 tempest-TaggedBootDevicesTest_v242-607810967-project-member] new path /v2/schemas/image {{(pid=75590) process_request /opt/stack/glance/glance/api/middleware/version_negotiation.py:70}}
Jan 20 19:32:04 devstack devstack@g-api.service[75590]: [pid: 75590|app: 0|req: 7/15] 127.0.0.1 () {42 vars in 997 bytes} [Tue Jan 20 19:32:04 2026] GET /v2/schemas/image => generated 6083 bytes in 7 msecs (HTTP/1.1 200) 4 headers in 158 bytes (1 switches on core 0)
Jan 20 19:32:04 devstack devstack@g-api.service[75589]: DEBUG glance.api.middleware.version_negotiation [None req-cf0a7979-0eb8-4550-b3d1-6ea55fe409f9 tempest-TaggedBootDevicesTest_v242-607810967 tempest-TaggedBootDevicesTest_v242-607810967-project-member] Determining version of request: GET /v2/images/68a1c22b-b1f1-4ee5-b466-e6d4a00f769e Accept: */* {{(pid=75589) process_request /opt/stack/glance/glance/api/middleware/version_negotiation.py:44}}
Jan 20 19:32:04 devstack devstack@g-api.service[75589]: DEBUG glance.api.middleware.version_negotiation [None req-cf0a7979-0eb8-4550-b3d1-6ea55fe409f9 tempest-TaggedBootDevicesTest_v242-607810967 tempest-TaggedBootDevicesTest_v242-607810967-project-member] Using url versioning {{(pid=75589) process_request /opt/stack/glance/glance/api/middleware/version_negotiation.py:57}}
Jan 20 19:32:04 devstack devstack@g-api.service[75589]: DEBUG glance.api.middleware.version_negotiation [None req-cf0a7979-0eb8-4550-b3d1-6ea55fe409f9 tempest-TaggedBootDevicesTest_v242-607810967 tempest-TaggedBootDevicesTest_v242-607810967-project-member] Matched version: v2 {{(pid=75589) process_request /opt/stack/glance/glance/api/middleware/version_negotiation.py:69}}
Jan 20 19:32:04 devstack devstack@g-api.service[75589]: DEBUG glance.api.middleware.version_negotiation [None req-cf0a7979-0eb8-4550-b3d1-6ea55fe409f9 tempest-TaggedBootDevicesTest_v242-607810967 tempest-TaggedBootDevicesTest_v242-607810967-project-member] new path /v2/images/68a1c22b-b1f1-4ee5-b466-e6d4a00f769e {{(pid=75589) process_request /opt/stack/glance/glance/api/middleware/version_negotiation.py:70}}
Jan 20 19:32:04 devstack devstack@g-api.service[75589]: [pid: 75589|app: 0|req: 9/16] 127.0.0.1 () {42 vars in 1057 bytes} [Tue Jan 20 19:32:04 2026] GET /v2/images/68a1c22b-b1f1-4ee5-b466-e6d4a00f769e => generated 976 bytes in 27 msecs (HTTP/1.1 200) 4 headers in 157 bytes (1 switches on core 0)
Jan 20 19:32:04 devstack devstack@g-api.service[75590]: DEBUG glance.api.middleware.version_negotiation [None req-cf0a7979-0eb8-4550-b3d1-6ea55fe409f9 tempest-TaggedBootDevicesTest_v242-607810967 tempest-TaggedBootDevicesTest_v242-607810967-project-member] Determining version of request: GET /v2/schemas/image Accept: */* {{(pid=75590) process_request /opt/stack/glance/glance/api/middleware/version_negotiation.py:44}}
Jan 20 19:32:04 devstack devstack@g-api.service[75590]: DEBUG glance.api.middleware.version_negotiation [None req-cf0a7979-0eb8-4550-b3d1-6ea55fe409f9 tempest-TaggedBootDevicesTest_v242-607810967 tempest-TaggedBootDevicesTest_v242-607810967-project-member] Using url versioning {{(pid=75590) process_request /opt/stack/glance/glance/api/middleware/version_negotiation.py:57}}
Jan 20 19:32:04 devstack devstack@g-api.service[75590]: DEBUG glance.api.middleware.version_negotiation [None req-cf0a7979-0eb8-4550-b3d1-6ea55fe409f9 tempest-TaggedBootDevicesTest_v242-607810967 tempest-TaggedBootDevicesTest_v242-607810967-project-member] Matched version: v2 {{(pid=75590) process_request /opt/stack/glance/glance/api/middleware/version_negotiation.py:69}}
Jan 20 19:32:04 devstack devstack@g-api.service[75590]: DEBUG glance.api.middleware.version_negotiation [None req-cf0a7979-0eb8-4550-b3d1-6ea55fe409f9 tempest-TaggedBootDevicesTest_v242-607810967 tempest-TaggedBootDevicesTest_v242-607810967-project-member] new path /v2/schemas/image {{(pid=75590) process_request /opt/stack/glance/glance/api/middleware/version_negotiation.py:70}}
Jan 20 19:32:04 devstack devstack@g-api.service[75590]: [pid: 75590|app: 0|req: 8/17] 127.0.0.1 () {42 vars in 997 bytes} [Tue Jan 20 19:32:04 2026] GET /v2/schemas/image => generated 6083 bytes in 5 msecs (HTTP/1.1 200) 4 headers in 158 bytes (1 switches on core 0)
Jan 20 19:32:04 devstack devstack@g-api.service[75589]: DEBUG glance.api.middleware.version_negotiation [None req-cf0a7979-0eb8-4550-b3d1-6ea55fe409f9 tempest-TaggedBootDevicesTest_v242-607810967 tempest-TaggedBootDevicesTest_v242-607810967-project-member] Determining version of request: GET /v2/schemas/image Accept: */* {{(pid=75589) process_request /opt/stack/glance/glance/api/middleware/version_negotiation.py:44}}
Jan 20 19:32:04 devstack devstack@g-api.service[75589]: DEBUG glance.api.middleware.version_negotiation [None req-cf0a7979-0eb8-4550-b3d1-6ea55fe409f9 tempest-TaggedBootDevicesTest_v242-607810967 tempest-TaggedBootDevicesTest_v242-607810967-project-member] Using url versioning {{(pid=75589) process_request /opt/stack/glance/glance/api/middleware/version_negotiation.py:57}}
Jan 20 19:32:04 devstack devstack@g-api.service[75589]: DEBUG glance.api.middleware.version_negotiation [None req-cf0a7979-0eb8-4550-b3d1-6ea55fe409f9 tempest-TaggedBootDevicesTest_v242-607810967 tempest-TaggedBootDevicesTest_v242-607810967-project-member] Matched version: v2 {{(pid=75589) process_request /opt/stack/glance/glance/api/middleware/version_negotiation.py:69}}
Jan 20 19:32:04 devstack devstack@g-api.service[75589]: DEBUG glance.api.middleware.version_negotiation [None req-cf0a7979-0eb8-4550-b3d1-6ea55fe409f9 tempest-TaggedBootDevicesTest_v242-607810967 tempest-TaggedBootDevicesTest_v242-607810967-project-member] new path /v2/schemas/image {{(pid=75589) process_request /opt/stack/glance/glance/api/middleware/version_negotiation.py:70}}
Jan 20 19:32:04 devstack devstack@g-api.service[75589]: [pid: 75589|app: 0|req: 10/18] 127.0.0.1 () {42 vars in 997 bytes} [Tue Jan 20 19:32:04 2026] GET /v2/schemas/image => generated 6083 bytes in 8 msecs (HTTP/1.1 200) 4 headers in 158 bytes (1 switches on core 0)
Jan 20 19:32:04 devstack devstack@g-api.service[75590]: DEBUG glance.api.middleware.version_negotiation [None req-cf0a7979-0eb8-4550-b3d1-6ea55fe409f9 tempest-TaggedBootDevicesTest_v242-607810967 tempest-TaggedBootDevicesTest_v242-607810967-project-member] Determining version of request: GET /v2/images/68a1c22b-b1f1-4ee5-b466-e6d4a00f769e Accept: */* {{(pid=75590) process_request /opt/stack/glance/glance/api/middleware/version_negotiation.py:44}}
Jan 20 19:32:04 devstack devstack@g-api.service[75590]: DEBUG glance.api.middleware.version_negotiation [None req-cf0a7979-0eb8-4550-b3d1-6ea55fe409f9 tempest-TaggedBootDevicesTest_v242-607810967 tempest-TaggedBootDevicesTest_v242-607810967-project-member] Using url versioning {{(pid=75590) process_request /opt/stack/glance/glance/api/middleware/version_negotiation.py:57}}
Jan 20 19:32:04 devstack devstack@g-api.service[75590]: DEBUG glance.api.middleware.version_negotiation [None req-cf0a7979-0eb8-4550-b3d1-6ea55fe409f9 tempest-TaggedBootDevicesTest_v242-607810967 tempest-TaggedBootDevicesTest_v242-607810967-project-member] Matched version: v2 {{(pid=75590) process_request /opt/stack/glance/glance/api/middleware/version_negotiation.py:69}}
Jan 20 19:32:04 devstack devstack@g-api.service[75590]: DEBUG glance.api.middleware.version_negotiation [None req-cf0a7979-0eb8-4550-b3d1-6ea55fe409f9 tempest-TaggedBootDevicesTest_v242-607810967 tempest-TaggedBootDevicesTest_v242-607810967-project-member] new path /v2/images/68a1c22b-b1f1-4ee5-b466-e6d4a00f769e {{(pid=75590) process_request /opt/stack/glance/glance/api/middleware/version_negotiation.py:70}}
Jan 20 19:32:04 devstack devstack@g-api.service[75590]: [pid: 75590|app: 0|req: 9/19] 127.0.0.1 () {42 vars in 1057 bytes} [Tue Jan 20 19:32:04 2026] GET /v2/images/68a1c22b-b1f1-4ee5-b466-e6d4a00f769e => generated 976 bytes in 19 msecs (HTTP/1.1 200) 4 headers in 157 bytes (1 switches on core 0)
Jan 20 19:32:04 devstack devstack@g-api.service[75589]: DEBUG glance.api.middleware.version_negotiation [None req-cf0a7979-0eb8-4550-b3d1-6ea55fe409f9 tempest-TaggedBootDevicesTest_v242-607810967 tempest-TaggedBootDevicesTest_v242-607810967-project-member] Determining version of request: GET /v2/schemas/image Accept: */* {{(pid=75589) process_request /opt/stack/glance/glance/api/middleware/version_negotiation.py:44}}
Jan 20 19:32:04 devstack devstack@g-api.service[75589]: DEBUG glance.api.middleware.version_negotiation [None req-cf0a7979-0eb8-4550-b3d1-6ea55fe409f9 tempest-TaggedBootDevicesTest_v242-607810967 tempest-TaggedBootDevicesTest_v242-607810967-project-member] Using url versioning {{(pid=75589) process_request /opt/stack/glance/glance/api/middleware/version_negotiation.py:57}}
Jan 20 19:32:04 devstack devstack@g-api.service[75589]: DEBUG glance.api.middleware.version_negotiation [None req-cf0a7979-0eb8-4550-b3d1-6ea55fe409f9 tempest-TaggedBootDevicesTest_v242-607810967 tempest-TaggedBootDevicesTest_v242-607810967-project-member] Matched version: v2 {{(pid=75589) process_request /opt/stack/glance/glance/api/middleware/version_negotiation.py:69}}
Jan 20 19:32:04 devstack devstack@g-api.service[75589]: DEBUG glance.api.middleware.version_negotiation [None req-cf0a7979-0eb8-4550-b3d1-6ea55fe409f9 tempest-TaggedBootDevicesTest_v242-607810967 tempest-TaggedBootDevicesTest_v242-607810967-project-member] new path /v2/schemas/image {{(pid=75589) process_request /opt/stack/glance/glance/api/middleware/version_negotiation.py:70}}
Jan 20 19:32:04 devstack devstack@g-api.service[75589]: [pid: 75589|app: 0|req: 11/20] 127.0.0.1 () {42 vars in 997 bytes} [Tue Jan 20 19:32:04 2026] GET /v2/schemas/image => generated 6083 bytes in 5 msecs (HTTP/1.1 200) 4 headers in 158 bytes (1 switches on core 0)
Jan 20 19:32:04 devstack devstack@g-api.service[75590]: DEBUG glance.api.middleware.version_negotiation [None req-cf0a7979-0eb8-4550-b3d1-6ea55fe409f9 tempest-TaggedBootDevicesTest_v242-607810967 tempest-TaggedBootDevicesTest_v242-607810967-project-member] Determining version of request: GET /v2/schemas/image Accept: */* {{(pid=75590) process_request /opt/stack/glance/glance/api/middleware/version_negotiation.py:44}}
Jan 20 19:32:04 devstack devstack@g-api.service[75590]: DEBUG glance.api.middleware.version_negotiation [None req-cf0a7979-0eb8-4550-b3d1-6ea55fe409f9 tempest-TaggedBootDevicesTest_v242-607810967 tempest-TaggedBootDevicesTest_v242-607810967-project-member] Using url versioning {{(pid=75590) process_request /opt/stack/glance/glance/api/middleware/version_negotiation.py:57}}
Jan 20 19:32:04 devstack devstack@g-api.service[75590]: DEBUG glance.api.middleware.version_negotiation [None req-cf0a7979-0eb8-4550-b3d1-6ea55fe409f9 tempest-TaggedBootDevicesTest_v242-607810967 tempest-TaggedBootDevicesTest_v242-607810967-project-member] Matched version: v2 {{(pid=75590) process_request /opt/stack/glance/glance/api/middleware/version_negotiation.py:69}}
Jan 20 19:32:04 devstack devstack@g-api.service[75590]: DEBUG glance.api.middleware.version_negotiation [None req-cf0a7979-0eb8-4550-b3d1-6ea55fe409f9 tempest-TaggedBootDevicesTest_v242-607810967 tempest-TaggedBootDevicesTest_v242-607810967-project-member] new path /v2/schemas/image {{(pid=75590) process_request /opt/stack/glance/glance/api/middleware/version_negotiation.py:70}}
Jan 20 19:32:04 devstack devstack@g-api.service[75590]: [pid: 75590|app: 0|req: 10/21] 127.0.0.1 () {42 vars in 997 bytes} [Tue Jan 20 19:32:04 2026] GET /v2/schemas/image => generated 6083 bytes in 5 msecs (HTTP/1.1 200) 4 headers in 158 bytes (1 switches on core 0)
Jan 20 19:32:14 devstack devstack@g-api.service[75589]: DEBUG glance.api.middleware.version_negotiation [None req-cf0a7979-0eb8-4550-b3d1-6ea55fe409f9 tempest-TaggedBootDevicesTest_v242-607810967 tempest-TaggedBootDevicesTest_v242-607810967-project-member] Determining version of request: GET /v2/images/68a1c22b-b1f1-4ee5-b466-e6d4a00f769e Accept: application/json {{(pid=75589) process_request /opt/stack/glance/glance/api/middleware/version_negotiation.py:44}}
Jan 20 19:32:14 devstack devstack@g-api.service[75589]: DEBUG glance.api.middleware.version_negotiation [None req-cf0a7979-0eb8-4550-b3d1-6ea55fe409f9 tempest-TaggedBootDevicesTest_v242-607810967 tempest-TaggedBootDevicesTest_v242-607810967-project-member] Using url versioning {{(pid=75589) process_request /opt/stack/glance/glance/api/middleware/version_negotiation.py:57}}
Jan 20 19:32:14 devstack devstack@g-api.service[75589]: DEBUG glance.api.middleware.version_negotiation [None req-cf0a7979-0eb8-4550-b3d1-6ea55fe409f9 tempest-TaggedBootDevicesTest_v242-607810967 tempest-TaggedBootDevicesTest_v242-607810967-project-member] Matched version: v2 {{(pid=75589) process_request /opt/stack/glance/glance/api/middleware/version_negotiation.py:69}}
Jan 20 19:32:14 devstack devstack@g-api.service[75589]: DEBUG glance.api.middleware.version_negotiation [None req-cf0a7979-0eb8-4550-b3d1-6ea55fe409f9 tempest-TaggedBootDevicesTest_v242-607810967 tempest-TaggedBootDevicesTest_v242-607810967-project-member] new path /v2/images/68a1c22b-b1f1-4ee5-b466-e6d4a00f769e {{(pid=75589) process_request /opt/stack/glance/glance/api/middleware/version_negotiation.py:70}}
Jan 20 19:32:14 devstack devstack@g-api.service[75589]: [pid: 75589|app: 0|req: 12/22] 127.0.0.1 () {38 vars in 782 bytes} [Tue Jan 20 19:32:14 2026] GET /v2/images/68a1c22b-b1f1-4ee5-b466-e6d4a00f769e => generated 976 bytes in 225 msecs (HTTP/1.1 200) 4 headers in 157 bytes (1 switches on core 0)
Jan 20 19:32:14 devstack devstack@g-api.service[75590]: DEBUG glance.api.middleware.version_negotiation [None req-cf0a7979-0eb8-4550-b3d1-6ea55fe409f9 tempest-TaggedBootDevicesTest_v242-607810967 tempest-TaggedBootDevicesTest_v242-607810967-project-member] Determining version of request: GET /v2/images/68a1c22b-b1f1-4ee5-b466-e6d4a00f769e/file Accept: application/json {{(pid=75590) process_request /opt/stack/glance/glance/api/middleware/version_negotiation.py:44}}
Jan 20 19:32:14 devstack devstack@g-api.service[75590]: DEBUG glance.api.middleware.version_negotiation [None req-cf0a7979-0eb8-4550-b3d1-6ea55fe409f9 tempest-TaggedBootDevicesTest_v242-607810967 tempest-TaggedBootDevicesTest_v242-607810967-project-member] Using url versioning {{(pid=75590) process_request /opt/stack/glance/glance/api/middleware/version_negotiation.py:57}}
Jan 20 19:32:14 devstack devstack@g-api.service[75590]: DEBUG glance.api.middleware.version_negotiation [None req-cf0a7979-0eb8-4550-b3d1-6ea55fe409f9 tempest-TaggedBootDevicesTest_v242-607810967 tempest-TaggedBootDevicesTest_v242-607810967-project-member] Matched version: v2 {{(pid=75590) process_request /opt/stack/glance/glance/api/middleware/version_negotiation.py:69}}
Jan 20 19:32:14 devstack devstack@g-api.service[75590]: DEBUG glance.api.middleware.version_negotiation [None req-cf0a7979-0eb8-4550-b3d1-6ea55fe409f9 tempest-TaggedBootDevicesTest_v242-607810967 tempest-TaggedBootDevicesTest_v242-607810967-project-member] new path /v2/images/68a1c22b-b1f1-4ee5-b466-e6d4a00f769e/file {{(pid=75590) process_request /opt/stack/glance/glance/api/middleware/version_negotiation.py:70}}
Jan 20 19:32:14 devstack devstack@g-api.service[75590]: DEBUG glance_store._drivers.filesystem [None req-a9e0b6ce-4d91-4514-a36a-b67d1fc130a7 tempest-AttachSCSIVolumeTestJSON-1045095668 tempest-AttachSCSIVolumeTestJSON-1045095668-project-admin] Found image at /opt/stack/data/glance/images/68a1c22b-b1f1-4ee5-b466-e6d4a00f769e. Returning in ChunkedFile. {{(pid=75590) get /opt/stack/data/venv/lib/python3.10/site-packages/glance_store/_drivers/filesystem.py:618}}
Jan 20 19:32:14 devstack devstack@g-api.service[75590]: DEBUG glance.image_cache [None req-a9e0b6ce-4d91-4514-a36a-b67d1fc130a7 tempest-AttachSCSIVolumeTestJSON-1045095668 tempest-AttachSCSIVolumeTestJSON-1045095668-project-admin] Tee'ing image '68a1c22b-b1f1-4ee5-b466-e6d4a00f769e' into cache {{(pid=75590) get_caching_iter /opt/stack/glance/glance/image_cache/__init__.py:350}}
Jan 20 19:32:14 devstack devstack@g-api.service[75589]: DEBUG glance.api.middleware.version_negotiation [None req-54f97065-695c-4718-bbbf-e7cbaad7f1c8 tempest-AttachSCSIVolumeTestJSON-1045095668 tempest-AttachSCSIVolumeTestJSON-1045095668-project-admin] Determining version of request: POST /v2/images Accept: application/json {{(pid=75589) process_request /opt/stack/glance/glance/api/middleware/version_negotiation.py:44}}
Jan 20 19:32:14 devstack devstack@g-api.service[75589]: DEBUG glance.api.middleware.version_negotiation [None req-54f97065-695c-4718-bbbf-e7cbaad7f1c8 tempest-AttachSCSIVolumeTestJSON-1045095668 tempest-AttachSCSIVolumeTestJSON-1045095668-project-admin] Using url versioning {{(pid=75589) process_request /opt/stack/glance/glance/api/middleware/version_negotiation.py:57}}
