Jan 02 17:04:49 devstack cinder-volume[80446]: DEBUG cinder.volume.drivers.quobyte [None req-557eea84-3302-42a8-aac2-d94d95f38b1e tempest-AttachVolumeNegativeTest-2122202756 None] Available shares ['osci02.corp.quobyte.com/cinder-vol-384e651a-3537-48cb-9a0c-cd4327497003'] {{(pid=80446) _ensure_shares_mounted /opt/stack/cinder/cinder/volume/drivers/quobyte.py:641}}
Jan 02 17:04:49 devstack cinder-volume[80446]: DEBUG oslo_concurrency.lockutils [None req-557eea84-3302-42a8-aac2-d94d95f38b1e tempest-AttachVolumeNegativeTest-2122202756 None] Lock "quobyte_ensure" "released" by "cinder.volume.drivers.quobyte.QuobyteDriver._ensure_shares_mounted" :: held 0.007s {{(pid=80446) inner /opt/stack/data/venv/lib/python3.10/site-packages/oslo_concurrency/lockutils.py:424}}
Jan 02 17:04:49 devstack cinder-volume[80446]: DEBUG cinder.volume.drivers.quobyte [None req-557eea84-3302-42a8-aac2-d94d95f38b1e tempest-AttachVolumeNegativeTest-2122202756 None] Selected osci02.corp.quobyte.com/cinder-vol-384e651a-3537-48cb-9a0c-cd4327497003 as target Quobyte volume. {{(pid=80446) _find_share /opt/stack/cinder/cinder/volume/drivers/quobyte.py:662}}
Jan 02 17:04:49 devstack cinder-volume[80446]: INFO cinder.volume.drivers.remotefs [None req-557eea84-3302-42a8-aac2-d94d95f38b1e tempest-AttachVolumeNegativeTest-2122202756 None] casted to osci02.corp.quobyte.com/cinder-vol-384e651a-3537-48cb-9a0c-cd4327497003
Jan 02 17:04:49 devstack cinder-volume[80446]: DEBUG oslo_concurrency.processutils [None req-557eea84-3302-42a8-aac2-d94d95f38b1e tempest-AttachVolumeNegativeTest-2122202756 None] Running cmd (subprocess): sudo cinder-rootwrap /etc/cinder/rootwrap.conf qemu-img create -f qcow2 -o preallocation=metadata /opt/stack/data/cinder/mnt/2d3f99609ecefdee49530ffe1255a47c/volume-2b330d1e-70ba-4b6d-bf9f-1ca2eabffb25 1073741824 {{(pid=80446) execute /opt/stack/data/venv/lib/python3.10/site-packages/oslo_concurrency/processutils.py:349}}
Jan 02 17:04:49 devstack sudo[89802]: quobyte : PWD=/ ; USER=root ; COMMAND=/opt/stack/data/venv/bin/cinder-rootwrap /etc/cinder/rootwrap.conf qemu-img create -f qcow2 -o preallocation=metadata /opt/stack/data/cinder/mnt/2d3f99609ecefdee49530ffe1255a47c/volume-2b330d1e-70ba-4b6d-bf9f-1ca2eabffb25 1073741824
Jan 02 17:04:49 devstack sudo[89802]: pam_unix(sudo:session): session opened for user root(uid=0) by (uid=1000)
Jan 02 17:04:49 devstack cinder-volume[80446]: INFO cinder.volume.manager [None req-6c4f2159-27a0-4d05-b890-4f8fab5a9045 tempest-SnapshotsActionsTest-2083186439 None] Create snapshot completed successfully
Jan 02 17:04:50 devstack sudo[89798]: pam_unix(sudo:session): session closed for user root
Jan 02 17:04:50 devstack cinder-volume[80446]: DEBUG oslo_concurrency.processutils [None req-72a96ca1-4e7e-43db-ab05-f3ae0c536986 None None] CMD "sudo cinder-rootwrap /etc/cinder/rootwrap.conf df --portability --block-size 1 /opt/stack/data/cinder/mnt/2d3f99609ecefdee49530ffe1255a47c" returned: 0 in 0.612s {{(pid=80446) execute /opt/stack/data/venv/lib/python3.10/site-packages/oslo_concurrency/processutils.py:372}}
Jan 02 17:04:50 devstack cinder-volume[80446]: DEBUG cinder.manager [None req-72a96ca1-4e7e-43db-ab05-f3ae0c536986 None None] Notifying Schedulers of capabilities ... {{(pid=80446) _publish_service_capabilities /opt/stack/cinder/cinder/manager.py:202}}
Jan 02 17:04:50 devstack sudo[89802]: pam_unix(sudo:session): session closed for user root
Jan 02 17:04:50 devstack cinder-volume[80446]: DEBUG oslo_concurrency.processutils [None req-557eea84-3302-42a8-aac2-d94d95f38b1e tempest-AttachVolumeNegativeTest-2122202756 None] CMD "sudo cinder-rootwrap /etc/cinder/rootwrap.conf qemu-img create -f qcow2 -o preallocation=metadata /opt/stack/data/cinder/mnt/2d3f99609ecefdee49530ffe1255a47c/volume-2b330d1e-70ba-4b6d-bf9f-1ca2eabffb25 1073741824" returned: 0 in 0.760s {{(pid=80446) execute /opt/stack/data/venv/lib/python3.10/site-packages/oslo_concurrency/processutils.py:372}}
Jan 02 17:04:50 devstack cinder-volume[80446]: DEBUG oslo_concurrency.processutils [None req-557eea84-3302-42a8-aac2-d94d95f38b1e tempest-AttachVolumeNegativeTest-2122202756 None] Running cmd (subprocess): sudo cinder-rootwrap /etc/cinder/rootwrap.conf chmod ugo+rw /opt/stack/data/cinder/mnt/2d3f99609ecefdee49530ffe1255a47c/volume-2b330d1e-70ba-4b6d-bf9f-1ca2eabffb25 {{(pid=80446) execute /opt/stack/data/venv/lib/python3.10/site-packages/oslo_concurrency/processutils.py:349}}
Jan 02 17:04:50 devstack sudo[89808]: quobyte : PWD=/ ; USER=root ; COMMAND=/opt/stack/data/venv/bin/cinder-rootwrap /etc/cinder/rootwrap.conf chmod ugo+rw /opt/stack/data/cinder/mnt/2d3f99609ecefdee49530ffe1255a47c/volume-2b330d1e-70ba-4b6d-bf9f-1ca2eabffb25
Jan 02 17:04:50 devstack sudo[89808]: pam_unix(sudo:session): session opened for user root(uid=0) by (uid=1000)
Jan 02 17:04:50 devstack cinder-volume[80446]: WARNING cinder.volume.volume_utils [None req-f85c32ef-abe5-4dd8-b6f4-119250b55d17 tempest-SnapshotsActionsTest-2083186439 None] Volume driver (QuobyteDriver 1.1.13) is currently unsupported and may be removed in the next release of OpenStack. Use at your own risk.
Jan 02 17:04:50 devstack cinder-volume[80446]: DEBUG oslo_concurrency.lockutils [None req-f85c32ef-abe5-4dd8-b6f4-119250b55d17 tempest-SnapshotsActionsTest-2083186439 None] Acquiring lock "quobyte" by "cinder.volume.drivers.quobyte.QuobyteDriver.create_snapshot" {{(pid=80446) inner /opt/stack/data/venv/lib/python3.10/site-packages/oslo_concurrency/lockutils.py:405}}
Jan 02 17:04:51 devstack sudo[89808]: pam_unix(sudo:session): session closed for user root
Jan 02 17:04:51 devstack cinder-volume[80446]: DEBUG oslo_concurrency.processutils [None req-557eea84-3302-42a8-aac2-d94d95f38b1e tempest-AttachVolumeNegativeTest-2122202756 None] CMD "sudo cinder-rootwrap /etc/cinder/rootwrap.conf chmod ugo+rw /opt/stack/data/cinder/mnt/2d3f99609ecefdee49530ffe1255a47c/volume-2b330d1e-70ba-4b6d-bf9f-1ca2eabffb25" returned: 0 in 0.563s {{(pid=80446) execute /opt/stack/data/venv/lib/python3.10/site-packages/oslo_concurrency/processutils.py:372}}
Jan 02 17:04:51 devstack cinder-volume[80446]: DEBUG cinder.volume.drivers.quobyte [None req-557eea84-3302-42a8-aac2-d94d95f38b1e tempest-AttachVolumeNegativeTest-2122202756 None] <== create_volume: return (1377ms) {'provider_location': 'osci02.corp.quobyte.com/cinder-vol-384e651a-3537-48cb-9a0c-cd4327497003'} {{(pid=80446) trace_logging_wrapper /opt/stack/cinder/cinder/volume/volume_utils.py:1523}}
Jan 02 17:04:51 devstack cinder-volume[80446]: DEBUG oslo_concurrency.lockutils [None req-557eea84-3302-42a8-aac2-d94d95f38b1e tempest-AttachVolumeNegativeTest-2122202756 None] Lock "quobyte" "released" by "cinder.volume.drivers.quobyte.QuobyteDriver.create_volume" :: held 1.380s {{(pid=80446) inner /opt/stack/data/venv/lib/python3.10/site-packages/oslo_concurrency/lockutils.py:424}}
Jan 02 17:04:51 devstack cinder-volume[80446]: DEBUG oslo_concurrency.lockutils [None req-f85c32ef-abe5-4dd8-b6f4-119250b55d17 tempest-SnapshotsActionsTest-2083186439 None] Lock "quobyte" acquired by "cinder.volume.drivers.quobyte.QuobyteDriver.create_snapshot" :: waited 0.525s {{(pid=80446) inner /opt/stack/data/venv/lib/python3.10/site-packages/oslo_concurrency/lockutils.py:410}}
Jan 02 17:04:51 devstack cinder-volume[80446]: DEBUG cinder.volume.drivers.remotefs [None req-f85c32ef-abe5-4dd8-b6f4-119250b55d17 tempest-SnapshotsActionsTest-2083186439 None] Creating offline snapshot f1cc4d34-a531-475d-9208-f3560c3aa0b2 of volume 2ef8bea1-63b8-40c6-ab05-47d20a81c036 {{(pid=80446) _create_snapshot /opt/stack/cinder/cinder/volume/drivers/remotefs.py:1815}}
Jan 02 17:04:51 devstack cinder-volume[80446]: DEBUG cinder.volume.manager [None req-557eea84-3302-42a8-aac2-d94d95f38b1e tempest-AttachVolumeNegativeTest-2122202756 None] Task 'cinder.volume.flows.manager.create_volume.CreateVolumeFromSpecTask;volume:create' (5d02ce2d-60c1-4acf-b87b-24e33ebc0fa4) transitioned into state 'SUCCESS' from state 'RUNNING' with result '{'status': 'creating', 'volume_name': 'volume-2b330d1e-70ba-4b6d-bf9f-1ca2eabffb25', 'volume_size': 1}' {{(pid=80446) _task_receiver /opt/stack/data/venv/lib/python3.10/site-packages/taskflow/listeners/logging.py:182}}
Jan 02 17:04:51 devstack cinder-volume[80446]: DEBUG cinder.volume.manager [None req-557eea84-3302-42a8-aac2-d94d95f38b1e tempest-AttachVolumeNegativeTest-2122202756 None] Task 'cinder.volume.flows.manager.create_volume.CreateVolumeOnFinishTask;volume:create, create.end' (24e9b896-ddf8-406b-9b5f-57a848b1fac8) transitioned into state 'RUNNING' from state 'PENDING' {{(pid=80446) _task_receiver /opt/stack/data/venv/lib/python3.10/site-packages/taskflow/listeners/logging.py:194}}
Jan 02 17:04:51 devstack cinder-volume[80446]: DEBUG oslo.privsep.daemon [-] privsep: reply[9bbe639c-c688-4138-987f-b3b0795445e7]: (4, 'qcow2') {{(pid=81149) _call_back /opt/stack/data/venv/lib/python3.10/site-packages/oslo_privsep/daemon.py:515}}
Jan 02 17:04:51 devstack cinder-volume[80446]: DEBUG oslo_concurrency.processutils [None req-f85c32ef-abe5-4dd8-b6f4-119250b55d17 tempest-SnapshotsActionsTest-2083186439 None] Running cmd (subprocess): /opt/stack/data/venv/bin/python3.10 -m oslo_concurrency.prlimit --as=1073741824 --cpu=60 -- sudo cinder-rootwrap /etc/cinder/rootwrap.conf env LC_ALL=C qemu-img info -f qcow2 --output=json --force-share /opt/stack/data/cinder/mnt/2d3f99609ecefdee49530ffe1255a47c/volume-2ef8bea1-63b8-40c6-ab05-47d20a81c036.92cfdcd0-8a17-4fb0-aeb1-c81b627f03f1 {{(pid=80446) execute /opt/stack/data/venv/lib/python3.10/site-packages/oslo_concurrency/processutils.py:349}}
Jan 02 17:04:51 devstack cinder-volume[80446]: INFO cinder.volume.flows.manager.create_volume [None req-557eea84-3302-42a8-aac2-d94d95f38b1e tempest-AttachVolumeNegativeTest-2122202756 None] Volume volume-2b330d1e-70ba-4b6d-bf9f-1ca2eabffb25 (2b330d1e-70ba-4b6d-bf9f-1ca2eabffb25): created successfully
Jan 02 17:04:51 devstack cinder-volume[80446]: DEBUG cinder.volume.manager [None req-557eea84-3302-42a8-aac2-d94d95f38b1e tempest-AttachVolumeNegativeTest-2122202756 None] Task 'cinder.volume.flows.manager.create_volume.CreateVolumeOnFinishTask;volume:create, create.end' (24e9b896-ddf8-406b-9b5f-57a848b1fac8) transitioned into state 'SUCCESS' from state 'RUNNING' with result 'None' {{(pid=80446) _task_receiver /opt/stack/data/venv/lib/python3.10/site-packages/taskflow/listeners/logging.py:182}}
Jan 02 17:04:51 devstack cinder-volume[80446]: DEBUG cinder.volume.manager [None req-557eea84-3302-42a8-aac2-d94d95f38b1e tempest-AttachVolumeNegativeTest-2122202756 None] Flow 'volume_create_manager' (743ae667-5d7d-4a9d-b06b-274ac9711d8a) transitioned into state 'SUCCESS' from state 'RUNNING' {{(pid=80446) _flow_receiver /opt/stack/data/venv/lib/python3.10/site-packages/taskflow/listeners/logging.py:145}}
Jan 02 17:04:51 devstack cinder-volume[80446]: INFO cinder.volume.manager [None req-557eea84-3302-42a8-aac2-d94d95f38b1e tempest-AttachVolumeNegativeTest-2122202756 None] Created volume successfully.
Jan 02 17:04:51 devstack sudo[89812]: quobyte : PWD=/ ; USER=root ; COMMAND=/opt/stack/data/venv/bin/cinder-rootwrap /etc/cinder/rootwrap.conf env LC_ALL=C qemu-img info -f qcow2 --output=json --force-share /opt/stack/data/cinder/mnt/2d3f99609ecefdee49530ffe1255a47c/volume-2ef8bea1-63b8-40c6-ab05-47d20a81c036.92cfdcd0-8a17-4fb0-aeb1-c81b627f03f1
Jan 02 17:04:51 devstack sudo[89812]: pam_unix(sudo:session): session opened for user root(uid=0) by (uid=1000)
Jan 02 17:04:52 devstack sudo[89812]: pam_unix(sudo:session): session closed for user root
Jan 02 17:04:52 devstack cinder-volume[80446]: DEBUG oslo_concurrency.processutils [None req-f85c32ef-abe5-4dd8-b6f4-119250b55d17 tempest-SnapshotsActionsTest-2083186439 None] CMD "/opt/stack/data/venv/bin/python3.10 -m oslo_concurrency.prlimit --as=1073741824 --cpu=60 -- sudo cinder-rootwrap /etc/cinder/rootwrap.conf env LC_ALL=C qemu-img info -f qcow2 --output=json --force-share /opt/stack/data/cinder/mnt/2d3f99609ecefdee49530ffe1255a47c/volume-2ef8bea1-63b8-40c6-ab05-47d20a81c036.92cfdcd0-8a17-4fb0-aeb1-c81b627f03f1" returned: 0 in 1.051s {{(pid=80446) execute /opt/stack/data/venv/lib/python3.10/site-packages/oslo_concurrency/processutils.py:372}}
Jan 02 17:04:52 devstack cinder-volume[80446]: DEBUG cinder.volume.drivers.remotefs [None req-f85c32ef-abe5-4dd8-b6f4-119250b55d17 tempest-SnapshotsActionsTest-2083186439 None] Fetching qemu-img info with special backing_file_template: (/opt/stack/data/cinder/mnt/[0-9a-f]+/)?(volume-2ef8bea1-63b8-40c6-ab05-47d20a81c036(.(tmp-snap-)?[0-9a-f-]+)?|volume_from_snapshot_cache/(tmp-snap-)?[0-9a-f-]+(.(child-|parent-)[0-9a-f-]+)?)$ {{(pid=80446) _qemu_img_info_base /opt/stack/cinder/cinder/volume/drivers/remotefs.py:896}}
Jan 02 17:04:52 devstack cinder-volume[80446]: DEBUG oslo_concurrency.processutils [None req-f85c32ef-abe5-4dd8-b6f4-119250b55d17 tempest-SnapshotsActionsTest-2083186439 None] Running cmd (subprocess): sudo cinder-rootwrap /etc/cinder/rootwrap.conf qemu-img create -f qcow2 -o backing_file=/opt/stack/data/cinder/mnt/2d3f99609ecefdee49530ffe1255a47c/volume-2ef8bea1-63b8-40c6-ab05-47d20a81c036.92cfdcd0-8a17-4fb0-aeb1-c81b627f03f1,backing_fmt=qcow2 /opt/stack/data/cinder/mnt/2d3f99609ecefdee49530ffe1255a47c/volume-2ef8bea1-63b8-40c6-ab05-47d20a81c036.f1cc4d34-a531-475d-9208-f3560c3aa0b2 1G {{(pid=80446) execute /opt/stack/data/venv/lib/python3.10/site-packages/oslo_concurrency/processutils.py:349}}
Jan 02 17:04:52 devstack sudo[89832]: quobyte : PWD=/ ; USER=root ; COMMAND=/opt/stack/data/venv/bin/cinder-rootwrap /etc/cinder/rootwrap.conf qemu-img create -f qcow2 -o backing_file=/opt/stack/data/cinder/mnt/2d3f99609ecefdee49530ffe1255a47c/volume-2ef8bea1-63b8-40c6-ab05-47d20a81c036.92cfdcd0-8a17-4fb0-aeb1-c81b627f03f1,backing_fmt=qcow2 /opt/stack/data/cinder/mnt/2d3f99609ecefdee49530ffe1255a47c/volume-2ef8bea1-63b8-40c6-ab05-47d20a81c036.f1cc4d34-a531-475d-9208-f3560c3aa0b2 1G
Jan 02 17:04:52 devstack sudo[89832]: pam_unix(sudo:session): session opened for user root(uid=0) by (uid=1000)
Jan 02 17:04:53 devstack sudo[89832]: pam_unix(sudo:session): session closed for user root
Jan 02 17:04:53 devstack cinder-volume[80446]: DEBUG oslo_concurrency.processutils [None req-f85c32ef-abe5-4dd8-b6f4-119250b55d17 tempest-SnapshotsActionsTest-2083186439 None] CMD "sudo cinder-rootwrap /etc/cinder/rootwrap.conf qemu-img create -f qcow2 -o backing_file=/opt/stack/data/cinder/mnt/2d3f99609ecefdee49530ffe1255a47c/volume-2ef8bea1-63b8-40c6-ab05-47d20a81c036.92cfdcd0-8a17-4fb0-aeb1-c81b627f03f1,backing_fmt=qcow2 /opt/stack/data/cinder/mnt/2d3f99609ecefdee49530ffe1255a47c/volume-2ef8bea1-63b8-40c6-ab05-47d20a81c036.f1cc4d34-a531-475d-9208-f3560c3aa0b2 1G" returned: 0 in 0.773s {{(pid=80446) execute /opt/stack/data/venv/lib/python3.10/site-packages/oslo_concurrency/processutils.py:372}}
Jan 02 17:04:53 devstack cinder-volume[80446]: DEBUG oslo_concurrency.processutils [None req-f85c32ef-abe5-4dd8-b6f4-119250b55d17 tempest-SnapshotsActionsTest-2083186439 None] Running cmd (subprocess): sudo cinder-rootwrap /etc/cinder/rootwrap.conf qemu-img rebase -u -b volume-2ef8bea1-63b8-40c6-ab05-47d20a81c036.92cfdcd0-8a17-4fb0-aeb1-c81b627f03f1 -F qcow2 /opt/stack/data/cinder/mnt/2d3f99609ecefdee49530ffe1255a47c/volume-2ef8bea1-63b8-40c6-ab05-47d20a81c036.f1cc4d34-a531-475d-9208-f3560c3aa0b2 {{(pid=80446) execute /opt/stack/data/venv/lib/python3.10/site-packages/oslo_concurrency/processutils.py:349}}
Jan 02 17:04:53 devstack sudo[89851]: quobyte : PWD=/ ; USER=root ; COMMAND=/opt/stack/data/venv/bin/cinder-rootwrap /etc/cinder/rootwrap.conf qemu-img rebase -u -b volume-2ef8bea1-63b8-40c6-ab05-47d20a81c036.92cfdcd0-8a17-4fb0-aeb1-c81b627f03f1 -F qcow2 /opt/stack/data/cinder/mnt/2d3f99609ecefdee49530ffe1255a47c/volume-2ef8bea1-63b8-40c6-ab05-47d20a81c036.f1cc4d34-a531-475d-9208-f3560c3aa0b2
Jan 02 17:04:53 devstack sudo[89851]: pam_unix(sudo:session): session opened for user root(uid=0) by (uid=1000)
Jan 02 17:04:53 devstack sudo[89851]: pam_unix(sudo:session): session closed for user root
Jan 02 17:04:53 devstack cinder-volume[80446]: DEBUG oslo_concurrency.processutils [None req-f85c32ef-abe5-4dd8-b6f4-119250b55d17 tempest-SnapshotsActionsTest-2083186439 None] CMD "sudo cinder-rootwrap /etc/cinder/rootwrap.conf qemu-img rebase -u -b volume-2ef8bea1-63b8-40c6-ab05-47d20a81c036.92cfdcd0-8a17-4fb0-aeb1-c81b627f03f1 -F qcow2 /opt/stack/data/cinder/mnt/2d3f99609ecefdee49530ffe1255a47c/volume-2ef8bea1-63b8-40c6-ab05-47d20a81c036.f1cc4d34-a531-475d-9208-f3560c3aa0b2" returned: 0 in 0.594s {{(pid=80446) execute /opt/stack/data/venv/lib/python3.10/site-packages/oslo_concurrency/processutils.py:372}}
Jan 02 17:04:53 devstack cinder-volume[80446]: WARNING cinder.volume.drivers.remotefs [None req-f85c32ef-abe5-4dd8-b6f4-119250b55d17 tempest-SnapshotsActionsTest-2083186439 None] /opt/stack/data/cinder/mnt/2d3f99609ecefdee49530ffe1255a47c/volume-2ef8bea1-63b8-40c6-ab05-47d20a81c036.f1cc4d34-a531-475d-9208-f3560c3aa0b2 is being set with open permissions: ugo+rw
Jan 02 17:04:53 devstack cinder-volume[80446]: DEBUG oslo_concurrency.processutils [None req-f85c32ef-abe5-4dd8-b6f4-119250b55d17 tempest-SnapshotsActionsTest-2083186439 None] Running cmd (subprocess): sudo cinder-rootwrap /etc/cinder/rootwrap.conf chmod ugo+rw /opt/stack/data/cinder/mnt/2d3f99609ecefdee49530ffe1255a47c/volume-2ef8bea1-63b8-40c6-ab05-47d20a81c036.f1cc4d34-a531-475d-9208-f3560c3aa0b2 {{(pid=80446) execute /opt/stack/data/venv/lib/python3.10/site-packages/oslo_concurrency/processutils.py:349}}
Jan 02 17:04:53 devstack sudo[89857]: quobyte : PWD=/ ; USER=root ; COMMAND=/opt/stack/data/venv/bin/cinder-rootwrap /etc/cinder/rootwrap.conf chmod ugo+rw /opt/stack/data/cinder/mnt/2d3f99609ecefdee49530ffe1255a47c/volume-2ef8bea1-63b8-40c6-ab05-47d20a81c036.f1cc4d34-a531-475d-9208-f3560c3aa0b2
Jan 02 17:04:53 devstack sudo[89857]: pam_unix(sudo:session): session opened for user root(uid=0) by (uid=1000)
Jan 02 17:04:54 devstack sudo[89857]: pam_unix(sudo:session): session closed for user root
Jan 02 17:04:54 devstack cinder-volume[80446]: DEBUG oslo_concurrency.processutils [None req-f85c32ef-abe5-4dd8-b6f4-119250b55d17 tempest-SnapshotsActionsTest-2083186439 None] CMD "sudo cinder-rootwrap /etc/cinder/rootwrap.conf chmod ugo+rw /opt/stack/data/cinder/mnt/2d3f99609ecefdee49530ffe1255a47c/volume-2ef8bea1-63b8-40c6-ab05-47d20a81c036.f1cc4d34-a531-475d-9208-f3560c3aa0b2" returned: 0 in 0.741s {{(pid=80446) execute /opt/stack/data/venv/lib/python3.10/site-packages/oslo_concurrency/processutils.py:372}}
Jan 02 17:04:54 devstack cinder-volume[80446]: DEBUG oslo_concurrency.lockutils [None req-f85c32ef-abe5-4dd8-b6f4-119250b55d17 tempest-SnapshotsActionsTest-2083186439 None] Lock "quobyte" "released" by "cinder.volume.drivers.quobyte.QuobyteDriver.create_snapshot" :: held 3.261s {{(pid=80446) inner /opt/stack/data/venv/lib/python3.10/site-packages/oslo_concurrency/lockutils.py:424}}
Jan 02 17:04:54 devstack cinder-volume[80446]: INFO cinder.volume.manager [None req-f85c32ef-abe5-4dd8-b6f4-119250b55d17 tempest-SnapshotsActionsTest-2083186439 None] Create snapshot completed successfully
Jan 02 17:04:54 devstack cinder-volume[80446]: DEBUG oslo_concurrency.lockutils [req-55dd7e06-3a68-4445-9421-427578fab78a req-5143ab4f-a868-43ba-8a89-be01673f0f2d tempest-AttachVolumeNegativeTest-2122202756 None] Acquiring lock "quobyte" by "cinder.volume.drivers.quobyte.QuobyteDriver.initialize_connection" {{(pid=80446) inner /opt/stack/data/venv/lib/python3.10/site-packages/oslo_concurrency/lockutils.py:405}}
Jan 02 17:04:54 devstack cinder-volume[80446]: DEBUG oslo_concurrency.lockutils [req-55dd7e06-3a68-4445-9421-427578fab78a req-5143ab4f-a868-43ba-8a89-be01673f0f2d tempest-AttachVolumeNegativeTest-2122202756 None] Lock "quobyte" acquired by "cinder.volume.drivers.quobyte.QuobyteDriver.initialize_connection" :: waited 0.001s {{(pid=80446) inner /opt/stack/data/venv/lib/python3.10/site-packages/oslo_concurrency/lockutils.py:410}}
Jan 02 17:04:54 devstack cinder-volume[80446]: DEBUG oslo.privsep.daemon [-] privsep: reply[c59b1f56-a8d0-4d54-9c37-10c250915c8c]: (4, 'qcow2') {{(pid=81149) _call_back /opt/stack/data/venv/lib/python3.10/site-packages/oslo_privsep/daemon.py:515}}
Jan 02 17:04:54 devstack cinder-volume[80446]: DEBUG oslo_concurrency.processutils [req-55dd7e06-3a68-4445-9421-427578fab78a req-5143ab4f-a868-43ba-8a89-be01673f0f2d tempest-AttachVolumeNegativeTest-2122202756 None] Running cmd (subprocess): /opt/stack/data/venv/bin/python3.10 -m oslo_concurrency.prlimit --as=1073741824 --cpu=60 -- sudo cinder-rootwrap /etc/cinder/rootwrap.conf env LC_ALL=C qemu-img info -f qcow2 --output=json --force-share /opt/stack/data/cinder/mnt/2d3f99609ecefdee49530ffe1255a47c/volume-2b330d1e-70ba-4b6d-bf9f-1ca2eabffb25 {{(pid=80446) execute /opt/stack/data/venv/lib/python3.10/site-packages/oslo_concurrency/processutils.py:349}}
Jan 02 17:04:54 devstack cinder-volume[80446]: DEBUG cinder.coordination [None req-7b6071c9-2ef7-4db0-8caf-47533d2fcd28 tempest-SnapshotsActionsTest-1498483947 None] Acquiring lock "cinder-f1cc4d34-a531-475d-9208-f3560c3aa0b2-delete_snapshot" by "delete_snapshot" {{(pid=80446) __acquire /opt/stack/cinder/cinder/coordination.py:143}}
Jan 02 17:04:54 devstack cinder-volume[80446]: DEBUG cinder.coordination [None req-7b6071c9-2ef7-4db0-8caf-47533d2fcd28 tempest-SnapshotsActionsTest-1498483947 None] Lock "cinder-f1cc4d34-a531-475d-9208-f3560c3aa0b2-delete_snapshot" acquired by "delete_snapshot" :: waited 0.018s {{(pid=80446) __acquire /opt/stack/cinder/cinder/coordination.py:146}}
Jan 02 17:04:54 devstack cinder-volume[80446]: WARNING cinder.volume.volume_utils [None req-7b6071c9-2ef7-4db0-8caf-47533d2fcd28 tempest-SnapshotsActionsTest-1498483947 None] Volume driver (QuobyteDriver 1.1.13) is currently unsupported and may be removed in the next release of OpenStack. Use at your own risk.
Jan 02 17:04:54 devstack cinder-volume[80446]: DEBUG cinder.coordination [None req-7b6071c9-2ef7-4db0-8caf-47533d2fcd28 tempest-SnapshotsActionsTest-1498483947 None] Acquiring lock "cinder-quobyte-2ef8bea1-63b8-40c6-ab05-47d20a81c036" by "delete_snapshot" {{(pid=80446) __acquire /opt/stack/cinder/cinder/coordination.py:143}}
Jan 02 17:04:54 devstack cinder-volume[80446]: DEBUG cinder.coordination [None req-7b6071c9-2ef7-4db0-8caf-47533d2fcd28 tempest-SnapshotsActionsTest-1498483947 None] Lock "cinder-quobyte-2ef8bea1-63b8-40c6-ab05-47d20a81c036" acquired by "delete_snapshot" :: waited 0.016s {{(pid=80446) __acquire /opt/stack/cinder/cinder/coordination.py:146}}
Jan 02 17:04:54 devstack cinder-volume[80446]: DEBUG cinder.coordination [None req-7b6071c9-2ef7-4db0-8caf-47533d2fcd28 tempest-SnapshotsActionsTest-1498483947 None] Acquiring lock "cinder-quobyte-f1cc4d34-a531-475d-9208-f3560c3aa0b2" by "_delete_snapshot" {{(pid=80446) __acquire /opt/stack/cinder/cinder/coordination.py:143}}
Jan 02 17:04:54 devstack cinder-volume[80446]: DEBUG cinder.coordination [None req-7b6071c9-2ef7-4db0-8caf-47533d2fcd28 tempest-SnapshotsActionsTest-1498483947 None] Lock "cinder-quobyte-f1cc4d34-a531-475d-9208-f3560c3aa0b2" acquired by "_delete_snapshot" :: waited 0.016s {{(pid=80446) __acquire /opt/stack/cinder/cinder/coordination.py:146}}
Jan 02 17:04:54 devstack cinder-volume[80446]: DEBUG cinder.volume.drivers.remotefs [None req-7b6071c9-2ef7-4db0-8caf-47533d2fcd28 tempest-SnapshotsActionsTest-1498483947 None] Deleting offline snapshot f1cc4d34-a531-475d-9208-f3560c3aa0b2 of volume 2ef8bea1-63b8-40c6-ab05-47d20a81c036 {{(pid=80446) _delete_snapshot /opt/stack/cinder/cinder/volume/drivers/remotefs.py:1288}}
Jan 02 17:04:54 devstack cinder-volume[80446]: DEBUG cinder.volume.drivers.remotefs [None req-7b6071c9-2ef7-4db0-8caf-47533d2fcd28 tempest-SnapshotsActionsTest-1498483947 None] snapshot_file for this snap is: volume-2ef8bea1-63b8-40c6-ab05-47d20a81c036.f1cc4d34-a531-475d-9208-f3560c3aa0b2 {{(pid=80446) _delete_snapshot /opt/stack/cinder/cinder/volume/drivers/remotefs.py:1317}}
Jan 02 17:04:54 devstack cinder-volume[80446]: DEBUG oslo.privsep.daemon [-] privsep: reply[2e6837d5-d9a8-4a41-a813-4066e5866727]: (4, 'qcow2') {{(pid=81149) _call_back /opt/stack/data/venv/lib/python3.10/site-packages/oslo_privsep/daemon.py:515}}
Jan 02 17:04:54 devstack cinder-volume[80446]: DEBUG oslo_concurrency.processutils [None req-7b6071c9-2ef7-4db0-8caf-47533d2fcd28 tempest-SnapshotsActionsTest-1498483947 None] Running cmd (subprocess): /opt/stack/data/venv/bin/python3.10 -m oslo_concurrency.prlimit --as=1073741824 --cpu=60 -- sudo cinder-rootwrap /etc/cinder/rootwrap.conf env LC_ALL=C qemu-img info -f qcow2 --output=json --force-share /opt/stack/data/cinder/mnt/2d3f99609ecefdee49530ffe1255a47c/volume-2ef8bea1-63b8-40c6-ab05-47d20a81c036.f1cc4d34-a531-475d-9208-f3560c3aa0b2 {{(pid=80446) execute /opt/stack/data/venv/lib/python3.10/site-packages/oslo_concurrency/processutils.py:349}}
Jan 02 17:04:55 devstack sudo[89868]: quobyte : PWD=/ ; USER=root ; COMMAND=/opt/stack/data/venv/bin/cinder-rootwrap /etc/cinder/rootwrap.conf env LC_ALL=C qemu-img info -f qcow2 --output=json --force-share /opt/stack/data/cinder/mnt/2d3f99609ecefdee49530ffe1255a47c/volume-2b330d1e-70ba-4b6d-bf9f-1ca2eabffb25
Jan 02 17:04:55 devstack sudo[89868]: pam_unix(sudo:session): session opened for user root(uid=0) by (uid=1000)
Jan 02 17:04:55 devstack sudo[89869]: quobyte : PWD=/ ; USER=root ; COMMAND=/opt/stack/data/venv/bin/cinder-rootwrap /etc/cinder/rootwrap.conf env LC_ALL=C qemu-img info -f qcow2 --output=json --force-share /opt/stack/data/cinder/mnt/2d3f99609ecefdee49530ffe1255a47c/volume-2ef8bea1-63b8-40c6-ab05-47d20a81c036.f1cc4d34-a531-475d-9208-f3560c3aa0b2
Jan 02 17:04:55 devstack sudo[89869]: pam_unix(sudo:session): session opened for user root(uid=0) by (uid=1000)
Jan 02 17:04:55 devstack sudo[89868]: pam_unix(sudo:session): session closed for user root
Jan 02 17:04:55 devstack cinder-volume[80446]: DEBUG oslo_concurrency.processutils [req-55dd7e06-3a68-4445-9421-427578fab78a req-5143ab4f-a868-43ba-8a89-be01673f0f2d tempest-AttachVolumeNegativeTest-2122202756 None] CMD "/opt/stack/data/venv/bin/python3.10 -m oslo_concurrency.prlimit --as=1073741824 --cpu=60 -- sudo cinder-rootwrap /etc/cinder/rootwrap.conf env LC_ALL=C qemu-img info -f qcow2 --output=json --force-share /opt/stack/data/cinder/mnt/2d3f99609ecefdee49530ffe1255a47c/volume-2b330d1e-70ba-4b6d-bf9f-1ca2eabffb25" returned: 0 in 0.858s {{(pid=80446) execute /opt/stack/data/venv/lib/python3.10/site-packages/oslo_concurrency/processutils.py:372}}
Jan 02 17:04:55 devstack cinder-volume[80446]: DEBUG oslo_concurrency.lockutils [req-55dd7e06-3a68-4445-9421-427578fab78a req-5143ab4f-a868-43ba-8a89-be01673f0f2d tempest-AttachVolumeNegativeTest-2122202756 None] Lock "quobyte" "released" by "cinder.volume.drivers.quobyte.QuobyteDriver.initialize_connection" :: held 0.869s {{(pid=80446) inner /opt/stack/data/venv/lib/python3.10/site-packages/oslo_concurrency/lockutils.py:424}}
Jan 02 17:04:55 devstack cinder-volume[80446]: DEBUG cinder.volume.manager [req-55dd7e06-3a68-4445-9421-427578fab78a req-5143ab4f-a868-43ba-8a89-be01673f0f2d tempest-AttachVolumeNegativeTest-2122202756 None] Connection info returned from driver {'export': 'osci02.corp.quobyte.com/cinder-vol-384e651a-3537-48cb-9a0c-cd4327497003', 'name': 'volume-2b330d1e-70ba-4b6d-bf9f-1ca2eabffb25', 'options': None, 'format': 'qcow2', 'qos_specs': None, 'access_mode': 'rw', 'encrypted': False, 'cacheable': False, 'driver_volume_type': 'quobyte', 'mount_point_base': '/opt/stack/data/cinder/mnt', 'attachment_id': '935bb950-50dd-4cdd-94ec-3b8846db1b8d', 'enforce_multipath': True} {{(pid=80446) _connection_create /opt/stack/cinder/cinder/volume/manager.py:4893}}
Jan 02 17:04:55 devstack cinder-volume[80446]: WARNING cinder.volume.volume_utils [req-55dd7e06-3a68-4445-9421-427578fab78a req-5143ab4f-a868-43ba-8a89-be01673f0f2d tempest-AttachVolumeNegativeTest-2122202756 None] Volume driver (QuobyteDriver 1.1.13) is currently unsupported and may be removed in the next release of OpenStack. Use at your own risk.
Jan 02 17:04:55 devstack cinder-volume[80446]: INFO cinder.volume.manager [req-55dd7e06-3a68-4445-9421-427578fab78a req-5143ab4f-a868-43ba-8a89-be01673f0f2d tempest-AttachVolumeNegativeTest-2122202756 None] attachment_update completed successfully.
Jan 02 17:04:55 devstack sudo[89869]: pam_unix(sudo:session): session closed for user root
Jan 02 17:04:55 devstack cinder-volume[80446]: DEBUG oslo_concurrency.processutils [None req-7b6071c9-2ef7-4db0-8caf-47533d2fcd28 tempest-SnapshotsActionsTest-1498483947 None] CMD "/opt/stack/data/venv/bin/python3.10 -m oslo_concurrency.prlimit --as=1073741824 --cpu=60 -- sudo cinder-rootwrap /etc/cinder/rootwrap.conf env LC_ALL=C qemu-img info -f qcow2 --output=json --force-share /opt/stack/data/cinder/mnt/2d3f99609ecefdee49530ffe1255a47c/volume-2ef8bea1-63b8-40c6-ab05-47d20a81c036.f1cc4d34-a531-475d-9208-f3560c3aa0b2" returned: 0 in 0.821s {{(pid=80446) execute /opt/stack/data/venv/lib/python3.10/site-packages/oslo_concurrency/processutils.py:372}}
Jan 02 17:04:55 devstack cinder-volume[80446]: DEBUG cinder.volume.drivers.remotefs [None req-7b6071c9-2ef7-4db0-8caf-47533d2fcd28 tempest-SnapshotsActionsTest-1498483947 None] Fetching qemu-img info with special backing_file_template: (/opt/stack/data/cinder/mnt/[0-9a-f]+/)?(volume-2ef8bea1-63b8-40c6-ab05-47d20a81c036(.(tmp-snap-)?[0-9a-f-]+)?|volume_from_snapshot_cache/(tmp-snap-)?[0-9a-f-]+(.(child-|parent-)[0-9a-f-]+)?)$ {{(pid=80446) _qemu_img_info_base /opt/stack/cinder/cinder/volume/drivers/remotefs.py:896}}
Jan 02 17:04:55 devstack cinder-volume[80446]: DEBUG oslo.privsep.daemon [-] privsep: reply[df00f83c-dcf1-4cd9-a977-b2736b5933c0]: (4, 'qcow2') {{(pid=81149) _call_back /opt/stack/data/venv/lib/python3.10/site-packages/oslo_privsep/daemon.py:515}}
Jan 02 17:04:55 devstack cinder-volume[80446]: DEBUG oslo_concurrency.processutils [None req-7b6071c9-2ef7-4db0-8caf-47533d2fcd28 tempest-SnapshotsActionsTest-1498483947 None] Running cmd (subprocess): /opt/stack/data/venv/bin/python3.10 -m oslo_concurrency.prlimit --as=1073741824 --cpu=60 -- sudo cinder-rootwrap /etc/cinder/rootwrap.conf env LC_ALL=C qemu-img info -f qcow2 --output=json --force-share /opt/stack/data/cinder/mnt/2d3f99609ecefdee49530ffe1255a47c/volume-2ef8bea1-63b8-40c6-ab05-47d20a81c036.92cfdcd0-8a17-4fb0-aeb1-c81b627f03f1 {{(pid=80446) execute /opt/stack/data/venv/lib/python3.10/site-packages/oslo_concurrency/processutils.py:349}}
Jan 02 17:04:56 devstack sudo[89879]: quobyte : PWD=/ ; USER=root ; COMMAND=/opt/stack/data/venv/bin/cinder-rootwrap /etc/cinder/rootwrap.conf env LC_ALL=C qemu-img info -f qcow2 --output=json --force-share /opt/stack/data/cinder/mnt/2d3f99609ecefdee49530ffe1255a47c/volume-2ef8bea1-63b8-40c6-ab05-47d20a81c036.92cfdcd0-8a17-4fb0-aeb1-c81b627f03f1
Jan 02 17:04:56 devstack sudo[89879]: pam_unix(sudo:session): session opened for user root(uid=0) by (uid=1000)
Jan 02 17:04:56 devstack sudo[89879]: pam_unix(sudo:session): session closed for user root
Jan 02 17:04:56 devstack cinder-volume[80446]: DEBUG oslo_concurrency.processutils [None req-7b6071c9-2ef7-4db0-8caf-47533d2fcd28 tempest-SnapshotsActionsTest-1498483947 None] CMD "/opt/stack/data/venv/bin/python3.10 -m oslo_concurrency.prlimit --as=1073741824 --cpu=60 -- sudo cinder-rootwrap /etc/cinder/rootwrap.conf env LC_ALL=C qemu-img info -f qcow2 --output=json --force-share /opt/stack/data/cinder/mnt/2d3f99609ecefdee49530ffe1255a47c/volume-2ef8bea1-63b8-40c6-ab05-47d20a81c036.92cfdcd0-8a17-4fb0-aeb1-c81b627f03f1" returned: 0 in 0.692s {{(pid=80446) execute /opt/stack/data/venv/lib/python3.10/site-packages/oslo_concurrency/processutils.py:372}}
Jan 02 17:04:56 devstack cinder-volume[80446]: DEBUG cinder.volume.drivers.remotefs [None req-7b6071c9-2ef7-4db0-8caf-47533d2fcd28 tempest-SnapshotsActionsTest-1498483947 None] Fetching qemu-img info with special backing_file_template: (/opt/stack/data/cinder/mnt/[0-9a-f]+/)?(volume-2ef8bea1-63b8-40c6-ab05-47d20a81c036(.(tmp-snap-)?[0-9a-f-]+)?|volume_from_snapshot_cache/(tmp-snap-)?[0-9a-f-]+(.(child-|parent-)[0-9a-f-]+)?)$ {{(pid=80446) _qemu_img_info_base /opt/stack/cinder/cinder/volume/drivers/remotefs.py:896}}
Jan 02 17:04:56 devstack cinder-volume[80446]: DEBUG oslo_concurrency.processutils [None req-7b6071c9-2ef7-4db0-8caf-47533d2fcd28 tempest-SnapshotsActionsTest-1498483947 None] Running cmd (subprocess): sudo cinder-rootwrap /etc/cinder/rootwrap.conf qemu-img commit -d /opt/stack/data/cinder/mnt/2d3f99609ecefdee49530ffe1255a47c/volume-2ef8bea1-63b8-40c6-ab05-47d20a81c036.f1cc4d34-a531-475d-9208-f3560c3aa0b2 {{(pid=80446) execute /opt/stack/data/venv/lib/python3.10/site-packages/oslo_concurrency/processutils.py:349}}
Jan 02 17:04:56 devstack sudo[89950]: quobyte : PWD=/ ; USER=root ; COMMAND=/opt/stack/data/venv/bin/cinder-rootwrap /etc/cinder/rootwrap.conf qemu-img commit -d /opt/stack/data/cinder/mnt/2d3f99609ecefdee49530ffe1255a47c/volume-2ef8bea1-63b8-40c6-ab05-47d20a81c036.f1cc4d34-a531-475d-9208-f3560c3aa0b2
Jan 02 17:04:56 devstack sudo[89950]: pam_unix(sudo:session): session opened for user root(uid=0) by (uid=1000)
Jan 02 17:04:57 devstack sudo[89950]: pam_unix(sudo:session): session closed for user root
Jan 02 17:04:57 devstack cinder-volume[80446]: DEBUG oslo_concurrency.processutils [None req-7b6071c9-2ef7-4db0-8caf-47533d2fcd28 tempest-SnapshotsActionsTest-1498483947 None] CMD "sudo cinder-rootwrap /etc/cinder/rootwrap.conf qemu-img commit -d /opt/stack/data/cinder/mnt/2d3f99609ecefdee49530ffe1255a47c/volume-2ef8bea1-63b8-40c6-ab05-47d20a81c036.f1cc4d34-a531-475d-9208-f3560c3aa0b2" returned: 0 in 0.552s {{(pid=80446) execute /opt/stack/data/venv/lib/python3.10/site-packages/oslo_concurrency/processutils.py:372}}
Jan 02 17:04:57 devstack cinder-volume[80446]: DEBUG oslo_concurrency.processutils [None req-7b6071c9-2ef7-4db0-8caf-47533d2fcd28 tempest-SnapshotsActionsTest-1498483947 None] Running cmd (subprocess): sudo cinder-rootwrap /etc/cinder/rootwrap.conf rm -f /opt/stack/data/cinder/mnt/2d3f99609ecefdee49530ffe1255a47c/volume-2ef8bea1-63b8-40c6-ab05-47d20a81c036.f1cc4d34-a531-475d-9208-f3560c3aa0b2 {{(pid=80446) execute /opt/stack/data/venv/lib/python3.10/site-packages/oslo_concurrency/processutils.py:349}}
Jan 02 17:04:57 devstack sudo[90271]: quobyte : PWD=/ ; USER=root ; COMMAND=/opt/stack/data/venv/bin/cinder-rootwrap /etc/cinder/rootwrap.conf rm -f /opt/stack/data/cinder/mnt/2d3f99609ecefdee49530ffe1255a47c/volume-2ef8bea1-63b8-40c6-ab05-47d20a81c036.f1cc4d34-a531-475d-9208-f3560c3aa0b2
Jan 02 17:04:57 devstack sudo[90271]: pam_unix(sudo:session): session opened for user root(uid=0) by (uid=1000)
Jan 02 17:04:57 devstack sudo[90271]: pam_unix(sudo:session): session closed for user root
Jan 02 17:04:57 devstack cinder-volume[80446]: DEBUG oslo_concurrency.processutils [None req-7b6071c9-2ef7-4db0-8caf-47533d2fcd28 tempest-SnapshotsActionsTest-1498483947 None] CMD "sudo cinder-rootwrap /etc/cinder/rootwrap.conf rm -f /opt/stack/data/cinder/mnt/2d3f99609ecefdee49530ffe1255a47c/volume-2ef8bea1-63b8-40c6-ab05-47d20a81c036.f1cc4d34-a531-475d-9208-f3560c3aa0b2" returned: 0 in 0.599s {{(pid=80446) execute /opt/stack/data/venv/lib/python3.10/site-packages/oslo_concurrency/processutils.py:372}}
Jan 02 17:04:57 devstack cinder-volume[80446]: DEBUG cinder.coordination [None req-7b6071c9-2ef7-4db0-8caf-47533d2fcd28 tempest-SnapshotsActionsTest-1498483947 None] Lock "cinder-quobyte-f1cc4d34-a531-475d-9208-f3560c3aa0b2" released by "_delete_snapshot" :: held 2.775s {{(pid=80446) __release /opt/stack/cinder/cinder/coordination.py:157}}
Jan 02 17:04:57 devstack cinder-volume[80446]: DEBUG cinder.coordination [None req-7b6071c9-2ef7-4db0-8caf-47533d2fcd28 tempest-SnapshotsActionsTest-1498483947 None] Lock "cinder-quobyte-2ef8bea1-63b8-40c6-ab05-47d20a81c036" released by "delete_snapshot" :: held 2.798s {{(pid=80446) __release /opt/stack/cinder/cinder/coordination.py:157}}
Jan 02 17:04:57 devstack cinder-volume[80446]: WARNING cinder.quota [None req-7b6071c9-2ef7-4db0-8caf-47533d2fcd28 tempest-SnapshotsActionsTest-1498483947 None] Deprecated: Default quota for resource: snapshots_QuobyteHD is set by the default quota flag: quota_snapshots_QuobyteHD, it is now deprecated. Please use the default quota class for default quota.
Jan 02 17:04:57 devstack cinder-volume[80446]: DEBUG cinder.quota [None req-7b6071c9-2ef7-4db0-8caf-47533d2fcd28 tempest-SnapshotsActionsTest-1498483947 None] Created reservations ['0567d73b-d4a6-4598-b574-403d583da3ee', '2cdbf82a-b10e-4f40-ac4f-d6bcaca6df8c', '3b7a058f-6427-45ab-b05c-d44aff49e488', 'aa462462-c729-4401-bbc2-9f0b0766bdd4'] {{(pid=80446) reserve /opt/stack/cinder/cinder/quota.py:752}}
Jan 02 17:04:57 devstack cinder-volume[80446]: INFO cinder.volume.manager [None req-7b6071c9-2ef7-4db0-8caf-47533d2fcd28 tempest-SnapshotsActionsTest-1498483947 None] Delete snapshot completed successfully.
Jan 02 17:04:57 devstack cinder-volume[80446]: DEBUG cinder.coordination [None req-7b6071c9-2ef7-4db0-8caf-47533d2fcd28 tempest-SnapshotsActionsTest-1498483947 None] Lock "cinder-f1cc4d34-a531-475d-9208-f3560c3aa0b2-delete_snapshot" released by "delete_snapshot" :: held 2.964s {{(pid=80446) __release /opt/stack/cinder/cinder/coordination.py:157}}
Jan 02 17:04:58 devstack cinder-volume[80446]: WARNING cinder.volume.volume_utils [None req-3f1b14d3-5e99-4eed-9280-0e07e307984b tempest-SnapshotsActionsTest-2083186439 None] Volume driver (QuobyteDriver 1.1.13) is currently unsupported and may be removed in the next release of OpenStack. Use at your own risk.
Jan 02 17:04:58 devstack cinder-volume[80446]: DEBUG oslo_concurrency.lockutils [None req-3f1b14d3-5e99-4eed-9280-0e07e307984b tempest-SnapshotsActionsTest-2083186439 None] Acquiring lock "quobyte" by "cinder.volume.drivers.quobyte.QuobyteDriver.create_snapshot" {{(pid=80446) inner /opt/stack/data/venv/lib/python3.10/site-packages/oslo_concurrency/lockutils.py:405}}
Jan 02 17:04:58 devstack cinder-volume[80446]: DEBUG oslo_concurrency.lockutils [None req-3f1b14d3-5e99-4eed-9280-0e07e307984b tempest-SnapshotsActionsTest-2083186439 None] Lock "quobyte" acquired by "cinder.volume.drivers.quobyte.QuobyteDriver.create_snapshot" :: waited 0.003s {{(pid=80446) inner /opt/stack/data/venv/lib/python3.10/site-packages/oslo_concurrency/lockutils.py:410}}
Jan 02 17:04:58 devstack cinder-volume[80446]: DEBUG dbcounter [-] [80446] Writing DB stats cinder:SELECT=101,cinder:INSERT=22,cinder:UPDATE=93,cinder:DELETE=10 {{(pid=80446) stat_writer /opt/stack/data/venv/lib/python3.10/site-packages/dbcounter.py:115}}
Jan 02 17:04:58 devstack cinder-volume[80446]: DEBUG cinder.volume.drivers.remotefs [None req-3f1b14d3-5e99-4eed-9280-0e07e307984b tempest-SnapshotsActionsTest-2083186439 None] Creating offline snapshot e61f3427-d6ab-4e47-982e-2838a39b09c2 of volume 2ef8bea1-63b8-40c6-ab05-47d20a81c036 {{(pid=80446) _create_snapshot /opt/stack/cinder/cinder/volume/drivers/remotefs.py:1815}}
Jan 02 17:04:58 devstack cinder-volume[80446]: DEBUG oslo.privsep.daemon [-] privsep: reply[8314ee42-ebee-493d-bca0-c322a9f14a48]: (4, 'qcow2') {{(pid=81149) _call_back /opt/stack/data/venv/lib/python3.10/site-packages/oslo_privsep/daemon.py:515}}
Jan 02 17:04:58 devstack cinder-volume[80446]: DEBUG oslo_concurrency.processutils [None req-3f1b14d3-5e99-4eed-9280-0e07e307984b tempest-SnapshotsActionsTest-2083186439 None] Running cmd (subprocess): /opt/stack/data/venv/bin/python3.10 -m oslo_concurrency.prlimit --as=1073741824 --cpu=60 -- sudo cinder-rootwrap /etc/cinder/rootwrap.conf env LC_ALL=C qemu-img info -f qcow2 --output=json --force-share /opt/stack/data/cinder/mnt/2d3f99609ecefdee49530ffe1255a47c/volume-2ef8bea1-63b8-40c6-ab05-47d20a81c036.92cfdcd0-8a17-4fb0-aeb1-c81b627f03f1 {{(pid=80446) execute /opt/stack/data/venv/lib/python3.10/site-packages/oslo_concurrency/processutils.py:349}}
Jan 02 17:04:58 devstack sudo[90274]: quobyte : PWD=/ ; USER=root ; COMMAND=/opt/stack/data/venv/bin/cinder-rootwrap /etc/cinder/rootwrap.conf env LC_ALL=C qemu-img info -f qcow2 --output=json --force-share /opt/stack/data/cinder/mnt/2d3f99609ecefdee49530ffe1255a47c/volume-2ef8bea1-63b8-40c6-ab05-47d20a81c036.92cfdcd0-8a17-4fb0-aeb1-c81b627f03f1
Jan 02 17:04:58 devstack sudo[90274]: pam_unix(sudo:session): session opened for user root(uid=0) by (uid=1000)
Jan 02 17:04:59 devstack sudo[90274]: pam_unix(sudo:session): session closed for user root
Jan 02 17:04:59 devstack cinder-volume[80446]: DEBUG oslo_concurrency.processutils [None req-3f1b14d3-5e99-4eed-9280-0e07e307984b tempest-SnapshotsActionsTest-2083186439 None] CMD "/opt/stack/data/venv/bin/python3.10 -m oslo_concurrency.prlimit --as=1073741824 --cpu=60 -- sudo cinder-rootwrap /etc/cinder/rootwrap.conf env LC_ALL=C qemu-img info -f qcow2 --output=json --force-share /opt/stack/data/cinder/mnt/2d3f99609ecefdee49530ffe1255a47c/volume-2ef8bea1-63b8-40c6-ab05-47d20a81c036.92cfdcd0-8a17-4fb0-aeb1-c81b627f03f1" returned: 0 in 0.729s {{(pid=80446) execute /opt/stack/data/venv/lib/python3.10/site-packages/oslo_concurrency/processutils.py:372}}
Jan 02 17:04:59 devstack cinder-volume[80446]: DEBUG cinder.volume.drivers.remotefs [None req-3f1b14d3-5e99-4eed-9280-0e07e307984b tempest-SnapshotsActionsTest-2083186439 None] Fetching qemu-img info with special backing_file_template: (/opt/stack/data/cinder/mnt/[0-9a-f]+/)?(volume-2ef8bea1-63b8-40c6-ab05-47d20a81c036(.(tmp-snap-)?[0-9a-f-]+)?|volume_from_snapshot_cache/(tmp-snap-)?[0-9a-f-]+(.(child-|parent-)[0-9a-f-]+)?)$ {{(pid=80446) _qemu_img_info_base /opt/stack/cinder/cinder/volume/drivers/remotefs.py:896}}
Jan 02 17:04:59 devstack cinder-volume[80446]: DEBUG oslo_concurrency.processutils [None req-3f1b14d3-5e99-4eed-9280-0e07e307984b tempest-SnapshotsActionsTest-2083186439 None] Running cmd (subprocess): sudo cinder-rootwrap /etc/cinder/rootwrap.conf qemu-img create -f qcow2 -o backing_file=/opt/stack/data/cinder/mnt/2d3f99609ecefdee49530ffe1255a47c/volume-2ef8bea1-63b8-40c6-ab05-47d20a81c036.92cfdcd0-8a17-4fb0-aeb1-c81b627f03f1,backing_fmt=qcow2 /opt/stack/data/cinder/mnt/2d3f99609ecefdee49530ffe1255a47c/volume-2ef8bea1-63b8-40c6-ab05-47d20a81c036.e61f3427-d6ab-4e47-982e-2838a39b09c2 1G {{(pid=80446) execute /opt/stack/data/venv/lib/python3.10/site-packages/oslo_concurrency/processutils.py:349}}
Jan 02 17:04:59 devstack sudo[90279]: quobyte : PWD=/ ; USER=root ; COMMAND=/opt/stack/data/venv/bin/cinder-rootwrap /etc/cinder/rootwrap.conf qemu-img create -f qcow2 -o backing_file=/opt/stack/data/cinder/mnt/2d3f99609ecefdee49530ffe1255a47c/volume-2ef8bea1-63b8-40c6-ab05-47d20a81c036.92cfdcd0-8a17-4fb0-aeb1-c81b627f03f1,backing_fmt=qcow2 /opt/stack/data/cinder/mnt/2d3f99609ecefdee49530ffe1255a47c/volume-2ef8bea1-63b8-40c6-ab05-47d20a81c036.e61f3427-d6ab-4e47-982e-2838a39b09c2 1G
Jan 02 17:04:59 devstack sudo[90279]: pam_unix(sudo:session): session opened for user root(uid=0) by (uid=1000)
Jan 02 17:05:00 devstack sudo[90279]: pam_unix(sudo:session): session closed for user root
Jan 02 17:05:00 devstack cinder-volume[80446]: DEBUG oslo_concurrency.processutils [None req-3f1b14d3-5e99-4eed-9280-0e07e307984b tempest-SnapshotsActionsTest-2083186439 None] CMD "sudo cinder-rootwrap /etc/cinder/rootwrap.conf qemu-img create -f qcow2 -o backing_file=/opt/stack/data/cinder/mnt/2d3f99609ecefdee49530ffe1255a47c/volume-2ef8bea1-63b8-40c6-ab05-47d20a81c036.92cfdcd0-8a17-4fb0-aeb1-c81b627f03f1,backing_fmt=qcow2 /opt/stack/data/cinder/mnt/2d3f99609ecefdee49530ffe1255a47c/volume-2ef8bea1-63b8-40c6-ab05-47d20a81c036.e61f3427-d6ab-4e47-982e-2838a39b09c2 1G" returned: 0 in 0.723s {{(pid=80446) execute /opt/stack/data/venv/lib/python3.10/site-packages/oslo_concurrency/processutils.py:372}}
Jan 02 17:05:00 devstack cinder-volume[80446]: DEBUG oslo_concurrency.processutils [None req-3f1b14d3-5e99-4eed-9280-0e07e307984b tempest-SnapshotsActionsTest-2083186439 None] Running cmd (subprocess): sudo cinder-rootwrap /etc/cinder/rootwrap.conf qemu-img rebase -u -b volume-2ef8bea1-63b8-40c6-ab05-47d20a81c036.92cfdcd0-8a17-4fb0-aeb1-c81b627f03f1 -F qcow2 /opt/stack/data/cinder/mnt/2d3f99609ecefdee49530ffe1255a47c/volume-2ef8bea1-63b8-40c6-ab05-47d20a81c036.e61f3427-d6ab-4e47-982e-2838a39b09c2 {{(pid=80446) execute /opt/stack/data/venv/lib/python3.10/site-packages/oslo_concurrency/processutils.py:349}}
Jan 02 17:05:00 devstack sudo[90285]: quobyte : PWD=/ ; USER=root ; COMMAND=/opt/stack/data/venv/bin/cinder-rootwrap /etc/cinder/rootwrap.conf qemu-img rebase -u -b volume-2ef8bea1-63b8-40c6-ab05-47d20a81c036.92cfdcd0-8a17-4fb0-aeb1-c81b627f03f1 -F qcow2 /opt/stack/data/cinder/mnt/2d3f99609ecefdee49530ffe1255a47c/volume-2ef8bea1-63b8-40c6-ab05-47d20a81c036.e61f3427-d6ab-4e47-982e-2838a39b09c2
Jan 02 17:05:00 devstack sudo[90285]: pam_unix(sudo:session): session opened for user root(uid=0) by (uid=1000)
Jan 02 17:05:00 devstack sudo[90285]: pam_unix(sudo:session): session closed for user root
Jan 02 17:05:00 devstack cinder-volume[80446]: DEBUG oslo_concurrency.processutils [None req-3f1b14d3-5e99-4eed-9280-0e07e307984b tempest-SnapshotsActionsTest-2083186439 None] CMD "sudo cinder-rootwrap /etc/cinder/rootwrap.conf qemu-img rebase -u -b volume-2ef8bea1-63b8-40c6-ab05-47d20a81c036.92cfdcd0-8a17-4fb0-aeb1-c81b627f03f1 -F qcow2 /opt/stack/data/cinder/mnt/2d3f99609ecefdee49530ffe1255a47c/volume-2ef8bea1-63b8-40c6-ab05-47d20a81c036.e61f3427-d6ab-4e47-982e-2838a39b09c2" returned: 0 in 0.607s {{(pid=80446) execute /opt/stack/data/venv/lib/python3.10/site-packages/oslo_concurrency/processutils.py:372}}
Jan 02 17:05:00 devstack cinder-volume[80446]: WARNING cinder.volume.drivers.remotefs [None req-3f1b14d3-5e99-4eed-9280-0e07e307984b tempest-SnapshotsActionsTest-2083186439 None] /opt/stack/data/cinder/mnt/2d3f99609ecefdee49530ffe1255a47c/volume-2ef8bea1-63b8-40c6-ab05-47d20a81c036.e61f3427-d6ab-4e47-982e-2838a39b09c2 is being set with open permissions: ugo+rw
Jan 02 17:05:00 devstack cinder-volume[80446]: DEBUG oslo_concurrency.processutils [None req-3f1b14d3-5e99-4eed-9280-0e07e307984b tempest-SnapshotsActionsTest-2083186439 None] Running cmd (subprocess): sudo cinder-rootwrap /etc/cinder/rootwrap.conf chmod ugo+rw /opt/stack/data/cinder/mnt/2d3f99609ecefdee49530ffe1255a47c/volume-2ef8bea1-63b8-40c6-ab05-47d20a81c036.e61f3427-d6ab-4e47-982e-2838a39b09c2 {{(pid=80446) execute /opt/stack/data/venv/lib/python3.10/site-packages/oslo_concurrency/processutils.py:349}}
Jan 02 17:05:00 devstack sudo[90293]: quobyte : PWD=/ ; USER=root ; COMMAND=/opt/stack/data/venv/bin/cinder-rootwrap /etc/cinder/rootwrap.conf chmod ugo+rw /opt/stack/data/cinder/mnt/2d3f99609ecefdee49530ffe1255a47c/volume-2ef8bea1-63b8-40c6-ab05-47d20a81c036.e61f3427-d6ab-4e47-982e-2838a39b09c2
Jan 02 17:05:00 devstack sudo[90293]: pam_unix(sudo:session): session opened for user root(uid=0) by (uid=1000)
Jan 02 17:05:01 devstack sudo[90293]: pam_unix(sudo:session): session closed for user root
Jan 02 17:05:01 devstack cinder-volume[80446]: DEBUG oslo_concurrency.processutils [None req-3f1b14d3-5e99-4eed-9280-0e07e307984b tempest-SnapshotsActionsTest-2083186439 None] CMD "sudo cinder-rootwrap /etc/cinder/rootwrap.conf chmod ugo+rw /opt/stack/data/cinder/mnt/2d3f99609ecefdee49530ffe1255a47c/volume-2ef8bea1-63b8-40c6-ab05-47d20a81c036.e61f3427-d6ab-4e47-982e-2838a39b09c2" returned: 0 in 0.468s {{(pid=80446) execute /opt/stack/data/venv/lib/python3.10/site-packages/oslo_concurrency/processutils.py:372}}
Jan 02 17:05:01 devstack cinder-volume[80446]: DEBUG oslo_concurrency.lockutils [None req-3f1b14d3-5e99-4eed-9280-0e07e307984b tempest-SnapshotsActionsTest-2083186439 None] Lock "quobyte" "released" by "cinder.volume.drivers.quobyte.QuobyteDriver.create_snapshot" :: held 2.626s {{(pid=80446) inner /opt/stack/data/venv/lib/python3.10/site-packages/oslo_concurrency/lockutils.py:424}}
Jan 02 17:05:01 devstack cinder-volume[80446]: INFO cinder.volume.manager [None req-3f1b14d3-5e99-4eed-9280-0e07e307984b tempest-SnapshotsActionsTest-2083186439 None] Create snapshot completed successfully
Jan 02 17:05:01 devstack cinder-volume[80446]: DEBUG cinder.coordination [None req-8698a2c7-448e-4e74-b737-8d5605bc15fa tempest-SnapshotsActionsTest-1498483947 None] Acquiring lock "cinder-e61f3427-d6ab-4e47-982e-2838a39b09c2-delete_snapshot" by "delete_snapshot" {{(pid=80446) __acquire /opt/stack/cinder/cinder/coordination.py:143}}
Jan 02 17:05:01 devstack cinder-volume[80446]: DEBUG cinder.coordination [None req-8698a2c7-448e-4e74-b737-8d5605bc15fa tempest-SnapshotsActionsTest-1498483947 None] Lock "cinder-e61f3427-d6ab-4e47-982e-2838a39b09c2-delete_snapshot" acquired by "delete_snapshot" :: waited 0.009s {{(pid=80446) __acquire /opt/stack/cinder/cinder/coordination.py:146}}
Jan 02 17:05:01 devstack cinder-volume[80446]: WARNING cinder.volume.volume_utils [None req-8698a2c7-448e-4e74-b737-8d5605bc15fa tempest-SnapshotsActionsTest-1498483947 None] Volume driver (QuobyteDriver 1.1.13) is currently unsupported and may be removed in the next release of OpenStack. Use at your own risk.
Jan 02 17:05:01 devstack cinder-volume[80446]: DEBUG cinder.coordination [None req-8698a2c7-448e-4e74-b737-8d5605bc15fa tempest-SnapshotsActionsTest-1498483947 None] Acquiring lock "cinder-quobyte-2ef8bea1-63b8-40c6-ab05-47d20a81c036" by "delete_snapshot" {{(pid=80446) __acquire /opt/stack/cinder/cinder/coordination.py:143}}
Jan 02 17:05:01 devstack cinder-volume[80446]: DEBUG cinder.coordination [None req-8698a2c7-448e-4e74-b737-8d5605bc15fa tempest-SnapshotsActionsTest-1498483947 None] Lock "cinder-quobyte-2ef8bea1-63b8-40c6-ab05-47d20a81c036" acquired by "delete_snapshot" :: waited 0.011s {{(pid=80446) __acquire /opt/stack/cinder/cinder/coordination.py:146}}
