Jan 02 17:05:01 devstack cinder-volume[80446]: DEBUG cinder.coordination [None req-8698a2c7-448e-4e74-b737-8d5605bc15fa tempest-SnapshotsActionsTest-1498483947 None] Acquiring lock "cinder-quobyte-e61f3427-d6ab-4e47-982e-2838a39b09c2" by "_delete_snapshot" {{(pid=80446) __acquire /opt/stack/cinder/cinder/coordination.py:143}}
Jan 02 17:05:01 devstack cinder-volume[80446]: DEBUG cinder.coordination [None req-8698a2c7-448e-4e74-b737-8d5605bc15fa tempest-SnapshotsActionsTest-1498483947 None] Lock "cinder-quobyte-e61f3427-d6ab-4e47-982e-2838a39b09c2" acquired by "_delete_snapshot" :: waited 0.012s {{(pid=80446) __acquire /opt/stack/cinder/cinder/coordination.py:146}}
Jan 02 17:05:01 devstack cinder-volume[80446]: DEBUG cinder.volume.drivers.remotefs [None req-8698a2c7-448e-4e74-b737-8d5605bc15fa tempest-SnapshotsActionsTest-1498483947 None] Deleting offline snapshot e61f3427-d6ab-4e47-982e-2838a39b09c2 of volume 2ef8bea1-63b8-40c6-ab05-47d20a81c036 {{(pid=80446) _delete_snapshot /opt/stack/cinder/cinder/volume/drivers/remotefs.py:1288}}
Jan 02 17:05:01 devstack cinder-volume[80446]: DEBUG cinder.volume.drivers.remotefs [None req-8698a2c7-448e-4e74-b737-8d5605bc15fa tempest-SnapshotsActionsTest-1498483947 None] snapshot_file for this snap is: volume-2ef8bea1-63b8-40c6-ab05-47d20a81c036.e61f3427-d6ab-4e47-982e-2838a39b09c2 {{(pid=80446) _delete_snapshot /opt/stack/cinder/cinder/volume/drivers/remotefs.py:1317}}
Jan 02 17:05:01 devstack cinder-volume[80446]: DEBUG oslo.privsep.daemon [-] privsep: reply[dc8039ba-6859-4c61-a263-dc4e3b1b80e9]: (4, 'qcow2') {{(pid=81149) _call_back /opt/stack/data/venv/lib/python3.10/site-packages/oslo_privsep/daemon.py:515}}
Jan 02 17:05:01 devstack cinder-volume[80446]: DEBUG oslo_concurrency.processutils [None req-8698a2c7-448e-4e74-b737-8d5605bc15fa tempest-SnapshotsActionsTest-1498483947 None] Running cmd (subprocess): /opt/stack/data/venv/bin/python3.10 -m oslo_concurrency.prlimit --as=1073741824 --cpu=60 -- sudo cinder-rootwrap /etc/cinder/rootwrap.conf env LC_ALL=C qemu-img info -f qcow2 --output=json --force-share /opt/stack/data/cinder/mnt/2d3f99609ecefdee49530ffe1255a47c/volume-2ef8bea1-63b8-40c6-ab05-47d20a81c036.e61f3427-d6ab-4e47-982e-2838a39b09c2 {{(pid=80446) execute /opt/stack/data/venv/lib/python3.10/site-packages/oslo_concurrency/processutils.py:349}}
Jan 02 17:05:01 devstack sudo[90296]: quobyte : PWD=/ ; USER=root ; COMMAND=/opt/stack/data/venv/bin/cinder-rootwrap /etc/cinder/rootwrap.conf env LC_ALL=C qemu-img info -f qcow2 --output=json --force-share /opt/stack/data/cinder/mnt/2d3f99609ecefdee49530ffe1255a47c/volume-2ef8bea1-63b8-40c6-ab05-47d20a81c036.e61f3427-d6ab-4e47-982e-2838a39b09c2
Jan 02 17:05:01 devstack sudo[90296]: pam_unix(sudo:session): session opened for user root(uid=0) by (uid=1000)
Jan 02 17:05:02 devstack cinder-volume[80446]: WARNING cinder.volume.volume_utils [req-d15a7c56-dc48-4fb4-a6b5-b0448ddd7f2a req-bc85e48e-f6f6-40ec-8d17-aaf7890a652b tempest-AttachVolumeNegativeTest-2122202756 None] Volume driver (QuobyteDriver 1.1.13) is currently unsupported and may be removed in the next release of OpenStack. Use at your own risk.
Jan 02 17:05:02 devstack cinder-volume[80446]: WARNING cinder.volume.volume_utils [req-d15a7c56-dc48-4fb4-a6b5-b0448ddd7f2a req-bc85e48e-f6f6-40ec-8d17-aaf7890a652b tempest-AttachVolumeNegativeTest-2122202756 None] Volume driver (QuobyteDriver 1.1.13) is currently unsupported and may be removed in the next release of OpenStack. Use at your own risk.
Jan 02 17:05:02 devstack cinder-volume[80446]: INFO cinder.volume.manager [req-d15a7c56-dc48-4fb4-a6b5-b0448ddd7f2a req-bc85e48e-f6f6-40ec-8d17-aaf7890a652b tempest-AttachVolumeNegativeTest-2122202756 None] Terminate volume connection completed successfully.
Jan 02 17:05:02 devstack cinder-volume[80446]: DEBUG cinder.volume.manager [req-d15a7c56-dc48-4fb4-a6b5-b0448ddd7f2a req-bc85e48e-f6f6-40ec-8d17-aaf7890a652b tempest-AttachVolumeNegativeTest-2122202756 None] Deleting attachment 935bb950-50dd-4cdd-94ec-3b8846db1b8d. {{(pid=80446) attachment_delete /opt/stack/cinder/cinder/volume/manager.py:5024}}
Jan 02 17:05:02 devstack sudo[90296]: pam_unix(sudo:session): session closed for user root
Jan 02 17:05:02 devstack cinder-volume[80446]: DEBUG oslo_concurrency.processutils [None req-8698a2c7-448e-4e74-b737-8d5605bc15fa tempest-SnapshotsActionsTest-1498483947 None] CMD "/opt/stack/data/venv/bin/python3.10 -m oslo_concurrency.prlimit --as=1073741824 --cpu=60 -- sudo cinder-rootwrap /etc/cinder/rootwrap.conf env LC_ALL=C qemu-img info -f qcow2 --output=json --force-share /opt/stack/data/cinder/mnt/2d3f99609ecefdee49530ffe1255a47c/volume-2ef8bea1-63b8-40c6-ab05-47d20a81c036.e61f3427-d6ab-4e47-982e-2838a39b09c2" returned: 0 in 0.645s {{(pid=80446) execute /opt/stack/data/venv/lib/python3.10/site-packages/oslo_concurrency/processutils.py:372}}
Jan 02 17:05:02 devstack cinder-volume[80446]: DEBUG cinder.volume.drivers.remotefs [None req-8698a2c7-448e-4e74-b737-8d5605bc15fa tempest-SnapshotsActionsTest-1498483947 None] Fetching qemu-img info with special backing_file_template: (/opt/stack/data/cinder/mnt/[0-9a-f]+/)?(volume-2ef8bea1-63b8-40c6-ab05-47d20a81c036(.(tmp-snap-)?[0-9a-f-]+)?|volume_from_snapshot_cache/(tmp-snap-)?[0-9a-f-]+(.(child-|parent-)[0-9a-f-]+)?)$ {{(pid=80446) _qemu_img_info_base /opt/stack/cinder/cinder/volume/drivers/remotefs.py:896}}
Jan 02 17:05:02 devstack cinder-volume[80446]: DEBUG oslo.privsep.daemon [-] privsep: reply[bf3fbff3-56d5-4054-b0c5-86e1fbf47488]: (4, 'qcow2') {{(pid=81149) _call_back /opt/stack/data/venv/lib/python3.10/site-packages/oslo_privsep/daemon.py:515}}
Jan 02 17:05:02 devstack cinder-volume[80446]: DEBUG oslo_concurrency.processutils [None req-8698a2c7-448e-4e74-b737-8d5605bc15fa tempest-SnapshotsActionsTest-1498483947 None] Running cmd (subprocess): /opt/stack/data/venv/bin/python3.10 -m oslo_concurrency.prlimit --as=1073741824 --cpu=60 -- sudo cinder-rootwrap /etc/cinder/rootwrap.conf env LC_ALL=C qemu-img info -f qcow2 --output=json --force-share /opt/stack/data/cinder/mnt/2d3f99609ecefdee49530ffe1255a47c/volume-2ef8bea1-63b8-40c6-ab05-47d20a81c036.92cfdcd0-8a17-4fb0-aeb1-c81b627f03f1 {{(pid=80446) execute /opt/stack/data/venv/lib/python3.10/site-packages/oslo_concurrency/processutils.py:349}}
Jan 02 17:05:02 devstack sudo[90328]: quobyte : PWD=/ ; USER=root ; COMMAND=/opt/stack/data/venv/bin/cinder-rootwrap /etc/cinder/rootwrap.conf env LC_ALL=C qemu-img info -f qcow2 --output=json --force-share /opt/stack/data/cinder/mnt/2d3f99609ecefdee49530ffe1255a47c/volume-2ef8bea1-63b8-40c6-ab05-47d20a81c036.92cfdcd0-8a17-4fb0-aeb1-c81b627f03f1
Jan 02 17:05:02 devstack sudo[90328]: pam_unix(sudo:session): session opened for user root(uid=0) by (uid=1000)
Jan 02 17:05:03 devstack sudo[90328]: pam_unix(sudo:session): session closed for user root
Jan 02 17:05:03 devstack cinder-volume[80446]: DEBUG oslo_concurrency.processutils [None req-8698a2c7-448e-4e74-b737-8d5605bc15fa tempest-SnapshotsActionsTest-1498483947 None] CMD "/opt/stack/data/venv/bin/python3.10 -m oslo_concurrency.prlimit --as=1073741824 --cpu=60 -- sudo cinder-rootwrap /etc/cinder/rootwrap.conf env LC_ALL=C qemu-img info -f qcow2 --output=json --force-share /opt/stack/data/cinder/mnt/2d3f99609ecefdee49530ffe1255a47c/volume-2ef8bea1-63b8-40c6-ab05-47d20a81c036.92cfdcd0-8a17-4fb0-aeb1-c81b627f03f1" returned: 0 in 0.589s {{(pid=80446) execute /opt/stack/data/venv/lib/python3.10/site-packages/oslo_concurrency/processutils.py:372}}
Jan 02 17:05:03 devstack cinder-volume[80446]: DEBUG cinder.volume.drivers.remotefs [None req-8698a2c7-448e-4e74-b737-8d5605bc15fa tempest-SnapshotsActionsTest-1498483947 None] Fetching qemu-img info with special backing_file_template: (/opt/stack/data/cinder/mnt/[0-9a-f]+/)?(volume-2ef8bea1-63b8-40c6-ab05-47d20a81c036(.(tmp-snap-)?[0-9a-f-]+)?|volume_from_snapshot_cache/(tmp-snap-)?[0-9a-f-]+(.(child-|parent-)[0-9a-f-]+)?)$ {{(pid=80446) _qemu_img_info_base /opt/stack/cinder/cinder/volume/drivers/remotefs.py:896}}
Jan 02 17:05:03 devstack cinder-volume[80446]: DEBUG oslo_concurrency.processutils [None req-8698a2c7-448e-4e74-b737-8d5605bc15fa tempest-SnapshotsActionsTest-1498483947 None] Running cmd (subprocess): sudo cinder-rootwrap /etc/cinder/rootwrap.conf qemu-img commit -d /opt/stack/data/cinder/mnt/2d3f99609ecefdee49530ffe1255a47c/volume-2ef8bea1-63b8-40c6-ab05-47d20a81c036.e61f3427-d6ab-4e47-982e-2838a39b09c2 {{(pid=80446) execute /opt/stack/data/venv/lib/python3.10/site-packages/oslo_concurrency/processutils.py:349}}
Jan 02 17:05:03 devstack sudo[90333]: quobyte : PWD=/ ; USER=root ; COMMAND=/opt/stack/data/venv/bin/cinder-rootwrap /etc/cinder/rootwrap.conf qemu-img commit -d /opt/stack/data/cinder/mnt/2d3f99609ecefdee49530ffe1255a47c/volume-2ef8bea1-63b8-40c6-ab05-47d20a81c036.e61f3427-d6ab-4e47-982e-2838a39b09c2
Jan 02 17:05:03 devstack sudo[90333]: pam_unix(sudo:session): session opened for user root(uid=0) by (uid=1000)
Jan 02 17:05:03 devstack sudo[90333]: pam_unix(sudo:session): session closed for user root
Jan 02 17:05:03 devstack cinder-volume[80446]: DEBUG oslo_concurrency.processutils [None req-8698a2c7-448e-4e74-b737-8d5605bc15fa tempest-SnapshotsActionsTest-1498483947 None] CMD "sudo cinder-rootwrap /etc/cinder/rootwrap.conf qemu-img commit -d /opt/stack/data/cinder/mnt/2d3f99609ecefdee49530ffe1255a47c/volume-2ef8bea1-63b8-40c6-ab05-47d20a81c036.e61f3427-d6ab-4e47-982e-2838a39b09c2" returned: 0 in 0.567s {{(pid=80446) execute /opt/stack/data/venv/lib/python3.10/site-packages/oslo_concurrency/processutils.py:372}}
Jan 02 17:05:03 devstack cinder-volume[80446]: DEBUG oslo_concurrency.processutils [None req-8698a2c7-448e-4e74-b737-8d5605bc15fa tempest-SnapshotsActionsTest-1498483947 None] Running cmd (subprocess): sudo cinder-rootwrap /etc/cinder/rootwrap.conf rm -f /opt/stack/data/cinder/mnt/2d3f99609ecefdee49530ffe1255a47c/volume-2ef8bea1-63b8-40c6-ab05-47d20a81c036.e61f3427-d6ab-4e47-982e-2838a39b09c2 {{(pid=80446) execute /opt/stack/data/venv/lib/python3.10/site-packages/oslo_concurrency/processutils.py:349}}
Jan 02 17:05:03 devstack sudo[90338]: quobyte : PWD=/ ; USER=root ; COMMAND=/opt/stack/data/venv/bin/cinder-rootwrap /etc/cinder/rootwrap.conf rm -f /opt/stack/data/cinder/mnt/2d3f99609ecefdee49530ffe1255a47c/volume-2ef8bea1-63b8-40c6-ab05-47d20a81c036.e61f3427-d6ab-4e47-982e-2838a39b09c2
Jan 02 17:05:03 devstack sudo[90338]: pam_unix(sudo:session): session opened for user root(uid=0) by (uid=1000)
Jan 02 17:05:04 devstack sudo[90338]: pam_unix(sudo:session): session closed for user root
Jan 02 17:05:04 devstack cinder-volume[80446]: DEBUG oslo_concurrency.processutils [None req-8698a2c7-448e-4e74-b737-8d5605bc15fa tempest-SnapshotsActionsTest-1498483947 None] CMD "sudo cinder-rootwrap /etc/cinder/rootwrap.conf rm -f /opt/stack/data/cinder/mnt/2d3f99609ecefdee49530ffe1255a47c/volume-2ef8bea1-63b8-40c6-ab05-47d20a81c036.e61f3427-d6ab-4e47-982e-2838a39b09c2" returned: 0 in 0.453s {{(pid=80446) execute /opt/stack/data/venv/lib/python3.10/site-packages/oslo_concurrency/processutils.py:372}}
Jan 02 17:05:04 devstack cinder-volume[80446]: DEBUG cinder.coordination [None req-8698a2c7-448e-4e74-b737-8d5605bc15fa tempest-SnapshotsActionsTest-1498483947 None] Lock "cinder-quobyte-e61f3427-d6ab-4e47-982e-2838a39b09c2" released by "_delete_snapshot" :: held 2.322s {{(pid=80446) __release /opt/stack/cinder/cinder/coordination.py:157}}
Jan 02 17:05:04 devstack cinder-volume[80446]: DEBUG cinder.coordination [None req-8698a2c7-448e-4e74-b737-8d5605bc15fa tempest-SnapshotsActionsTest-1498483947 None] Lock "cinder-quobyte-2ef8bea1-63b8-40c6-ab05-47d20a81c036" released by "delete_snapshot" :: held 2.338s {{(pid=80446) __release /opt/stack/cinder/cinder/coordination.py:157}}
Jan 02 17:05:04 devstack cinder-volume[80446]: DEBUG cinder.quota [None req-8698a2c7-448e-4e74-b737-8d5605bc15fa tempest-SnapshotsActionsTest-1498483947 None] Created reservations ['717fb2e0-76f9-4f6a-9d3b-3dec1a682568', '7306ba84-3096-43d6-9655-c91651477f6e', 'e924afe5-6914-4431-8d35-f3bfbd6af62c', 'dd69d02b-9d07-43b3-a873-c5e3754aef61'] {{(pid=80446) reserve /opt/stack/cinder/cinder/quota.py:752}}
Jan 02 17:05:04 devstack cinder-volume[80446]: INFO cinder.volume.manager [None req-8698a2c7-448e-4e74-b737-8d5605bc15fa tempest-SnapshotsActionsTest-1498483947 None] Delete snapshot completed successfully.
Jan 02 17:05:04 devstack cinder-volume[80446]: DEBUG cinder.coordination [None req-8698a2c7-448e-4e74-b737-8d5605bc15fa tempest-SnapshotsActionsTest-1498483947 None] Lock "cinder-e61f3427-d6ab-4e47-982e-2838a39b09c2-delete_snapshot" released by "delete_snapshot" :: held 2.424s {{(pid=80446) __release /opt/stack/cinder/cinder/coordination.py:157}}
Jan 02 17:05:05 devstack cinder-volume[80446]: WARNING cinder.volume.volume_utils [None req-cc0b86e7-db55-4dac-a355-5dc2ca0091e8 tempest-SnapshotsActionsTest-2083186439 None] Volume driver (QuobyteDriver 1.1.13) is currently unsupported and may be removed in the next release of OpenStack. Use at your own risk.
Jan 02 17:05:05 devstack cinder-volume[80446]: DEBUG oslo_concurrency.lockutils [None req-cc0b86e7-db55-4dac-a355-5dc2ca0091e8 tempest-SnapshotsActionsTest-2083186439 None] Acquiring lock "quobyte" by "cinder.volume.drivers.quobyte.QuobyteDriver.create_snapshot" {{(pid=80446) inner /opt/stack/data/venv/lib/python3.10/site-packages/oslo_concurrency/lockutils.py:405}}
Jan 02 17:05:05 devstack cinder-volume[80446]: DEBUG oslo_concurrency.lockutils [None req-cc0b86e7-db55-4dac-a355-5dc2ca0091e8 tempest-SnapshotsActionsTest-2083186439 None] Lock "quobyte" acquired by "cinder.volume.drivers.quobyte.QuobyteDriver.create_snapshot" :: waited 0.001s {{(pid=80446) inner /opt/stack/data/venv/lib/python3.10/site-packages/oslo_concurrency/lockutils.py:410}}
Jan 02 17:05:05 devstack cinder-volume[80446]: DEBUG cinder.volume.drivers.remotefs [None req-cc0b86e7-db55-4dac-a355-5dc2ca0091e8 tempest-SnapshotsActionsTest-2083186439 None] Creating offline snapshot 9a3ee000-fa41-4713-8c8e-98c48b1593e7 of volume 2ef8bea1-63b8-40c6-ab05-47d20a81c036 {{(pid=80446) _create_snapshot /opt/stack/cinder/cinder/volume/drivers/remotefs.py:1815}}
Jan 02 17:05:05 devstack cinder-volume[80446]: DEBUG oslo.privsep.daemon [-] privsep: reply[29f314f6-35fe-4d83-9c4c-5262a627167b]: (4, 'qcow2') {{(pid=81149) _call_back /opt/stack/data/venv/lib/python3.10/site-packages/oslo_privsep/daemon.py:515}}
Jan 02 17:05:05 devstack cinder-volume[80446]: DEBUG oslo_concurrency.processutils [None req-cc0b86e7-db55-4dac-a355-5dc2ca0091e8 tempest-SnapshotsActionsTest-2083186439 None] Running cmd (subprocess): /opt/stack/data/venv/bin/python3.10 -m oslo_concurrency.prlimit --as=1073741824 --cpu=60 -- sudo cinder-rootwrap /etc/cinder/rootwrap.conf env LC_ALL=C qemu-img info -f qcow2 --output=json --force-share /opt/stack/data/cinder/mnt/2d3f99609ecefdee49530ffe1255a47c/volume-2ef8bea1-63b8-40c6-ab05-47d20a81c036.92cfdcd0-8a17-4fb0-aeb1-c81b627f03f1 {{(pid=80446) execute /opt/stack/data/venv/lib/python3.10/site-packages/oslo_concurrency/processutils.py:349}}
Jan 02 17:05:05 devstack sudo[90341]: quobyte : PWD=/ ; USER=root ; COMMAND=/opt/stack/data/venv/bin/cinder-rootwrap /etc/cinder/rootwrap.conf env LC_ALL=C qemu-img info -f qcow2 --output=json --force-share /opt/stack/data/cinder/mnt/2d3f99609ecefdee49530ffe1255a47c/volume-2ef8bea1-63b8-40c6-ab05-47d20a81c036.92cfdcd0-8a17-4fb0-aeb1-c81b627f03f1
Jan 02 17:05:05 devstack sudo[90341]: pam_unix(sudo:session): session opened for user root(uid=0) by (uid=1000)
Jan 02 17:05:06 devstack sudo[90341]: pam_unix(sudo:session): session closed for user root
Jan 02 17:05:06 devstack cinder-volume[80446]: DEBUG oslo_concurrency.processutils [None req-cc0b86e7-db55-4dac-a355-5dc2ca0091e8 tempest-SnapshotsActionsTest-2083186439 None] CMD "/opt/stack/data/venv/bin/python3.10 -m oslo_concurrency.prlimit --as=1073741824 --cpu=60 -- sudo cinder-rootwrap /etc/cinder/rootwrap.conf env LC_ALL=C qemu-img info -f qcow2 --output=json --force-share /opt/stack/data/cinder/mnt/2d3f99609ecefdee49530ffe1255a47c/volume-2ef8bea1-63b8-40c6-ab05-47d20a81c036.92cfdcd0-8a17-4fb0-aeb1-c81b627f03f1" returned: 0 in 0.842s {{(pid=80446) execute /opt/stack/data/venv/lib/python3.10/site-packages/oslo_concurrency/processutils.py:372}}
Jan 02 17:05:06 devstack cinder-volume[80446]: DEBUG cinder.volume.drivers.remotefs [None req-cc0b86e7-db55-4dac-a355-5dc2ca0091e8 tempest-SnapshotsActionsTest-2083186439 None] Fetching qemu-img info with special backing_file_template: (/opt/stack/data/cinder/mnt/[0-9a-f]+/)?(volume-2ef8bea1-63b8-40c6-ab05-47d20a81c036(.(tmp-snap-)?[0-9a-f-]+)?|volume_from_snapshot_cache/(tmp-snap-)?[0-9a-f-]+(.(child-|parent-)[0-9a-f-]+)?)$ {{(pid=80446) _qemu_img_info_base /opt/stack/cinder/cinder/volume/drivers/remotefs.py:896}}
Jan 02 17:05:06 devstack cinder-volume[80446]: DEBUG oslo_concurrency.processutils [None req-cc0b86e7-db55-4dac-a355-5dc2ca0091e8 tempest-SnapshotsActionsTest-2083186439 None] Running cmd (subprocess): sudo cinder-rootwrap /etc/cinder/rootwrap.conf qemu-img create -f qcow2 -o backing_file=/opt/stack/data/cinder/mnt/2d3f99609ecefdee49530ffe1255a47c/volume-2ef8bea1-63b8-40c6-ab05-47d20a81c036.92cfdcd0-8a17-4fb0-aeb1-c81b627f03f1,backing_fmt=qcow2 /opt/stack/data/cinder/mnt/2d3f99609ecefdee49530ffe1255a47c/volume-2ef8bea1-63b8-40c6-ab05-47d20a81c036.9a3ee000-fa41-4713-8c8e-98c48b1593e7 1G {{(pid=80446) execute /opt/stack/data/venv/lib/python3.10/site-packages/oslo_concurrency/processutils.py:349}}
Jan 02 17:05:06 devstack sudo[90382]: quobyte : PWD=/ ; USER=root ; COMMAND=/opt/stack/data/venv/bin/cinder-rootwrap /etc/cinder/rootwrap.conf qemu-img create -f qcow2 -o backing_file=/opt/stack/data/cinder/mnt/2d3f99609ecefdee49530ffe1255a47c/volume-2ef8bea1-63b8-40c6-ab05-47d20a81c036.92cfdcd0-8a17-4fb0-aeb1-c81b627f03f1,backing_fmt=qcow2 /opt/stack/data/cinder/mnt/2d3f99609ecefdee49530ffe1255a47c/volume-2ef8bea1-63b8-40c6-ab05-47d20a81c036.9a3ee000-fa41-4713-8c8e-98c48b1593e7 1G
Jan 02 17:05:06 devstack sudo[90382]: pam_unix(sudo:session): session opened for user root(uid=0) by (uid=1000)
Jan 02 17:05:06 devstack sudo[90382]: pam_unix(sudo:session): session closed for user root
Jan 02 17:05:06 devstack cinder-volume[80446]: DEBUG oslo_concurrency.processutils [None req-cc0b86e7-db55-4dac-a355-5dc2ca0091e8 tempest-SnapshotsActionsTest-2083186439 None] CMD "sudo cinder-rootwrap /etc/cinder/rootwrap.conf qemu-img create -f qcow2 -o backing_file=/opt/stack/data/cinder/mnt/2d3f99609ecefdee49530ffe1255a47c/volume-2ef8bea1-63b8-40c6-ab05-47d20a81c036.92cfdcd0-8a17-4fb0-aeb1-c81b627f03f1,backing_fmt=qcow2 /opt/stack/data/cinder/mnt/2d3f99609ecefdee49530ffe1255a47c/volume-2ef8bea1-63b8-40c6-ab05-47d20a81c036.9a3ee000-fa41-4713-8c8e-98c48b1593e7 1G" returned: 0 in 0.859s {{(pid=80446) execute /opt/stack/data/venv/lib/python3.10/site-packages/oslo_concurrency/processutils.py:372}}
Jan 02 17:05:06 devstack cinder-volume[80446]: DEBUG oslo_concurrency.processutils [None req-cc0b86e7-db55-4dac-a355-5dc2ca0091e8 tempest-SnapshotsActionsTest-2083186439 None] Running cmd (subprocess): sudo cinder-rootwrap /etc/cinder/rootwrap.conf qemu-img rebase -u -b volume-2ef8bea1-63b8-40c6-ab05-47d20a81c036.92cfdcd0-8a17-4fb0-aeb1-c81b627f03f1 -F qcow2 /opt/stack/data/cinder/mnt/2d3f99609ecefdee49530ffe1255a47c/volume-2ef8bea1-63b8-40c6-ab05-47d20a81c036.9a3ee000-fa41-4713-8c8e-98c48b1593e7 {{(pid=80446) execute /opt/stack/data/venv/lib/python3.10/site-packages/oslo_concurrency/processutils.py:349}}
Jan 02 17:05:06 devstack sudo[90392]: quobyte : PWD=/ ; USER=root ; COMMAND=/opt/stack/data/venv/bin/cinder-rootwrap /etc/cinder/rootwrap.conf qemu-img rebase -u -b volume-2ef8bea1-63b8-40c6-ab05-47d20a81c036.92cfdcd0-8a17-4fb0-aeb1-c81b627f03f1 -F qcow2 /opt/stack/data/cinder/mnt/2d3f99609ecefdee49530ffe1255a47c/volume-2ef8bea1-63b8-40c6-ab05-47d20a81c036.9a3ee000-fa41-4713-8c8e-98c48b1593e7
Jan 02 17:05:06 devstack sudo[90392]: pam_unix(sudo:session): session opened for user root(uid=0) by (uid=1000)
Jan 02 17:05:07 devstack sudo[90392]: pam_unix(sudo:session): session closed for user root
Jan 02 17:05:07 devstack cinder-volume[80446]: DEBUG oslo_concurrency.processutils [None req-cc0b86e7-db55-4dac-a355-5dc2ca0091e8 tempest-SnapshotsActionsTest-2083186439 None] CMD "sudo cinder-rootwrap /etc/cinder/rootwrap.conf qemu-img rebase -u -b volume-2ef8bea1-63b8-40c6-ab05-47d20a81c036.92cfdcd0-8a17-4fb0-aeb1-c81b627f03f1 -F qcow2 /opt/stack/data/cinder/mnt/2d3f99609ecefdee49530ffe1255a47c/volume-2ef8bea1-63b8-40c6-ab05-47d20a81c036.9a3ee000-fa41-4713-8c8e-98c48b1593e7" returned: 0 in 0.850s {{(pid=80446) execute /opt/stack/data/venv/lib/python3.10/site-packages/oslo_concurrency/processutils.py:372}}
Jan 02 17:05:07 devstack cinder-volume[80446]: WARNING cinder.volume.drivers.remotefs [None req-cc0b86e7-db55-4dac-a355-5dc2ca0091e8 tempest-SnapshotsActionsTest-2083186439 None] /opt/stack/data/cinder/mnt/2d3f99609ecefdee49530ffe1255a47c/volume-2ef8bea1-63b8-40c6-ab05-47d20a81c036.9a3ee000-fa41-4713-8c8e-98c48b1593e7 is being set with open permissions: ugo+rw
Jan 02 17:05:07 devstack cinder-volume[80446]: DEBUG oslo_concurrency.processutils [None req-cc0b86e7-db55-4dac-a355-5dc2ca0091e8 tempest-SnapshotsActionsTest-2083186439 None] Running cmd (subprocess): sudo cinder-rootwrap /etc/cinder/rootwrap.conf chmod ugo+rw /opt/stack/data/cinder/mnt/2d3f99609ecefdee49530ffe1255a47c/volume-2ef8bea1-63b8-40c6-ab05-47d20a81c036.9a3ee000-fa41-4713-8c8e-98c48b1593e7 {{(pid=80446) execute /opt/stack/data/venv/lib/python3.10/site-packages/oslo_concurrency/processutils.py:349}}
Jan 02 17:05:07 devstack sudo[90410]: quobyte : PWD=/ ; USER=root ; COMMAND=/opt/stack/data/venv/bin/cinder-rootwrap /etc/cinder/rootwrap.conf chmod ugo+rw /opt/stack/data/cinder/mnt/2d3f99609ecefdee49530ffe1255a47c/volume-2ef8bea1-63b8-40c6-ab05-47d20a81c036.9a3ee000-fa41-4713-8c8e-98c48b1593e7
Jan 02 17:05:07 devstack sudo[90410]: pam_unix(sudo:session): session opened for user root(uid=0) by (uid=1000)
Jan 02 17:05:08 devstack sudo[90410]: pam_unix(sudo:session): session closed for user root
Jan 02 17:05:08 devstack cinder-volume[80446]: DEBUG oslo_concurrency.processutils [None req-cc0b86e7-db55-4dac-a355-5dc2ca0091e8 tempest-SnapshotsActionsTest-2083186439 None] CMD "sudo cinder-rootwrap /etc/cinder/rootwrap.conf chmod ugo+rw /opt/stack/data/cinder/mnt/2d3f99609ecefdee49530ffe1255a47c/volume-2ef8bea1-63b8-40c6-ab05-47d20a81c036.9a3ee000-fa41-4713-8c8e-98c48b1593e7" returned: 0 in 0.639s {{(pid=80446) execute /opt/stack/data/venv/lib/python3.10/site-packages/oslo_concurrency/processutils.py:372}}
Jan 02 17:05:08 devstack cinder-volume[80446]: DEBUG oslo_concurrency.lockutils [None req-cc0b86e7-db55-4dac-a355-5dc2ca0091e8 tempest-SnapshotsActionsTest-2083186439 None] Lock "quobyte" "released" by "cinder.volume.drivers.quobyte.QuobyteDriver.create_snapshot" :: held 3.285s {{(pid=80446) inner /opt/stack/data/venv/lib/python3.10/site-packages/oslo_concurrency/lockutils.py:424}}
Jan 02 17:05:08 devstack cinder-volume[80446]: INFO cinder.volume.manager [None req-cc0b86e7-db55-4dac-a355-5dc2ca0091e8 tempest-SnapshotsActionsTest-2083186439 None] Create snapshot completed successfully
Jan 02 17:05:09 devstack cinder-volume[80446]: DEBUG oslo_concurrency.lockutils [req-d7ea16bc-1ab7-4cc1-81f8-75dbf97f441e req-40e96a0d-5178-4f17-83ad-fb8213818006 tempest-ServerRescueNegativeTestJSON-342735344 None] Acquiring lock "quobyte" by "cinder.volume.drivers.quobyte.QuobyteDriver.initialize_connection" {{(pid=80446) inner /opt/stack/data/venv/lib/python3.10/site-packages/oslo_concurrency/lockutils.py:405}}
Jan 02 17:05:09 devstack cinder-volume[80446]: DEBUG oslo_concurrency.lockutils [req-d7ea16bc-1ab7-4cc1-81f8-75dbf97f441e req-40e96a0d-5178-4f17-83ad-fb8213818006 tempest-ServerRescueNegativeTestJSON-342735344 None] Lock "quobyte" acquired by "cinder.volume.drivers.quobyte.QuobyteDriver.initialize_connection" :: waited 0.001s {{(pid=80446) inner /opt/stack/data/venv/lib/python3.10/site-packages/oslo_concurrency/lockutils.py:410}}
Jan 02 17:05:09 devstack cinder-volume[80446]: DEBUG oslo.privsep.daemon [-] privsep: reply[ac778fba-ee27-4ccc-a9f6-8b5e537a0861]: (4, 'qcow2') {{(pid=81149) _call_back /opt/stack/data/venv/lib/python3.10/site-packages/oslo_privsep/daemon.py:515}}
Jan 02 17:05:09 devstack cinder-volume[80446]: DEBUG oslo_concurrency.processutils [req-d7ea16bc-1ab7-4cc1-81f8-75dbf97f441e req-40e96a0d-5178-4f17-83ad-fb8213818006 tempest-ServerRescueNegativeTestJSON-342735344 None] Running cmd (subprocess): /opt/stack/data/venv/bin/python3.10 -m oslo_concurrency.prlimit --as=1073741824 --cpu=60 -- sudo cinder-rootwrap /etc/cinder/rootwrap.conf env LC_ALL=C qemu-img info -f qcow2 --output=json --force-share /opt/stack/data/cinder/mnt/2d3f99609ecefdee49530ffe1255a47c/volume-9633925f-0995-4203-8406-7c7247a1f94f {{(pid=80446) execute /opt/stack/data/venv/lib/python3.10/site-packages/oslo_concurrency/processutils.py:349}}
Jan 02 17:05:09 devstack sudo[90458]: quobyte : PWD=/ ; USER=root ; COMMAND=/opt/stack/data/venv/bin/cinder-rootwrap /etc/cinder/rootwrap.conf env LC_ALL=C qemu-img info -f qcow2 --output=json --force-share /opt/stack/data/cinder/mnt/2d3f99609ecefdee49530ffe1255a47c/volume-9633925f-0995-4203-8406-7c7247a1f94f
Jan 02 17:05:09 devstack sudo[90458]: pam_unix(sudo:session): session opened for user root(uid=0) by (uid=1000)
Jan 02 17:05:09 devstack cinder-volume[80446]: DEBUG cinder.coordination [None req-b7fca3aa-53a1-48c1-b56e-7583e1f6accf tempest-SnapshotsActionsTest-1498483947 None] Acquiring lock "cinder-9a3ee000-fa41-4713-8c8e-98c48b1593e7-delete_snapshot" by "delete_snapshot" {{(pid=80446) __acquire /opt/stack/cinder/cinder/coordination.py:143}}
Jan 02 17:05:09 devstack cinder-volume[80446]: DEBUG cinder.coordination [None req-b7fca3aa-53a1-48c1-b56e-7583e1f6accf tempest-SnapshotsActionsTest-1498483947 None] Lock "cinder-9a3ee000-fa41-4713-8c8e-98c48b1593e7-delete_snapshot" acquired by "delete_snapshot" :: waited 0.013s {{(pid=80446) __acquire /opt/stack/cinder/cinder/coordination.py:146}}
Jan 02 17:05:09 devstack cinder-volume[80446]: WARNING cinder.volume.volume_utils [None req-b7fca3aa-53a1-48c1-b56e-7583e1f6accf tempest-SnapshotsActionsTest-1498483947 None] Volume driver (QuobyteDriver 1.1.13) is currently unsupported and may be removed in the next release of OpenStack. Use at your own risk.
Jan 02 17:05:09 devstack cinder-volume[80446]: DEBUG cinder.coordination [None req-b7fca3aa-53a1-48c1-b56e-7583e1f6accf tempest-SnapshotsActionsTest-1498483947 None] Acquiring lock "cinder-quobyte-2ef8bea1-63b8-40c6-ab05-47d20a81c036" by "delete_snapshot" {{(pid=80446) __acquire /opt/stack/cinder/cinder/coordination.py:143}}
Jan 02 17:05:09 devstack cinder-volume[80446]: DEBUG cinder.coordination [None req-b7fca3aa-53a1-48c1-b56e-7583e1f6accf tempest-SnapshotsActionsTest-1498483947 None] Lock "cinder-quobyte-2ef8bea1-63b8-40c6-ab05-47d20a81c036" acquired by "delete_snapshot" :: waited 0.009s {{(pid=80446) __acquire /opt/stack/cinder/cinder/coordination.py:146}}
Jan 02 17:05:09 devstack cinder-volume[80446]: DEBUG cinder.coordination [None req-b7fca3aa-53a1-48c1-b56e-7583e1f6accf tempest-SnapshotsActionsTest-1498483947 None] Acquiring lock "cinder-quobyte-9a3ee000-fa41-4713-8c8e-98c48b1593e7" by "_delete_snapshot" {{(pid=80446) __acquire /opt/stack/cinder/cinder/coordination.py:143}}
Jan 02 17:05:09 devstack cinder-volume[80446]: DEBUG cinder.coordination [None req-b7fca3aa-53a1-48c1-b56e-7583e1f6accf tempest-SnapshotsActionsTest-1498483947 None] Lock "cinder-quobyte-9a3ee000-fa41-4713-8c8e-98c48b1593e7" acquired by "_delete_snapshot" :: waited 0.010s {{(pid=80446) __acquire /opt/stack/cinder/cinder/coordination.py:146}}
Jan 02 17:05:09 devstack cinder-volume[80446]: DEBUG cinder.volume.drivers.remotefs [None req-b7fca3aa-53a1-48c1-b56e-7583e1f6accf tempest-SnapshotsActionsTest-1498483947 None] Deleting offline snapshot 9a3ee000-fa41-4713-8c8e-98c48b1593e7 of volume 2ef8bea1-63b8-40c6-ab05-47d20a81c036 {{(pid=80446) _delete_snapshot /opt/stack/cinder/cinder/volume/drivers/remotefs.py:1288}}
Jan 02 17:05:09 devstack cinder-volume[80446]: DEBUG cinder.volume.drivers.remotefs [None req-b7fca3aa-53a1-48c1-b56e-7583e1f6accf tempest-SnapshotsActionsTest-1498483947 None] snapshot_file for this snap is: volume-2ef8bea1-63b8-40c6-ab05-47d20a81c036.9a3ee000-fa41-4713-8c8e-98c48b1593e7 {{(pid=80446) _delete_snapshot /opt/stack/cinder/cinder/volume/drivers/remotefs.py:1317}}
Jan 02 17:05:09 devstack cinder-volume[80446]: DEBUG oslo.privsep.daemon [-] privsep: reply[e02e1adc-158b-479f-85f0-9618a300a4ad]: (4, 'qcow2') {{(pid=81149) _call_back /opt/stack/data/venv/lib/python3.10/site-packages/oslo_privsep/daemon.py:515}}
Jan 02 17:05:09 devstack cinder-volume[80446]: DEBUG oslo_concurrency.processutils [None req-b7fca3aa-53a1-48c1-b56e-7583e1f6accf tempest-SnapshotsActionsTest-1498483947 None] Running cmd (subprocess): /opt/stack/data/venv/bin/python3.10 -m oslo_concurrency.prlimit --as=1073741824 --cpu=60 -- sudo cinder-rootwrap /etc/cinder/rootwrap.conf env LC_ALL=C qemu-img info -f qcow2 --output=json --force-share /opt/stack/data/cinder/mnt/2d3f99609ecefdee49530ffe1255a47c/volume-2ef8bea1-63b8-40c6-ab05-47d20a81c036.9a3ee000-fa41-4713-8c8e-98c48b1593e7 {{(pid=80446) execute /opt/stack/data/venv/lib/python3.10/site-packages/oslo_concurrency/processutils.py:349}}
Jan 02 17:05:09 devstack sudo[90460]: quobyte : PWD=/ ; USER=root ; COMMAND=/opt/stack/data/venv/bin/cinder-rootwrap /etc/cinder/rootwrap.conf env LC_ALL=C qemu-img info -f qcow2 --output=json --force-share /opt/stack/data/cinder/mnt/2d3f99609ecefdee49530ffe1255a47c/volume-2ef8bea1-63b8-40c6-ab05-47d20a81c036.9a3ee000-fa41-4713-8c8e-98c48b1593e7
Jan 02 17:05:09 devstack sudo[90460]: pam_unix(sudo:session): session opened for user root(uid=0) by (uid=1000)
Jan 02 17:05:09 devstack sudo[90458]: pam_unix(sudo:session): session closed for user root
Jan 02 17:05:09 devstack cinder-volume[80446]: DEBUG oslo_concurrency.processutils [req-d7ea16bc-1ab7-4cc1-81f8-75dbf97f441e req-40e96a0d-5178-4f17-83ad-fb8213818006 tempest-ServerRescueNegativeTestJSON-342735344 None] CMD "/opt/stack/data/venv/bin/python3.10 -m oslo_concurrency.prlimit --as=1073741824 --cpu=60 -- sudo cinder-rootwrap /etc/cinder/rootwrap.conf env LC_ALL=C qemu-img info -f qcow2 --output=json --force-share /opt/stack/data/cinder/mnt/2d3f99609ecefdee49530ffe1255a47c/volume-9633925f-0995-4203-8406-7c7247a1f94f" returned: 0 in 0.606s {{(pid=80446) execute /opt/stack/data/venv/lib/python3.10/site-packages/oslo_concurrency/processutils.py:372}}
Jan 02 17:05:09 devstack cinder-volume[80446]: DEBUG oslo_concurrency.lockutils [req-d7ea16bc-1ab7-4cc1-81f8-75dbf97f441e req-40e96a0d-5178-4f17-83ad-fb8213818006 tempest-ServerRescueNegativeTestJSON-342735344 None] Lock "quobyte" "released" by "cinder.volume.drivers.quobyte.QuobyteDriver.initialize_connection" :: held 0.623s {{(pid=80446) inner /opt/stack/data/venv/lib/python3.10/site-packages/oslo_concurrency/lockutils.py:424}}
Jan 02 17:05:09 devstack cinder-volume[80446]: DEBUG cinder.volume.manager [req-d7ea16bc-1ab7-4cc1-81f8-75dbf97f441e req-40e96a0d-5178-4f17-83ad-fb8213818006 tempest-ServerRescueNegativeTestJSON-342735344 None] Connection info returned from driver {'export': 'osci02.corp.quobyte.com/cinder-vol-384e651a-3537-48cb-9a0c-cd4327497003', 'name': 'volume-9633925f-0995-4203-8406-7c7247a1f94f', 'options': None, 'format': 'qcow2', 'qos_specs': None, 'access_mode': 'rw', 'encrypted': False, 'cacheable': False, 'driver_volume_type': 'quobyte', 'mount_point_base': '/opt/stack/data/cinder/mnt', 'attachment_id': '3be2af2f-44c7-4c82-b386-509fcad05c2c', 'enforce_multipath': True} {{(pid=80446) _connection_create /opt/stack/cinder/cinder/volume/manager.py:4893}}
Jan 02 17:05:09 devstack cinder-volume[80446]: WARNING cinder.volume.volume_utils [req-d7ea16bc-1ab7-4cc1-81f8-75dbf97f441e req-40e96a0d-5178-4f17-83ad-fb8213818006 tempest-ServerRescueNegativeTestJSON-342735344 None] Volume driver (QuobyteDriver 1.1.13) is currently unsupported and may be removed in the next release of OpenStack. Use at your own risk.
Jan 02 17:05:09 devstack cinder-volume[80446]: INFO cinder.volume.manager [req-d7ea16bc-1ab7-4cc1-81f8-75dbf97f441e req-40e96a0d-5178-4f17-83ad-fb8213818006 tempest-ServerRescueNegativeTestJSON-342735344 None] attachment_update completed successfully.
Jan 02 17:05:10 devstack sudo[90460]: pam_unix(sudo:session): session closed for user root
Jan 02 17:05:10 devstack cinder-volume[80446]: DEBUG oslo_concurrency.processutils [None req-b7fca3aa-53a1-48c1-b56e-7583e1f6accf tempest-SnapshotsActionsTest-1498483947 None] CMD "/opt/stack/data/venv/bin/python3.10 -m oslo_concurrency.prlimit --as=1073741824 --cpu=60 -- sudo cinder-rootwrap /etc/cinder/rootwrap.conf env LC_ALL=C qemu-img info -f qcow2 --output=json --force-share /opt/stack/data/cinder/mnt/2d3f99609ecefdee49530ffe1255a47c/volume-2ef8bea1-63b8-40c6-ab05-47d20a81c036.9a3ee000-fa41-4713-8c8e-98c48b1593e7" returned: 0 in 0.648s {{(pid=80446) execute /opt/stack/data/venv/lib/python3.10/site-packages/oslo_concurrency/processutils.py:372}}
Jan 02 17:05:10 devstack cinder-volume[80446]: DEBUG cinder.volume.drivers.remotefs [None req-b7fca3aa-53a1-48c1-b56e-7583e1f6accf tempest-SnapshotsActionsTest-1498483947 None] Fetching qemu-img info with special backing_file_template: (/opt/stack/data/cinder/mnt/[0-9a-f]+/)?(volume-2ef8bea1-63b8-40c6-ab05-47d20a81c036(.(tmp-snap-)?[0-9a-f-]+)?|volume_from_snapshot_cache/(tmp-snap-)?[0-9a-f-]+(.(child-|parent-)[0-9a-f-]+)?)$ {{(pid=80446) _qemu_img_info_base /opt/stack/cinder/cinder/volume/drivers/remotefs.py:896}}
Jan 02 17:05:10 devstack cinder-volume[80446]: DEBUG oslo.privsep.daemon [-] privsep: reply[4ca69dce-edac-41bd-956c-839b39c57be4]: (4, 'qcow2') {{(pid=81149) _call_back /opt/stack/data/venv/lib/python3.10/site-packages/oslo_privsep/daemon.py:515}}
Jan 02 17:05:10 devstack cinder-volume[80446]: DEBUG oslo_concurrency.processutils [None req-b7fca3aa-53a1-48c1-b56e-7583e1f6accf tempest-SnapshotsActionsTest-1498483947 None] Running cmd (subprocess): /opt/stack/data/venv/bin/python3.10 -m oslo_concurrency.prlimit --as=1073741824 --cpu=60 -- sudo cinder-rootwrap /etc/cinder/rootwrap.conf env LC_ALL=C qemu-img info -f qcow2 --output=json --force-share /opt/stack/data/cinder/mnt/2d3f99609ecefdee49530ffe1255a47c/volume-2ef8bea1-63b8-40c6-ab05-47d20a81c036.92cfdcd0-8a17-4fb0-aeb1-c81b627f03f1 {{(pid=80446) execute /opt/stack/data/venv/lib/python3.10/site-packages/oslo_concurrency/processutils.py:349}}
Jan 02 17:05:10 devstack sudo[90472]: quobyte : PWD=/ ; USER=root ; COMMAND=/opt/stack/data/venv/bin/cinder-rootwrap /etc/cinder/rootwrap.conf env LC_ALL=C qemu-img info -f qcow2 --output=json --force-share /opt/stack/data/cinder/mnt/2d3f99609ecefdee49530ffe1255a47c/volume-2ef8bea1-63b8-40c6-ab05-47d20a81c036.92cfdcd0-8a17-4fb0-aeb1-c81b627f03f1
Jan 02 17:05:10 devstack sudo[90472]: pam_unix(sudo:session): session opened for user root(uid=0) by (uid=1000)
Jan 02 17:05:10 devstack sudo[90472]: pam_unix(sudo:session): session closed for user root
Jan 02 17:05:10 devstack cinder-volume[80446]: DEBUG oslo_concurrency.processutils [None req-b7fca3aa-53a1-48c1-b56e-7583e1f6accf tempest-SnapshotsActionsTest-1498483947 None] CMD "/opt/stack/data/venv/bin/python3.10 -m oslo_concurrency.prlimit --as=1073741824 --cpu=60 -- sudo cinder-rootwrap /etc/cinder/rootwrap.conf env LC_ALL=C qemu-img info -f qcow2 --output=json --force-share /opt/stack/data/cinder/mnt/2d3f99609ecefdee49530ffe1255a47c/volume-2ef8bea1-63b8-40c6-ab05-47d20a81c036.92cfdcd0-8a17-4fb0-aeb1-c81b627f03f1" returned: 0 in 0.651s {{(pid=80446) execute /opt/stack/data/venv/lib/python3.10/site-packages/oslo_concurrency/processutils.py:372}}
Jan 02 17:05:10 devstack cinder-volume[80446]: DEBUG cinder.volume.drivers.remotefs [None req-b7fca3aa-53a1-48c1-b56e-7583e1f6accf tempest-SnapshotsActionsTest-1498483947 None] Fetching qemu-img info with special backing_file_template: (/opt/stack/data/cinder/mnt/[0-9a-f]+/)?(volume-2ef8bea1-63b8-40c6-ab05-47d20a81c036(.(tmp-snap-)?[0-9a-f-]+)?|volume_from_snapshot_cache/(tmp-snap-)?[0-9a-f-]+(.(child-|parent-)[0-9a-f-]+)?)$ {{(pid=80446) _qemu_img_info_base /opt/stack/cinder/cinder/volume/drivers/remotefs.py:896}}
Jan 02 17:05:10 devstack cinder-volume[80446]: DEBUG oslo_concurrency.processutils [None req-b7fca3aa-53a1-48c1-b56e-7583e1f6accf tempest-SnapshotsActionsTest-1498483947 None] Running cmd (subprocess): sudo cinder-rootwrap /etc/cinder/rootwrap.conf qemu-img commit -d /opt/stack/data/cinder/mnt/2d3f99609ecefdee49530ffe1255a47c/volume-2ef8bea1-63b8-40c6-ab05-47d20a81c036.9a3ee000-fa41-4713-8c8e-98c48b1593e7 {{(pid=80446) execute /opt/stack/data/venv/lib/python3.10/site-packages/oslo_concurrency/processutils.py:349}}
Jan 02 17:05:10 devstack sudo[90544]: quobyte : PWD=/ ; USER=root ; COMMAND=/opt/stack/data/venv/bin/cinder-rootwrap /etc/cinder/rootwrap.conf qemu-img commit -d /opt/stack/data/cinder/mnt/2d3f99609ecefdee49530ffe1255a47c/volume-2ef8bea1-63b8-40c6-ab05-47d20a81c036.9a3ee000-fa41-4713-8c8e-98c48b1593e7
Jan 02 17:05:10 devstack sudo[90544]: pam_unix(sudo:session): session opened for user root(uid=0) by (uid=1000)
Jan 02 17:05:11 devstack sudo[90544]: pam_unix(sudo:session): session closed for user root
Jan 02 17:05:11 devstack cinder-volume[80446]: DEBUG oslo_concurrency.processutils [None req-b7fca3aa-53a1-48c1-b56e-7583e1f6accf tempest-SnapshotsActionsTest-1498483947 None] CMD "sudo cinder-rootwrap /etc/cinder/rootwrap.conf qemu-img commit -d /opt/stack/data/cinder/mnt/2d3f99609ecefdee49530ffe1255a47c/volume-2ef8bea1-63b8-40c6-ab05-47d20a81c036.9a3ee000-fa41-4713-8c8e-98c48b1593e7" returned: 0 in 0.578s {{(pid=80446) execute /opt/stack/data/venv/lib/python3.10/site-packages/oslo_concurrency/processutils.py:372}}
Jan 02 17:05:11 devstack cinder-volume[80446]: DEBUG oslo_concurrency.processutils [None req-b7fca3aa-53a1-48c1-b56e-7583e1f6accf tempest-SnapshotsActionsTest-1498483947 None] Running cmd (subprocess): sudo cinder-rootwrap /etc/cinder/rootwrap.conf rm -f /opt/stack/data/cinder/mnt/2d3f99609ecefdee49530ffe1255a47c/volume-2ef8bea1-63b8-40c6-ab05-47d20a81c036.9a3ee000-fa41-4713-8c8e-98c48b1593e7 {{(pid=80446) execute /opt/stack/data/venv/lib/python3.10/site-packages/oslo_concurrency/processutils.py:349}}
Jan 02 17:05:11 devstack sudo[90866]: quobyte : PWD=/ ; USER=root ; COMMAND=/opt/stack/data/venv/bin/cinder-rootwrap /etc/cinder/rootwrap.conf rm -f /opt/stack/data/cinder/mnt/2d3f99609ecefdee49530ffe1255a47c/volume-2ef8bea1-63b8-40c6-ab05-47d20a81c036.9a3ee000-fa41-4713-8c8e-98c48b1593e7
Jan 02 17:05:11 devstack sudo[90866]: pam_unix(sudo:session): session opened for user root(uid=0) by (uid=1000)
Jan 02 17:05:12 devstack sudo[90866]: pam_unix(sudo:session): session closed for user root
Jan 02 17:05:12 devstack cinder-volume[80446]: DEBUG oslo_concurrency.processutils [None req-b7fca3aa-53a1-48c1-b56e-7583e1f6accf tempest-SnapshotsActionsTest-1498483947 None] CMD "sudo cinder-rootwrap /etc/cinder/rootwrap.conf rm -f /opt/stack/data/cinder/mnt/2d3f99609ecefdee49530ffe1255a47c/volume-2ef8bea1-63b8-40c6-ab05-47d20a81c036.9a3ee000-fa41-4713-8c8e-98c48b1593e7" returned: 0 in 0.750s {{(pid=80446) execute /opt/stack/data/venv/lib/python3.10/site-packages/oslo_concurrency/processutils.py:372}}
Jan 02 17:05:12 devstack cinder-volume[80446]: DEBUG cinder.coordination [None req-b7fca3aa-53a1-48c1-b56e-7583e1f6accf tempest-SnapshotsActionsTest-1498483947 None] Lock "cinder-quobyte-9a3ee000-fa41-4713-8c8e-98c48b1593e7" released by "_delete_snapshot" :: held 2.698s {{(pid=80446) __release /opt/stack/cinder/cinder/coordination.py:157}}
Jan 02 17:05:12 devstack cinder-volume[80446]: DEBUG cinder.coordination [None req-b7fca3aa-53a1-48c1-b56e-7583e1f6accf tempest-SnapshotsActionsTest-1498483947 None] Lock "cinder-quobyte-2ef8bea1-63b8-40c6-ab05-47d20a81c036" released by "delete_snapshot" :: held 2.713s {{(pid=80446) __release /opt/stack/cinder/cinder/coordination.py:157}}
Jan 02 17:05:12 devstack cinder-volume[80446]: DEBUG cinder.quota [None req-b7fca3aa-53a1-48c1-b56e-7583e1f6accf tempest-SnapshotsActionsTest-1498483947 None] Created reservations ['be10449e-528a-493b-ba7f-759a5e53b4f7', '15db121c-cc01-4b0e-90c6-e18664d2be63', 'c1a2a3d7-cd93-4154-bd5d-868f387942c8', 'c1b05e00-20cd-4302-b931-4f339be24a3d'] {{(pid=80446) reserve /opt/stack/cinder/cinder/quota.py:752}}
Jan 02 17:05:12 devstack cinder-volume[80446]: INFO cinder.volume.manager [None req-b7fca3aa-53a1-48c1-b56e-7583e1f6accf tempest-SnapshotsActionsTest-1498483947 None] Delete snapshot completed successfully.
Jan 02 17:05:12 devstack cinder-volume[80446]: DEBUG cinder.coordination [None req-b7fca3aa-53a1-48c1-b56e-7583e1f6accf tempest-SnapshotsActionsTest-1498483947 None] Lock "cinder-9a3ee000-fa41-4713-8c8e-98c48b1593e7-delete_snapshot" released by "delete_snapshot" :: held 2.869s {{(pid=80446) __release /opt/stack/cinder/cinder/coordination.py:157}}
Jan 02 17:05:13 devstack cinder-volume[80446]: WARNING cinder.volume.volume_utils [None req-536fa6e6-73eb-4655-bb99-6270c8b8e6ab tempest-SnapshotsActionsTest-2083186439 None] Volume driver (QuobyteDriver 1.1.13) is currently unsupported and may be removed in the next release of OpenStack. Use at your own risk.
Jan 02 17:05:13 devstack cinder-volume[80446]: DEBUG oslo_concurrency.lockutils [None req-536fa6e6-73eb-4655-bb99-6270c8b8e6ab tempest-SnapshotsActionsTest-2083186439 None] Acquiring lock "quobyte" by "cinder.volume.drivers.quobyte.QuobyteDriver.create_snapshot" {{(pid=80446) inner /opt/stack/data/venv/lib/python3.10/site-packages/oslo_concurrency/lockutils.py:405}}
Jan 02 17:05:13 devstack cinder-volume[80446]: DEBUG oslo_concurrency.lockutils [None req-536fa6e6-73eb-4655-bb99-6270c8b8e6ab tempest-SnapshotsActionsTest-2083186439 None] Lock "quobyte" acquired by "cinder.volume.drivers.quobyte.QuobyteDriver.create_snapshot" :: waited 0.001s {{(pid=80446) inner /opt/stack/data/venv/lib/python3.10/site-packages/oslo_concurrency/lockutils.py:410}}
Jan 02 17:05:13 devstack cinder-volume[80446]: DEBUG cinder.volume.drivers.remotefs [None req-536fa6e6-73eb-4655-bb99-6270c8b8e6ab tempest-SnapshotsActionsTest-2083186439 None] Creating offline snapshot 4354b260-495e-4805-ac48-5a8645e43cbf of volume 2ef8bea1-63b8-40c6-ab05-47d20a81c036 {{(pid=80446) _create_snapshot /opt/stack/cinder/cinder/volume/drivers/remotefs.py:1815}}
Jan 02 17:05:13 devstack cinder-volume[80446]: DEBUG oslo.privsep.daemon [-] privsep: reply[ceb2f1ff-244c-44b6-bee6-093a57076c46]: (4, 'qcow2') {{(pid=81149) _call_back /opt/stack/data/venv/lib/python3.10/site-packages/oslo_privsep/daemon.py:515}}
Jan 02 17:05:13 devstack cinder-volume[80446]: DEBUG oslo_concurrency.processutils [None req-536fa6e6-73eb-4655-bb99-6270c8b8e6ab tempest-SnapshotsActionsTest-2083186439 None] Running cmd (subprocess): /opt/stack/data/venv/bin/python3.10 -m oslo_concurrency.prlimit --as=1073741824 --cpu=60 -- sudo cinder-rootwrap /etc/cinder/rootwrap.conf env LC_ALL=C qemu-img info -f qcow2 --output=json --force-share /opt/stack/data/cinder/mnt/2d3f99609ecefdee49530ffe1255a47c/volume-2ef8bea1-63b8-40c6-ab05-47d20a81c036.92cfdcd0-8a17-4fb0-aeb1-c81b627f03f1 {{(pid=80446) execute /opt/stack/data/venv/lib/python3.10/site-packages/oslo_concurrency/processutils.py:349}}
Jan 02 17:05:13 devstack sudo[90929]: quobyte : PWD=/ ; USER=root ; COMMAND=/opt/stack/data/venv/bin/cinder-rootwrap /etc/cinder/rootwrap.conf env LC_ALL=C qemu-img info -f qcow2 --output=json --force-share /opt/stack/data/cinder/mnt/2d3f99609ecefdee49530ffe1255a47c/volume-2ef8bea1-63b8-40c6-ab05-47d20a81c036.92cfdcd0-8a17-4fb0-aeb1-c81b627f03f1
Jan 02 17:05:13 devstack sudo[90929]: pam_unix(sudo:session): session opened for user root(uid=0) by (uid=1000)
Jan 02 17:05:13 devstack sudo[90929]: pam_unix(sudo:session): session closed for user root
Jan 02 17:05:13 devstack cinder-volume[80446]: DEBUG oslo_concurrency.processutils [None req-536fa6e6-73eb-4655-bb99-6270c8b8e6ab tempest-SnapshotsActionsTest-2083186439 None] CMD "/opt/stack/data/venv/bin/python3.10 -m oslo_concurrency.prlimit --as=1073741824 --cpu=60 -- sudo cinder-rootwrap /etc/cinder/rootwrap.conf env LC_ALL=C qemu-img info -f qcow2 --output=json --force-share /opt/stack/data/cinder/mnt/2d3f99609ecefdee49530ffe1255a47c/volume-2ef8bea1-63b8-40c6-ab05-47d20a81c036.92cfdcd0-8a17-4fb0-aeb1-c81b627f03f1" returned: 0 in 0.666s {{(pid=80446) execute /opt/stack/data/venv/lib/python3.10/site-packages/oslo_concurrency/processutils.py:372}}
Jan 02 17:05:13 devstack cinder-volume[80446]: DEBUG cinder.volume.drivers.remotefs [None req-536fa6e6-73eb-4655-bb99-6270c8b8e6ab tempest-SnapshotsActionsTest-2083186439 None] Fetching qemu-img info with special backing_file_template: (/opt/stack/data/cinder/mnt/[0-9a-f]+/)?(volume-2ef8bea1-63b8-40c6-ab05-47d20a81c036(.(tmp-snap-)?[0-9a-f-]+)?|volume_from_snapshot_cache/(tmp-snap-)?[0-9a-f-]+(.(child-|parent-)[0-9a-f-]+)?)$ {{(pid=80446) _qemu_img_info_base /opt/stack/cinder/cinder/volume/drivers/remotefs.py:896}}
Jan 02 17:05:13 devstack cinder-volume[80446]: DEBUG oslo_concurrency.processutils [None req-536fa6e6-73eb-4655-bb99-6270c8b8e6ab tempest-SnapshotsActionsTest-2083186439 None] Running cmd (subprocess): sudo cinder-rootwrap /etc/cinder/rootwrap.conf qemu-img create -f qcow2 -o backing_file=/opt/stack/data/cinder/mnt/2d3f99609ecefdee49530ffe1255a47c/volume-2ef8bea1-63b8-40c6-ab05-47d20a81c036.92cfdcd0-8a17-4fb0-aeb1-c81b627f03f1,backing_fmt=qcow2 /opt/stack/data/cinder/mnt/2d3f99609ecefdee49530ffe1255a47c/volume-2ef8bea1-63b8-40c6-ab05-47d20a81c036.4354b260-495e-4805-ac48-5a8645e43cbf 1G {{(pid=80446) execute /opt/stack/data/venv/lib/python3.10/site-packages/oslo_concurrency/processutils.py:349}}
Jan 02 17:05:13 devstack sudo[90934]: quobyte : PWD=/ ; USER=root ; COMMAND=/opt/stack/data/venv/bin/cinder-rootwrap /etc/cinder/rootwrap.conf qemu-img create -f qcow2 -o backing_file=/opt/stack/data/cinder/mnt/2d3f99609ecefdee49530ffe1255a47c/volume-2ef8bea1-63b8-40c6-ab05-47d20a81c036.92cfdcd0-8a17-4fb0-aeb1-c81b627f03f1,backing_fmt=qcow2 /opt/stack/data/cinder/mnt/2d3f99609ecefdee49530ffe1255a47c/volume-2ef8bea1-63b8-40c6-ab05-47d20a81c036.4354b260-495e-4805-ac48-5a8645e43cbf 1G
Jan 02 17:05:13 devstack sudo[90934]: pam_unix(sudo:session): session opened for user root(uid=0) by (uid=1000)
Jan 02 17:05:14 devstack sudo[90934]: pam_unix(sudo:session): session closed for user root
Jan 02 17:05:14 devstack cinder-volume[80446]: DEBUG oslo_concurrency.processutils [None req-536fa6e6-73eb-4655-bb99-6270c8b8e6ab tempest-SnapshotsActionsTest-2083186439 None] CMD "sudo cinder-rootwrap /etc/cinder/rootwrap.conf qemu-img create -f qcow2 -o backing_file=/opt/stack/data/cinder/mnt/2d3f99609ecefdee49530ffe1255a47c/volume-2ef8bea1-63b8-40c6-ab05-47d20a81c036.92cfdcd0-8a17-4fb0-aeb1-c81b627f03f1,backing_fmt=qcow2 /opt/stack/data/cinder/mnt/2d3f99609ecefdee49530ffe1255a47c/volume-2ef8bea1-63b8-40c6-ab05-47d20a81c036.4354b260-495e-4805-ac48-5a8645e43cbf 1G" returned: 0 in 0.736s {{(pid=80446) execute /opt/stack/data/venv/lib/python3.10/site-packages/oslo_concurrency/processutils.py:372}}
Jan 02 17:05:14 devstack cinder-volume[80446]: DEBUG oslo_concurrency.processutils [None req-536fa6e6-73eb-4655-bb99-6270c8b8e6ab tempest-SnapshotsActionsTest-2083186439 None] Running cmd (subprocess): sudo cinder-rootwrap /etc/cinder/rootwrap.conf qemu-img rebase -u -b volume-2ef8bea1-63b8-40c6-ab05-47d20a81c036.92cfdcd0-8a17-4fb0-aeb1-c81b627f03f1 -F qcow2 /opt/stack/data/cinder/mnt/2d3f99609ecefdee49530ffe1255a47c/volume-2ef8bea1-63b8-40c6-ab05-47d20a81c036.4354b260-495e-4805-ac48-5a8645e43cbf {{(pid=80446) execute /opt/stack/data/venv/lib/python3.10/site-packages/oslo_concurrency/processutils.py:349}}
Jan 02 17:05:14 devstack sudo[90939]: quobyte : PWD=/ ; USER=root ; COMMAND=/opt/stack/data/venv/bin/cinder-rootwrap /etc/cinder/rootwrap.conf qemu-img rebase -u -b volume-2ef8bea1-63b8-40c6-ab05-47d20a81c036.92cfdcd0-8a17-4fb0-aeb1-c81b627f03f1 -F qcow2 /opt/stack/data/cinder/mnt/2d3f99609ecefdee49530ffe1255a47c/volume-2ef8bea1-63b8-40c6-ab05-47d20a81c036.4354b260-495e-4805-ac48-5a8645e43cbf
Jan 02 17:05:14 devstack sudo[90939]: pam_unix(sudo:session): session opened for user root(uid=0) by (uid=1000)
Jan 02 17:05:15 devstack sudo[90939]: pam_unix(sudo:session): session closed for user root
Jan 02 17:05:15 devstack cinder-volume[80446]: DEBUG oslo_concurrency.processutils [None req-536fa6e6-73eb-4655-bb99-6270c8b8e6ab tempest-SnapshotsActionsTest-2083186439 None] CMD "sudo cinder-rootwrap /etc/cinder/rootwrap.conf qemu-img rebase -u -b volume-2ef8bea1-63b8-40c6-ab05-47d20a81c036.92cfdcd0-8a17-4fb0-aeb1-c81b627f03f1 -F qcow2 /opt/stack/data/cinder/mnt/2d3f99609ecefdee49530ffe1255a47c/volume-2ef8bea1-63b8-40c6-ab05-47d20a81c036.4354b260-495e-4805-ac48-5a8645e43cbf" returned: 0 in 0.569s {{(pid=80446) execute /opt/stack/data/venv/lib/python3.10/site-packages/oslo_concurrency/processutils.py:372}}
Jan 02 17:05:15 devstack cinder-volume[80446]: WARNING cinder.volume.drivers.remotefs [None req-536fa6e6-73eb-4655-bb99-6270c8b8e6ab tempest-SnapshotsActionsTest-2083186439 None] /opt/stack/data/cinder/mnt/2d3f99609ecefdee49530ffe1255a47c/volume-2ef8bea1-63b8-40c6-ab05-47d20a81c036.4354b260-495e-4805-ac48-5a8645e43cbf is being set with open permissions: ugo+rw
Jan 02 17:05:15 devstack cinder-volume[80446]: DEBUG oslo_concurrency.processutils [None req-536fa6e6-73eb-4655-bb99-6270c8b8e6ab tempest-SnapshotsActionsTest-2083186439 None] Running cmd (subprocess): sudo cinder-rootwrap /etc/cinder/rootwrap.conf chmod ugo+rw /opt/stack/data/cinder/mnt/2d3f99609ecefdee49530ffe1255a47c/volume-2ef8bea1-63b8-40c6-ab05-47d20a81c036.4354b260-495e-4805-ac48-5a8645e43cbf {{(pid=80446) execute /opt/stack/data/venv/lib/python3.10/site-packages/oslo_concurrency/processutils.py:349}}
