Aug 24 18:46:24 devstack cinder-volume[94358]: DEBUG oslo_concurrency.processutils [None req-0ab78a3c-c538-416d-9fdf-849c9318a4bd tempest-VolumesDeleteCascade-1595280602 None] CMD "sudo cinder-rootwrap /etc/cinder/rootwrap.conf qemu-img rebase -u -b volume-b0a2c598-06e9-400f-a83a-d165f7d6e48f -F qcow2 /opt/stack/data/cinder/mnt/554592a608669deda78d83ae2d4319a6/volume-b0a2c598-06e9-400f-a83a-d165f7d6e48f.45d9ab34-97f2-43e1-b6c4-91c843f171ec" returned: 0 in 0.372s {{(pid=94358) execute /opt/stack/data/venv/lib/python3.12/site-packages/oslo_concurrency/processutils.py:468}}
Aug 24 18:46:24 devstack cinder-volume[94358]: WARNING cinder.volume.drivers.remotefs [None req-0ab78a3c-c538-416d-9fdf-849c9318a4bd tempest-VolumesDeleteCascade-1595280602 None] /opt/stack/data/cinder/mnt/554592a608669deda78d83ae2d4319a6/volume-b0a2c598-06e9-400f-a83a-d165f7d6e48f.45d9ab34-97f2-43e1-b6c4-91c843f171ec is being set with open permissions: ugo+rw
Aug 24 18:46:24 devstack cinder-volume[94358]: DEBUG oslo_concurrency.processutils [None req-0ab78a3c-c538-416d-9fdf-849c9318a4bd tempest-VolumesDeleteCascade-1595280602 None] Running cmd (subprocess): sudo cinder-rootwrap /etc/cinder/rootwrap.conf chmod ugo+rw /opt/stack/data/cinder/mnt/554592a608669deda78d83ae2d4319a6/volume-b0a2c598-06e9-400f-a83a-d165f7d6e48f.45d9ab34-97f2-43e1-b6c4-91c843f171ec {{(pid=94358) execute /opt/stack/data/venv/lib/python3.12/site-packages/oslo_concurrency/processutils.py:440}}
Aug 24 18:46:24 devstack sudo[101674]: quobyte : PWD=/ ; USER=root ; COMMAND=/opt/stack/data/venv/bin/cinder-rootwrap /etc/cinder/rootwrap.conf chmod ugo+rw /opt/stack/data/cinder/mnt/554592a608669deda78d83ae2d4319a6/volume-b0a2c598-06e9-400f-a83a-d165f7d6e48f.45d9ab34-97f2-43e1-b6c4-91c843f171ec
Aug 24 18:46:24 devstack sudo[101674]: pam_unix(sudo:session): session opened for user root(uid=0) by (uid=1000)
Aug 24 18:46:24 devstack sudo[101674]: pam_unix(sudo:session): session closed for user root
Aug 24 18:46:24 devstack cinder-volume[94358]: DEBUG oslo_concurrency.processutils [None req-0ab78a3c-c538-416d-9fdf-849c9318a4bd tempest-VolumesDeleteCascade-1595280602 None] CMD "sudo cinder-rootwrap /etc/cinder/rootwrap.conf chmod ugo+rw /opt/stack/data/cinder/mnt/554592a608669deda78d83ae2d4319a6/volume-b0a2c598-06e9-400f-a83a-d165f7d6e48f.45d9ab34-97f2-43e1-b6c4-91c843f171ec" returned: 0 in 0.282s {{(pid=94358) execute /opt/stack/data/venv/lib/python3.12/site-packages/oslo_concurrency/processutils.py:468}}
Aug 24 18:46:24 devstack cinder-volume[94358]: DEBUG oslo_concurrency.processutils [None req-0ab78a3c-c538-416d-9fdf-849c9318a4bd tempest-VolumesDeleteCascade-1595280602 None] Running cmd (subprocess): sudo cinder-rootwrap /etc/cinder/rootwrap.conf truncate -s0 /opt/stack/data/cinder/mnt/554592a608669deda78d83ae2d4319a6/volume-b0a2c598-06e9-400f-a83a-d165f7d6e48f.info {{(pid=94358) execute /opt/stack/data/venv/lib/python3.12/site-packages/oslo_concurrency/processutils.py:440}}
Aug 24 18:46:24 devstack sudo[101677]: quobyte : PWD=/ ; USER=root ; COMMAND=/opt/stack/data/venv/bin/cinder-rootwrap /etc/cinder/rootwrap.conf truncate -s0 /opt/stack/data/cinder/mnt/554592a608669deda78d83ae2d4319a6/volume-b0a2c598-06e9-400f-a83a-d165f7d6e48f.info
Aug 24 18:46:24 devstack sudo[101677]: pam_unix(sudo:session): session opened for user root(uid=0) by (uid=1000)
Aug 24 18:46:24 devstack cinder-volume[94358]: DEBUG cinder.coordination [None req-7a747f66-8911-4518-94fd-ac0c1693da4b tempest-VolumeSnapshotQuotasNegativeTestJSON-1017735814 None] Acquiring lock "cinder-79f8bc09-c0c0-41b7-a8a7-6a07be3ca221-delete_volume" by "delete_volume" {{(pid=94358) __acquire /opt/stack/cinder/cinder/coordination.py:138}}
Aug 24 18:46:24 devstack cinder-volume[94358]: DEBUG cinder.coordination [None req-7a747f66-8911-4518-94fd-ac0c1693da4b tempest-VolumeSnapshotQuotasNegativeTestJSON-1017735814 None] Lock "cinder-79f8bc09-c0c0-41b7-a8a7-6a07be3ca221-delete_volume" acquired by "delete_volume" :: waited 0.034s {{(pid=94358) __acquire /opt/stack/cinder/cinder/coordination.py:141}}
Aug 24 18:46:24 devstack cinder-volume[94358]: DEBUG oslo_concurrency.lockutils [None req-c89f7f42-54bc-4f46-9373-44acbf092061 tempest-GroupsV314Test-932204691 None] Acquiring lock "quobyte" by "cinder.volume.drivers.quobyte.QuobyteDriver.create_cloned_volume" {{(pid=94358) inner /opt/stack/data/venv/lib/python3.12/site-packages/oslo_concurrency/lockutils.py:512}}
Aug 24 18:46:24 devstack cinder-volume[94358]: DEBUG cinder.coordination [None req-7a747f66-8911-4518-94fd-ac0c1693da4b tempest-VolumeSnapshotQuotasNegativeTestJSON-1017735814 None] Acquiring lock "cinder-quobyte-79f8bc09-c0c0-41b7-a8a7-6a07be3ca221" by "delete_volume" {{(pid=94358) __acquire /opt/stack/cinder/cinder/coordination.py:138}}
Aug 24 18:46:24 devstack cinder-volume[94358]: DEBUG cinder.coordination [None req-7a747f66-8911-4518-94fd-ac0c1693da4b tempest-VolumeSnapshotQuotasNegativeTestJSON-1017735814 None] Lock "cinder-quobyte-79f8bc09-c0c0-41b7-a8a7-6a07be3ca221" acquired by "delete_volume" :: waited 0.022s {{(pid=94358) __acquire /opt/stack/cinder/cinder/coordination.py:141}}
Aug 24 18:46:24 devstack sudo[101677]: pam_unix(sudo:session): session closed for user root
Aug 24 18:46:24 devstack cinder-volume[94358]: DEBUG oslo_concurrency.processutils [None req-0ab78a3c-c538-416d-9fdf-849c9318a4bd tempest-VolumesDeleteCascade-1595280602 None] CMD "sudo cinder-rootwrap /etc/cinder/rootwrap.conf truncate -s0 /opt/stack/data/cinder/mnt/554592a608669deda78d83ae2d4319a6/volume-b0a2c598-06e9-400f-a83a-d165f7d6e48f.info" returned: 0 in 0.426s {{(pid=94358) execute /opt/stack/data/venv/lib/python3.12/site-packages/oslo_concurrency/processutils.py:468}}
Aug 24 18:46:24 devstack cinder-volume[94358]: WARNING cinder.volume.drivers.remotefs [None req-0ab78a3c-c538-416d-9fdf-849c9318a4bd tempest-VolumesDeleteCascade-1595280602 None] /opt/stack/data/cinder/mnt/554592a608669deda78d83ae2d4319a6/volume-b0a2c598-06e9-400f-a83a-d165f7d6e48f.info is being set with open permissions: ugo+rw
Aug 24 18:46:24 devstack cinder-volume[94358]: DEBUG oslo_concurrency.processutils [None req-0ab78a3c-c538-416d-9fdf-849c9318a4bd tempest-VolumesDeleteCascade-1595280602 None] Running cmd (subprocess): sudo cinder-rootwrap /etc/cinder/rootwrap.conf chmod ugo+rw /opt/stack/data/cinder/mnt/554592a608669deda78d83ae2d4319a6/volume-b0a2c598-06e9-400f-a83a-d165f7d6e48f.info {{(pid=94358) execute /opt/stack/data/venv/lib/python3.12/site-packages/oslo_concurrency/processutils.py:440}}
Aug 24 18:46:24 devstack cinder-volume[94358]: DEBUG oslo.privsep.daemon [-] privsep: reply[b06b0ea1-3a96-427e-9036-251fab58ae87]: (4, 'qcow2') {{(pid=96284) _call_back /opt/stack/data/venv/lib/python3.12/site-packages/oslo_privsep/daemon.py:580}}
Aug 24 18:46:24 devstack cinder-volume[94358]: DEBUG oslo_concurrency.processutils [None req-7a747f66-8911-4518-94fd-ac0c1693da4b tempest-VolumeSnapshotQuotasNegativeTestJSON-1017735814 None] Running cmd (subprocess): /opt/stack/data/venv/bin/python3.12 -m oslo_concurrency.prlimit --as=1073741824 --cpu=60 -- sudo cinder-rootwrap /etc/cinder/rootwrap.conf env LC_ALL=C qemu-img info -f qcow2 --output=json --force-share /opt/stack/data/cinder/mnt/554592a608669deda78d83ae2d4319a6/volume-79f8bc09-c0c0-41b7-a8a7-6a07be3ca221 {{(pid=94358) execute /opt/stack/data/venv/lib/python3.12/site-packages/oslo_concurrency/processutils.py:440}}
Aug 24 18:46:24 devstack sudo[101681]: quobyte : PWD=/ ; USER=root ; COMMAND=/opt/stack/data/venv/bin/cinder-rootwrap /etc/cinder/rootwrap.conf chmod ugo+rw /opt/stack/data/cinder/mnt/554592a608669deda78d83ae2d4319a6/volume-b0a2c598-06e9-400f-a83a-d165f7d6e48f.info
Aug 24 18:46:24 devstack sudo[101681]: pam_unix(sudo:session): session opened for user root(uid=0) by (uid=1000)
Aug 24 18:46:25 devstack sudo[101683]: quobyte : PWD=/ ; USER=root ; COMMAND=/opt/stack/data/venv/bin/cinder-rootwrap /etc/cinder/rootwrap.conf env LC_ALL=C qemu-img info -f qcow2 --output=json --force-share /opt/stack/data/cinder/mnt/554592a608669deda78d83ae2d4319a6/volume-79f8bc09-c0c0-41b7-a8a7-6a07be3ca221
Aug 24 18:46:25 devstack sudo[101683]: pam_unix(sudo:session): session opened for user root(uid=0) by (uid=1000)
Aug 24 18:46:25 devstack sudo[101681]: pam_unix(sudo:session): session closed for user root
Aug 24 18:46:25 devstack cinder-volume[94358]: DEBUG oslo_concurrency.processutils [None req-0ab78a3c-c538-416d-9fdf-849c9318a4bd tempest-VolumesDeleteCascade-1595280602 None] CMD "sudo cinder-rootwrap /etc/cinder/rootwrap.conf chmod ugo+rw /opt/stack/data/cinder/mnt/554592a608669deda78d83ae2d4319a6/volume-b0a2c598-06e9-400f-a83a-d165f7d6e48f.info" returned: 0 in 0.341s {{(pid=94358) execute /opt/stack/data/venv/lib/python3.12/site-packages/oslo_concurrency/processutils.py:468}}
Aug 24 18:46:25 devstack cinder-volume[94358]: DEBUG oslo_concurrency.lockutils [None req-0ab78a3c-c538-416d-9fdf-849c9318a4bd tempest-VolumesDeleteCascade-1595280602 None] Lock "quobyte" "released" by "cinder.volume.drivers.quobyte.QuobyteDriver.create_snapshot" :: held 2.595s {{(pid=94358) inner /opt/stack/data/venv/lib/python3.12/site-packages/oslo_concurrency/lockutils.py:544}}
Aug 24 18:46:25 devstack cinder-volume[94358]: DEBUG oslo_concurrency.lockutils [None req-c89f7f42-54bc-4f46-9373-44acbf092061 tempest-GroupsV314Test-932204691 None] Lock "quobyte" acquired by "cinder.volume.drivers.quobyte.QuobyteDriver.create_cloned_volume" :: waited 0.498s {{(pid=94358) inner /opt/stack/data/venv/lib/python3.12/site-packages/oslo_concurrency/lockutils.py:525}}
Aug 24 18:46:25 devstack cinder-volume[94358]: INFO cinder.volume.drivers.remotefs [None req-c89f7f42-54bc-4f46-9373-44acbf092061 tempest-GroupsV314Test-932204691 None] Cloning volume 7894b579-493d-492d-92f1-d53cda972ec3 to volume e710e38a-09bf-41dd-a676-aa899b5a1c24
Aug 24 18:46:25 devstack cinder-volume[94358]: DEBUG cinder.volume.drivers.remotefs [None req-c89f7f42-54bc-4f46-9373-44acbf092061 tempest-GroupsV314Test-932204691 None] Creating offline snapshot ea9f6286-0d7d-444e-8484-20ebd06ea9ce of volume 7894b579-493d-492d-92f1-d53cda972ec3 {{(pid=94358) _create_snapshot /opt/stack/cinder/cinder/volume/drivers/remotefs.py:1816}}
Aug 24 18:46:25 devstack cinder-volume[94358]: INFO cinder.volume.manager [None req-0ab78a3c-c538-416d-9fdf-849c9318a4bd tempest-VolumesDeleteCascade-1595280602 None] Create snapshot completed successfully
Aug 24 18:46:25 devstack cinder-volume[94358]: DEBUG oslo.privsep.daemon [-] privsep: reply[eed30da8-a0de-4cb5-a44c-bbe39b318951]: (4, 'qcow2') {{(pid=96284) _call_back /opt/stack/data/venv/lib/python3.12/site-packages/oslo_privsep/daemon.py:580}}
Aug 24 18:46:25 devstack cinder-volume[94358]: DEBUG oslo_concurrency.processutils [None req-c89f7f42-54bc-4f46-9373-44acbf092061 tempest-GroupsV314Test-932204691 None] Running cmd (subprocess): /opt/stack/data/venv/bin/python3.12 -m oslo_concurrency.prlimit --as=1073741824 --cpu=60 -- sudo cinder-rootwrap /etc/cinder/rootwrap.conf env LC_ALL=C qemu-img info -f qcow2 --output=json --force-share /opt/stack/data/cinder/mnt/554592a608669deda78d83ae2d4319a6/volume-7894b579-493d-492d-92f1-d53cda972ec3 {{(pid=94358) execute /opt/stack/data/venv/lib/python3.12/site-packages/oslo_concurrency/processutils.py:440}}
Aug 24 18:46:25 devstack sudo[101683]: pam_unix(sudo:session): session closed for user root
Aug 24 18:46:25 devstack cinder-volume[94358]: DEBUG oslo_concurrency.processutils [None req-7a747f66-8911-4518-94fd-ac0c1693da4b tempest-VolumeSnapshotQuotasNegativeTestJSON-1017735814 None] CMD "/opt/stack/data/venv/bin/python3.12 -m oslo_concurrency.prlimit --as=1073741824 --cpu=60 -- sudo cinder-rootwrap /etc/cinder/rootwrap.conf env LC_ALL=C qemu-img info -f qcow2 --output=json --force-share /opt/stack/data/cinder/mnt/554592a608669deda78d83ae2d4319a6/volume-79f8bc09-c0c0-41b7-a8a7-6a07be3ca221" returned: 0 in 0.512s {{(pid=94358) execute /opt/stack/data/venv/lib/python3.12/site-packages/oslo_concurrency/processutils.py:468}}
Aug 24 18:46:25 devstack cinder-volume[94358]: DEBUG oslo_concurrency.processutils [None req-7a747f66-8911-4518-94fd-ac0c1693da4b tempest-VolumeSnapshotQuotasNegativeTestJSON-1017735814 None] Running cmd (subprocess): sudo cinder-rootwrap /etc/cinder/rootwrap.conf rm -f /opt/stack/data/cinder/mnt/554592a608669deda78d83ae2d4319a6/volume-79f8bc09-c0c0-41b7-a8a7-6a07be3ca221 {{(pid=94358) execute /opt/stack/data/venv/lib/python3.12/site-packages/oslo_concurrency/processutils.py:440}}
Aug 24 18:46:25 devstack sudo[101690]: quobyte : PWD=/ ; USER=root ; COMMAND=/opt/stack/data/venv/bin/cinder-rootwrap /etc/cinder/rootwrap.conf rm -f /opt/stack/data/cinder/mnt/554592a608669deda78d83ae2d4319a6/volume-79f8bc09-c0c0-41b7-a8a7-6a07be3ca221
Aug 24 18:46:25 devstack sudo[101690]: pam_unix(sudo:session): session opened for user root(uid=0) by (uid=1000)
Aug 24 18:46:25 devstack sudo[101689]: quobyte : PWD=/ ; USER=root ; COMMAND=/opt/stack/data/venv/bin/cinder-rootwrap /etc/cinder/rootwrap.conf env LC_ALL=C qemu-img info -f qcow2 --output=json --force-share /opt/stack/data/cinder/mnt/554592a608669deda78d83ae2d4319a6/volume-7894b579-493d-492d-92f1-d53cda972ec3
Aug 24 18:46:25 devstack sudo[101689]: pam_unix(sudo:session): session opened for user root(uid=0) by (uid=1000)
Aug 24 18:46:25 devstack sudo[101690]: pam_unix(sudo:session): session closed for user root
Aug 24 18:46:25 devstack cinder-volume[94358]: DEBUG oslo_concurrency.processutils [None req-7a747f66-8911-4518-94fd-ac0c1693da4b tempest-VolumeSnapshotQuotasNegativeTestJSON-1017735814 None] CMD "sudo cinder-rootwrap /etc/cinder/rootwrap.conf rm -f /opt/stack/data/cinder/mnt/554592a608669deda78d83ae2d4319a6/volume-79f8bc09-c0c0-41b7-a8a7-6a07be3ca221" returned: 0 in 0.347s {{(pid=94358) execute /opt/stack/data/venv/lib/python3.12/site-packages/oslo_concurrency/processutils.py:468}}
Aug 24 18:46:25 devstack cinder-volume[94358]: DEBUG cinder.coordination [None req-7a747f66-8911-4518-94fd-ac0c1693da4b tempest-VolumeSnapshotQuotasNegativeTestJSON-1017735814 None] Lock "cinder-quobyte-79f8bc09-c0c0-41b7-a8a7-6a07be3ca221" released by "delete_volume" :: held 0.959s {{(pid=94358) __release /opt/stack/cinder/cinder/coordination.py:152}}
Aug 24 18:46:25 devstack cinder-volume[94358]: DEBUG oslo_concurrency.lockutils [None req-d2caa8a9-baa5-4183-8d48-eef849dc5062 tempest-VolumesDeleteCascade-1595280602 None] Acquiring lock "quobyte" by "cinder.volume.drivers.quobyte.QuobyteDriver.create_snapshot" {{(pid=94358) inner /opt/stack/data/venv/lib/python3.12/site-packages/oslo_concurrency/lockutils.py:512}}
Aug 24 18:46:25 devstack sudo[101689]: pam_unix(sudo:session): session closed for user root
Aug 24 18:46:25 devstack cinder-volume[94358]: DEBUG oslo_concurrency.processutils [None req-c89f7f42-54bc-4f46-9373-44acbf092061 tempest-GroupsV314Test-932204691 None] CMD "/opt/stack/data/venv/bin/python3.12 -m oslo_concurrency.prlimit --as=1073741824 --cpu=60 -- sudo cinder-rootwrap /etc/cinder/rootwrap.conf env LC_ALL=C qemu-img info -f qcow2 --output=json --force-share /opt/stack/data/cinder/mnt/554592a608669deda78d83ae2d4319a6/volume-7894b579-493d-492d-92f1-d53cda972ec3" returned: 0 in 0.503s {{(pid=94358) execute /opt/stack/data/venv/lib/python3.12/site-packages/oslo_concurrency/processutils.py:468}}
Aug 24 18:46:25 devstack cinder-volume[94358]: DEBUG oslo_concurrency.processutils [None req-c89f7f42-54bc-4f46-9373-44acbf092061 tempest-GroupsV314Test-932204691 None] Running cmd (subprocess): sudo cinder-rootwrap /etc/cinder/rootwrap.conf qemu-img create -f qcow2 -o backing_file=/opt/stack/data/cinder/mnt/554592a608669deda78d83ae2d4319a6/volume-7894b579-493d-492d-92f1-d53cda972ec3,backing_fmt=qcow2 /opt/stack/data/cinder/mnt/554592a608669deda78d83ae2d4319a6/volume-7894b579-493d-492d-92f1-d53cda972ec3.ea9f6286-0d7d-444e-8484-20ebd06ea9ce 1G {{(pid=94358) execute /opt/stack/data/venv/lib/python3.12/site-packages/oslo_concurrency/processutils.py:440}}
Aug 24 18:46:25 devstack cinder-volume[94358]: DEBUG cinder.quota [None req-7a747f66-8911-4518-94fd-ac0c1693da4b tempest-VolumeSnapshotQuotasNegativeTestJSON-1017735814 None] Created reservations ['0b3cbe14-970b-4ccd-987d-30f43e1c71bb', '297dbc34-0ecb-4c40-b840-c0035b59e6b1', '268fb994-b01c-4e01-85f2-23c5c2c19cb4', 'bf9f510f-35fe-47ff-a6ac-faf564bc8cee'] {{(pid=94358) reserve /opt/stack/cinder/cinder/quota.py:752}}
Aug 24 18:46:25 devstack sudo[101697]: quobyte : PWD=/ ; USER=root ; COMMAND=/opt/stack/data/venv/bin/cinder-rootwrap /etc/cinder/rootwrap.conf qemu-img create -f qcow2 -o backing_file=/opt/stack/data/cinder/mnt/554592a608669deda78d83ae2d4319a6/volume-7894b579-493d-492d-92f1-d53cda972ec3,backing_fmt=qcow2 /opt/stack/data/cinder/mnt/554592a608669deda78d83ae2d4319a6/volume-7894b579-493d-492d-92f1-d53cda972ec3.ea9f6286-0d7d-444e-8484-20ebd06ea9ce 1G
Aug 24 18:46:25 devstack sudo[101697]: pam_unix(sudo:session): session opened for user root(uid=0) by (uid=1000)
Aug 24 18:46:25 devstack cinder-volume[94358]: DEBUG oslo_concurrency.lockutils [None req-7a747f66-8911-4518-94fd-ac0c1693da4b tempest-VolumeSnapshotQuotasNegativeTestJSON-1017735814 None] Acquiring lock "quobyte_ensure" by "cinder.volume.drivers.quobyte.QuobyteDriver._ensure_shares_mounted" {{(pid=94358) inner /opt/stack/data/venv/lib/python3.12/site-packages/oslo_concurrency/lockutils.py:512}}
Aug 24 18:46:25 devstack cinder-volume[94358]: DEBUG oslo_concurrency.lockutils [None req-7a747f66-8911-4518-94fd-ac0c1693da4b tempest-VolumeSnapshotQuotasNegativeTestJSON-1017735814 None] Lock "quobyte_ensure" acquired by "cinder.volume.drivers.quobyte.QuobyteDriver._ensure_shares_mounted" :: waited 0.001s {{(pid=94358) inner /opt/stack/data/venv/lib/python3.12/site-packages/oslo_concurrency/lockutils.py:525}}
Aug 24 18:46:25 devstack cinder-volume[94358]: DEBUG cinder.volume.drivers.quobyte [None req-7a747f66-8911-4518-94fd-ac0c1693da4b tempest-VolumeSnapshotQuotasNegativeTestJSON-1017735814 None] Quobyte Volume URL set to: {'osci02.corp.quobyte.com/cinder-vol-cdf859ec-5f29-4efd-8fcd-12d5e22f1ad6': None} {{(pid=94358) _load_shares_config /opt/stack/cinder/cinder/volume/drivers/quobyte.py:665}}
Aug 24 18:46:25 devstack cinder-volume[94358]: DEBUG cinder.volume.drivers.quobyte [None req-7a747f66-8911-4518-94fd-ac0c1693da4b tempest-VolumeSnapshotQuotasNegativeTestJSON-1017735814 None] Available shares ['osci02.corp.quobyte.com/cinder-vol-cdf859ec-5f29-4efd-8fcd-12d5e22f1ad6'] {{(pid=94358) _ensure_shares_mounted /opt/stack/cinder/cinder/volume/drivers/quobyte.py:695}}
Aug 24 18:46:25 devstack cinder-volume[94358]: DEBUG oslo_concurrency.lockutils [None req-7a747f66-8911-4518-94fd-ac0c1693da4b tempest-VolumeSnapshotQuotasNegativeTestJSON-1017735814 None] Lock "quobyte_ensure" "released" by "cinder.volume.drivers.quobyte.QuobyteDriver._ensure_shares_mounted" :: held 0.010s {{(pid=94358) inner /opt/stack/data/venv/lib/python3.12/site-packages/oslo_concurrency/lockutils.py:544}}
Aug 24 18:46:25 devstack cinder-volume[94358]: DEBUG oslo_concurrency.processutils [None req-7a747f66-8911-4518-94fd-ac0c1693da4b tempest-VolumeSnapshotQuotasNegativeTestJSON-1017735814 None] Running cmd (subprocess): sudo cinder-rootwrap /etc/cinder/rootwrap.conf df --portability --block-size 1 /opt/stack/data/cinder/mnt/554592a608669deda78d83ae2d4319a6 {{(pid=94358) execute /opt/stack/data/venv/lib/python3.12/site-packages/oslo_concurrency/processutils.py:440}}
Aug 24 18:46:26 devstack sudo[101699]: quobyte : PWD=/ ; USER=root ; COMMAND=/opt/stack/data/venv/bin/cinder-rootwrap /etc/cinder/rootwrap.conf df --portability --block-size 1 /opt/stack/data/cinder/mnt/554592a608669deda78d83ae2d4319a6
Aug 24 18:46:26 devstack sudo[101699]: pam_unix(sudo:session): session opened for user root(uid=0) by (uid=1000)
Aug 24 18:46:26 devstack sudo[101699]: pam_unix(sudo:session): session closed for user root
Aug 24 18:46:26 devstack cinder-volume[94358]: DEBUG oslo_concurrency.processutils [None req-7a747f66-8911-4518-94fd-ac0c1693da4b tempest-VolumeSnapshotQuotasNegativeTestJSON-1017735814 None] CMD "sudo cinder-rootwrap /etc/cinder/rootwrap.conf df --portability --block-size 1 /opt/stack/data/cinder/mnt/554592a608669deda78d83ae2d4319a6" returned: 0 in 0.282s {{(pid=94358) execute /opt/stack/data/venv/lib/python3.12/site-packages/oslo_concurrency/processutils.py:468}}
Aug 24 18:46:26 devstack cinder-volume[94358]: DEBUG cinder.manager [None req-7a747f66-8911-4518-94fd-ac0c1693da4b tempest-VolumeSnapshotQuotasNegativeTestJSON-1017735814 None] Notifying Schedulers of capabilities ... {{(pid=94358) _publish_service_capabilities /opt/stack/cinder/cinder/manager.py:219}}
Aug 24 18:46:26 devstack cinder-volume[94358]: INFO cinder.volume.manager [None req-7a747f66-8911-4518-94fd-ac0c1693da4b tempest-VolumeSnapshotQuotasNegativeTestJSON-1017735814 None] Deleted volume successfully.
Aug 24 18:46:26 devstack cinder-volume[94358]: DEBUG cinder.coordination [None req-7a747f66-8911-4518-94fd-ac0c1693da4b tempest-VolumeSnapshotQuotasNegativeTestJSON-1017735814 None] Lock "cinder-79f8bc09-c0c0-41b7-a8a7-6a07be3ca221-delete_volume" released by "delete_volume" :: held 1.582s {{(pid=94358) __release /opt/stack/cinder/cinder/coordination.py:152}}
Aug 24 18:46:26 devstack sudo[101697]: pam_unix(sudo:session): session closed for user root
Aug 24 18:46:26 devstack cinder-volume[94358]: DEBUG oslo_concurrency.processutils [None req-c89f7f42-54bc-4f46-9373-44acbf092061 tempest-GroupsV314Test-932204691 None] CMD "sudo cinder-rootwrap /etc/cinder/rootwrap.conf qemu-img create -f qcow2 -o backing_file=/opt/stack/data/cinder/mnt/554592a608669deda78d83ae2d4319a6/volume-7894b579-493d-492d-92f1-d53cda972ec3,backing_fmt=qcow2 /opt/stack/data/cinder/mnt/554592a608669deda78d83ae2d4319a6/volume-7894b579-493d-492d-92f1-d53cda972ec3.ea9f6286-0d7d-444e-8484-20ebd06ea9ce 1G" returned: 0 in 0.538s {{(pid=94358) execute /opt/stack/data/venv/lib/python3.12/site-packages/oslo_concurrency/processutils.py:468}}
Aug 24 18:46:26 devstack cinder-volume[94358]: DEBUG oslo_concurrency.processutils [None req-c89f7f42-54bc-4f46-9373-44acbf092061 tempest-GroupsV314Test-932204691 None] Running cmd (subprocess): sudo cinder-rootwrap /etc/cinder/rootwrap.conf qemu-img rebase -u -b volume-7894b579-493d-492d-92f1-d53cda972ec3 -F qcow2 /opt/stack/data/cinder/mnt/554592a608669deda78d83ae2d4319a6/volume-7894b579-493d-492d-92f1-d53cda972ec3.ea9f6286-0d7d-444e-8484-20ebd06ea9ce {{(pid=94358) execute /opt/stack/data/venv/lib/python3.12/site-packages/oslo_concurrency/processutils.py:440}}
Aug 24 18:46:26 devstack sudo[101706]: quobyte : PWD=/ ; USER=root ; COMMAND=/opt/stack/data/venv/bin/cinder-rootwrap /etc/cinder/rootwrap.conf qemu-img rebase -u -b volume-7894b579-493d-492d-92f1-d53cda972ec3 -F qcow2 /opt/stack/data/cinder/mnt/554592a608669deda78d83ae2d4319a6/volume-7894b579-493d-492d-92f1-d53cda972ec3.ea9f6286-0d7d-444e-8484-20ebd06ea9ce
Aug 24 18:46:26 devstack sudo[101706]: pam_unix(sudo:session): session opened for user root(uid=0) by (uid=1000)
Aug 24 18:46:26 devstack sudo[101706]: pam_unix(sudo:session): session closed for user root
Aug 24 18:46:26 devstack cinder-volume[94358]: DEBUG oslo_concurrency.processutils [None req-c89f7f42-54bc-4f46-9373-44acbf092061 tempest-GroupsV314Test-932204691 None] CMD "sudo cinder-rootwrap /etc/cinder/rootwrap.conf qemu-img rebase -u -b volume-7894b579-493d-492d-92f1-d53cda972ec3 -F qcow2 /opt/stack/data/cinder/mnt/554592a608669deda78d83ae2d4319a6/volume-7894b579-493d-492d-92f1-d53cda972ec3.ea9f6286-0d7d-444e-8484-20ebd06ea9ce" returned: 0 in 0.423s {{(pid=94358) execute /opt/stack/data/venv/lib/python3.12/site-packages/oslo_concurrency/processutils.py:468}}
Aug 24 18:46:26 devstack cinder-volume[94358]: WARNING cinder.volume.drivers.remotefs [None req-c89f7f42-54bc-4f46-9373-44acbf092061 tempest-GroupsV314Test-932204691 None] /opt/stack/data/cinder/mnt/554592a608669deda78d83ae2d4319a6/volume-7894b579-493d-492d-92f1-d53cda972ec3.ea9f6286-0d7d-444e-8484-20ebd06ea9ce is being set with open permissions: ugo+rw: NotImplementedError
Aug 24 18:46:26 devstack cinder-volume[94358]: DEBUG oslo_concurrency.processutils [None req-c89f7f42-54bc-4f46-9373-44acbf092061 tempest-GroupsV314Test-932204691 None] Running cmd (subprocess): sudo cinder-rootwrap /etc/cinder/rootwrap.conf chmod ugo+rw /opt/stack/data/cinder/mnt/554592a608669deda78d83ae2d4319a6/volume-7894b579-493d-492d-92f1-d53cda972ec3.ea9f6286-0d7d-444e-8484-20ebd06ea9ce {{(pid=94358) execute /opt/stack/data/venv/lib/python3.12/site-packages/oslo_concurrency/processutils.py:440}}
Aug 24 18:46:26 devstack sudo[101712]: quobyte : PWD=/ ; USER=root ; COMMAND=/opt/stack/data/venv/bin/cinder-rootwrap /etc/cinder/rootwrap.conf chmod ugo+rw /opt/stack/data/cinder/mnt/554592a608669deda78d83ae2d4319a6/volume-7894b579-493d-492d-92f1-d53cda972ec3.ea9f6286-0d7d-444e-8484-20ebd06ea9ce
Aug 24 18:46:26 devstack sudo[101712]: pam_unix(sudo:session): session opened for user root(uid=0) by (uid=1000)
Aug 24 18:46:27 devstack sudo[101712]: pam_unix(sudo:session): session closed for user root
Aug 24 18:46:27 devstack cinder-volume[94358]: DEBUG oslo_concurrency.processutils [None req-c89f7f42-54bc-4f46-9373-44acbf092061 tempest-GroupsV314Test-932204691 None] CMD "sudo cinder-rootwrap /etc/cinder/rootwrap.conf chmod ugo+rw /opt/stack/data/cinder/mnt/554592a608669deda78d83ae2d4319a6/volume-7894b579-493d-492d-92f1-d53cda972ec3.ea9f6286-0d7d-444e-8484-20ebd06ea9ce" returned: 0 in 0.349s {{(pid=94358) execute /opt/stack/data/venv/lib/python3.12/site-packages/oslo_concurrency/processutils.py:468}}
Aug 24 18:46:27 devstack cinder-volume[94358]: DEBUG dbcounter [-] [94358] Writing DB stats cinder:SELECT=118,cinder:UPDATE=148,cinder:DELETE=12,cinder:INSERT=40 {{(pid=94358) stat_writer /opt/stack/data/venv/lib/python3.12/site-packages/dbcounter.py:115}}
Aug 24 18:46:27 devstack cinder-volume[94358]: DEBUG dbcounter [-] [94358] Writing DB stats cinder:SELECT=127,cinder:UPDATE=153,cinder:INSERT=43,cinder:DELETE=14 {{(pid=94358) stat_writer /opt/stack/data/venv/lib/python3.12/site-packages/dbcounter.py:115}}
Aug 24 18:46:27 devstack cinder-volume[94358]: DEBUG oslo_concurrency.processutils [None req-c89f7f42-54bc-4f46-9373-44acbf092061 tempest-GroupsV314Test-932204691 None] Running cmd (subprocess): sudo cinder-rootwrap /etc/cinder/rootwrap.conf truncate -s0 /opt/stack/data/cinder/mnt/554592a608669deda78d83ae2d4319a6/volume-7894b579-493d-492d-92f1-d53cda972ec3.info {{(pid=94358) execute /opt/stack/data/venv/lib/python3.12/site-packages/oslo_concurrency/processutils.py:440}}
Aug 24 18:46:27 devstack sudo[101716]: quobyte : PWD=/ ; USER=root ; COMMAND=/opt/stack/data/venv/bin/cinder-rootwrap /etc/cinder/rootwrap.conf truncate -s0 /opt/stack/data/cinder/mnt/554592a608669deda78d83ae2d4319a6/volume-7894b579-493d-492d-92f1-d53cda972ec3.info
Aug 24 18:46:27 devstack sudo[101716]: pam_unix(sudo:session): session opened for user root(uid=0) by (uid=1000)
Aug 24 18:46:27 devstack sudo[101716]: pam_unix(sudo:session): session closed for user root
Aug 24 18:46:27 devstack cinder-volume[94358]: DEBUG oslo_concurrency.processutils [None req-c89f7f42-54bc-4f46-9373-44acbf092061 tempest-GroupsV314Test-932204691 None] CMD "sudo cinder-rootwrap /etc/cinder/rootwrap.conf truncate -s0 /opt/stack/data/cinder/mnt/554592a608669deda78d83ae2d4319a6/volume-7894b579-493d-492d-92f1-d53cda972ec3.info" returned: 0 in 0.410s {{(pid=94358) execute /opt/stack/data/venv/lib/python3.12/site-packages/oslo_concurrency/processutils.py:468}}
Aug 24 18:46:27 devstack cinder-volume[94358]: WARNING cinder.volume.drivers.remotefs [None req-c89f7f42-54bc-4f46-9373-44acbf092061 tempest-GroupsV314Test-932204691 None] /opt/stack/data/cinder/mnt/554592a608669deda78d83ae2d4319a6/volume-7894b579-493d-492d-92f1-d53cda972ec3.info is being set with open permissions: ugo+rw: NotImplementedError
Aug 24 18:46:27 devstack cinder-volume[94358]: DEBUG oslo_concurrency.processutils [None req-c89f7f42-54bc-4f46-9373-44acbf092061 tempest-GroupsV314Test-932204691 None] Running cmd (subprocess): sudo cinder-rootwrap /etc/cinder/rootwrap.conf chmod ugo+rw /opt/stack/data/cinder/mnt/554592a608669deda78d83ae2d4319a6/volume-7894b579-493d-492d-92f1-d53cda972ec3.info {{(pid=94358) execute /opt/stack/data/venv/lib/python3.12/site-packages/oslo_concurrency/processutils.py:440}}
Aug 24 18:46:27 devstack sudo[101719]: quobyte : PWD=/ ; USER=root ; COMMAND=/opt/stack/data/venv/bin/cinder-rootwrap /etc/cinder/rootwrap.conf chmod ugo+rw /opt/stack/data/cinder/mnt/554592a608669deda78d83ae2d4319a6/volume-7894b579-493d-492d-92f1-d53cda972ec3.info
Aug 24 18:46:27 devstack sudo[101719]: pam_unix(sudo:session): session opened for user root(uid=0) by (uid=1000)
Aug 24 18:46:27 devstack sudo[101719]: pam_unix(sudo:session): session closed for user root
Aug 24 18:46:27 devstack cinder-volume[94358]: DEBUG oslo_concurrency.processutils [None req-c89f7f42-54bc-4f46-9373-44acbf092061 tempest-GroupsV314Test-932204691 None] CMD "sudo cinder-rootwrap /etc/cinder/rootwrap.conf chmod ugo+rw /opt/stack/data/cinder/mnt/554592a608669deda78d83ae2d4319a6/volume-7894b579-493d-492d-92f1-d53cda972ec3.info" returned: 0 in 0.270s {{(pid=94358) execute /opt/stack/data/venv/lib/python3.12/site-packages/oslo_concurrency/processutils.py:468}}
Aug 24 18:46:27 devstack cinder-volume[94358]: DEBUG cinder.coordination [None req-c89f7f42-54bc-4f46-9373-44acbf092061 tempest-GroupsV314Test-932204691 None] Acquiring lock "cinder-quobyte-e710e38a-09bf-41dd-a676-aa899b5a1c24" by "_copy_volume_from_snapshot" {{(pid=94358) __acquire /opt/stack/cinder/cinder/coordination.py:138}}
Aug 24 18:46:27 devstack cinder-volume[94358]: DEBUG cinder.coordination [None req-c89f7f42-54bc-4f46-9373-44acbf092061 tempest-GroupsV314Test-932204691 None] Lock "cinder-quobyte-e710e38a-09bf-41dd-a676-aa899b5a1c24" acquired by "_copy_volume_from_snapshot" :: waited 0.015s {{(pid=94358) __acquire /opt/stack/cinder/cinder/coordination.py:141}}
Aug 24 18:46:27 devstack cinder-volume[94358]: DEBUG cinder.volume.drivers.quobyte [None req-c89f7f42-54bc-4f46-9373-44acbf092061 tempest-GroupsV314Test-932204691 None] snapshot: ea9f6286-0d7d-444e-8484-20ebd06ea9ce, volume: e710e38a-09bf-41dd-a676-aa899b5a1c24, {{(pid=94358) _copy_volume_from_snapshot /opt/stack/cinder/cinder/volume/drivers/quobyte.py:405}}
Aug 24 18:46:27 devstack cinder-volume[94358]: DEBUG oslo_concurrency.lockutils [None req-c89f7f42-54bc-4f46-9373-44acbf092061 tempest-GroupsV314Test-932204691 None] Acquiring lock "quobyte_ensure" by "cinder.volume.drivers.quobyte.QuobyteDriver._ensure_shares_mounted" {{(pid=94358) inner /opt/stack/data/venv/lib/python3.12/site-packages/oslo_concurrency/lockutils.py:512}}
Aug 24 18:46:27 devstack cinder-volume[94358]: DEBUG oslo_concurrency.lockutils [None req-c89f7f42-54bc-4f46-9373-44acbf092061 tempest-GroupsV314Test-932204691 None] Lock "quobyte_ensure" acquired by "cinder.volume.drivers.quobyte.QuobyteDriver._ensure_shares_mounted" :: waited 0.001s {{(pid=94358) inner /opt/stack/data/venv/lib/python3.12/site-packages/oslo_concurrency/lockutils.py:525}}
Aug 24 18:46:27 devstack cinder-volume[94358]: DEBUG cinder.volume.drivers.quobyte [None req-c89f7f42-54bc-4f46-9373-44acbf092061 tempest-GroupsV314Test-932204691 None] Quobyte Volume URL set to: {'osci02.corp.quobyte.com/cinder-vol-cdf859ec-5f29-4efd-8fcd-12d5e22f1ad6': None} {{(pid=94358) _load_shares_config /opt/stack/cinder/cinder/volume/drivers/quobyte.py:665}}
Aug 24 18:46:27 devstack cinder-volume[94358]: DEBUG cinder.volume.drivers.quobyte [None req-c89f7f42-54bc-4f46-9373-44acbf092061 tempest-GroupsV314Test-932204691 None] Available shares ['osci02.corp.quobyte.com/cinder-vol-cdf859ec-5f29-4efd-8fcd-12d5e22f1ad6'] {{(pid=94358) _ensure_shares_mounted /opt/stack/cinder/cinder/volume/drivers/quobyte.py:695}}
Aug 24 18:46:27 devstack cinder-volume[94358]: DEBUG oslo_concurrency.lockutils [None req-c89f7f42-54bc-4f46-9373-44acbf092061 tempest-GroupsV314Test-932204691 None] Lock "quobyte_ensure" "released" by "cinder.volume.drivers.quobyte.QuobyteDriver._ensure_shares_mounted" :: held 0.006s {{(pid=94358) inner /opt/stack/data/venv/lib/python3.12/site-packages/oslo_concurrency/lockutils.py:544}}
Aug 24 18:46:27 devstack cinder-volume[94358]: DEBUG oslo.privsep.daemon [-] privsep: reply[5dec61a7-fd08-443e-90ad-86ab21c668b2]: (4, 'qcow2') {{(pid=96284) _call_back /opt/stack/data/venv/lib/python3.12/site-packages/oslo_privsep/daemon.py:580}}
Aug 24 18:46:27 devstack cinder-volume[94358]: DEBUG oslo_concurrency.processutils [None req-c89f7f42-54bc-4f46-9373-44acbf092061 tempest-GroupsV314Test-932204691 None] Running cmd (subprocess): /opt/stack/data/venv/bin/python3.12 -m oslo_concurrency.prlimit --as=1073741824 --cpu=60 -- sudo cinder-rootwrap /etc/cinder/rootwrap.conf env LC_ALL=C qemu-img info -f qcow2 --output=json --force-share /opt/stack/data/cinder/mnt/554592a608669deda78d83ae2d4319a6/volume-7894b579-493d-492d-92f1-d53cda972ec3.ea9f6286-0d7d-444e-8484-20ebd06ea9ce {{(pid=94358) execute /opt/stack/data/venv/lib/python3.12/site-packages/oslo_concurrency/processutils.py:440}}
Aug 24 18:46:28 devstack sudo[101722]: quobyte : PWD=/ ; USER=root ; COMMAND=/opt/stack/data/venv/bin/cinder-rootwrap /etc/cinder/rootwrap.conf env LC_ALL=C qemu-img info -f qcow2 --output=json --force-share /opt/stack/data/cinder/mnt/554592a608669deda78d83ae2d4319a6/volume-7894b579-493d-492d-92f1-d53cda972ec3.ea9f6286-0d7d-444e-8484-20ebd06ea9ce
Aug 24 18:46:28 devstack sudo[101722]: pam_unix(sudo:session): session opened for user root(uid=0) by (uid=1000)
Aug 24 18:46:28 devstack sudo[101722]: pam_unix(sudo:session): session closed for user root
Aug 24 18:46:28 devstack cinder-volume[94358]: DEBUG oslo_concurrency.processutils [None req-c89f7f42-54bc-4f46-9373-44acbf092061 tempest-GroupsV314Test-932204691 None] CMD "/opt/stack/data/venv/bin/python3.12 -m oslo_concurrency.prlimit --as=1073741824 --cpu=60 -- sudo cinder-rootwrap /etc/cinder/rootwrap.conf env LC_ALL=C qemu-img info -f qcow2 --output=json --force-share /opt/stack/data/cinder/mnt/554592a608669deda78d83ae2d4319a6/volume-7894b579-493d-492d-92f1-d53cda972ec3.ea9f6286-0d7d-444e-8484-20ebd06ea9ce" returned: 0 in 0.396s {{(pid=94358) execute /opt/stack/data/venv/lib/python3.12/site-packages/oslo_concurrency/processutils.py:468}}
Aug 24 18:46:28 devstack cinder-volume[94358]: DEBUG cinder.volume.drivers.remotefs [None req-c89f7f42-54bc-4f46-9373-44acbf092061 tempest-GroupsV314Test-932204691 None] Fetching qemu-img info with special backing_file_template: (/opt/stack/data/cinder/mnt/[0-9a-f]+/)?(volume-7894b579-493d-492d-92f1-d53cda972ec3(.(tmp-snap-)?[0-9a-f-]+)?|volume_from_snapshot_cache/(tmp-snap-)?[0-9a-f-]+(.(child-|parent-)[0-9a-f-]+)?)$ {{(pid=94358) _qemu_img_info_base /opt/stack/cinder/cinder/volume/drivers/remotefs.py:896}}
Aug 24 18:46:28 devstack cinder-volume[94358]: DEBUG oslo.privsep.daemon [-] privsep: reply[313dce6d-0a96-4796-b157-0cfafbc1ce02]: (4, 'qcow2') {{(pid=96284) _call_back /opt/stack/data/venv/lib/python3.12/site-packages/oslo_privsep/daemon.py:580}}
Aug 24 18:46:28 devstack cinder-volume[94358]: DEBUG oslo_concurrency.processutils [None req-c89f7f42-54bc-4f46-9373-44acbf092061 tempest-GroupsV314Test-932204691 None] Running cmd (subprocess): /opt/stack/data/venv/bin/python3.12 -m oslo_concurrency.prlimit --as=1073741824 --cpu=60 -- sudo cinder-rootwrap /etc/cinder/rootwrap.conf env LC_ALL=C qemu-img info -f qcow2 --output=json --force-share /opt/stack/data/cinder/mnt/554592a608669deda78d83ae2d4319a6/volume-7894b579-493d-492d-92f1-d53cda972ec3 {{(pid=94358) execute /opt/stack/data/venv/lib/python3.12/site-packages/oslo_concurrency/processutils.py:440}}
Aug 24 18:46:28 devstack sudo[101729]: quobyte : PWD=/ ; USER=root ; COMMAND=/opt/stack/data/venv/bin/cinder-rootwrap /etc/cinder/rootwrap.conf env LC_ALL=C qemu-img info -f qcow2 --output=json --force-share /opt/stack/data/cinder/mnt/554592a608669deda78d83ae2d4319a6/volume-7894b579-493d-492d-92f1-d53cda972ec3
Aug 24 18:46:28 devstack sudo[101729]: pam_unix(sudo:session): session opened for user root(uid=0) by (uid=1000)
Aug 24 18:46:28 devstack sudo[101729]: pam_unix(sudo:session): session closed for user root
Aug 24 18:46:28 devstack cinder-volume[94358]: DEBUG oslo_concurrency.processutils [None req-c89f7f42-54bc-4f46-9373-44acbf092061 tempest-GroupsV314Test-932204691 None] CMD "/opt/stack/data/venv/bin/python3.12 -m oslo_concurrency.prlimit --as=1073741824 --cpu=60 -- sudo cinder-rootwrap /etc/cinder/rootwrap.conf env LC_ALL=C qemu-img info -f qcow2 --output=json --force-share /opt/stack/data/cinder/mnt/554592a608669deda78d83ae2d4319a6/volume-7894b579-493d-492d-92f1-d53cda972ec3" returned: 0 in 0.464s {{(pid=94358) execute /opt/stack/data/venv/lib/python3.12/site-packages/oslo_concurrency/processutils.py:468}}
Aug 24 18:46:28 devstack cinder-volume[94358]: DEBUG cinder.volume.drivers.quobyte [None req-c89f7f42-54bc-4f46-9373-44acbf092061 tempest-GroupsV314Test-932204691 None] will copy from snapshot at /opt/stack/data/cinder/mnt/554592a608669deda78d83ae2d4319a6/volume-7894b579-493d-492d-92f1-d53cda972ec3 {{(pid=94358) _copy_volume_from_snapshot /opt/stack/cinder/cinder/volume/drivers/quobyte.py:426}}
Aug 24 18:46:28 devstack cinder-volume[94358]: DEBUG cinder.volume.drivers.quobyte [None req-c89f7f42-54bc-4f46-9373-44acbf092061 tempest-GroupsV314Test-932204691 None] Creating direct copy from snapshot {{(pid=94358) _copy_volume_from_snapshot /opt/stack/cinder/cinder/volume/drivers/quobyte.py:434}}
Aug 24 18:46:28 devstack cinder-volume[94358]: DEBUG cinder.utils [None req-c89f7f42-54bc-4f46-9373-44acbf092061 tempest-GroupsV314Test-932204691 None] Path /opt/stack/data/cinder/mnt/554592a608669deda78d83ae2d4319a6/volume-e710e38a-09bf-41dd-a676-aa899b5a1c24 not found in is_blk_device check {{(pid=94358) is_blk_device /opt/stack/cinder/cinder/utils.py:622}}
Aug 24 18:46:28 devstack cinder-volume[94358]: DEBUG oslo_concurrency.processutils [None req-c89f7f42-54bc-4f46-9373-44acbf092061 tempest-GroupsV314Test-932204691 None] Running cmd (subprocess): sudo cinder-rootwrap /etc/cinder/rootwrap.conf qemu-img convert -O qcow2 /opt/stack/data/cinder/mnt/554592a608669deda78d83ae2d4319a6/volume-7894b579-493d-492d-92f1-d53cda972ec3 /opt/stack/data/cinder/mnt/554592a608669deda78d83ae2d4319a6/volume-e710e38a-09bf-41dd-a676-aa899b5a1c24 {{(pid=94358) execute /opt/stack/data/venv/lib/python3.12/site-packages/oslo_concurrency/processutils.py:440}}
Aug 24 18:46:28 devstack sudo[101734]: quobyte : PWD=/ ; USER=root ; COMMAND=/opt/stack/data/venv/bin/cinder-rootwrap /etc/cinder/rootwrap.conf qemu-img convert -O qcow2 /opt/stack/data/cinder/mnt/554592a608669deda78d83ae2d4319a6/volume-7894b579-493d-492d-92f1-d53cda972ec3 /opt/stack/data/cinder/mnt/554592a608669deda78d83ae2d4319a6/volume-e710e38a-09bf-41dd-a676-aa899b5a1c24
Aug 24 18:46:28 devstack sudo[101734]: pam_unix(sudo:session): session opened for user root(uid=0) by (uid=1000)
Aug 24 18:46:29 devstack cinder-volume[94358]: DEBUG oslo_service.periodic_task [None req-7e3ba62c-bf6f-4d26-97ce-b8aff215ad00 None None] Running periodic task VolumeManager.publish_service_capabilities {{(pid=94358) run_periodic_tasks /opt/stack/data/venv/lib/python3.12/site-packages/oslo_service/periodic_task.py:254}}
Aug 24 18:46:29 devstack cinder-volume[94358]: DEBUG oslo_concurrency.lockutils [None req-7e3ba62c-bf6f-4d26-97ce-b8aff215ad00 None None] Acquiring lock "quobyte_ensure" by "cinder.volume.drivers.quobyte.QuobyteDriver._ensure_shares_mounted" {{(pid=94358) inner /opt/stack/data/venv/lib/python3.12/site-packages/oslo_concurrency/lockutils.py:512}}
Aug 24 18:46:29 devstack cinder-volume[94358]: DEBUG oslo_concurrency.lockutils [None req-7e3ba62c-bf6f-4d26-97ce-b8aff215ad00 None None] Lock "quobyte_ensure" acquired by "cinder.volume.drivers.quobyte.QuobyteDriver._ensure_shares_mounted" :: waited 0.001s {{(pid=94358) inner /opt/stack/data/venv/lib/python3.12/site-packages/oslo_concurrency/lockutils.py:525}}
Aug 24 18:46:29 devstack cinder-volume[94358]: DEBUG cinder.volume.drivers.quobyte [None req-7e3ba62c-bf6f-4d26-97ce-b8aff215ad00 None None] Quobyte Volume URL set to: {'osci02.corp.quobyte.com/cinder-vol-cdf859ec-5f29-4efd-8fcd-12d5e22f1ad6': None} {{(pid=94358) _load_shares_config /opt/stack/cinder/cinder/volume/drivers/quobyte.py:665}}
Aug 24 18:46:29 devstack cinder-volume[94358]: DEBUG cinder.volume.drivers.quobyte [None req-7e3ba62c-bf6f-4d26-97ce-b8aff215ad00 None None] Available shares ['osci02.corp.quobyte.com/cinder-vol-cdf859ec-5f29-4efd-8fcd-12d5e22f1ad6'] {{(pid=94358) _ensure_shares_mounted /opt/stack/cinder/cinder/volume/drivers/quobyte.py:695}}
Aug 24 18:46:29 devstack cinder-volume[94358]: DEBUG oslo_concurrency.lockutils [None req-7e3ba62c-bf6f-4d26-97ce-b8aff215ad00 None None] Lock "quobyte_ensure" "released" by "cinder.volume.drivers.quobyte.QuobyteDriver._ensure_shares_mounted" :: held 0.011s {{(pid=94358) inner /opt/stack/data/venv/lib/python3.12/site-packages/oslo_concurrency/lockutils.py:544}}
Aug 24 18:46:29 devstack cinder-volume[94358]: DEBUG oslo_concurrency.processutils [None req-7e3ba62c-bf6f-4d26-97ce-b8aff215ad00 None None] Running cmd (subprocess): sudo cinder-rootwrap /etc/cinder/rootwrap.conf df --portability --block-size 1 /opt/stack/data/cinder/mnt/554592a608669deda78d83ae2d4319a6 {{(pid=94358) execute /opt/stack/data/venv/lib/python3.12/site-packages/oslo_concurrency/processutils.py:440}}
Aug 24 18:46:29 devstack sudo[101736]: quobyte : PWD=/ ; USER=root ; COMMAND=/opt/stack/data/venv/bin/cinder-rootwrap /etc/cinder/rootwrap.conf df --portability --block-size 1 /opt/stack/data/cinder/mnt/554592a608669deda78d83ae2d4319a6
Aug 24 18:46:29 devstack sudo[101736]: pam_unix(sudo:session): session opened for user root(uid=0) by (uid=1000)
Aug 24 18:46:29 devstack sudo[101736]: pam_unix(sudo:session): session closed for user root
Aug 24 18:46:29 devstack cinder-volume[94358]: DEBUG oslo_concurrency.processutils [None req-7e3ba62c-bf6f-4d26-97ce-b8aff215ad00 None None] CMD "sudo cinder-rootwrap /etc/cinder/rootwrap.conf df --portability --block-size 1 /opt/stack/data/cinder/mnt/554592a608669deda78d83ae2d4319a6" returned: 0 in 0.283s {{(pid=94358) execute /opt/stack/data/venv/lib/python3.12/site-packages/oslo_concurrency/processutils.py:468}}
Aug 24 18:46:29 devstack cinder-volume[94358]: DEBUG cinder.manager [None req-7e3ba62c-bf6f-4d26-97ce-b8aff215ad00 None None] Notifying Schedulers of capabilities ... {{(pid=94358) _publish_service_capabilities /opt/stack/cinder/cinder/manager.py:219}}
Aug 24 18:46:29 devstack cinder-volume[94358]: DEBUG oslo_service.periodic_task [None req-7e3ba62c-bf6f-4d26-97ce-b8aff215ad00 None None] Running periodic task VolumeManager._thread_info {{(pid=94358) run_periodic_tasks /opt/stack/data/venv/lib/python3.12/site-packages/oslo_service/periodic_task.py:254}}
Aug 24 18:46:29 devstack cinder-volume[94358]: DEBUG cinder.volume.manager [None req-7e3ba62c-bf6f-4d26-97ce-b8aff215ad00 None None] thread count: 28 {{(pid=94358) _thread_info /opt/stack/cinder/cinder/volume/manager.py:5472}}
Aug 24 18:46:29 devstack cinder-volume[94358]: DEBUG cinder.volume.manager [None req-7e3ba62c-bf6f-4d26-97ce-b8aff215ad00 None None] thread info: [<_MainThread(MainThread, started 133448909467776)>, , , , , , , , , , , , , , , , , , , , , , , , , , , ] {{(pid=94358) _thread_info /opt/stack/cinder/cinder/volume/manager.py:5473}}
Aug 24 18:46:34 devstack sudo[101734]: pam_unix(sudo:session): session closed for user root
Aug 24 18:46:34 devstack cinder-volume[94358]: DEBUG oslo_concurrency.processutils [None req-c89f7f42-54bc-4f46-9373-44acbf092061 tempest-GroupsV314Test-932204691 None] CMD "sudo cinder-rootwrap /etc/cinder/rootwrap.conf qemu-img convert -O qcow2 /opt/stack/data/cinder/mnt/554592a608669deda78d83ae2d4319a6/volume-7894b579-493d-492d-92f1-d53cda972ec3 /opt/stack/data/cinder/mnt/554592a608669deda78d83ae2d4319a6/volume-e710e38a-09bf-41dd-a676-aa899b5a1c24" returned: 0 in 5.756s {{(pid=94358) execute /opt/stack/data/venv/lib/python3.12/site-packages/oslo_concurrency/processutils.py:468}}
Aug 24 18:46:34 devstack cinder-volume[94358]: DEBUG cinder.image.image_utils [None req-c89f7f42-54bc-4f46-9373-44acbf092061 tempest-GroupsV314Test-932204691 None] Image conversion details: src /opt/stack/data/cinder/mnt/554592a608669deda78d83ae2d4319a6/volume-7894b579-493d-492d-92f1-d53cda972ec3, size 1024.00 MB, duration 5.76 sec, destination /opt/stack/data/cinder/mnt/554592a608669deda78d83ae2d4319a6/volume-e710e38a-09bf-41dd-a676-aa899b5a1c24 {{(pid=94358) _convert_image /opt/stack/cinder/cinder/image/image_utils.py:536}}
Aug 24 18:46:34 devstack cinder-volume[94358]: INFO cinder.image.image_utils [None req-c89f7f42-54bc-4f46-9373-44acbf092061 tempest-GroupsV314Test-932204691 None] Converted 1024.00 MB image at 177.87 MB/s
Aug 24 18:46:34 devstack cinder-volume[94358]: WARNING cinder.volume.drivers.remotefs [None req-c89f7f42-54bc-4f46-9373-44acbf092061 tempest-GroupsV314Test-932204691 None] /opt/stack/data/cinder/mnt/554592a608669deda78d83ae2d4319a6/volume-e710e38a-09bf-41dd-a676-aa899b5a1c24 is being set with open permissions: ugo+rw: NotImplementedError
Aug 24 18:46:34 devstack cinder-volume[94358]: DEBUG oslo_concurrency.processutils [None req-c89f7f42-54bc-4f46-9373-44acbf092061 tempest-GroupsV314Test-932204691 None] Running cmd (subprocess): sudo cinder-rootwrap /etc/cinder/rootwrap.conf chmod ugo+rw /opt/stack/data/cinder/mnt/554592a608669deda78d83ae2d4319a6/volume-e710e38a-09bf-41dd-a676-aa899b5a1c24 {{(pid=94358) execute /opt/stack/data/venv/lib/python3.12/site-packages/oslo_concurrency/processutils.py:440}}
Aug 24 18:46:34 devstack sudo[101763]: quobyte : PWD=/ ; USER=root ; COMMAND=/opt/stack/data/venv/bin/cinder-rootwrap /etc/cinder/rootwrap.conf chmod ugo+rw /opt/stack/data/cinder/mnt/554592a608669deda78d83ae2d4319a6/volume-e710e38a-09bf-41dd-a676-aa899b5a1c24
Aug 24 18:46:34 devstack sudo[101763]: pam_unix(sudo:session): session opened for user root(uid=0) by (uid=1000)
Aug 24 18:46:34 devstack sudo[101763]: pam_unix(sudo:session): session closed for user root
Aug 24 18:46:34 devstack cinder-volume[94358]: DEBUG oslo_concurrency.processutils [None req-c89f7f42-54bc-4f46-9373-44acbf092061 tempest-GroupsV314Test-932204691 None] CMD "sudo cinder-rootwrap /etc/cinder/rootwrap.conf chmod ugo+rw /opt/stack/data/cinder/mnt/554592a608669deda78d83ae2d4319a6/volume-e710e38a-09bf-41dd-a676-aa899b5a1c24" returned: 0 in 0.305s {{(pid=94358) execute /opt/stack/data/venv/lib/python3.12/site-packages/oslo_concurrency/processutils.py:468}}
Aug 24 18:46:34 devstack cinder-volume[94358]: DEBUG cinder.coordination [None req-c89f7f42-54bc-4f46-9373-44acbf092061 tempest-GroupsV314Test-932204691 None] Lock "cinder-quobyte-e710e38a-09bf-41dd-a676-aa899b5a1c24" released by "_copy_volume_from_snapshot" :: held 7.014s {{(pid=94358) __release /opt/stack/cinder/cinder/coordination.py:152}}
Aug 24 18:46:34 devstack cinder-volume[94358]: DEBUG cinder.coordination [None req-c89f7f42-54bc-4f46-9373-44acbf092061 tempest-GroupsV314Test-932204691 None] Acquiring lock "cinder-quobyte-ea9f6286-0d7d-444e-8484-20ebd06ea9ce" by "_delete_snapshot" {{(pid=94358) __acquire /opt/stack/cinder/cinder/coordination.py:138}}
Aug 24 18:46:35 devstack cinder-volume[94358]: DEBUG cinder.coordination [None req-c89f7f42-54bc-4f46-9373-44acbf092061 tempest-GroupsV314Test-932204691 None] Lock "cinder-quobyte-ea9f6286-0d7d-444e-8484-20ebd06ea9ce" acquired by "_delete_snapshot" :: waited 0.022s {{(pid=94358) __acquire /opt/stack/cinder/cinder/coordination.py:141}}
Aug 24 18:46:35 devstack cinder-volume[94358]: DEBUG cinder.volume.drivers.remotefs [None req-c89f7f42-54bc-4f46-9373-44acbf092061 tempest-GroupsV314Test-932204691 None] Deleting offline snapshot ea9f6286-0d7d-444e-8484-20ebd06ea9ce of volume 7894b579-493d-492d-92f1-d53cda972ec3 {{(pid=94358) _delete_snapshot /opt/stack/cinder/cinder/volume/drivers/remotefs.py:1288}}
Aug 24 18:46:35 devstack cinder-volume[94358]: DEBUG cinder.volume.drivers.remotefs [None req-c89f7f42-54bc-4f46-9373-44acbf092061 tempest-GroupsV314Test-932204691 None] snapshot_file for this snap is: volume-7894b579-493d-492d-92f1-d53cda972ec3.ea9f6286-0d7d-444e-8484-20ebd06ea9ce {{(pid=94358) _delete_snapshot /opt/stack/cinder/cinder/volume/drivers/remotefs.py:1317}}
Aug 24 18:46:35 devstack cinder-volume[94358]: DEBUG oslo.privsep.daemon [-] privsep: reply[f650b5c8-d449-4bec-8aa4-1e12310f704a]: (4, 'qcow2') {{(pid=96284) _call_back /opt/stack/data/venv/lib/python3.12/site-packages/oslo_privsep/daemon.py:580}}
Aug 24 18:46:35 devstack cinder-volume[94358]: DEBUG oslo_concurrency.processutils [None req-c89f7f42-54bc-4f46-9373-44acbf092061 tempest-GroupsV314Test-932204691 None] Running cmd (subprocess): /opt/stack/data/venv/bin/python3.12 -m oslo_concurrency.prlimit --as=1073741824 --cpu=60 -- sudo cinder-rootwrap /etc/cinder/rootwrap.conf env LC_ALL=C qemu-img info -f qcow2 --output=json --force-share /opt/stack/data/cinder/mnt/554592a608669deda78d83ae2d4319a6/volume-7894b579-493d-492d-92f1-d53cda972ec3.ea9f6286-0d7d-444e-8484-20ebd06ea9ce {{(pid=94358) execute /opt/stack/data/venv/lib/python3.12/site-packages/oslo_concurrency/processutils.py:440}}
Aug 24 18:46:35 devstack sudo[101769]: quobyte : PWD=/ ; USER=root ; COMMAND=/opt/stack/data/venv/bin/cinder-rootwrap /etc/cinder/rootwrap.conf env LC_ALL=C qemu-img info -f qcow2 --output=json --force-share /opt/stack/data/cinder/mnt/554592a608669deda78d83ae2d4319a6/volume-7894b579-493d-492d-92f1-d53cda972ec3.ea9f6286-0d7d-444e-8484-20ebd06ea9ce
Aug 24 18:46:35 devstack sudo[101769]: pam_unix(sudo:session): session opened for user root(uid=0) by (uid=1000)
Aug 24 18:46:35 devstack sudo[101769]: pam_unix(sudo:session): session closed for user root
