Aug 24 18:47:11 devstack cinder-volume[94358]: DEBUG oslo_concurrency.processutils [None req-7c35c4ff-77c9-4942-a0ce-07a56ce3697d tempest-VolumesDeleteCascade-1595280602 None] Running cmd (subprocess): sudo cinder-rootwrap /etc/cinder/rootwrap.conf df --portability --block-size 1 /opt/stack/data/cinder/mnt/554592a608669deda78d83ae2d4319a6 {{(pid=94358) execute /opt/stack/data/venv/lib/python3.12/site-packages/oslo_concurrency/processutils.py:440}}
Aug 24 18:47:11 devstack cinder-volume[94358]: DEBUG oslo_concurrency.processutils [None req-f42d04f1-1b2e-4ef9-800f-b1be0ca45bd7 tempest-AttachVolumeShelveTestJSON-952680548 None] CMD "sudo cinder-rootwrap /etc/cinder/rootwrap.conf qemu-img create -f qcow2 -o preallocation=metadata /opt/stack/data/cinder/mnt/554592a608669deda78d83ae2d4319a6/volume-bf0c11f9-faf2-4d97-a93c-9c3e1846edf2 1073741824" returned: 0 in 0.588s {{(pid=94358) execute /opt/stack/data/venv/lib/python3.12/site-packages/oslo_concurrency/processutils.py:468}}
Aug 24 18:47:11 devstack sudo[102268]: quobyte : PWD=/ ; USER=root ; COMMAND=/opt/stack/data/venv/bin/cinder-rootwrap /etc/cinder/rootwrap.conf df --portability --block-size 1 /opt/stack/data/cinder/mnt/554592a608669deda78d83ae2d4319a6
Aug 24 18:47:11 devstack sudo[102268]: pam_unix(sudo:session): session opened for user root(uid=0) by (uid=1000)
Aug 24 18:47:11 devstack sudo[102255]: pam_unix(sudo:session): session closed for user root
Aug 24 18:47:11 devstack cinder-volume[94358]: DEBUG oslo_concurrency.processutils [None req-a199832b-686e-4694-aa7f-c645b5bf39fc tempest-SnapshotsActionsTest-1944823399 None] CMD "sudo cinder-rootwrap /etc/cinder/rootwrap.conf qemu-img commit -d /opt/stack/data/cinder/mnt/554592a608669deda78d83ae2d4319a6/volume-6cbfc10e-f0e2-4d70-a76c-abcc32249af1.9377ac9a-c3c8-43ff-84cd-af02eee71662" returned: 0 in 0.607s {{(pid=94358) execute /opt/stack/data/venv/lib/python3.12/site-packages/oslo_concurrency/processutils.py:468}}
Aug 24 18:47:11 devstack cinder-volume[94358]: DEBUG oslo_concurrency.processutils [None req-a199832b-686e-4694-aa7f-c645b5bf39fc tempest-SnapshotsActionsTest-1944823399 None] Running cmd (subprocess): sudo cinder-rootwrap /etc/cinder/rootwrap.conf rm -f /opt/stack/data/cinder/mnt/554592a608669deda78d83ae2d4319a6/volume-6cbfc10e-f0e2-4d70-a76c-abcc32249af1.9377ac9a-c3c8-43ff-84cd-af02eee71662 {{(pid=94358) execute /opt/stack/data/venv/lib/python3.12/site-packages/oslo_concurrency/processutils.py:440}}
Aug 24 18:47:11 devstack cinder-volume[94358]: DEBUG oslo_concurrency.processutils [None req-f42d04f1-1b2e-4ef9-800f-b1be0ca45bd7 tempest-AttachVolumeShelveTestJSON-952680548 None] Running cmd (subprocess): sudo cinder-rootwrap /etc/cinder/rootwrap.conf chmod ugo+rw /opt/stack/data/cinder/mnt/554592a608669deda78d83ae2d4319a6/volume-bf0c11f9-faf2-4d97-a93c-9c3e1846edf2 {{(pid=94358) execute /opt/stack/data/venv/lib/python3.12/site-packages/oslo_concurrency/processutils.py:440}}
Aug 24 18:47:11 devstack sudo[102270]: quobyte : PWD=/ ; USER=root ; COMMAND=/opt/stack/data/venv/bin/cinder-rootwrap /etc/cinder/rootwrap.conf rm -f /opt/stack/data/cinder/mnt/554592a608669deda78d83ae2d4319a6/volume-6cbfc10e-f0e2-4d70-a76c-abcc32249af1.9377ac9a-c3c8-43ff-84cd-af02eee71662
Aug 24 18:47:11 devstack sudo[102270]: pam_unix(sudo:session): session opened for user root(uid=0) by (uid=1000)
Aug 24 18:47:11 devstack sudo[102271]: quobyte : PWD=/ ; USER=root ; COMMAND=/opt/stack/data/venv/bin/cinder-rootwrap /etc/cinder/rootwrap.conf chmod ugo+rw /opt/stack/data/cinder/mnt/554592a608669deda78d83ae2d4319a6/volume-bf0c11f9-faf2-4d97-a93c-9c3e1846edf2
Aug 24 18:47:11 devstack sudo[102271]: pam_unix(sudo:session): session opened for user root(uid=0) by (uid=1000)
Aug 24 18:47:11 devstack sudo[102268]: pam_unix(sudo:session): session closed for user root
Aug 24 18:47:11 devstack cinder-volume[94358]: DEBUG oslo_concurrency.processutils [None req-7c35c4ff-77c9-4942-a0ce-07a56ce3697d tempest-VolumesDeleteCascade-1595280602 None] CMD "sudo cinder-rootwrap /etc/cinder/rootwrap.conf df --portability --block-size 1 /opt/stack/data/cinder/mnt/554592a608669deda78d83ae2d4319a6" returned: 0 in 0.361s {{(pid=94358) execute /opt/stack/data/venv/lib/python3.12/site-packages/oslo_concurrency/processutils.py:468}}
Aug 24 18:47:11 devstack cinder-volume[94358]: DEBUG cinder.manager [None req-7c35c4ff-77c9-4942-a0ce-07a56ce3697d tempest-VolumesDeleteCascade-1595280602 None] Notifying Schedulers of capabilities ... {{(pid=94358) _publish_service_capabilities /opt/stack/cinder/cinder/manager.py:219}}
Aug 24 18:47:11 devstack cinder-volume[94358]: INFO cinder.volume.manager [None req-7c35c4ff-77c9-4942-a0ce-07a56ce3697d tempest-VolumesDeleteCascade-1595280602 None] Deleted volume successfully.
Aug 24 18:47:11 devstack cinder-volume[94358]: DEBUG cinder.coordination [None req-7c35c4ff-77c9-4942-a0ce-07a56ce3697d tempest-VolumesDeleteCascade-1595280602 None] Lock "cinder-9ac88e4a-3117-4a78-bc11-bd2bf05632ea-delete_volume" released by "delete_volume" :: held 4.199s {{(pid=94358) __release /opt/stack/cinder/cinder/coordination.py:152}}
Aug 24 18:47:11 devstack sudo[102271]: pam_unix(sudo:session): session closed for user root
Aug 24 18:47:11 devstack cinder-volume[94358]: DEBUG oslo_concurrency.processutils [None req-f42d04f1-1b2e-4ef9-800f-b1be0ca45bd7 tempest-AttachVolumeShelveTestJSON-952680548 None] CMD "sudo cinder-rootwrap /etc/cinder/rootwrap.conf chmod ugo+rw /opt/stack/data/cinder/mnt/554592a608669deda78d83ae2d4319a6/volume-bf0c11f9-faf2-4d97-a93c-9c3e1846edf2" returned: 0 in 0.402s {{(pid=94358) execute /opt/stack/data/venv/lib/python3.12/site-packages/oslo_concurrency/processutils.py:468}}
Aug 24 18:47:11 devstack cinder-volume[94358]: DEBUG cinder.volume.drivers.quobyte [None req-f42d04f1-1b2e-4ef9-800f-b1be0ca45bd7 tempest-AttachVolumeShelveTestJSON-952680548 None] <== create_volume: return (1092ms) {'provider_location': 'osci02.corp.quobyte.com/cinder-vol-cdf859ec-5f29-4efd-8fcd-12d5e22f1ad6'} {{(pid=94358) trace_logging_wrapper /opt/stack/cinder/cinder/volume/volume_utils.py:1522}}
Aug 24 18:47:11 devstack cinder-volume[94358]: DEBUG oslo_concurrency.lockutils [None req-f42d04f1-1b2e-4ef9-800f-b1be0ca45bd7 tempest-AttachVolumeShelveTestJSON-952680548 None] Lock "quobyte" "released" by "cinder.volume.drivers.quobyte.QuobyteDriver.create_volume" :: held 1.095s {{(pid=94358) inner /opt/stack/data/venv/lib/python3.12/site-packages/oslo_concurrency/lockutils.py:544}}
Aug 24 18:47:11 devstack sudo[102270]: pam_unix(sudo:session): session closed for user root
Aug 24 18:47:11 devstack cinder-volume[94358]: DEBUG cinder.volume.manager [None req-f42d04f1-1b2e-4ef9-800f-b1be0ca45bd7 tempest-AttachVolumeShelveTestJSON-952680548 None] Task 'cinder.volume.flows.manager.create_volume.CreateVolumeFromSpecTask;volume:create' (f70fd5e4-139d-4a2b-abfd-ac372e364ee3) transitioned into state 'SUCCESS' from state 'RUNNING' with result '{'status': 'creating', 'volume_name': 'volume-bf0c11f9-faf2-4d97-a93c-9c3e1846edf2', 'volume_size': 1}' {{(pid=94358) _task_receiver /opt/stack/data/venv/lib/python3.12/site-packages/taskflow/listeners/logging.py:218}}
Aug 24 18:47:11 devstack cinder-volume[94358]: DEBUG cinder.volume.manager [None req-f42d04f1-1b2e-4ef9-800f-b1be0ca45bd7 tempest-AttachVolumeShelveTestJSON-952680548 None] Task 'cinder.volume.flows.manager.create_volume.CreateVolumeOnFinishTask;volume:create, create.end' (c489ca4c-712f-4c63-8b61-8cc933b49bab) transitioned into state 'RUNNING' from state 'PENDING' {{(pid=94358) _task_receiver /opt/stack/data/venv/lib/python3.12/site-packages/taskflow/listeners/logging.py:242}}
Aug 24 18:47:11 devstack cinder-volume[94358]: DEBUG oslo_concurrency.processutils [None req-a199832b-686e-4694-aa7f-c645b5bf39fc tempest-SnapshotsActionsTest-1944823399 None] CMD "sudo cinder-rootwrap /etc/cinder/rootwrap.conf rm -f /opt/stack/data/cinder/mnt/554592a608669deda78d83ae2d4319a6/volume-6cbfc10e-f0e2-4d70-a76c-abcc32249af1.9377ac9a-c3c8-43ff-84cd-af02eee71662" returned: 0 in 0.471s {{(pid=94358) execute /opt/stack/data/venv/lib/python3.12/site-packages/oslo_concurrency/processutils.py:468}}
Aug 24 18:47:11 devstack cinder-volume[94358]: DEBUG cinder.coordination [None req-a199832b-686e-4694-aa7f-c645b5bf39fc tempest-SnapshotsActionsTest-1944823399 None] Lock "cinder-quobyte-9377ac9a-c3c8-43ff-84cd-af02eee71662" released by "_delete_snapshot" :: held 2.368s {{(pid=94358) __release /opt/stack/cinder/cinder/coordination.py:152}}
Aug 24 18:47:11 devstack cinder-volume[94358]: INFO cinder.volume.flows.manager.create_volume [None req-f42d04f1-1b2e-4ef9-800f-b1be0ca45bd7 tempest-AttachVolumeShelveTestJSON-952680548 None] Volume volume-bf0c11f9-faf2-4d97-a93c-9c3e1846edf2 (bf0c11f9-faf2-4d97-a93c-9c3e1846edf2): created successfully
Aug 24 18:47:11 devstack cinder-volume[94358]: DEBUG cinder.volume.manager [None req-f42d04f1-1b2e-4ef9-800f-b1be0ca45bd7 tempest-AttachVolumeShelveTestJSON-952680548 None] Task 'cinder.volume.flows.manager.create_volume.CreateVolumeOnFinishTask;volume:create, create.end' (c489ca4c-712f-4c63-8b61-8cc933b49bab) transitioned into state 'SUCCESS' from state 'RUNNING' with result 'None' {{(pid=94358) _task_receiver /opt/stack/data/venv/lib/python3.12/site-packages/taskflow/listeners/logging.py:218}}
Aug 24 18:47:11 devstack cinder-volume[94358]: DEBUG cinder.volume.manager [None req-f42d04f1-1b2e-4ef9-800f-b1be0ca45bd7 tempest-AttachVolumeShelveTestJSON-952680548 None] Flow 'volume_create_manager' (57f3d722-184f-4f63-a23a-03ad90a42c21) transitioned into state 'SUCCESS' from state 'RUNNING' {{(pid=94358) _flow_receiver /opt/stack/data/venv/lib/python3.12/site-packages/taskflow/listeners/logging.py:160}}
Aug 24 18:47:11 devstack cinder-volume[94358]: DEBUG cinder.coordination [None req-a199832b-686e-4694-aa7f-c645b5bf39fc tempest-SnapshotsActionsTest-1944823399 None] Lock "cinder-quobyte-6cbfc10e-f0e2-4d70-a76c-abcc32249af1" released by "delete_snapshot" :: held 2.413s {{(pid=94358) __release /opt/stack/cinder/cinder/coordination.py:152}}
Aug 24 18:47:11 devstack cinder-volume[94358]: INFO cinder.volume.manager [None req-f42d04f1-1b2e-4ef9-800f-b1be0ca45bd7 tempest-AttachVolumeShelveTestJSON-952680548 None] Created volume successfully.
Aug 24 18:47:11 devstack cinder-volume[94358]: DEBUG cinder.quota [None req-a199832b-686e-4694-aa7f-c645b5bf39fc tempest-SnapshotsActionsTest-1944823399 None] Created reservations ['2f231a7b-c476-4d9f-93cb-8510a63cc68f', '22d5656c-23f3-4d6c-a594-de0178c49d7c', '2b424803-0539-4f46-b04d-8f7cd6c27847', 'de58e2f4-ce00-439a-8c91-ce8db86cb270'] {{(pid=94358) reserve /opt/stack/cinder/cinder/quota.py:752}}
Aug 24 18:47:11 devstack cinder-volume[94358]: INFO cinder.volume.manager [None req-a199832b-686e-4694-aa7f-c645b5bf39fc tempest-SnapshotsActionsTest-1944823399 None] Delete snapshot completed successfully.
Aug 24 18:47:11 devstack cinder-volume[94358]: DEBUG cinder.coordination [None req-a199832b-686e-4694-aa7f-c645b5bf39fc tempest-SnapshotsActionsTest-1944823399 None] Lock "cinder-9377ac9a-c3c8-43ff-84cd-af02eee71662-delete_snapshot" released by "delete_snapshot" :: held 2.605s {{(pid=94358) __release /opt/stack/cinder/cinder/coordination.py:152}}
Aug 24 18:47:11 devstack cinder-volume[94358]: DEBUG cinder.coordination [None req-61f2cda8-4bc9-4b05-b7f7-90c59a1296f2 tempest-VolumesDeleteCascade-1595280602 None] Acquiring lock "cinder-5bc2c9c5-c558-47ba-9e02-1402bf8148f0-delete_volume" by "delete_volume" {{(pid=94358) __acquire /opt/stack/cinder/cinder/coordination.py:138}}
Aug 24 18:47:11 devstack cinder-volume[94358]: DEBUG cinder.coordination [None req-61f2cda8-4bc9-4b05-b7f7-90c59a1296f2 tempest-VolumesDeleteCascade-1595280602 None] Lock "cinder-5bc2c9c5-c558-47ba-9e02-1402bf8148f0-delete_volume" acquired by "delete_volume" :: waited 0.021s {{(pid=94358) __acquire /opt/stack/cinder/cinder/coordination.py:141}}
Aug 24 18:47:11 devstack cinder-volume[94358]: DEBUG cinder.coordination [None req-61f2cda8-4bc9-4b05-b7f7-90c59a1296f2 tempest-VolumesDeleteCascade-1595280602 None] Acquiring lock "cinder-quobyte-5bc2c9c5-c558-47ba-9e02-1402bf8148f0" by "delete_volume" {{(pid=94358) __acquire /opt/stack/cinder/cinder/coordination.py:138}}
Aug 24 18:47:11 devstack cinder-volume[94358]: DEBUG cinder.coordination [None req-61f2cda8-4bc9-4b05-b7f7-90c59a1296f2 tempest-VolumesDeleteCascade-1595280602 None] Lock "cinder-quobyte-5bc2c9c5-c558-47ba-9e02-1402bf8148f0" acquired by "delete_volume" :: waited 0.015s {{(pid=94358) __acquire /opt/stack/cinder/cinder/coordination.py:141}}
Aug 24 18:47:11 devstack cinder-volume[94358]: DEBUG oslo.privsep.daemon [-] privsep: reply[70219c69-1fb3-4e44-8876-b4cb19ebc789]: (4, 'qcow2') {{(pid=96284) _call_back /opt/stack/data/venv/lib/python3.12/site-packages/oslo_privsep/daemon.py:580}}
Aug 24 18:47:12 devstack cinder-volume[94358]: DEBUG oslo_concurrency.processutils [None req-61f2cda8-4bc9-4b05-b7f7-90c59a1296f2 tempest-VolumesDeleteCascade-1595280602 None] Running cmd (subprocess): /opt/stack/data/venv/bin/python3.12 -m oslo_concurrency.prlimit --as=1073741824 --cpu=60 -- sudo cinder-rootwrap /etc/cinder/rootwrap.conf env LC_ALL=C qemu-img info -f qcow2 --output=json --force-share /opt/stack/data/cinder/mnt/554592a608669deda78d83ae2d4319a6/volume-5bc2c9c5-c558-47ba-9e02-1402bf8148f0 {{(pid=94358) execute /opt/stack/data/venv/lib/python3.12/site-packages/oslo_concurrency/processutils.py:440}}
Aug 24 18:47:12 devstack sudo[102277]: quobyte : PWD=/ ; USER=root ; COMMAND=/opt/stack/data/venv/bin/cinder-rootwrap /etc/cinder/rootwrap.conf env LC_ALL=C qemu-img info -f qcow2 --output=json --force-share /opt/stack/data/cinder/mnt/554592a608669deda78d83ae2d4319a6/volume-5bc2c9c5-c558-47ba-9e02-1402bf8148f0
Aug 24 18:47:12 devstack sudo[102277]: pam_unix(sudo:session): session opened for user root(uid=0) by (uid=1000)
Aug 24 18:47:12 devstack sudo[102277]: pam_unix(sudo:session): session closed for user root
Aug 24 18:47:12 devstack cinder-volume[94358]: DEBUG oslo_concurrency.processutils [None req-61f2cda8-4bc9-4b05-b7f7-90c59a1296f2 tempest-VolumesDeleteCascade-1595280602 None] CMD "/opt/stack/data/venv/bin/python3.12 -m oslo_concurrency.prlimit --as=1073741824 --cpu=60 -- sudo cinder-rootwrap /etc/cinder/rootwrap.conf env LC_ALL=C qemu-img info -f qcow2 --output=json --force-share /opt/stack/data/cinder/mnt/554592a608669deda78d83ae2d4319a6/volume-5bc2c9c5-c558-47ba-9e02-1402bf8148f0" returned: 0 in 0.422s {{(pid=94358) execute /opt/stack/data/venv/lib/python3.12/site-packages/oslo_concurrency/processutils.py:468}}
Aug 24 18:47:12 devstack cinder-volume[94358]: DEBUG oslo_concurrency.processutils [None req-61f2cda8-4bc9-4b05-b7f7-90c59a1296f2 tempest-VolumesDeleteCascade-1595280602 None] Running cmd (subprocess): sudo cinder-rootwrap /etc/cinder/rootwrap.conf rm -f /opt/stack/data/cinder/mnt/554592a608669deda78d83ae2d4319a6/volume-5bc2c9c5-c558-47ba-9e02-1402bf8148f0 {{(pid=94358) execute /opt/stack/data/venv/lib/python3.12/site-packages/oslo_concurrency/processutils.py:440}}
Aug 24 18:47:12 devstack sudo[102287]: quobyte : PWD=/ ; USER=root ; COMMAND=/opt/stack/data/venv/bin/cinder-rootwrap /etc/cinder/rootwrap.conf rm -f /opt/stack/data/cinder/mnt/554592a608669deda78d83ae2d4319a6/volume-5bc2c9c5-c558-47ba-9e02-1402bf8148f0
Aug 24 18:47:12 devstack sudo[102287]: pam_unix(sudo:session): session opened for user root(uid=0) by (uid=1000)
Aug 24 18:47:12 devstack sudo[102287]: pam_unix(sudo:session): session closed for user root
Aug 24 18:47:12 devstack cinder-volume[94358]: DEBUG oslo_concurrency.processutils [None req-61f2cda8-4bc9-4b05-b7f7-90c59a1296f2 tempest-VolumesDeleteCascade-1595280602 None] CMD "sudo cinder-rootwrap /etc/cinder/rootwrap.conf rm -f /opt/stack/data/cinder/mnt/554592a608669deda78d83ae2d4319a6/volume-5bc2c9c5-c558-47ba-9e02-1402bf8148f0" returned: 0 in 0.566s {{(pid=94358) execute /opt/stack/data/venv/lib/python3.12/site-packages/oslo_concurrency/processutils.py:468}}
Aug 24 18:47:13 devstack cinder-volume[94358]: DEBUG cinder.coordination [None req-61f2cda8-4bc9-4b05-b7f7-90c59a1296f2 tempest-VolumesDeleteCascade-1595280602 None] Lock "cinder-quobyte-5bc2c9c5-c558-47ba-9e02-1402bf8148f0" released by "delete_volume" :: held 1.058s {{(pid=94358) __release /opt/stack/cinder/cinder/coordination.py:152}}
Aug 24 18:47:13 devstack cinder-volume[94358]: DEBUG oslo_concurrency.lockutils [None req-21e7785c-e298-4f03-9566-3b55ba9ad215 tempest-SnapshotsActionsTest-1977337712 None] Acquiring lock "quobyte" by "cinder.volume.drivers.quobyte.QuobyteDriver.create_snapshot" {{(pid=94358) inner /opt/stack/data/venv/lib/python3.12/site-packages/oslo_concurrency/lockutils.py:512}}
Aug 24 18:47:13 devstack cinder-volume[94358]: DEBUG oslo_concurrency.lockutils [None req-21e7785c-e298-4f03-9566-3b55ba9ad215 tempest-SnapshotsActionsTest-1977337712 None] Lock "quobyte" acquired by "cinder.volume.drivers.quobyte.QuobyteDriver.create_snapshot" :: waited 0.001s {{(pid=94358) inner /opt/stack/data/venv/lib/python3.12/site-packages/oslo_concurrency/lockutils.py:525}}
Aug 24 18:47:13 devstack cinder-volume[94358]: DEBUG cinder.volume.drivers.remotefs [None req-21e7785c-e298-4f03-9566-3b55ba9ad215 tempest-SnapshotsActionsTest-1977337712 None] Creating offline snapshot a11db4ac-4220-4c34-b35e-346097e5655b of volume 6cbfc10e-f0e2-4d70-a76c-abcc32249af1 {{(pid=94358) _create_snapshot /opt/stack/cinder/cinder/volume/drivers/remotefs.py:1816}}
Aug 24 18:47:13 devstack cinder-volume[94358]: DEBUG oslo.privsep.daemon [-] privsep: reply[84c14402-60b8-4f41-a69b-7b1f04601c26]: (4, 'qcow2') {{(pid=96284) _call_back /opt/stack/data/venv/lib/python3.12/site-packages/oslo_privsep/daemon.py:580}}
Aug 24 18:47:13 devstack cinder-volume[94358]: DEBUG oslo_concurrency.processutils [None req-21e7785c-e298-4f03-9566-3b55ba9ad215 tempest-SnapshotsActionsTest-1977337712 None] Running cmd (subprocess): /opt/stack/data/venv/bin/python3.12 -m oslo_concurrency.prlimit --as=1073741824 --cpu=60 -- sudo cinder-rootwrap /etc/cinder/rootwrap.conf env LC_ALL=C qemu-img info -f qcow2 --output=json --force-share /opt/stack/data/cinder/mnt/554592a608669deda78d83ae2d4319a6/volume-6cbfc10e-f0e2-4d70-a76c-abcc32249af1.caffa940-f51b-4a44-8481-f0dcc948e9e4 {{(pid=94358) execute /opt/stack/data/venv/lib/python3.12/site-packages/oslo_concurrency/processutils.py:440}}
Aug 24 18:47:13 devstack cinder-volume[94358]: DEBUG cinder.quota [None req-61f2cda8-4bc9-4b05-b7f7-90c59a1296f2 tempest-VolumesDeleteCascade-1595280602 None] Created reservations ['67a4f2d8-47e8-4715-8b7a-6ffcda5ef11a', '40816985-bbe5-4666-bdf4-a1dcbe8566c4', '9b4a05b2-9b7b-4862-979e-3597b97ffd07', '044b8028-8488-4925-82f2-32c7af708473'] {{(pid=94358) reserve /opt/stack/cinder/cinder/quota.py:752}}
Aug 24 18:47:13 devstack sudo[102290]: quobyte : PWD=/ ; USER=root ; COMMAND=/opt/stack/data/venv/bin/cinder-rootwrap /etc/cinder/rootwrap.conf env LC_ALL=C qemu-img info -f qcow2 --output=json --force-share /opt/stack/data/cinder/mnt/554592a608669deda78d83ae2d4319a6/volume-6cbfc10e-f0e2-4d70-a76c-abcc32249af1.caffa940-f51b-4a44-8481-f0dcc948e9e4
Aug 24 18:47:13 devstack sudo[102290]: pam_unix(sudo:session): session opened for user root(uid=0) by (uid=1000)
Aug 24 18:47:13 devstack cinder-volume[94358]: DEBUG oslo_concurrency.lockutils [None req-61f2cda8-4bc9-4b05-b7f7-90c59a1296f2 tempest-VolumesDeleteCascade-1595280602 None] Acquiring lock "quobyte_ensure" by "cinder.volume.drivers.quobyte.QuobyteDriver._ensure_shares_mounted" {{(pid=94358) inner /opt/stack/data/venv/lib/python3.12/site-packages/oslo_concurrency/lockutils.py:512}}
Aug 24 18:47:13 devstack cinder-volume[94358]: DEBUG oslo_concurrency.lockutils [None req-61f2cda8-4bc9-4b05-b7f7-90c59a1296f2 tempest-VolumesDeleteCascade-1595280602 None] Lock "quobyte_ensure" acquired by "cinder.volume.drivers.quobyte.QuobyteDriver._ensure_shares_mounted" :: waited 0.001s {{(pid=94358) inner /opt/stack/data/venv/lib/python3.12/site-packages/oslo_concurrency/lockutils.py:525}}
Aug 24 18:47:13 devstack cinder-volume[94358]: DEBUG cinder.volume.drivers.quobyte [None req-61f2cda8-4bc9-4b05-b7f7-90c59a1296f2 tempest-VolumesDeleteCascade-1595280602 None] Quobyte Volume URL set to: {'osci02.corp.quobyte.com/cinder-vol-cdf859ec-5f29-4efd-8fcd-12d5e22f1ad6': None} {{(pid=94358) _load_shares_config /opt/stack/cinder/cinder/volume/drivers/quobyte.py:665}}
Aug 24 18:47:13 devstack cinder-volume[94358]: DEBUG cinder.volume.drivers.quobyte [None req-61f2cda8-4bc9-4b05-b7f7-90c59a1296f2 tempest-VolumesDeleteCascade-1595280602 None] Available shares ['osci02.corp.quobyte.com/cinder-vol-cdf859ec-5f29-4efd-8fcd-12d5e22f1ad6'] {{(pid=94358) _ensure_shares_mounted /opt/stack/cinder/cinder/volume/drivers/quobyte.py:695}}
Aug 24 18:47:13 devstack cinder-volume[94358]: DEBUG oslo_concurrency.lockutils [None req-61f2cda8-4bc9-4b05-b7f7-90c59a1296f2 tempest-VolumesDeleteCascade-1595280602 None] Lock "quobyte_ensure" "released" by "cinder.volume.drivers.quobyte.QuobyteDriver._ensure_shares_mounted" :: held 0.009s {{(pid=94358) inner /opt/stack/data/venv/lib/python3.12/site-packages/oslo_concurrency/lockutils.py:544}}
Aug 24 18:47:13 devstack cinder-volume[94358]: DEBUG oslo_concurrency.processutils [None req-61f2cda8-4bc9-4b05-b7f7-90c59a1296f2 tempest-VolumesDeleteCascade-1595280602 None] Running cmd (subprocess): sudo cinder-rootwrap /etc/cinder/rootwrap.conf df --portability --block-size 1 /opt/stack/data/cinder/mnt/554592a608669deda78d83ae2d4319a6 {{(pid=94358) execute /opt/stack/data/venv/lib/python3.12/site-packages/oslo_concurrency/processutils.py:440}}
Aug 24 18:47:13 devstack sudo[102292]: quobyte : PWD=/ ; USER=root ; COMMAND=/opt/stack/data/venv/bin/cinder-rootwrap /etc/cinder/rootwrap.conf df --portability --block-size 1 /opt/stack/data/cinder/mnt/554592a608669deda78d83ae2d4319a6
Aug 24 18:47:13 devstack sudo[102292]: pam_unix(sudo:session): session opened for user root(uid=0) by (uid=1000)
Aug 24 18:47:13 devstack sudo[102292]: pam_unix(sudo:session): session closed for user root
Aug 24 18:47:13 devstack cinder-volume[94358]: DEBUG oslo_concurrency.processutils [None req-61f2cda8-4bc9-4b05-b7f7-90c59a1296f2 tempest-VolumesDeleteCascade-1595280602 None] CMD "sudo cinder-rootwrap /etc/cinder/rootwrap.conf df --portability --block-size 1 /opt/stack/data/cinder/mnt/554592a608669deda78d83ae2d4319a6" returned: 0 in 0.336s {{(pid=94358) execute /opt/stack/data/venv/lib/python3.12/site-packages/oslo_concurrency/processutils.py:468}}
Aug 24 18:47:13 devstack cinder-volume[94358]: DEBUG cinder.manager [None req-61f2cda8-4bc9-4b05-b7f7-90c59a1296f2 tempest-VolumesDeleteCascade-1595280602 None] Notifying Schedulers of capabilities ... {{(pid=94358) _publish_service_capabilities /opt/stack/cinder/cinder/manager.py:219}}
Aug 24 18:47:13 devstack sudo[102290]: pam_unix(sudo:session): session closed for user root
Aug 24 18:47:13 devstack cinder-volume[94358]: DEBUG oslo_concurrency.processutils [None req-21e7785c-e298-4f03-9566-3b55ba9ad215 tempest-SnapshotsActionsTest-1977337712 None] CMD "/opt/stack/data/venv/bin/python3.12 -m oslo_concurrency.prlimit --as=1073741824 --cpu=60 -- sudo cinder-rootwrap /etc/cinder/rootwrap.conf env LC_ALL=C qemu-img info -f qcow2 --output=json --force-share /opt/stack/data/cinder/mnt/554592a608669deda78d83ae2d4319a6/volume-6cbfc10e-f0e2-4d70-a76c-abcc32249af1.caffa940-f51b-4a44-8481-f0dcc948e9e4" returned: 0 in 0.589s {{(pid=94358) execute /opt/stack/data/venv/lib/python3.12/site-packages/oslo_concurrency/processutils.py:468}}
Aug 24 18:47:13 devstack cinder-volume[94358]: DEBUG cinder.volume.drivers.remotefs [None req-21e7785c-e298-4f03-9566-3b55ba9ad215 tempest-SnapshotsActionsTest-1977337712 None] Fetching qemu-img info with special backing_file_template: (/opt/stack/data/cinder/mnt/[0-9a-f]+/)?(volume-6cbfc10e-f0e2-4d70-a76c-abcc32249af1(.(tmp-snap-)?[0-9a-f-]+)?|volume_from_snapshot_cache/(tmp-snap-)?[0-9a-f-]+(.(child-|parent-)[0-9a-f-]+)?)$ {{(pid=94358) _qemu_img_info_base /opt/stack/cinder/cinder/volume/drivers/remotefs.py:896}}
Aug 24 18:47:13 devstack cinder-volume[94358]: DEBUG oslo_concurrency.processutils [None req-21e7785c-e298-4f03-9566-3b55ba9ad215 tempest-SnapshotsActionsTest-1977337712 None] Running cmd (subprocess): sudo cinder-rootwrap /etc/cinder/rootwrap.conf qemu-img create -f qcow2 -o backing_file=/opt/stack/data/cinder/mnt/554592a608669deda78d83ae2d4319a6/volume-6cbfc10e-f0e2-4d70-a76c-abcc32249af1.caffa940-f51b-4a44-8481-f0dcc948e9e4,backing_fmt=qcow2 /opt/stack/data/cinder/mnt/554592a608669deda78d83ae2d4319a6/volume-6cbfc10e-f0e2-4d70-a76c-abcc32249af1.a11db4ac-4220-4c34-b35e-346097e5655b 1G {{(pid=94358) execute /opt/stack/data/venv/lib/python3.12/site-packages/oslo_concurrency/processutils.py:440}}
Aug 24 18:47:13 devstack cinder-volume[94358]: INFO cinder.volume.manager [None req-61f2cda8-4bc9-4b05-b7f7-90c59a1296f2 tempest-VolumesDeleteCascade-1595280602 None] Deleted volume successfully.
Aug 24 18:47:13 devstack sudo[102298]: quobyte : PWD=/ ; USER=root ; COMMAND=/opt/stack/data/venv/bin/cinder-rootwrap /etc/cinder/rootwrap.conf qemu-img create -f qcow2 -o backing_file=/opt/stack/data/cinder/mnt/554592a608669deda78d83ae2d4319a6/volume-6cbfc10e-f0e2-4d70-a76c-abcc32249af1.caffa940-f51b-4a44-8481-f0dcc948e9e4,backing_fmt=qcow2 /opt/stack/data/cinder/mnt/554592a608669deda78d83ae2d4319a6/volume-6cbfc10e-f0e2-4d70-a76c-abcc32249af1.a11db4ac-4220-4c34-b35e-346097e5655b 1G
Aug 24 18:47:13 devstack sudo[102298]: pam_unix(sudo:session): session opened for user root(uid=0) by (uid=1000)
Aug 24 18:47:13 devstack cinder-volume[94358]: DEBUG cinder.coordination [None req-61f2cda8-4bc9-4b05-b7f7-90c59a1296f2 tempest-VolumesDeleteCascade-1595280602 None] Lock "cinder-5bc2c9c5-c558-47ba-9e02-1402bf8148f0-delete_volume" released by "delete_volume" :: held 1.862s {{(pid=94358) __release /opt/stack/cinder/cinder/coordination.py:152}}
Aug 24 18:47:14 devstack sudo[102298]: pam_unix(sudo:session): session closed for user root
Aug 24 18:47:14 devstack cinder-volume[94358]: DEBUG oslo_concurrency.processutils [None req-21e7785c-e298-4f03-9566-3b55ba9ad215 tempest-SnapshotsActionsTest-1977337712 None] CMD "sudo cinder-rootwrap /etc/cinder/rootwrap.conf qemu-img create -f qcow2 -o backing_file=/opt/stack/data/cinder/mnt/554592a608669deda78d83ae2d4319a6/volume-6cbfc10e-f0e2-4d70-a76c-abcc32249af1.caffa940-f51b-4a44-8481-f0dcc948e9e4,backing_fmt=qcow2 /opt/stack/data/cinder/mnt/554592a608669deda78d83ae2d4319a6/volume-6cbfc10e-f0e2-4d70-a76c-abcc32249af1.a11db4ac-4220-4c34-b35e-346097e5655b 1G" returned: 0 in 0.742s {{(pid=94358) execute /opt/stack/data/venv/lib/python3.12/site-packages/oslo_concurrency/processutils.py:468}}
Aug 24 18:47:14 devstack cinder-volume[94358]: DEBUG oslo_concurrency.processutils [None req-21e7785c-e298-4f03-9566-3b55ba9ad215 tempest-SnapshotsActionsTest-1977337712 None] Running cmd (subprocess): sudo cinder-rootwrap /etc/cinder/rootwrap.conf qemu-img rebase -u -b volume-6cbfc10e-f0e2-4d70-a76c-abcc32249af1.caffa940-f51b-4a44-8481-f0dcc948e9e4 -F qcow2 /opt/stack/data/cinder/mnt/554592a608669deda78d83ae2d4319a6/volume-6cbfc10e-f0e2-4d70-a76c-abcc32249af1.a11db4ac-4220-4c34-b35e-346097e5655b {{(pid=94358) execute /opt/stack/data/venv/lib/python3.12/site-packages/oslo_concurrency/processutils.py:440}}
Aug 24 18:47:14 devstack sudo[102309]: quobyte : PWD=/ ; USER=root ; COMMAND=/opt/stack/data/venv/bin/cinder-rootwrap /etc/cinder/rootwrap.conf qemu-img rebase -u -b volume-6cbfc10e-f0e2-4d70-a76c-abcc32249af1.caffa940-f51b-4a44-8481-f0dcc948e9e4 -F qcow2 /opt/stack/data/cinder/mnt/554592a608669deda78d83ae2d4319a6/volume-6cbfc10e-f0e2-4d70-a76c-abcc32249af1.a11db4ac-4220-4c34-b35e-346097e5655b
Aug 24 18:47:14 devstack sudo[102309]: pam_unix(sudo:session): session opened for user root(uid=0) by (uid=1000)
Aug 24 18:47:15 devstack sudo[102309]: pam_unix(sudo:session): session closed for user root
Aug 24 18:47:15 devstack cinder-volume[94358]: DEBUG oslo_concurrency.processutils [None req-21e7785c-e298-4f03-9566-3b55ba9ad215 tempest-SnapshotsActionsTest-1977337712 None] CMD "sudo cinder-rootwrap /etc/cinder/rootwrap.conf qemu-img rebase -u -b volume-6cbfc10e-f0e2-4d70-a76c-abcc32249af1.caffa940-f51b-4a44-8481-f0dcc948e9e4 -F qcow2 /opt/stack/data/cinder/mnt/554592a608669deda78d83ae2d4319a6/volume-6cbfc10e-f0e2-4d70-a76c-abcc32249af1.a11db4ac-4220-4c34-b35e-346097e5655b" returned: 0 in 0.538s {{(pid=94358) execute /opt/stack/data/venv/lib/python3.12/site-packages/oslo_concurrency/processutils.py:468}}
Aug 24 18:47:15 devstack cinder-volume[94358]: WARNING cinder.volume.drivers.remotefs [None req-21e7785c-e298-4f03-9566-3b55ba9ad215 tempest-SnapshotsActionsTest-1977337712 None] /opt/stack/data/cinder/mnt/554592a608669deda78d83ae2d4319a6/volume-6cbfc10e-f0e2-4d70-a76c-abcc32249af1.a11db4ac-4220-4c34-b35e-346097e5655b is being set with open permissions: ugo+rw
Aug 24 18:47:15 devstack cinder-volume[94358]: DEBUG oslo_concurrency.processutils [None req-21e7785c-e298-4f03-9566-3b55ba9ad215 tempest-SnapshotsActionsTest-1977337712 None] Running cmd (subprocess): sudo cinder-rootwrap /etc/cinder/rootwrap.conf chmod ugo+rw /opt/stack/data/cinder/mnt/554592a608669deda78d83ae2d4319a6/volume-6cbfc10e-f0e2-4d70-a76c-abcc32249af1.a11db4ac-4220-4c34-b35e-346097e5655b {{(pid=94358) execute /opt/stack/data/venv/lib/python3.12/site-packages/oslo_concurrency/processutils.py:440}}
Aug 24 18:47:15 devstack sudo[102322]: quobyte : PWD=/ ; USER=root ; COMMAND=/opt/stack/data/venv/bin/cinder-rootwrap /etc/cinder/rootwrap.conf chmod ugo+rw /opt/stack/data/cinder/mnt/554592a608669deda78d83ae2d4319a6/volume-6cbfc10e-f0e2-4d70-a76c-abcc32249af1.a11db4ac-4220-4c34-b35e-346097e5655b
Aug 24 18:47:15 devstack sudo[102322]: pam_unix(sudo:session): session opened for user root(uid=0) by (uid=1000)
Aug 24 18:47:15 devstack sudo[102322]: pam_unix(sudo:session): session closed for user root
Aug 24 18:47:15 devstack cinder-volume[94358]: DEBUG oslo_concurrency.processutils [None req-21e7785c-e298-4f03-9566-3b55ba9ad215 tempest-SnapshotsActionsTest-1977337712 None] CMD "sudo cinder-rootwrap /etc/cinder/rootwrap.conf chmod ugo+rw /opt/stack/data/cinder/mnt/554592a608669deda78d83ae2d4319a6/volume-6cbfc10e-f0e2-4d70-a76c-abcc32249af1.a11db4ac-4220-4c34-b35e-346097e5655b" returned: 0 in 0.368s {{(pid=94358) execute /opt/stack/data/venv/lib/python3.12/site-packages/oslo_concurrency/processutils.py:468}}
Aug 24 18:47:15 devstack cinder-volume[94358]: DEBUG oslo_concurrency.lockutils [None req-21e7785c-e298-4f03-9566-3b55ba9ad215 tempest-SnapshotsActionsTest-1977337712 None] Lock "quobyte" "released" by "cinder.volume.drivers.quobyte.QuobyteDriver.create_snapshot" :: held 2.410s {{(pid=94358) inner /opt/stack/data/venv/lib/python3.12/site-packages/oslo_concurrency/lockutils.py:544}}
Aug 24 18:47:15 devstack cinder-volume[94358]: INFO cinder.volume.manager [None req-21e7785c-e298-4f03-9566-3b55ba9ad215 tempest-SnapshotsActionsTest-1977337712 None] Create snapshot completed successfully
Aug 24 18:47:16 devstack cinder-volume[94358]: DEBUG cinder.coordination [None req-fbbad3ad-66e6-4ae6-82b9-9eac1d184f9a tempest-SnapshotsActionsTest-1944823399 None] Acquiring lock "cinder-a11db4ac-4220-4c34-b35e-346097e5655b-delete_snapshot" by "delete_snapshot" {{(pid=94358) __acquire /opt/stack/cinder/cinder/coordination.py:138}}
Aug 24 18:47:16 devstack cinder-volume[94358]: DEBUG cinder.coordination [None req-fbbad3ad-66e6-4ae6-82b9-9eac1d184f9a tempest-SnapshotsActionsTest-1944823399 None] Lock "cinder-a11db4ac-4220-4c34-b35e-346097e5655b-delete_snapshot" acquired by "delete_snapshot" :: waited 0.034s {{(pid=94358) __acquire /opt/stack/cinder/cinder/coordination.py:141}}
Aug 24 18:47:16 devstack cinder-volume[94358]: DEBUG cinder.coordination [None req-fbbad3ad-66e6-4ae6-82b9-9eac1d184f9a tempest-SnapshotsActionsTest-1944823399 None] Acquiring lock "cinder-quobyte-6cbfc10e-f0e2-4d70-a76c-abcc32249af1" by "delete_snapshot" {{(pid=94358) __acquire /opt/stack/cinder/cinder/coordination.py:138}}
Aug 24 18:47:16 devstack cinder-volume[94358]: DEBUG cinder.coordination [None req-fbbad3ad-66e6-4ae6-82b9-9eac1d184f9a tempest-SnapshotsActionsTest-1944823399 None] Lock "cinder-quobyte-6cbfc10e-f0e2-4d70-a76c-abcc32249af1" acquired by "delete_snapshot" :: waited 0.032s {{(pid=94358) __acquire /opt/stack/cinder/cinder/coordination.py:141}}
Aug 24 18:47:16 devstack cinder-volume[94358]: DEBUG cinder.coordination [None req-fbbad3ad-66e6-4ae6-82b9-9eac1d184f9a tempest-SnapshotsActionsTest-1944823399 None] Acquiring lock "cinder-quobyte-a11db4ac-4220-4c34-b35e-346097e5655b" by "_delete_snapshot" {{(pid=94358) __acquire /opt/stack/cinder/cinder/coordination.py:138}}
Aug 24 18:47:16 devstack cinder-volume[94358]: DEBUG cinder.coordination [None req-fbbad3ad-66e6-4ae6-82b9-9eac1d184f9a tempest-SnapshotsActionsTest-1944823399 None] Lock "cinder-quobyte-a11db4ac-4220-4c34-b35e-346097e5655b" acquired by "_delete_snapshot" :: waited 0.025s {{(pid=94358) __acquire /opt/stack/cinder/cinder/coordination.py:141}}
Aug 24 18:47:16 devstack cinder-volume[94358]: DEBUG cinder.volume.drivers.remotefs [None req-fbbad3ad-66e6-4ae6-82b9-9eac1d184f9a tempest-SnapshotsActionsTest-1944823399 None] Deleting offline snapshot a11db4ac-4220-4c34-b35e-346097e5655b of volume 6cbfc10e-f0e2-4d70-a76c-abcc32249af1 {{(pid=94358) _delete_snapshot /opt/stack/cinder/cinder/volume/drivers/remotefs.py:1288}}
Aug 24 18:47:16 devstack cinder-volume[94358]: DEBUG cinder.volume.drivers.remotefs [None req-fbbad3ad-66e6-4ae6-82b9-9eac1d184f9a tempest-SnapshotsActionsTest-1944823399 None] snapshot_file for this snap is: volume-6cbfc10e-f0e2-4d70-a76c-abcc32249af1.a11db4ac-4220-4c34-b35e-346097e5655b {{(pid=94358) _delete_snapshot /opt/stack/cinder/cinder/volume/drivers/remotefs.py:1317}}
Aug 24 18:47:16 devstack cinder-volume[94358]: DEBUG oslo.privsep.daemon [-] privsep: reply[d2c44905-49e0-413d-bc4e-ecb81092635d]: (4, 'qcow2') {{(pid=96284) _call_back /opt/stack/data/venv/lib/python3.12/site-packages/oslo_privsep/daemon.py:580}}
Aug 24 18:47:16 devstack cinder-volume[94358]: DEBUG oslo_concurrency.processutils [None req-fbbad3ad-66e6-4ae6-82b9-9eac1d184f9a tempest-SnapshotsActionsTest-1944823399 None] Running cmd (subprocess): /opt/stack/data/venv/bin/python3.12 -m oslo_concurrency.prlimit --as=1073741824 --cpu=60 -- sudo cinder-rootwrap /etc/cinder/rootwrap.conf env LC_ALL=C qemu-img info -f qcow2 --output=json --force-share /opt/stack/data/cinder/mnt/554592a608669deda78d83ae2d4319a6/volume-6cbfc10e-f0e2-4d70-a76c-abcc32249af1.a11db4ac-4220-4c34-b35e-346097e5655b {{(pid=94358) execute /opt/stack/data/venv/lib/python3.12/site-packages/oslo_concurrency/processutils.py:440}}
Aug 24 18:47:16 devstack sudo[102332]: quobyte : PWD=/ ; USER=root ; COMMAND=/opt/stack/data/venv/bin/cinder-rootwrap /etc/cinder/rootwrap.conf env LC_ALL=C qemu-img info -f qcow2 --output=json --force-share /opt/stack/data/cinder/mnt/554592a608669deda78d83ae2d4319a6/volume-6cbfc10e-f0e2-4d70-a76c-abcc32249af1.a11db4ac-4220-4c34-b35e-346097e5655b
Aug 24 18:47:16 devstack sudo[102332]: pam_unix(sudo:session): session opened for user root(uid=0) by (uid=1000)
Aug 24 18:47:17 devstack sudo[102332]: pam_unix(sudo:session): session closed for user root
Aug 24 18:47:17 devstack cinder-volume[94358]: DEBUG oslo_concurrency.processutils [None req-fbbad3ad-66e6-4ae6-82b9-9eac1d184f9a tempest-SnapshotsActionsTest-1944823399 None] CMD "/opt/stack/data/venv/bin/python3.12 -m oslo_concurrency.prlimit --as=1073741824 --cpu=60 -- sudo cinder-rootwrap /etc/cinder/rootwrap.conf env LC_ALL=C qemu-img info -f qcow2 --output=json --force-share /opt/stack/data/cinder/mnt/554592a608669deda78d83ae2d4319a6/volume-6cbfc10e-f0e2-4d70-a76c-abcc32249af1.a11db4ac-4220-4c34-b35e-346097e5655b" returned: 0 in 0.518s {{(pid=94358) execute /opt/stack/data/venv/lib/python3.12/site-packages/oslo_concurrency/processutils.py:468}}
Aug 24 18:47:17 devstack cinder-volume[94358]: DEBUG cinder.volume.drivers.remotefs [None req-fbbad3ad-66e6-4ae6-82b9-9eac1d184f9a tempest-SnapshotsActionsTest-1944823399 None] Fetching qemu-img info with special backing_file_template: (/opt/stack/data/cinder/mnt/[0-9a-f]+/)?(volume-6cbfc10e-f0e2-4d70-a76c-abcc32249af1(.(tmp-snap-)?[0-9a-f-]+)?|volume_from_snapshot_cache/(tmp-snap-)?[0-9a-f-]+(.(child-|parent-)[0-9a-f-]+)?)$ {{(pid=94358) _qemu_img_info_base /opt/stack/cinder/cinder/volume/drivers/remotefs.py:896}}
Aug 24 18:47:17 devstack cinder-volume[94358]: DEBUG oslo.privsep.daemon [-] privsep: reply[3f1b2144-144d-463f-8fa7-929d4a116415]: (4, 'qcow2') {{(pid=96284) _call_back /opt/stack/data/venv/lib/python3.12/site-packages/oslo_privsep/daemon.py:580}}
Aug 24 18:47:17 devstack cinder-volume[94358]: DEBUG oslo_concurrency.processutils [None req-fbbad3ad-66e6-4ae6-82b9-9eac1d184f9a tempest-SnapshotsActionsTest-1944823399 None] Running cmd (subprocess): /opt/stack/data/venv/bin/python3.12 -m oslo_concurrency.prlimit --as=1073741824 --cpu=60 -- sudo cinder-rootwrap /etc/cinder/rootwrap.conf env LC_ALL=C qemu-img info -f qcow2 --output=json --force-share /opt/stack/data/cinder/mnt/554592a608669deda78d83ae2d4319a6/volume-6cbfc10e-f0e2-4d70-a76c-abcc32249af1.caffa940-f51b-4a44-8481-f0dcc948e9e4 {{(pid=94358) execute /opt/stack/data/venv/lib/python3.12/site-packages/oslo_concurrency/processutils.py:440}}
Aug 24 18:47:17 devstack sudo[102338]: quobyte : PWD=/ ; USER=root ; COMMAND=/opt/stack/data/venv/bin/cinder-rootwrap /etc/cinder/rootwrap.conf env LC_ALL=C qemu-img info -f qcow2 --output=json --force-share /opt/stack/data/cinder/mnt/554592a608669deda78d83ae2d4319a6/volume-6cbfc10e-f0e2-4d70-a76c-abcc32249af1.caffa940-f51b-4a44-8481-f0dcc948e9e4
Aug 24 18:47:17 devstack sudo[102338]: pam_unix(sudo:session): session opened for user root(uid=0) by (uid=1000)
Aug 24 18:47:17 devstack sudo[102338]: pam_unix(sudo:session): session closed for user root
Aug 24 18:47:17 devstack cinder-volume[94358]: DEBUG oslo_concurrency.processutils [None req-fbbad3ad-66e6-4ae6-82b9-9eac1d184f9a tempest-SnapshotsActionsTest-1944823399 None] CMD "/opt/stack/data/venv/bin/python3.12 -m oslo_concurrency.prlimit --as=1073741824 --cpu=60 -- sudo cinder-rootwrap /etc/cinder/rootwrap.conf env LC_ALL=C qemu-img info -f qcow2 --output=json --force-share /opt/stack/data/cinder/mnt/554592a608669deda78d83ae2d4319a6/volume-6cbfc10e-f0e2-4d70-a76c-abcc32249af1.caffa940-f51b-4a44-8481-f0dcc948e9e4" returned: 0 in 0.620s {{(pid=94358) execute /opt/stack/data/venv/lib/python3.12/site-packages/oslo_concurrency/processutils.py:468}}
Aug 24 18:47:17 devstack cinder-volume[94358]: DEBUG cinder.volume.drivers.remotefs [None req-fbbad3ad-66e6-4ae6-82b9-9eac1d184f9a tempest-SnapshotsActionsTest-1944823399 None] Fetching qemu-img info with special backing_file_template: (/opt/stack/data/cinder/mnt/[0-9a-f]+/)?(volume-6cbfc10e-f0e2-4d70-a76c-abcc32249af1(.(tmp-snap-)?[0-9a-f-]+)?|volume_from_snapshot_cache/(tmp-snap-)?[0-9a-f-]+(.(child-|parent-)[0-9a-f-]+)?)$ {{(pid=94358) _qemu_img_info_base /opt/stack/cinder/cinder/volume/drivers/remotefs.py:896}}
Aug 24 18:47:17 devstack cinder-volume[94358]: DEBUG oslo_concurrency.processutils [None req-fbbad3ad-66e6-4ae6-82b9-9eac1d184f9a tempest-SnapshotsActionsTest-1944823399 None] Running cmd (subprocess): sudo cinder-rootwrap /etc/cinder/rootwrap.conf qemu-img commit -d /opt/stack/data/cinder/mnt/554592a608669deda78d83ae2d4319a6/volume-6cbfc10e-f0e2-4d70-a76c-abcc32249af1.a11db4ac-4220-4c34-b35e-346097e5655b {{(pid=94358) execute /opt/stack/data/venv/lib/python3.12/site-packages/oslo_concurrency/processutils.py:440}}
Aug 24 18:47:17 devstack sudo[102345]: quobyte : PWD=/ ; USER=root ; COMMAND=/opt/stack/data/venv/bin/cinder-rootwrap /etc/cinder/rootwrap.conf qemu-img commit -d /opt/stack/data/cinder/mnt/554592a608669deda78d83ae2d4319a6/volume-6cbfc10e-f0e2-4d70-a76c-abcc32249af1.a11db4ac-4220-4c34-b35e-346097e5655b
Aug 24 18:47:17 devstack sudo[102345]: pam_unix(sudo:session): session opened for user root(uid=0) by (uid=1000)
Aug 24 18:47:18 devstack sudo[102345]: pam_unix(sudo:session): session closed for user root
Aug 24 18:47:18 devstack cinder-volume[94358]: DEBUG oslo_concurrency.processutils [None req-fbbad3ad-66e6-4ae6-82b9-9eac1d184f9a tempest-SnapshotsActionsTest-1944823399 None] CMD "sudo cinder-rootwrap /etc/cinder/rootwrap.conf qemu-img commit -d /opt/stack/data/cinder/mnt/554592a608669deda78d83ae2d4319a6/volume-6cbfc10e-f0e2-4d70-a76c-abcc32249af1.a11db4ac-4220-4c34-b35e-346097e5655b" returned: 0 in 0.611s {{(pid=94358) execute /opt/stack/data/venv/lib/python3.12/site-packages/oslo_concurrency/processutils.py:468}}
Aug 24 18:47:18 devstack cinder-volume[94358]: DEBUG oslo_concurrency.processutils [None req-fbbad3ad-66e6-4ae6-82b9-9eac1d184f9a tempest-SnapshotsActionsTest-1944823399 None] Running cmd (subprocess): sudo cinder-rootwrap /etc/cinder/rootwrap.conf rm -f /opt/stack/data/cinder/mnt/554592a608669deda78d83ae2d4319a6/volume-6cbfc10e-f0e2-4d70-a76c-abcc32249af1.a11db4ac-4220-4c34-b35e-346097e5655b {{(pid=94358) execute /opt/stack/data/venv/lib/python3.12/site-packages/oslo_concurrency/processutils.py:440}}
Aug 24 18:47:18 devstack sudo[102350]: quobyte : PWD=/ ; USER=root ; COMMAND=/opt/stack/data/venv/bin/cinder-rootwrap /etc/cinder/rootwrap.conf rm -f /opt/stack/data/cinder/mnt/554592a608669deda78d83ae2d4319a6/volume-6cbfc10e-f0e2-4d70-a76c-abcc32249af1.a11db4ac-4220-4c34-b35e-346097e5655b
Aug 24 18:47:18 devstack sudo[102350]: pam_unix(sudo:session): session opened for user root(uid=0) by (uid=1000)
Aug 24 18:47:18 devstack sudo[102350]: pam_unix(sudo:session): session closed for user root
Aug 24 18:47:18 devstack cinder-volume[94358]: DEBUG oslo_concurrency.processutils [None req-fbbad3ad-66e6-4ae6-82b9-9eac1d184f9a tempest-SnapshotsActionsTest-1944823399 None] CMD "sudo cinder-rootwrap /etc/cinder/rootwrap.conf rm -f /opt/stack/data/cinder/mnt/554592a608669deda78d83ae2d4319a6/volume-6cbfc10e-f0e2-4d70-a76c-abcc32249af1.a11db4ac-4220-4c34-b35e-346097e5655b" returned: 0 in 0.510s {{(pid=94358) execute /opt/stack/data/venv/lib/python3.12/site-packages/oslo_concurrency/processutils.py:468}}
Aug 24 18:47:19 devstack cinder-volume[94358]: DEBUG cinder.coordination [None req-fbbad3ad-66e6-4ae6-82b9-9eac1d184f9a tempest-SnapshotsActionsTest-1944823399 None] Lock "cinder-quobyte-a11db4ac-4220-4c34-b35e-346097e5655b" released by "_delete_snapshot" :: held 2.494s {{(pid=94358) __release /opt/stack/cinder/cinder/coordination.py:152}}
Aug 24 18:47:19 devstack cinder-volume[94358]: DEBUG cinder.coordination [None req-fbbad3ad-66e6-4ae6-82b9-9eac1d184f9a tempest-SnapshotsActionsTest-1944823399 None] Lock "cinder-quobyte-6cbfc10e-f0e2-4d70-a76c-abcc32249af1" released by "delete_snapshot" :: held 2.538s {{(pid=94358) __release /opt/stack/cinder/cinder/coordination.py:152}}
Aug 24 18:47:19 devstack cinder-volume[94358]: DEBUG cinder.quota [None req-fbbad3ad-66e6-4ae6-82b9-9eac1d184f9a tempest-SnapshotsActionsTest-1944823399 None] Created reservations ['9e785282-eaa7-4b6b-9bd5-737a7c5f2647', 'dc4b7a33-45db-40e2-8d8b-b4330405afee', '83cd2639-1b2b-4d75-b263-07faab262dcd', '9ce590bd-7f87-4e67-a382-1d13c9417d43'] {{(pid=94358) reserve /opt/stack/cinder/cinder/quota.py:752}}
Aug 24 18:47:19 devstack cinder-volume[94358]: INFO cinder.volume.manager [None req-fbbad3ad-66e6-4ae6-82b9-9eac1d184f9a tempest-SnapshotsActionsTest-1944823399 None] Delete snapshot completed successfully.
Aug 24 18:47:19 devstack cinder-volume[94358]: DEBUG cinder.coordination [None req-fbbad3ad-66e6-4ae6-82b9-9eac1d184f9a tempest-SnapshotsActionsTest-1944823399 None] Lock "cinder-a11db4ac-4220-4c34-b35e-346097e5655b-delete_snapshot" released by "delete_snapshot" :: held 3.085s {{(pid=94358) __release /opt/stack/cinder/cinder/coordination.py:152}}
Aug 24 18:47:20 devstack cinder-volume[94358]: DEBUG oslo_concurrency.lockutils [None req-3e539f5b-68b8-48a5-b0db-58a2a5e9ff28 tempest-SnapshotsActionsTest-1977337712 None] Acquiring lock "quobyte" by "cinder.volume.drivers.quobyte.QuobyteDriver.create_snapshot" {{(pid=94358) inner /opt/stack/data/venv/lib/python3.12/site-packages/oslo_concurrency/lockutils.py:512}}
Aug 24 18:47:20 devstack cinder-volume[94358]: DEBUG oslo_concurrency.lockutils [None req-3e539f5b-68b8-48a5-b0db-58a2a5e9ff28 tempest-SnapshotsActionsTest-1977337712 None] Lock "quobyte" acquired by "cinder.volume.drivers.quobyte.QuobyteDriver.create_snapshot" :: waited 0.001s {{(pid=94358) inner /opt/stack/data/venv/lib/python3.12/site-packages/oslo_concurrency/lockutils.py:525}}
Aug 24 18:47:20 devstack cinder-volume[94358]: DEBUG cinder.volume.drivers.remotefs [None req-3e539f5b-68b8-48a5-b0db-58a2a5e9ff28 tempest-SnapshotsActionsTest-1977337712 None] Creating offline snapshot 5cf1044d-2316-48f0-a885-7afcaf7a9571 of volume 6cbfc10e-f0e2-4d70-a76c-abcc32249af1 {{(pid=94358) _create_snapshot /opt/stack/cinder/cinder/volume/drivers/remotefs.py:1816}}
Aug 24 18:47:20 devstack cinder-volume[94358]: DEBUG oslo.privsep.daemon [-] privsep: reply[398af283-1824-4818-8cd1-5700240a2ced]: (4, 'qcow2') {{(pid=96284) _call_back /opt/stack/data/venv/lib/python3.12/site-packages/oslo_privsep/daemon.py:580}}
Aug 24 18:47:20 devstack cinder-volume[94358]: DEBUG oslo_concurrency.processutils [None req-3e539f5b-68b8-48a5-b0db-58a2a5e9ff28 tempest-SnapshotsActionsTest-1977337712 None] Running cmd (subprocess): /opt/stack/data/venv/bin/python3.12 -m oslo_concurrency.prlimit --as=1073741824 --cpu=60 -- sudo cinder-rootwrap /etc/cinder/rootwrap.conf env LC_ALL=C qemu-img info -f qcow2 --output=json --force-share /opt/stack/data/cinder/mnt/554592a608669deda78d83ae2d4319a6/volume-6cbfc10e-f0e2-4d70-a76c-abcc32249af1.caffa940-f51b-4a44-8481-f0dcc948e9e4 {{(pid=94358) execute /opt/stack/data/venv/lib/python3.12/site-packages/oslo_concurrency/processutils.py:440}}
Aug 24 18:47:20 devstack sudo[102353]: quobyte : PWD=/ ; USER=root ; COMMAND=/opt/stack/data/venv/bin/cinder-rootwrap /etc/cinder/rootwrap.conf env LC_ALL=C qemu-img info -f qcow2 --output=json --force-share /opt/stack/data/cinder/mnt/554592a608669deda78d83ae2d4319a6/volume-6cbfc10e-f0e2-4d70-a76c-abcc32249af1.caffa940-f51b-4a44-8481-f0dcc948e9e4
Aug 24 18:47:20 devstack sudo[102353]: pam_unix(sudo:session): session opened for user root(uid=0) by (uid=1000)
Aug 24 18:47:20 devstack sudo[102353]: pam_unix(sudo:session): session closed for user root
Aug 24 18:47:20 devstack cinder-volume[94358]: DEBUG oslo_concurrency.processutils [None req-3e539f5b-68b8-48a5-b0db-58a2a5e9ff28 tempest-SnapshotsActionsTest-1977337712 None] CMD "/opt/stack/data/venv/bin/python3.12 -m oslo_concurrency.prlimit --as=1073741824 --cpu=60 -- sudo cinder-rootwrap /etc/cinder/rootwrap.conf env LC_ALL=C qemu-img info -f qcow2 --output=json --force-share /opt/stack/data/cinder/mnt/554592a608669deda78d83ae2d4319a6/volume-6cbfc10e-f0e2-4d70-a76c-abcc32249af1.caffa940-f51b-4a44-8481-f0dcc948e9e4" returned: 0 in 0.566s {{(pid=94358) execute /opt/stack/data/venv/lib/python3.12/site-packages/oslo_concurrency/processutils.py:468}}
Aug 24 18:47:20 devstack cinder-volume[94358]: DEBUG cinder.volume.drivers.remotefs [None req-3e539f5b-68b8-48a5-b0db-58a2a5e9ff28 tempest-SnapshotsActionsTest-1977337712 None] Fetching qemu-img info with special backing_file_template: (/opt/stack/data/cinder/mnt/[0-9a-f]+/)?(volume-6cbfc10e-f0e2-4d70-a76c-abcc32249af1(.(tmp-snap-)?[0-9a-f-]+)?|volume_from_snapshot_cache/(tmp-snap-)?[0-9a-f-]+(.(child-|parent-)[0-9a-f-]+)?)$ {{(pid=94358) _qemu_img_info_base /opt/stack/cinder/cinder/volume/drivers/remotefs.py:896}}
Aug 24 18:47:20 devstack cinder-volume[94358]: DEBUG oslo_concurrency.processutils [None req-3e539f5b-68b8-48a5-b0db-58a2a5e9ff28 tempest-SnapshotsActionsTest-1977337712 None] Running cmd (subprocess): sudo cinder-rootwrap /etc/cinder/rootwrap.conf qemu-img create -f qcow2 -o backing_file=/opt/stack/data/cinder/mnt/554592a608669deda78d83ae2d4319a6/volume-6cbfc10e-f0e2-4d70-a76c-abcc32249af1.caffa940-f51b-4a44-8481-f0dcc948e9e4,backing_fmt=qcow2 /opt/stack/data/cinder/mnt/554592a608669deda78d83ae2d4319a6/volume-6cbfc10e-f0e2-4d70-a76c-abcc32249af1.5cf1044d-2316-48f0-a885-7afcaf7a9571 1G {{(pid=94358) execute /opt/stack/data/venv/lib/python3.12/site-packages/oslo_concurrency/processutils.py:440}}
Aug 24 18:47:20 devstack sudo[102359]: quobyte : PWD=/ ; USER=root ; COMMAND=/opt/stack/data/venv/bin/cinder-rootwrap /etc/cinder/rootwrap.conf qemu-img create -f qcow2 -o backing_file=/opt/stack/data/cinder/mnt/554592a608669deda78d83ae2d4319a6/volume-6cbfc10e-f0e2-4d70-a76c-abcc32249af1.caffa940-f51b-4a44-8481-f0dcc948e9e4,backing_fmt=qcow2 /opt/stack/data/cinder/mnt/554592a608669deda78d83ae2d4319a6/volume-6cbfc10e-f0e2-4d70-a76c-abcc32249af1.5cf1044d-2316-48f0-a885-7afcaf7a9571 1G
Aug 24 18:47:20 devstack sudo[102359]: pam_unix(sudo:session): session opened for user root(uid=0) by (uid=1000)
Aug 24 18:47:21 devstack sudo[102359]: pam_unix(sudo:session): session closed for user root
Aug 24 18:47:21 devstack cinder-volume[94358]: DEBUG oslo_concurrency.processutils [None req-3e539f5b-68b8-48a5-b0db-58a2a5e9ff28 tempest-SnapshotsActionsTest-1977337712 None] CMD "sudo cinder-rootwrap /etc/cinder/rootwrap.conf qemu-img create -f qcow2 -o backing_file=/opt/stack/data/cinder/mnt/554592a608669deda78d83ae2d4319a6/volume-6cbfc10e-f0e2-4d70-a76c-abcc32249af1.caffa940-f51b-4a44-8481-f0dcc948e9e4,backing_fmt=qcow2 /opt/stack/data/cinder/mnt/554592a608669deda78d83ae2d4319a6/volume-6cbfc10e-f0e2-4d70-a76c-abcc32249af1.5cf1044d-2316-48f0-a885-7afcaf7a9571 1G" returned: 0 in 0.624s {{(pid=94358) execute /opt/stack/data/venv/lib/python3.12/site-packages/oslo_concurrency/processutils.py:468}}
