Aug 24 18:46:40 devstack cinder-volume[94358]: DEBUG cinder.coordination [None req-6f217962-b1b6-4040-a4d8-5a4e1650252c tempest-GroupsV314Test-932204691 None] Lock "cinder-quobyte-7894b579-493d-492d-92f1-d53cda972ec3" acquired by "delete_volume" :: waited 0.080s {{(pid=94358) __acquire /opt/stack/cinder/cinder/coordination.py:141}}
Aug 24 18:46:40 devstack cinder-volume[94358]: DEBUG oslo.privsep.daemon [-] privsep: reply[e68ad8a8-19f3-4d23-99ac-ad50d109cf2b]: (4, 'qcow2') {{(pid=96284) _call_back /opt/stack/data/venv/lib/python3.12/site-packages/oslo_privsep/daemon.py:580}}
Aug 24 18:46:40 devstack cinder-volume[94358]: DEBUG oslo_concurrency.processutils [None req-6f217962-b1b6-4040-a4d8-5a4e1650252c tempest-GroupsV314Test-932204691 None] Running cmd (subprocess): /opt/stack/data/venv/bin/python3.12 -m oslo_concurrency.prlimit --as=1073741824 --cpu=60 -- sudo cinder-rootwrap /etc/cinder/rootwrap.conf env LC_ALL=C qemu-img info -f qcow2 --output=json --force-share /opt/stack/data/cinder/mnt/554592a608669deda78d83ae2d4319a6/volume-7894b579-493d-492d-92f1-d53cda972ec3 {{(pid=94358) execute /opt/stack/data/venv/lib/python3.12/site-packages/oslo_concurrency/processutils.py:440}}
Aug 24 18:46:40 devstack cinder-volume[94358]: INFO cinder.volume.manager [None req-2d25d4a3-77fe-4337-89d8-07d11f9a040b tempest-VolumeTypesAccessTest-1838834711 None] Created volume successfully.
Aug 24 18:46:41 devstack sudo[101848]: pam_unix(sudo:session): session closed for user root
Aug 24 18:46:41 devstack cinder-volume[94358]: DEBUG oslo_concurrency.processutils [None req-61c472e6-eb3a-4f4a-8f02-4dd018b9f710 tempest-VolumesDeleteCascade-1595280602 None] CMD "/opt/stack/data/venv/bin/python3.12 -m oslo_concurrency.prlimit --as=1073741824 --cpu=60 -- sudo cinder-rootwrap /etc/cinder/rootwrap.conf env LC_ALL=C qemu-img info -f qcow2 --output=json --force-share /opt/stack/data/cinder/mnt/554592a608669deda78d83ae2d4319a6/volume-b0a2c598-06e9-400f-a83a-d165f7d6e48f.45d9ab34-97f2-43e1-b6c4-91c843f171ec" returned: 0 in 1.029s {{(pid=94358) execute /opt/stack/data/venv/lib/python3.12/site-packages/oslo_concurrency/processutils.py:468}}
Aug 24 18:46:41 devstack cinder-volume[94358]: DEBUG cinder.volume.drivers.remotefs [None req-61c472e6-eb3a-4f4a-8f02-4dd018b9f710 tempest-VolumesDeleteCascade-1595280602 None] Fetching qemu-img info with special backing_file_template: (/opt/stack/data/cinder/mnt/[0-9a-f]+/)?(volume-b0a2c598-06e9-400f-a83a-d165f7d6e48f(.(tmp-snap-)?[0-9a-f-]+)?|volume_from_snapshot_cache/(tmp-snap-)?[0-9a-f-]+(.(child-|parent-)[0-9a-f-]+)?)$ {{(pid=94358) _qemu_img_info_base /opt/stack/cinder/cinder/volume/drivers/remotefs.py:896}}
Aug 24 18:46:41 devstack sudo[101887]: quobyte : PWD=/ ; USER=root ; COMMAND=/opt/stack/data/venv/bin/cinder-rootwrap /etc/cinder/rootwrap.conf env LC_ALL=C qemu-img info -f qcow2 --output=json --force-share /opt/stack/data/cinder/mnt/554592a608669deda78d83ae2d4319a6/volume-7894b579-493d-492d-92f1-d53cda972ec3
Aug 24 18:46:41 devstack sudo[101887]: pam_unix(sudo:session): session opened for user root(uid=0) by (uid=1000)
Aug 24 18:46:41 devstack cinder-volume[94358]: DEBUG oslo.privsep.daemon [-] privsep: reply[72e7f683-ef20-4d23-a300-a1f13c1d3b32]: (4, 'qcow2') {{(pid=96284) _call_back /opt/stack/data/venv/lib/python3.12/site-packages/oslo_privsep/daemon.py:580}}
Aug 24 18:46:41 devstack cinder-volume[94358]: DEBUG oslo_concurrency.processutils [None req-61c472e6-eb3a-4f4a-8f02-4dd018b9f710 tempest-VolumesDeleteCascade-1595280602 None] Running cmd (subprocess): /opt/stack/data/venv/bin/python3.12 -m oslo_concurrency.prlimit --as=1073741824 --cpu=60 -- sudo cinder-rootwrap /etc/cinder/rootwrap.conf env LC_ALL=C qemu-img info -f qcow2 --output=json --force-share /opt/stack/data/cinder/mnt/554592a608669deda78d83ae2d4319a6/volume-b0a2c598-06e9-400f-a83a-d165f7d6e48f {{(pid=94358) execute /opt/stack/data/venv/lib/python3.12/site-packages/oslo_concurrency/processutils.py:440}}
Aug 24 18:46:41 devstack cinder-volume[94358]: DEBUG cinder.coordination [None req-d093e6cb-3a09-44ac-a48c-2f6200d7e0d9 tempest-VolumeTypesAccessTest-1838834711 None] Acquiring lock "cinder-5ac9b418-8e37-4660-bac8-cbecbf6d78b8-delete_volume" by "delete_volume" {{(pid=94358) __acquire /opt/stack/cinder/cinder/coordination.py:138}}
Aug 24 18:46:41 devstack cinder-volume[94358]: DEBUG cinder.coordination [None req-d093e6cb-3a09-44ac-a48c-2f6200d7e0d9 tempest-VolumeTypesAccessTest-1838834711 None] Lock "cinder-5ac9b418-8e37-4660-bac8-cbecbf6d78b8-delete_volume" acquired by "delete_volume" :: waited 0.062s {{(pid=94358) __acquire /opt/stack/cinder/cinder/coordination.py:141}}
Aug 24 18:46:41 devstack cinder-volume[94358]: DEBUG cinder.coordination [None req-d093e6cb-3a09-44ac-a48c-2f6200d7e0d9 tempest-VolumeTypesAccessTest-1838834711 None] Acquiring lock "cinder-quobyte-5ac9b418-8e37-4660-bac8-cbecbf6d78b8" by "delete_volume" {{(pid=94358) __acquire /opt/stack/cinder/cinder/coordination.py:138}}
Aug 24 18:46:41 devstack sudo[101909]: quobyte : PWD=/ ; USER=root ; COMMAND=/opt/stack/data/venv/bin/cinder-rootwrap /etc/cinder/rootwrap.conf env LC_ALL=C qemu-img info -f qcow2 --output=json --force-share /opt/stack/data/cinder/mnt/554592a608669deda78d83ae2d4319a6/volume-b0a2c598-06e9-400f-a83a-d165f7d6e48f
Aug 24 18:46:41 devstack sudo[101909]: pam_unix(sudo:session): session opened for user root(uid=0) by (uid=1000)
Aug 24 18:46:41 devstack cinder-volume[94358]: DEBUG cinder.coordination [None req-d093e6cb-3a09-44ac-a48c-2f6200d7e0d9 tempest-VolumeTypesAccessTest-1838834711 None] Lock "cinder-quobyte-5ac9b418-8e37-4660-bac8-cbecbf6d78b8" acquired by "delete_volume" :: waited 0.039s {{(pid=94358) __acquire /opt/stack/cinder/cinder/coordination.py:141}}
Aug 24 18:46:41 devstack cinder-volume[94358]: DEBUG oslo.privsep.daemon [-] privsep: reply[c2d00c6c-f5e5-4bae-adb4-a1464bf72027]: (4, 'qcow2') {{(pid=96284) _call_back /opt/stack/data/venv/lib/python3.12/site-packages/oslo_privsep/daemon.py:580}}
Aug 24 18:46:41 devstack cinder-volume[94358]: DEBUG oslo_concurrency.processutils [None req-d093e6cb-3a09-44ac-a48c-2f6200d7e0d9 tempest-VolumeTypesAccessTest-1838834711 None] Running cmd (subprocess): /opt/stack/data/venv/bin/python3.12 -m oslo_concurrency.prlimit --as=1073741824 --cpu=60 -- sudo cinder-rootwrap /etc/cinder/rootwrap.conf env LC_ALL=C qemu-img info -f qcow2 --output=json --force-share /opt/stack/data/cinder/mnt/554592a608669deda78d83ae2d4319a6/volume-5ac9b418-8e37-4660-bac8-cbecbf6d78b8 {{(pid=94358) execute /opt/stack/data/venv/lib/python3.12/site-packages/oslo_concurrency/processutils.py:440}}
Aug 24 18:46:41 devstack sudo[101887]: pam_unix(sudo:session): session closed for user root
Aug 24 18:46:41 devstack cinder-volume[94358]: DEBUG oslo_concurrency.processutils [None req-6f217962-b1b6-4040-a4d8-5a4e1650252c tempest-GroupsV314Test-932204691 None] CMD "/opt/stack/data/venv/bin/python3.12 -m oslo_concurrency.prlimit --as=1073741824 --cpu=60 -- sudo cinder-rootwrap /etc/cinder/rootwrap.conf env LC_ALL=C qemu-img info -f qcow2 --output=json --force-share /opt/stack/data/cinder/mnt/554592a608669deda78d83ae2d4319a6/volume-7894b579-493d-492d-92f1-d53cda972ec3" returned: 0 in 0.815s {{(pid=94358) execute /opt/stack/data/venv/lib/python3.12/site-packages/oslo_concurrency/processutils.py:468}}
Aug 24 18:46:41 devstack cinder-volume[94358]: DEBUG oslo_concurrency.processutils [None req-6f217962-b1b6-4040-a4d8-5a4e1650252c tempest-GroupsV314Test-932204691 None] Running cmd (subprocess): sudo cinder-rootwrap /etc/cinder/rootwrap.conf rm -f /opt/stack/data/cinder/mnt/554592a608669deda78d83ae2d4319a6/volume-7894b579-493d-492d-92f1-d53cda972ec3 {{(pid=94358) execute /opt/stack/data/venv/lib/python3.12/site-packages/oslo_concurrency/processutils.py:440}}
Aug 24 18:46:41 devstack sudo[101923]: quobyte : PWD=/ ; USER=root ; COMMAND=/opt/stack/data/venv/bin/cinder-rootwrap /etc/cinder/rootwrap.conf rm -f /opt/stack/data/cinder/mnt/554592a608669deda78d83ae2d4319a6/volume-7894b579-493d-492d-92f1-d53cda972ec3
Aug 24 18:46:41 devstack sudo[101923]: pam_unix(sudo:session): session opened for user root(uid=0) by (uid=1000)
Aug 24 18:46:41 devstack sudo[101920]: quobyte : PWD=/ ; USER=root ; COMMAND=/opt/stack/data/venv/bin/cinder-rootwrap /etc/cinder/rootwrap.conf env LC_ALL=C qemu-img info -f qcow2 --output=json --force-share /opt/stack/data/cinder/mnt/554592a608669deda78d83ae2d4319a6/volume-5ac9b418-8e37-4660-bac8-cbecbf6d78b8
Aug 24 18:46:41 devstack sudo[101920]: pam_unix(sudo:session): session opened for user root(uid=0) by (uid=1000)
Aug 24 18:46:41 devstack sudo[101923]: pam_unix(sudo:session): session closed for user root
Aug 24 18:46:41 devstack cinder-volume[94358]: DEBUG oslo_concurrency.processutils [None req-6f217962-b1b6-4040-a4d8-5a4e1650252c tempest-GroupsV314Test-932204691 None] CMD "sudo cinder-rootwrap /etc/cinder/rootwrap.conf rm -f /opt/stack/data/cinder/mnt/554592a608669deda78d83ae2d4319a6/volume-7894b579-493d-492d-92f1-d53cda972ec3" returned: 0 in 0.394s {{(pid=94358) execute /opt/stack/data/venv/lib/python3.12/site-packages/oslo_concurrency/processutils.py:468}}
Aug 24 18:46:41 devstack cinder-volume[94358]: DEBUG cinder.coordination [None req-6f217962-b1b6-4040-a4d8-5a4e1650252c tempest-GroupsV314Test-932204691 None] Lock "cinder-quobyte-7894b579-493d-492d-92f1-d53cda972ec3" released by "delete_volume" :: held 1.355s {{(pid=94358) __release /opt/stack/cinder/cinder/coordination.py:152}}
Aug 24 18:46:41 devstack sudo[101909]: pam_unix(sudo:session): session closed for user root
Aug 24 18:46:41 devstack sudo[101920]: pam_unix(sudo:session): session closed for user root
Aug 24 18:46:41 devstack cinder-volume[94358]: DEBUG oslo_concurrency.processutils [None req-d093e6cb-3a09-44ac-a48c-2f6200d7e0d9 tempest-VolumeTypesAccessTest-1838834711 None] CMD "/opt/stack/data/venv/bin/python3.12 -m oslo_concurrency.prlimit --as=1073741824 --cpu=60 -- sudo cinder-rootwrap /etc/cinder/rootwrap.conf env LC_ALL=C qemu-img info -f qcow2 --output=json --force-share /opt/stack/data/cinder/mnt/554592a608669deda78d83ae2d4319a6/volume-5ac9b418-8e37-4660-bac8-cbecbf6d78b8" returned: 0 in 0.533s {{(pid=94358) execute /opt/stack/data/venv/lib/python3.12/site-packages/oslo_concurrency/processutils.py:468}}
Aug 24 18:46:41 devstack cinder-volume[94358]: DEBUG oslo_concurrency.processutils [None req-61c472e6-eb3a-4f4a-8f02-4dd018b9f710 tempest-VolumesDeleteCascade-1595280602 None] CMD "/opt/stack/data/venv/bin/python3.12 -m oslo_concurrency.prlimit --as=1073741824 --cpu=60 -- sudo cinder-rootwrap /etc/cinder/rootwrap.conf env LC_ALL=C qemu-img info -f qcow2 --output=json --force-share /opt/stack/data/cinder/mnt/554592a608669deda78d83ae2d4319a6/volume-b0a2c598-06e9-400f-a83a-d165f7d6e48f" returned: 0 in 0.896s {{(pid=94358) execute /opt/stack/data/venv/lib/python3.12/site-packages/oslo_concurrency/processutils.py:468}}
Aug 24 18:46:41 devstack cinder-volume[94358]: DEBUG oslo_concurrency.processutils [None req-d093e6cb-3a09-44ac-a48c-2f6200d7e0d9 tempest-VolumeTypesAccessTest-1838834711 None] Running cmd (subprocess): sudo cinder-rootwrap /etc/cinder/rootwrap.conf rm -f /opt/stack/data/cinder/mnt/554592a608669deda78d83ae2d4319a6/volume-5ac9b418-8e37-4660-bac8-cbecbf6d78b8 {{(pid=94358) execute /opt/stack/data/venv/lib/python3.12/site-packages/oslo_concurrency/processutils.py:440}}
Aug 24 18:46:42 devstack sudo[101944]: quobyte : PWD=/ ; USER=root ; COMMAND=/opt/stack/data/venv/bin/cinder-rootwrap /etc/cinder/rootwrap.conf rm -f /opt/stack/data/cinder/mnt/554592a608669deda78d83ae2d4319a6/volume-5ac9b418-8e37-4660-bac8-cbecbf6d78b8
Aug 24 18:46:42 devstack sudo[101944]: pam_unix(sudo:session): session opened for user root(uid=0) by (uid=1000)
Aug 24 18:46:42 devstack cinder-volume[94358]: DEBUG oslo.privsep.daemon [-] privsep: reply[9d798567-4ecc-41a6-90b9-92ee3d15728c]: (4, 'qcow2') {{(pid=96284) _call_back /opt/stack/data/venv/lib/python3.12/site-packages/oslo_privsep/daemon.py:580}}
Aug 24 18:46:42 devstack cinder-volume[94358]: DEBUG oslo_concurrency.processutils [None req-61c472e6-eb3a-4f4a-8f02-4dd018b9f710 tempest-VolumesDeleteCascade-1595280602 None] Running cmd (subprocess): /opt/stack/data/venv/bin/python3.12 -m oslo_concurrency.prlimit --as=1073741824 --cpu=60 -- sudo cinder-rootwrap /etc/cinder/rootwrap.conf env LC_ALL=C qemu-img info -f qcow2 --output=json --force-share /opt/stack/data/cinder/mnt/554592a608669deda78d83ae2d4319a6/volume-b0a2c598-06e9-400f-a83a-d165f7d6e48f.974b9600-eb81-4eec-9a04-8cdb4301bc26 {{(pid=94358) execute /opt/stack/data/venv/lib/python3.12/site-packages/oslo_concurrency/processutils.py:440}}
Aug 24 18:46:42 devstack cinder-volume[94358]: DEBUG cinder.quota [None req-6f217962-b1b6-4040-a4d8-5a4e1650252c tempest-GroupsV314Test-932204691 None] Created reservations ['21836fc1-3e15-4847-89bb-339e7d2a021c'] {{(pid=94358) reserve /opt/stack/cinder/cinder/quota.py:752}}
Aug 24 18:46:42 devstack cinder-volume[94358]: DEBUG cinder.quota [None req-6f217962-b1b6-4040-a4d8-5a4e1650252c tempest-GroupsV314Test-932204691 None] Created reservations ['ea7084e5-4839-4619-bf37-15ffdaa11086', 'a1592aa2-f12c-4871-b6a2-91e883caba02', '2bb59d72-c849-47cd-90da-10bedd874872', '7c32ab65-ca84-45d7-a096-3b047587576a'] {{(pid=94358) reserve /opt/stack/cinder/cinder/quota.py:752}}
Aug 24 18:46:42 devstack sudo[101949]: quobyte : PWD=/ ; USER=root ; COMMAND=/opt/stack/data/venv/bin/cinder-rootwrap /etc/cinder/rootwrap.conf env LC_ALL=C qemu-img info -f qcow2 --output=json --force-share /opt/stack/data/cinder/mnt/554592a608669deda78d83ae2d4319a6/volume-b0a2c598-06e9-400f-a83a-d165f7d6e48f.974b9600-eb81-4eec-9a04-8cdb4301bc26
Aug 24 18:46:42 devstack sudo[101949]: pam_unix(sudo:session): session opened for user root(uid=0) by (uid=1000)
Aug 24 18:46:42 devstack cinder-volume[94358]: DEBUG oslo_concurrency.lockutils [None req-6f217962-b1b6-4040-a4d8-5a4e1650252c tempest-GroupsV314Test-932204691 None] Acquiring lock "quobyte_ensure" by "cinder.volume.drivers.quobyte.QuobyteDriver._ensure_shares_mounted" {{(pid=94358) inner /opt/stack/data/venv/lib/python3.12/site-packages/oslo_concurrency/lockutils.py:512}}
Aug 24 18:46:42 devstack cinder-volume[94358]: DEBUG oslo_concurrency.lockutils [None req-6f217962-b1b6-4040-a4d8-5a4e1650252c tempest-GroupsV314Test-932204691 None] Lock "quobyte_ensure" acquired by "cinder.volume.drivers.quobyte.QuobyteDriver._ensure_shares_mounted" :: waited 0.001s {{(pid=94358) inner /opt/stack/data/venv/lib/python3.12/site-packages/oslo_concurrency/lockutils.py:525}}
Aug 24 18:46:42 devstack cinder-volume[94358]: DEBUG cinder.volume.drivers.quobyte [None req-6f217962-b1b6-4040-a4d8-5a4e1650252c tempest-GroupsV314Test-932204691 None] Quobyte Volume URL set to: {'osci02.corp.quobyte.com/cinder-vol-cdf859ec-5f29-4efd-8fcd-12d5e22f1ad6': None} {{(pid=94358) _load_shares_config /opt/stack/cinder/cinder/volume/drivers/quobyte.py:665}}
Aug 24 18:46:42 devstack sudo[101944]: pam_unix(sudo:session): session closed for user root
Aug 24 18:46:42 devstack cinder-volume[94358]: DEBUG cinder.volume.drivers.quobyte [None req-6f217962-b1b6-4040-a4d8-5a4e1650252c tempest-GroupsV314Test-932204691 None] Available shares ['osci02.corp.quobyte.com/cinder-vol-cdf859ec-5f29-4efd-8fcd-12d5e22f1ad6'] {{(pid=94358) _ensure_shares_mounted /opt/stack/cinder/cinder/volume/drivers/quobyte.py:695}}
Aug 24 18:46:42 devstack cinder-volume[94358]: DEBUG oslo_concurrency.lockutils [None req-6f217962-b1b6-4040-a4d8-5a4e1650252c tempest-GroupsV314Test-932204691 None] Lock "quobyte_ensure" "released" by "cinder.volume.drivers.quobyte.QuobyteDriver._ensure_shares_mounted" :: held 0.007s {{(pid=94358) inner /opt/stack/data/venv/lib/python3.12/site-packages/oslo_concurrency/lockutils.py:544}}
Aug 24 18:46:42 devstack cinder-volume[94358]: DEBUG oslo_concurrency.processutils [None req-6f217962-b1b6-4040-a4d8-5a4e1650252c tempest-GroupsV314Test-932204691 None] Running cmd (subprocess): sudo cinder-rootwrap /etc/cinder/rootwrap.conf df --portability --block-size 1 /opt/stack/data/cinder/mnt/554592a608669deda78d83ae2d4319a6 {{(pid=94358) execute /opt/stack/data/venv/lib/python3.12/site-packages/oslo_concurrency/processutils.py:440}}
Aug 24 18:46:42 devstack cinder-volume[94358]: DEBUG oslo_concurrency.processutils [None req-d093e6cb-3a09-44ac-a48c-2f6200d7e0d9 tempest-VolumeTypesAccessTest-1838834711 None] CMD "sudo cinder-rootwrap /etc/cinder/rootwrap.conf rm -f /opt/stack/data/cinder/mnt/554592a608669deda78d83ae2d4319a6/volume-5ac9b418-8e37-4660-bac8-cbecbf6d78b8" returned: 0 in 0.360s {{(pid=94358) execute /opt/stack/data/venv/lib/python3.12/site-packages/oslo_concurrency/processutils.py:468}}
Aug 24 18:46:42 devstack cinder-volume[94358]: DEBUG cinder.coordination [None req-d093e6cb-3a09-44ac-a48c-2f6200d7e0d9 tempest-VolumeTypesAccessTest-1838834711 None] Lock "cinder-quobyte-5ac9b418-8e37-4660-bac8-cbecbf6d78b8" released by "delete_volume" :: held 0.971s {{(pid=94358) __release /opt/stack/cinder/cinder/coordination.py:152}}
Aug 24 18:46:42 devstack sudo[101959]: quobyte : PWD=/ ; USER=root ; COMMAND=/opt/stack/data/venv/bin/cinder-rootwrap /etc/cinder/rootwrap.conf df --portability --block-size 1 /opt/stack/data/cinder/mnt/554592a608669deda78d83ae2d4319a6
Aug 24 18:46:42 devstack sudo[101959]: pam_unix(sudo:session): session opened for user root(uid=0) by (uid=1000)
Aug 24 18:46:42 devstack cinder-volume[94358]: WARNING cinder.quota [None req-d093e6cb-3a09-44ac-a48c-2f6200d7e0d9 tempest-VolumeTypesAccessTest-1838834711 None] Deprecated: Default quota for resource: volumes_tempest-VolumeTypesAccessTest-volume-type-18549528 is set by the default quota flag: quota_volumes_tempest-VolumeTypesAccessTest-volume-type-18549528, it is now deprecated. Please use the default quota class for default quota.
Aug 24 18:46:42 devstack cinder-volume[94358]: WARNING cinder.quota [None req-d093e6cb-3a09-44ac-a48c-2f6200d7e0d9 tempest-VolumeTypesAccessTest-1838834711 None] Deprecated: Default quota for resource: gigabytes_tempest-VolumeTypesAccessTest-volume-type-18549528 is set by the default quota flag: quota_gigabytes_tempest-VolumeTypesAccessTest-volume-type-18549528, it is now deprecated. Please use the default quota class for default quota.
Aug 24 18:46:42 devstack cinder-volume[94358]: DEBUG cinder.quota [None req-d093e6cb-3a09-44ac-a48c-2f6200d7e0d9 tempest-VolumeTypesAccessTest-1838834711 None] Created reservations ['1c1e7da3-272d-49c0-be4e-abfda7a7dfec', 'a468d932-ceca-4f67-9ea4-1f2ac1ce9333', '8075ebeb-152d-4d4f-b16e-f85e0ab3b5cf', '6e246e0a-d8de-48e7-bcae-8786e5987cc1'] {{(pid=94358) reserve /opt/stack/cinder/cinder/quota.py:752}}
Aug 24 18:46:42 devstack cinder-volume[94358]: DEBUG oslo_concurrency.lockutils [None req-d093e6cb-3a09-44ac-a48c-2f6200d7e0d9 tempest-VolumeTypesAccessTest-1838834711 None] Acquiring lock "quobyte_ensure" by "cinder.volume.drivers.quobyte.QuobyteDriver._ensure_shares_mounted" {{(pid=94358) inner /opt/stack/data/venv/lib/python3.12/site-packages/oslo_concurrency/lockutils.py:512}}
Aug 24 18:46:42 devstack cinder-volume[94358]: DEBUG oslo_concurrency.lockutils [None req-d093e6cb-3a09-44ac-a48c-2f6200d7e0d9 tempest-VolumeTypesAccessTest-1838834711 None] Lock "quobyte_ensure" acquired by "cinder.volume.drivers.quobyte.QuobyteDriver._ensure_shares_mounted" :: waited 0.001s {{(pid=94358) inner /opt/stack/data/venv/lib/python3.12/site-packages/oslo_concurrency/lockutils.py:525}}
Aug 24 18:46:42 devstack cinder-volume[94358]: DEBUG cinder.volume.drivers.quobyte [None req-d093e6cb-3a09-44ac-a48c-2f6200d7e0d9 tempest-VolumeTypesAccessTest-1838834711 None] Quobyte Volume URL set to: {'osci02.corp.quobyte.com/cinder-vol-cdf859ec-5f29-4efd-8fcd-12d5e22f1ad6': None} {{(pid=94358) _load_shares_config /opt/stack/cinder/cinder/volume/drivers/quobyte.py:665}}
Aug 24 18:46:42 devstack cinder-volume[94358]: DEBUG cinder.volume.drivers.quobyte [None req-d093e6cb-3a09-44ac-a48c-2f6200d7e0d9 tempest-VolumeTypesAccessTest-1838834711 None] Available shares ['osci02.corp.quobyte.com/cinder-vol-cdf859ec-5f29-4efd-8fcd-12d5e22f1ad6'] {{(pid=94358) _ensure_shares_mounted /opt/stack/cinder/cinder/volume/drivers/quobyte.py:695}}
Aug 24 18:46:42 devstack cinder-volume[94358]: DEBUG oslo_concurrency.lockutils [None req-d093e6cb-3a09-44ac-a48c-2f6200d7e0d9 tempest-VolumeTypesAccessTest-1838834711 None] Lock "quobyte_ensure" "released" by "cinder.volume.drivers.quobyte.QuobyteDriver._ensure_shares_mounted" :: held 0.011s {{(pid=94358) inner /opt/stack/data/venv/lib/python3.12/site-packages/oslo_concurrency/lockutils.py:544}}
Aug 24 18:46:42 devstack cinder-volume[94358]: DEBUG oslo_concurrency.processutils [None req-d093e6cb-3a09-44ac-a48c-2f6200d7e0d9 tempest-VolumeTypesAccessTest-1838834711 None] Running cmd (subprocess): sudo cinder-rootwrap /etc/cinder/rootwrap.conf df --portability --block-size 1 /opt/stack/data/cinder/mnt/554592a608669deda78d83ae2d4319a6 {{(pid=94358) execute /opt/stack/data/venv/lib/python3.12/site-packages/oslo_concurrency/processutils.py:440}}
Aug 24 18:46:42 devstack sudo[101949]: pam_unix(sudo:session): session closed for user root
Aug 24 18:46:42 devstack cinder-volume[94358]: DEBUG oslo_concurrency.processutils [None req-61c472e6-eb3a-4f4a-8f02-4dd018b9f710 tempest-VolumesDeleteCascade-1595280602 None] CMD "/opt/stack/data/venv/bin/python3.12 -m oslo_concurrency.prlimit --as=1073741824 --cpu=60 -- sudo cinder-rootwrap /etc/cinder/rootwrap.conf env LC_ALL=C qemu-img info -f qcow2 --output=json --force-share /opt/stack/data/cinder/mnt/554592a608669deda78d83ae2d4319a6/volume-b0a2c598-06e9-400f-a83a-d165f7d6e48f.974b9600-eb81-4eec-9a04-8cdb4301bc26" returned: 0 in 0.541s {{(pid=94358) execute /opt/stack/data/venv/lib/python3.12/site-packages/oslo_concurrency/processutils.py:468}}
Aug 24 18:46:42 devstack cinder-volume[94358]: DEBUG cinder.volume.drivers.remotefs [None req-61c472e6-eb3a-4f4a-8f02-4dd018b9f710 tempest-VolumesDeleteCascade-1595280602 None] Fetching qemu-img info with special backing_file_template: (/opt/stack/data/cinder/mnt/[0-9a-f]+/)?(volume-b0a2c598-06e9-400f-a83a-d165f7d6e48f(.(tmp-snap-)?[0-9a-f-]+)?|volume_from_snapshot_cache/(tmp-snap-)?[0-9a-f-]+(.(child-|parent-)[0-9a-f-]+)?)$ {{(pid=94358) _qemu_img_info_base /opt/stack/cinder/cinder/volume/drivers/remotefs.py:896}}
Aug 24 18:46:42 devstack sudo[101964]: quobyte : PWD=/ ; USER=root ; COMMAND=/opt/stack/data/venv/bin/cinder-rootwrap /etc/cinder/rootwrap.conf df --portability --block-size 1 /opt/stack/data/cinder/mnt/554592a608669deda78d83ae2d4319a6
Aug 24 18:46:42 devstack cinder-volume[94358]: DEBUG oslo.privsep.daemon [-] privsep: reply[64703bf5-00f3-4426-a154-e4c1b75f3be3]: (4, 'qcow2') {{(pid=96284) _call_back /opt/stack/data/venv/lib/python3.12/site-packages/oslo_privsep/daemon.py:580}}
Aug 24 18:46:42 devstack sudo[101964]: pam_unix(sudo:session): session opened for user root(uid=0) by (uid=1000)
Aug 24 18:46:42 devstack cinder-volume[94358]: DEBUG oslo_concurrency.processutils [None req-61c472e6-eb3a-4f4a-8f02-4dd018b9f710 tempest-VolumesDeleteCascade-1595280602 None] Running cmd (subprocess): /opt/stack/data/venv/bin/python3.12 -m oslo_concurrency.prlimit --as=1073741824 --cpu=60 -- sudo cinder-rootwrap /etc/cinder/rootwrap.conf env LC_ALL=C qemu-img info -f qcow2 --output=json --force-share /opt/stack/data/cinder/mnt/554592a608669deda78d83ae2d4319a6/volume-b0a2c598-06e9-400f-a83a-d165f7d6e48f.45d9ab34-97f2-43e1-b6c4-91c843f171ec {{(pid=94358) execute /opt/stack/data/venv/lib/python3.12/site-packages/oslo_concurrency/processutils.py:440}}
Aug 24 18:46:42 devstack sudo[101959]: pam_unix(sudo:session): session closed for user root
Aug 24 18:46:42 devstack cinder-volume[94358]: DEBUG oslo_concurrency.processutils [None req-6f217962-b1b6-4040-a4d8-5a4e1650252c tempest-GroupsV314Test-932204691 None] CMD "sudo cinder-rootwrap /etc/cinder/rootwrap.conf df --portability --block-size 1 /opt/stack/data/cinder/mnt/554592a608669deda78d83ae2d4319a6" returned: 0 in 0.388s {{(pid=94358) execute /opt/stack/data/venv/lib/python3.12/site-packages/oslo_concurrency/processutils.py:468}}
Aug 24 18:46:42 devstack cinder-volume[94358]: DEBUG cinder.manager [None req-6f217962-b1b6-4040-a4d8-5a4e1650252c tempest-GroupsV314Test-932204691 None] Notifying Schedulers of capabilities ... {{(pid=94358) _publish_service_capabilities /opt/stack/cinder/cinder/manager.py:219}}
Aug 24 18:46:42 devstack cinder-volume[94358]: INFO cinder.volume.manager [None req-6f217962-b1b6-4040-a4d8-5a4e1650252c tempest-GroupsV314Test-932204691 None] Delete group completed successfully.
Aug 24 18:46:42 devstack sudo[101966]: quobyte : PWD=/ ; USER=root ; COMMAND=/opt/stack/data/venv/bin/cinder-rootwrap /etc/cinder/rootwrap.conf env LC_ALL=C qemu-img info -f qcow2 --output=json --force-share /opt/stack/data/cinder/mnt/554592a608669deda78d83ae2d4319a6/volume-b0a2c598-06e9-400f-a83a-d165f7d6e48f.45d9ab34-97f2-43e1-b6c4-91c843f171ec
Aug 24 18:46:42 devstack sudo[101966]: pam_unix(sudo:session): session opened for user root(uid=0) by (uid=1000)
Aug 24 18:46:42 devstack sudo[101964]: pam_unix(sudo:session): session closed for user root
Aug 24 18:46:42 devstack cinder-volume[94358]: DEBUG oslo_concurrency.processutils [None req-d093e6cb-3a09-44ac-a48c-2f6200d7e0d9 tempest-VolumeTypesAccessTest-1838834711 None] CMD "sudo cinder-rootwrap /etc/cinder/rootwrap.conf df --portability --block-size 1 /opt/stack/data/cinder/mnt/554592a608669deda78d83ae2d4319a6" returned: 0 in 0.298s {{(pid=94358) execute /opt/stack/data/venv/lib/python3.12/site-packages/oslo_concurrency/processutils.py:468}}
Aug 24 18:46:42 devstack cinder-volume[94358]: DEBUG cinder.manager [None req-d093e6cb-3a09-44ac-a48c-2f6200d7e0d9 tempest-VolumeTypesAccessTest-1838834711 None] Notifying Schedulers of capabilities ... {{(pid=94358) _publish_service_capabilities /opt/stack/cinder/cinder/manager.py:219}}
Aug 24 18:46:42 devstack cinder-volume[94358]: INFO cinder.volume.manager [None req-d093e6cb-3a09-44ac-a48c-2f6200d7e0d9 tempest-VolumeTypesAccessTest-1838834711 None] Deleted volume successfully.
Aug 24 18:46:42 devstack cinder-volume[94358]: DEBUG cinder.coordination [None req-d093e6cb-3a09-44ac-a48c-2f6200d7e0d9 tempest-VolumeTypesAccessTest-1838834711 None] Lock "cinder-5ac9b418-8e37-4660-bac8-cbecbf6d78b8-delete_volume" released by "delete_volume" :: held 1.696s {{(pid=94358) __release /opt/stack/cinder/cinder/coordination.py:152}}
Aug 24 18:46:43 devstack sudo[101966]: pam_unix(sudo:session): session closed for user root
Aug 24 18:46:43 devstack cinder-volume[94358]: DEBUG oslo_concurrency.processutils [None req-61c472e6-eb3a-4f4a-8f02-4dd018b9f710 tempest-VolumesDeleteCascade-1595280602 None] CMD "/opt/stack/data/venv/bin/python3.12 -m oslo_concurrency.prlimit --as=1073741824 --cpu=60 -- sudo cinder-rootwrap /etc/cinder/rootwrap.conf env LC_ALL=C qemu-img info -f qcow2 --output=json --force-share /opt/stack/data/cinder/mnt/554592a608669deda78d83ae2d4319a6/volume-b0a2c598-06e9-400f-a83a-d165f7d6e48f.45d9ab34-97f2-43e1-b6c4-91c843f171ec" returned: 0 in 0.493s {{(pid=94358) execute /opt/stack/data/venv/lib/python3.12/site-packages/oslo_concurrency/processutils.py:468}}
Aug 24 18:46:43 devstack cinder-volume[94358]: DEBUG cinder.volume.drivers.remotefs [None req-61c472e6-eb3a-4f4a-8f02-4dd018b9f710 tempest-VolumesDeleteCascade-1595280602 None] Fetching qemu-img info with special backing_file_template: (/opt/stack/data/cinder/mnt/[0-9a-f]+/)?(volume-b0a2c598-06e9-400f-a83a-d165f7d6e48f(.(tmp-snap-)?[0-9a-f-]+)?|volume_from_snapshot_cache/(tmp-snap-)?[0-9a-f-]+(.(child-|parent-)[0-9a-f-]+)?)$ {{(pid=94358) _qemu_img_info_base /opt/stack/cinder/cinder/volume/drivers/remotefs.py:896}}
Aug 24 18:46:43 devstack cinder-volume[94358]: DEBUG oslo.privsep.daemon [-] privsep: reply[4514dffd-2a25-4f1e-902a-4b50e33e511e]: (4, 'qcow2') {{(pid=96284) _call_back /opt/stack/data/venv/lib/python3.12/site-packages/oslo_privsep/daemon.py:580}}
Aug 24 18:46:43 devstack cinder-volume[94358]: DEBUG oslo_concurrency.processutils [None req-61c472e6-eb3a-4f4a-8f02-4dd018b9f710 tempest-VolumesDeleteCascade-1595280602 None] Running cmd (subprocess): /opt/stack/data/venv/bin/python3.12 -m oslo_concurrency.prlimit --as=1073741824 --cpu=60 -- sudo cinder-rootwrap /etc/cinder/rootwrap.conf env LC_ALL=C qemu-img info -f qcow2 --output=json --force-share /opt/stack/data/cinder/mnt/554592a608669deda78d83ae2d4319a6/volume-b0a2c598-06e9-400f-a83a-d165f7d6e48f {{(pid=94358) execute /opt/stack/data/venv/lib/python3.12/site-packages/oslo_concurrency/processutils.py:440}}
Aug 24 18:46:43 devstack sudo[101975]: quobyte : PWD=/ ; USER=root ; COMMAND=/opt/stack/data/venv/bin/cinder-rootwrap /etc/cinder/rootwrap.conf env LC_ALL=C qemu-img info -f qcow2 --output=json --force-share /opt/stack/data/cinder/mnt/554592a608669deda78d83ae2d4319a6/volume-b0a2c598-06e9-400f-a83a-d165f7d6e48f
Aug 24 18:46:43 devstack sudo[101975]: pam_unix(sudo:session): session opened for user root(uid=0) by (uid=1000)
Aug 24 18:46:43 devstack sudo[101975]: pam_unix(sudo:session): session closed for user root
Aug 24 18:46:43 devstack cinder-volume[94358]: DEBUG oslo_concurrency.processutils [None req-61c472e6-eb3a-4f4a-8f02-4dd018b9f710 tempest-VolumesDeleteCascade-1595280602 None] CMD "/opt/stack/data/venv/bin/python3.12 -m oslo_concurrency.prlimit --as=1073741824 --cpu=60 -- sudo cinder-rootwrap /etc/cinder/rootwrap.conf env LC_ALL=C qemu-img info -f qcow2 --output=json --force-share /opt/stack/data/cinder/mnt/554592a608669deda78d83ae2d4319a6/volume-b0a2c598-06e9-400f-a83a-d165f7d6e48f" returned: 0 in 0.526s {{(pid=94358) execute /opt/stack/data/venv/lib/python3.12/site-packages/oslo_concurrency/processutils.py:468}}
Aug 24 18:46:43 devstack cinder-volume[94358]: DEBUG oslo_concurrency.processutils [None req-61c472e6-eb3a-4f4a-8f02-4dd018b9f710 tempest-VolumesDeleteCascade-1595280602 None] Running cmd (subprocess): sudo cinder-rootwrap /etc/cinder/rootwrap.conf qemu-img commit -d /opt/stack/data/cinder/mnt/554592a608669deda78d83ae2d4319a6/volume-b0a2c598-06e9-400f-a83a-d165f7d6e48f.45d9ab34-97f2-43e1-b6c4-91c843f171ec {{(pid=94358) execute /opt/stack/data/venv/lib/python3.12/site-packages/oslo_concurrency/processutils.py:440}}
Aug 24 18:46:43 devstack sudo[101980]: quobyte : PWD=/ ; USER=root ; COMMAND=/opt/stack/data/venv/bin/cinder-rootwrap /etc/cinder/rootwrap.conf qemu-img commit -d /opt/stack/data/cinder/mnt/554592a608669deda78d83ae2d4319a6/volume-b0a2c598-06e9-400f-a83a-d165f7d6e48f.45d9ab34-97f2-43e1-b6c4-91c843f171ec
Aug 24 18:46:43 devstack sudo[101980]: pam_unix(sudo:session): session opened for user root(uid=0) by (uid=1000)
Aug 24 18:46:44 devstack sudo[101980]: pam_unix(sudo:session): session closed for user root
Aug 24 18:46:44 devstack cinder-volume[94358]: DEBUG oslo_concurrency.processutils [None req-61c472e6-eb3a-4f4a-8f02-4dd018b9f710 tempest-VolumesDeleteCascade-1595280602 None] CMD "sudo cinder-rootwrap /etc/cinder/rootwrap.conf qemu-img commit -d /opt/stack/data/cinder/mnt/554592a608669deda78d83ae2d4319a6/volume-b0a2c598-06e9-400f-a83a-d165f7d6e48f.45d9ab34-97f2-43e1-b6c4-91c843f171ec" returned: 0 in 0.789s {{(pid=94358) execute /opt/stack/data/venv/lib/python3.12/site-packages/oslo_concurrency/processutils.py:468}}
Aug 24 18:46:44 devstack cinder-volume[94358]: DEBUG oslo_concurrency.processutils [None req-61c472e6-eb3a-4f4a-8f02-4dd018b9f710 tempest-VolumesDeleteCascade-1595280602 None] Running cmd (subprocess): sudo cinder-rootwrap /etc/cinder/rootwrap.conf rm -f /opt/stack/data/cinder/mnt/554592a608669deda78d83ae2d4319a6/volume-b0a2c598-06e9-400f-a83a-d165f7d6e48f.45d9ab34-97f2-43e1-b6c4-91c843f171ec {{(pid=94358) execute /opt/stack/data/venv/lib/python3.12/site-packages/oslo_concurrency/processutils.py:440}}
Aug 24 18:46:44 devstack sudo[101993]: quobyte : PWD=/ ; USER=root ; COMMAND=/opt/stack/data/venv/bin/cinder-rootwrap /etc/cinder/rootwrap.conf rm -f /opt/stack/data/cinder/mnt/554592a608669deda78d83ae2d4319a6/volume-b0a2c598-06e9-400f-a83a-d165f7d6e48f.45d9ab34-97f2-43e1-b6c4-91c843f171ec
Aug 24 18:46:44 devstack sudo[101993]: pam_unix(sudo:session): session opened for user root(uid=0) by (uid=1000)
Aug 24 18:46:44 devstack sudo[101993]: pam_unix(sudo:session): session closed for user root
Aug 24 18:46:44 devstack cinder-volume[94358]: DEBUG oslo_concurrency.processutils [None req-61c472e6-eb3a-4f4a-8f02-4dd018b9f710 tempest-VolumesDeleteCascade-1595280602 None] CMD "sudo cinder-rootwrap /etc/cinder/rootwrap.conf rm -f /opt/stack/data/cinder/mnt/554592a608669deda78d83ae2d4319a6/volume-b0a2c598-06e9-400f-a83a-d165f7d6e48f.45d9ab34-97f2-43e1-b6c4-91c843f171ec" returned: 0 in 0.518s {{(pid=94358) execute /opt/stack/data/venv/lib/python3.12/site-packages/oslo_concurrency/processutils.py:468}}
Aug 24 18:46:44 devstack cinder-volume[94358]: DEBUG oslo_concurrency.processutils [None req-61c472e6-eb3a-4f4a-8f02-4dd018b9f710 tempest-VolumesDeleteCascade-1595280602 None] Running cmd (subprocess): sudo cinder-rootwrap /etc/cinder/rootwrap.conf qemu-img rebase -u -b volume-b0a2c598-06e9-400f-a83a-d165f7d6e48f /opt/stack/data/cinder/mnt/554592a608669deda78d83ae2d4319a6/volume-b0a2c598-06e9-400f-a83a-d165f7d6e48f.974b9600-eb81-4eec-9a04-8cdb4301bc26 -F qcow2 {{(pid=94358) execute /opt/stack/data/venv/lib/python3.12/site-packages/oslo_concurrency/processutils.py:440}}
Aug 24 18:46:45 devstack sudo[101996]: quobyte : PWD=/ ; USER=root ; COMMAND=/opt/stack/data/venv/bin/cinder-rootwrap /etc/cinder/rootwrap.conf qemu-img rebase -u -b volume-b0a2c598-06e9-400f-a83a-d165f7d6e48f /opt/stack/data/cinder/mnt/554592a608669deda78d83ae2d4319a6/volume-b0a2c598-06e9-400f-a83a-d165f7d6e48f.974b9600-eb81-4eec-9a04-8cdb4301bc26 -F qcow2
Aug 24 18:46:45 devstack sudo[101996]: pam_unix(sudo:session): session opened for user root(uid=0) by (uid=1000)
Aug 24 18:46:45 devstack sudo[101996]: pam_unix(sudo:session): session closed for user root
Aug 24 18:46:45 devstack cinder-volume[94358]: DEBUG oslo_concurrency.processutils [None req-61c472e6-eb3a-4f4a-8f02-4dd018b9f710 tempest-VolumesDeleteCascade-1595280602 None] CMD "sudo cinder-rootwrap /etc/cinder/rootwrap.conf qemu-img rebase -u -b volume-b0a2c598-06e9-400f-a83a-d165f7d6e48f /opt/stack/data/cinder/mnt/554592a608669deda78d83ae2d4319a6/volume-b0a2c598-06e9-400f-a83a-d165f7d6e48f.974b9600-eb81-4eec-9a04-8cdb4301bc26 -F qcow2" returned: 0 in 0.496s {{(pid=94358) execute /opt/stack/data/venv/lib/python3.12/site-packages/oslo_concurrency/processutils.py:468}}
Aug 24 18:46:45 devstack cinder-volume[94358]: DEBUG cinder.coordination [None req-61c472e6-eb3a-4f4a-8f02-4dd018b9f710 tempest-VolumesDeleteCascade-1595280602 None] Lock "cinder-quobyte-45d9ab34-97f2-43e1-b6c4-91c843f171ec" released by "_delete_snapshot" :: held 5.630s {{(pid=94358) __release /opt/stack/cinder/cinder/coordination.py:152}}
Aug 24 18:46:45 devstack cinder-volume[94358]: DEBUG cinder.coordination [None req-61c472e6-eb3a-4f4a-8f02-4dd018b9f710 tempest-VolumesDeleteCascade-1595280602 None] Lock "cinder-quobyte-b0a2c598-06e9-400f-a83a-d165f7d6e48f" released by "delete_snapshot" :: held 5.663s {{(pid=94358) __release /opt/stack/cinder/cinder/coordination.py:152}}
Aug 24 18:46:45 devstack cinder-volume[94358]: DEBUG cinder.quota [None req-61c472e6-eb3a-4f4a-8f02-4dd018b9f710 tempest-VolumesDeleteCascade-1595280602 None] Created reservations ['66194265-aee6-4a80-9614-3a03fb5aa80b', '1713d887-6fc4-4300-84fe-589d5ce132b1', 'ef1ffb9f-8e48-4b62-8dab-9850b7e0ae68', '061f361d-3801-4891-b722-ee4befb5f500'] {{(pid=94358) reserve /opt/stack/cinder/cinder/quota.py:752}}
Aug 24 18:46:45 devstack cinder-volume[94358]: INFO cinder.volume.manager [None req-61c472e6-eb3a-4f4a-8f02-4dd018b9f710 tempest-VolumesDeleteCascade-1595280602 None] Delete snapshot completed successfully.
Aug 24 18:46:45 devstack cinder-volume[94358]: DEBUG cinder.coordination [None req-61c472e6-eb3a-4f4a-8f02-4dd018b9f710 tempest-VolumesDeleteCascade-1595280602 None] Lock "cinder-45d9ab34-97f2-43e1-b6c4-91c843f171ec-delete_snapshot" released by "delete_snapshot" :: held 5.935s {{(pid=94358) __release /opt/stack/cinder/cinder/coordination.py:152}}
Aug 24 18:46:45 devstack cinder-volume[94358]: DEBUG cinder.coordination [None req-61c472e6-eb3a-4f4a-8f02-4dd018b9f710 tempest-VolumesDeleteCascade-1595280602 None] Acquiring lock "cinder-974b9600-eb81-4eec-9a04-8cdb4301bc26-delete_snapshot" by "delete_snapshot" {{(pid=94358) __acquire /opt/stack/cinder/cinder/coordination.py:138}}
Aug 24 18:46:45 devstack cinder-volume[94358]: DEBUG cinder.coordination [None req-61c472e6-eb3a-4f4a-8f02-4dd018b9f710 tempest-VolumesDeleteCascade-1595280602 None] Lock "cinder-974b9600-eb81-4eec-9a04-8cdb4301bc26-delete_snapshot" acquired by "delete_snapshot" :: waited 0.020s {{(pid=94358) __acquire /opt/stack/cinder/cinder/coordination.py:141}}
Aug 24 18:46:45 devstack cinder-volume[94358]: DEBUG cinder.coordination [None req-61c472e6-eb3a-4f4a-8f02-4dd018b9f710 tempest-VolumesDeleteCascade-1595280602 None] Acquiring lock "cinder-quobyte-b0a2c598-06e9-400f-a83a-d165f7d6e48f" by "delete_snapshot" {{(pid=94358) __acquire /opt/stack/cinder/cinder/coordination.py:138}}
Aug 24 18:46:45 devstack cinder-volume[94358]: DEBUG cinder.coordination [None req-61c472e6-eb3a-4f4a-8f02-4dd018b9f710 tempest-VolumesDeleteCascade-1595280602 None] Lock "cinder-quobyte-b0a2c598-06e9-400f-a83a-d165f7d6e48f" acquired by "delete_snapshot" :: waited 0.034s {{(pid=94358) __acquire /opt/stack/cinder/cinder/coordination.py:141}}
Aug 24 18:46:45 devstack cinder-volume[94358]: DEBUG cinder.coordination [None req-61c472e6-eb3a-4f4a-8f02-4dd018b9f710 tempest-VolumesDeleteCascade-1595280602 None] Acquiring lock "cinder-quobyte-974b9600-eb81-4eec-9a04-8cdb4301bc26" by "_delete_snapshot" {{(pid=94358) __acquire /opt/stack/cinder/cinder/coordination.py:138}}
Aug 24 18:46:45 devstack cinder-volume[94358]: DEBUG cinder.coordination [None req-61c472e6-eb3a-4f4a-8f02-4dd018b9f710 tempest-VolumesDeleteCascade-1595280602 None] Lock "cinder-quobyte-974b9600-eb81-4eec-9a04-8cdb4301bc26" acquired by "_delete_snapshot" :: waited 0.037s {{(pid=94358) __acquire /opt/stack/cinder/cinder/coordination.py:141}}
Aug 24 18:46:45 devstack cinder-volume[94358]: DEBUG cinder.volume.drivers.remotefs [None req-61c472e6-eb3a-4f4a-8f02-4dd018b9f710 tempest-VolumesDeleteCascade-1595280602 None] Deleting offline snapshot 974b9600-eb81-4eec-9a04-8cdb4301bc26 of volume b0a2c598-06e9-400f-a83a-d165f7d6e48f {{(pid=94358) _delete_snapshot /opt/stack/cinder/cinder/volume/drivers/remotefs.py:1288}}
Aug 24 18:46:45 devstack cinder-volume[94358]: DEBUG cinder.volume.drivers.remotefs [None req-61c472e6-eb3a-4f4a-8f02-4dd018b9f710 tempest-VolumesDeleteCascade-1595280602 None] snapshot_file for this snap is: volume-b0a2c598-06e9-400f-a83a-d165f7d6e48f.974b9600-eb81-4eec-9a04-8cdb4301bc26 {{(pid=94358) _delete_snapshot /opt/stack/cinder/cinder/volume/drivers/remotefs.py:1317}}
Aug 24 18:46:46 devstack cinder-volume[94358]: DEBUG oslo.privsep.daemon [-] privsep: reply[76619bc7-3e25-47ef-94df-59a3fbf888df]: (4, 'qcow2') {{(pid=96284) _call_back /opt/stack/data/venv/lib/python3.12/site-packages/oslo_privsep/daemon.py:580}}
Aug 24 18:46:46 devstack cinder-volume[94358]: DEBUG oslo_concurrency.processutils [None req-61c472e6-eb3a-4f4a-8f02-4dd018b9f710 tempest-VolumesDeleteCascade-1595280602 None] Running cmd (subprocess): /opt/stack/data/venv/bin/python3.12 -m oslo_concurrency.prlimit --as=1073741824 --cpu=60 -- sudo cinder-rootwrap /etc/cinder/rootwrap.conf env LC_ALL=C qemu-img info -f qcow2 --output=json --force-share /opt/stack/data/cinder/mnt/554592a608669deda78d83ae2d4319a6/volume-b0a2c598-06e9-400f-a83a-d165f7d6e48f.974b9600-eb81-4eec-9a04-8cdb4301bc26 {{(pid=94358) execute /opt/stack/data/venv/lib/python3.12/site-packages/oslo_concurrency/processutils.py:440}}
Aug 24 18:46:46 devstack sudo[102036]: quobyte : PWD=/ ; USER=root ; COMMAND=/opt/stack/data/venv/bin/cinder-rootwrap /etc/cinder/rootwrap.conf env LC_ALL=C qemu-img info -f qcow2 --output=json --force-share /opt/stack/data/cinder/mnt/554592a608669deda78d83ae2d4319a6/volume-b0a2c598-06e9-400f-a83a-d165f7d6e48f.974b9600-eb81-4eec-9a04-8cdb4301bc26
Aug 24 18:46:46 devstack sudo[102036]: pam_unix(sudo:session): session opened for user root(uid=0) by (uid=1000)
Aug 24 18:46:46 devstack sudo[102036]: pam_unix(sudo:session): session closed for user root
Aug 24 18:46:46 devstack cinder-volume[94358]: DEBUG oslo_concurrency.processutils [None req-61c472e6-eb3a-4f4a-8f02-4dd018b9f710 tempest-VolumesDeleteCascade-1595280602 None] CMD "/opt/stack/data/venv/bin/python3.12 -m oslo_concurrency.prlimit --as=1073741824 --cpu=60 -- sudo cinder-rootwrap /etc/cinder/rootwrap.conf env LC_ALL=C qemu-img info -f qcow2 --output=json --force-share /opt/stack/data/cinder/mnt/554592a608669deda78d83ae2d4319a6/volume-b0a2c598-06e9-400f-a83a-d165f7d6e48f.974b9600-eb81-4eec-9a04-8cdb4301bc26" returned: 0 in 0.927s {{(pid=94358) execute /opt/stack/data/venv/lib/python3.12/site-packages/oslo_concurrency/processutils.py:468}}
Aug 24 18:46:46 devstack cinder-volume[94358]: DEBUG cinder.volume.drivers.remotefs [None req-61c472e6-eb3a-4f4a-8f02-4dd018b9f710 tempest-VolumesDeleteCascade-1595280602 None] Fetching qemu-img info with special backing_file_template: (/opt/stack/data/cinder/mnt/[0-9a-f]+/)?(volume-b0a2c598-06e9-400f-a83a-d165f7d6e48f(.(tmp-snap-)?[0-9a-f-]+)?|volume_from_snapshot_cache/(tmp-snap-)?[0-9a-f-]+(.(child-|parent-)[0-9a-f-]+)?)$ {{(pid=94358) _qemu_img_info_base /opt/stack/cinder/cinder/volume/drivers/remotefs.py:896}}
Aug 24 18:46:46 devstack cinder-volume[94358]: DEBUG oslo.privsep.daemon [-] privsep: reply[7496e523-41fe-499d-9a07-17807e1eee84]: (4, 'qcow2') {{(pid=96284) _call_back /opt/stack/data/venv/lib/python3.12/site-packages/oslo_privsep/daemon.py:580}}
Aug 24 18:46:46 devstack cinder-volume[94358]: DEBUG oslo_concurrency.processutils [None req-61c472e6-eb3a-4f4a-8f02-4dd018b9f710 tempest-VolumesDeleteCascade-1595280602 None] Running cmd (subprocess): /opt/stack/data/venv/bin/python3.12 -m oslo_concurrency.prlimit --as=1073741824 --cpu=60 -- sudo cinder-rootwrap /etc/cinder/rootwrap.conf env LC_ALL=C qemu-img info -f qcow2 --output=json --force-share /opt/stack/data/cinder/mnt/554592a608669deda78d83ae2d4319a6/volume-b0a2c598-06e9-400f-a83a-d165f7d6e48f {{(pid=94358) execute /opt/stack/data/venv/lib/python3.12/site-packages/oslo_concurrency/processutils.py:440}}
Aug 24 18:46:47 devstack sudo[102044]: quobyte : PWD=/ ; USER=root ; COMMAND=/opt/stack/data/venv/bin/cinder-rootwrap /etc/cinder/rootwrap.conf env LC_ALL=C qemu-img info -f qcow2 --output=json --force-share /opt/stack/data/cinder/mnt/554592a608669deda78d83ae2d4319a6/volume-b0a2c598-06e9-400f-a83a-d165f7d6e48f
Aug 24 18:46:47 devstack sudo[102044]: pam_unix(sudo:session): session opened for user root(uid=0) by (uid=1000)
Aug 24 18:46:47 devstack sudo[102044]: pam_unix(sudo:session): session closed for user root
Aug 24 18:46:47 devstack cinder-volume[94358]: DEBUG oslo_concurrency.processutils [None req-61c472e6-eb3a-4f4a-8f02-4dd018b9f710 tempest-VolumesDeleteCascade-1595280602 None] CMD "/opt/stack/data/venv/bin/python3.12 -m oslo_concurrency.prlimit --as=1073741824 --cpu=60 -- sudo cinder-rootwrap /etc/cinder/rootwrap.conf env LC_ALL=C qemu-img info -f qcow2 --output=json --force-share /opt/stack/data/cinder/mnt/554592a608669deda78d83ae2d4319a6/volume-b0a2c598-06e9-400f-a83a-d165f7d6e48f" returned: 0 in 0.513s {{(pid=94358) execute /opt/stack/data/venv/lib/python3.12/site-packages/oslo_concurrency/processutils.py:468}}
Aug 24 18:46:47 devstack cinder-volume[94358]: DEBUG oslo_concurrency.processutils [None req-61c472e6-eb3a-4f4a-8f02-4dd018b9f710 tempest-VolumesDeleteCascade-1595280602 None] Running cmd (subprocess): sudo cinder-rootwrap /etc/cinder/rootwrap.conf qemu-img commit -d /opt/stack/data/cinder/mnt/554592a608669deda78d83ae2d4319a6/volume-b0a2c598-06e9-400f-a83a-d165f7d6e48f.974b9600-eb81-4eec-9a04-8cdb4301bc26 {{(pid=94358) execute /opt/stack/data/venv/lib/python3.12/site-packages/oslo_concurrency/processutils.py:440}}
Aug 24 18:46:47 devstack sudo[102051]: quobyte : PWD=/ ; USER=root ; COMMAND=/opt/stack/data/venv/bin/cinder-rootwrap /etc/cinder/rootwrap.conf qemu-img commit -d /opt/stack/data/cinder/mnt/554592a608669deda78d83ae2d4319a6/volume-b0a2c598-06e9-400f-a83a-d165f7d6e48f.974b9600-eb81-4eec-9a04-8cdb4301bc26
Aug 24 18:46:47 devstack sudo[102051]: pam_unix(sudo:session): session opened for user root(uid=0) by (uid=1000)
Aug 24 18:46:47 devstack sudo[102051]: pam_unix(sudo:session): session closed for user root
Aug 24 18:46:47 devstack cinder-volume[94358]: DEBUG oslo_concurrency.processutils [None req-61c472e6-eb3a-4f4a-8f02-4dd018b9f710 tempest-VolumesDeleteCascade-1595280602 None] CMD "sudo cinder-rootwrap /etc/cinder/rootwrap.conf qemu-img commit -d /opt/stack/data/cinder/mnt/554592a608669deda78d83ae2d4319a6/volume-b0a2c598-06e9-400f-a83a-d165f7d6e48f.974b9600-eb81-4eec-9a04-8cdb4301bc26" returned: 0 in 0.491s {{(pid=94358) execute /opt/stack/data/venv/lib/python3.12/site-packages/oslo_concurrency/processutils.py:468}}
Aug 24 18:46:47 devstack cinder-volume[94358]: DEBUG oslo_concurrency.processutils [None req-61c472e6-eb3a-4f4a-8f02-4dd018b9f710 tempest-VolumesDeleteCascade-1595280602 None] Running cmd (subprocess): sudo cinder-rootwrap /etc/cinder/rootwrap.conf rm -f /opt/stack/data/cinder/mnt/554592a608669deda78d83ae2d4319a6/volume-b0a2c598-06e9-400f-a83a-d165f7d6e48f.974b9600-eb81-4eec-9a04-8cdb4301bc26 {{(pid=94358) execute /opt/stack/data/venv/lib/python3.12/site-packages/oslo_concurrency/processutils.py:440}}
Aug 24 18:46:48 devstack sudo[102057]: quobyte : PWD=/ ; USER=root ; COMMAND=/opt/stack/data/venv/bin/cinder-rootwrap /etc/cinder/rootwrap.conf rm -f /opt/stack/data/cinder/mnt/554592a608669deda78d83ae2d4319a6/volume-b0a2c598-06e9-400f-a83a-d165f7d6e48f.974b9600-eb81-4eec-9a04-8cdb4301bc26
Aug 24 18:46:48 devstack sudo[102057]: pam_unix(sudo:session): session opened for user root(uid=0) by (uid=1000)
Aug 24 18:46:48 devstack sudo[102057]: pam_unix(sudo:session): session closed for user root
Aug 24 18:46:48 devstack cinder-volume[94358]: DEBUG oslo_concurrency.processutils [None req-61c472e6-eb3a-4f4a-8f02-4dd018b9f710 tempest-VolumesDeleteCascade-1595280602 None] CMD "sudo cinder-rootwrap /etc/cinder/rootwrap.conf rm -f /opt/stack/data/cinder/mnt/554592a608669deda78d83ae2d4319a6/volume-b0a2c598-06e9-400f-a83a-d165f7d6e48f.974b9600-eb81-4eec-9a04-8cdb4301bc26" returned: 0 in 0.291s {{(pid=94358) execute /opt/stack/data/venv/lib/python3.12/site-packages/oslo_concurrency/processutils.py:468}}
Aug 24 18:46:48 devstack cinder-volume[94358]: DEBUG cinder.coordination [None req-61c472e6-eb3a-4f4a-8f02-4dd018b9f710 tempest-VolumesDeleteCascade-1595280602 None] Lock "cinder-quobyte-974b9600-eb81-4eec-9a04-8cdb4301bc26" released by "_delete_snapshot" :: held 2.410s {{(pid=94358) __release /opt/stack/cinder/cinder/coordination.py:152}}
Aug 24 18:46:48 devstack cinder-volume[94358]: DEBUG cinder.coordination [None req-61c472e6-eb3a-4f4a-8f02-4dd018b9f710 tempest-VolumesDeleteCascade-1595280602 None] Lock "cinder-quobyte-b0a2c598-06e9-400f-a83a-d165f7d6e48f" released by "delete_snapshot" :: held 2.473s {{(pid=94358) __release /opt/stack/cinder/cinder/coordination.py:152}}
Aug 24 18:46:48 devstack cinder-volume[94358]: DEBUG cinder.quota [None req-61c472e6-eb3a-4f4a-8f02-4dd018b9f710 tempest-VolumesDeleteCascade-1595280602 None] Created reservations ['c9baf092-1b82-45da-abcf-b24cae023a36', 'cafd8ab9-57a0-419a-9bef-21f58ee57c6d', 'ca508ac8-44b0-4ac9-9df2-497b75ddf43e', '84a3405c-b91e-48b0-9a9e-66e53f27604c'] {{(pid=94358) reserve /opt/stack/cinder/cinder/quota.py:752}}
Aug 24 18:46:48 devstack cinder-volume[94358]: INFO cinder.volume.manager [None req-61c472e6-eb3a-4f4a-8f02-4dd018b9f710 tempest-VolumesDeleteCascade-1595280602 None] Delete snapshot completed successfully.
Aug 24 18:46:48 devstack cinder-volume[94358]: DEBUG cinder.coordination [None req-61c472e6-eb3a-4f4a-8f02-4dd018b9f710 tempest-VolumesDeleteCascade-1595280602 None] Lock "cinder-974b9600-eb81-4eec-9a04-8cdb4301bc26-delete_snapshot" released by "delete_snapshot" :: held 2.775s {{(pid=94358) __release /opt/stack/cinder/cinder/coordination.py:152}}
Aug 24 18:46:48 devstack cinder-volume[94358]: DEBUG cinder.volume.manager [None req-61c472e6-eb3a-4f4a-8f02-4dd018b9f710 tempest-VolumesDeleteCascade-1595280602 None] Snapshots deleted, issuing volume delete {{(pid=94358) delete_volume /opt/stack/cinder/cinder/volume/manager.py:1010}}
Aug 24 18:46:48 devstack cinder-volume[94358]: DEBUG cinder.coordination [None req-61c472e6-eb3a-4f4a-8f02-4dd018b9f710 tempest-VolumesDeleteCascade-1595280602 None] Acquiring lock "cinder-quobyte-b0a2c598-06e9-400f-a83a-d165f7d6e48f" by "delete_volume" {{(pid=94358) __acquire /opt/stack/cinder/cinder/coordination.py:138}}
Aug 24 18:46:48 devstack cinder-volume[94358]: DEBUG cinder.coordination [None req-61c472e6-eb3a-4f4a-8f02-4dd018b9f710 tempest-VolumesDeleteCascade-1595280602 None] Lock "cinder-quobyte-b0a2c598-06e9-400f-a83a-d165f7d6e48f" acquired by "delete_volume" :: waited 0.038s {{(pid=94358) __acquire /opt/stack/cinder/cinder/coordination.py:141}}
Aug 24 18:46:48 devstack cinder-volume[94358]: DEBUG oslo.privsep.daemon [-] privsep: reply[20ba9a36-e77c-4ab8-9dae-06ae1a66cf2a]: (4, 'qcow2') {{(pid=96284) _call_back /opt/stack/data/venv/lib/python3.12/site-packages/oslo_privsep/daemon.py:580}}
