Jun 27 20:00:54 devstack cinder-volume[93503]: DEBUG oslo_concurrency.lockutils [None req-bcc8ba62-ffa6-4aa0-b222-8e4fab024ff4 tempest-VolumesSnapshotTestJSON-978396819 None] Acquiring lock "quobyte" by "cinder.volume.drivers.quobyte.QuobyteDriver.create_snapshot" {{(pid=93503) inner /opt/stack/data/venv/lib/python3.12/site-packages/oslo_concurrency/lockutils.py:511}}
Jun 27 20:00:54 devstack sudo[103872]: pam_unix(sudo:session): session closed for user root
Jun 27 20:00:54 devstack cinder-volume[93503]: DEBUG oslo_concurrency.processutils [None req-add59f97-6d81-48e1-ab7d-0ef5d1493b59 tempest-SnapshotsActionsTest-1709040113 None] CMD "sudo cinder-rootwrap /etc/cinder/rootwrap.conf qemu-img create -f qcow2 -o preallocation=metadata /opt/stack/data/cinder/mnt/c58230243ff40495cefbe70a57a9e1f9/volume-cefe884b-bace-4070-b0c7-57af7d6c1dd6 1073741824" returned: 0 in 0.902s {{(pid=93503) execute /opt/stack/data/venv/lib/python3.12/site-packages/oslo_concurrency/processutils.py:468}}
Jun 27 20:00:54 devstack cinder-volume[93503]: DEBUG oslo_concurrency.processutils [None req-add59f97-6d81-48e1-ab7d-0ef5d1493b59 tempest-SnapshotsActionsTest-1709040113 None] Running cmd (subprocess): sudo cinder-rootwrap /etc/cinder/rootwrap.conf chmod ugo+rw /opt/stack/data/cinder/mnt/c58230243ff40495cefbe70a57a9e1f9/volume-cefe884b-bace-4070-b0c7-57af7d6c1dd6 {{(pid=93503) execute /opt/stack/data/venv/lib/python3.12/site-packages/oslo_concurrency/processutils.py:440}}
Jun 27 20:00:54 devstack sudo[103878]: quobyte : PWD=/ ; USER=root ; COMMAND=/opt/stack/data/venv/bin/cinder-rootwrap /etc/cinder/rootwrap.conf chmod ugo+rw /opt/stack/data/cinder/mnt/c58230243ff40495cefbe70a57a9e1f9/volume-cefe884b-bace-4070-b0c7-57af7d6c1dd6
Jun 27 20:00:54 devstack sudo[103878]: pam_unix(sudo:session): session opened for user root(uid=0) by (uid=1000)
Jun 27 20:00:55 devstack sudo[103878]: pam_unix(sudo:session): session closed for user root
Jun 27 20:00:55 devstack cinder-volume[93503]: DEBUG oslo_concurrency.processutils [None req-add59f97-6d81-48e1-ab7d-0ef5d1493b59 tempest-SnapshotsActionsTest-1709040113 None] CMD "sudo cinder-rootwrap /etc/cinder/rootwrap.conf chmod ugo+rw /opt/stack/data/cinder/mnt/c58230243ff40495cefbe70a57a9e1f9/volume-cefe884b-bace-4070-b0c7-57af7d6c1dd6" returned: 0 in 0.643s {{(pid=93503) execute /opt/stack/data/venv/lib/python3.12/site-packages/oslo_concurrency/processutils.py:468}}
Jun 27 20:00:55 devstack cinder-volume[93503]: DEBUG cinder.volume.drivers.quobyte [None req-add59f97-6d81-48e1-ab7d-0ef5d1493b59 tempest-SnapshotsActionsTest-1709040113 None] <== create_volume: return (1584ms) {'provider_location': 'osci02.corp.quobyte.com/cinder-vol-8cae7ef4-a6eb-43f2-96d4-6c609df3cc19'} {{(pid=93503) trace_logging_wrapper /opt/stack/cinder/cinder/volume/volume_utils.py:1522}}
Jun 27 20:00:55 devstack cinder-volume[93503]: DEBUG oslo_concurrency.lockutils [None req-add59f97-6d81-48e1-ab7d-0ef5d1493b59 tempest-SnapshotsActionsTest-1709040113 None] Lock "quobyte" "released" by "cinder.volume.drivers.quobyte.QuobyteDriver.create_volume" :: held 1.587s {{(pid=93503) inner /opt/stack/data/venv/lib/python3.12/site-packages/oslo_concurrency/lockutils.py:543}}
Jun 27 20:00:55 devstack cinder-volume[93503]: DEBUG oslo_concurrency.lockutils [None req-bca6b99f-aa0a-4da9-a73d-d6ec09b50b52 tempest-GroupSnapshotsTest-296585406 None] Lock "quobyte" acquired by "cinder.volume.drivers.quobyte.QuobyteDriver.create_snapshot" :: waited 3.748s {{(pid=93503) inner /opt/stack/data/venv/lib/python3.12/site-packages/oslo_concurrency/lockutils.py:524}}
Jun 27 20:00:55 devstack cinder-volume[93503]: DEBUG cinder.volume.manager [None req-add59f97-6d81-48e1-ab7d-0ef5d1493b59 tempest-SnapshotsActionsTest-1709040113 None] Task 'cinder.volume.flows.manager.create_volume.CreateVolumeFromSpecTask;volume:create' (1e414f03-b637-4ec9-a57c-9f2480fdb0e6) transitioned into state 'SUCCESS' from state 'RUNNING' with result '{'status': 'creating', 'volume_name': 'volume-cefe884b-bace-4070-b0c7-57af7d6c1dd6', 'volume_size': 1}' {{(pid=93503) _task_receiver /opt/stack/data/venv/lib/python3.12/site-packages/taskflow/listeners/logging.py:218}}
Jun 27 20:00:55 devstack cinder-volume[93503]: DEBUG cinder.volume.manager [None req-add59f97-6d81-48e1-ab7d-0ef5d1493b59 tempest-SnapshotsActionsTest-1709040113 None] Task 'cinder.volume.flows.manager.create_volume.CreateVolumeOnFinishTask;volume:create, create.end' (08b294e4-a889-40cf-8645-281b5189cda7) transitioned into state 'RUNNING' from state 'PENDING' {{(pid=93503) _task_receiver /opt/stack/data/venv/lib/python3.12/site-packages/taskflow/listeners/logging.py:242}}
Jun 27 20:00:55 devstack cinder-volume[93503]: DEBUG cinder.volume.drivers.remotefs [None req-bca6b99f-aa0a-4da9-a73d-d6ec09b50b52 tempest-GroupSnapshotsTest-296585406 None] Creating offline snapshot a0865445-e8cd-40d3-ae3e-4a49cc70c24c of volume 4cebc38d-fde3-437f-aec2-2ea51d764be5 {{(pid=93503) _create_snapshot /opt/stack/cinder/cinder/volume/drivers/remotefs.py:1816}}
Jun 27 20:00:55 devstack cinder-volume[93503]: INFO cinder.volume.flows.manager.create_volume [None req-add59f97-6d81-48e1-ab7d-0ef5d1493b59 tempest-SnapshotsActionsTest-1709040113 None] Volume volume-cefe884b-bace-4070-b0c7-57af7d6c1dd6 (cefe884b-bace-4070-b0c7-57af7d6c1dd6): created successfully
Jun 27 20:00:55 devstack cinder-volume[93503]: DEBUG cinder.volume.manager [None req-add59f97-6d81-48e1-ab7d-0ef5d1493b59 tempest-SnapshotsActionsTest-1709040113 None] Task 'cinder.volume.flows.manager.create_volume.CreateVolumeOnFinishTask;volume:create, create.end' (08b294e4-a889-40cf-8645-281b5189cda7) transitioned into state 'SUCCESS' from state 'RUNNING' with result 'None' {{(pid=93503) _task_receiver /opt/stack/data/venv/lib/python3.12/site-packages/taskflow/listeners/logging.py:218}}
Jun 27 20:00:55 devstack cinder-volume[93503]: DEBUG cinder.volume.manager [None req-add59f97-6d81-48e1-ab7d-0ef5d1493b59 tempest-SnapshotsActionsTest-1709040113 None] Flow 'volume_create_manager' (e0452829-ab10-458e-9e8b-e66868499e51) transitioned into state 'SUCCESS' from state 'RUNNING' {{(pid=93503) _flow_receiver /opt/stack/data/venv/lib/python3.12/site-packages/taskflow/listeners/logging.py:160}}
Jun 27 20:00:55 devstack cinder-volume[93503]: DEBUG oslo.privsep.daemon [-] privsep: reply[a5767547-adeb-433e-b945-5d2ceda22dea]: (4, 'qcow2') {{(pid=94950) _call_back /opt/stack/data/venv/lib/python3.12/site-packages/oslo_privsep/daemon.py:580}}
Jun 27 20:00:55 devstack cinder-volume[93503]: DEBUG oslo_concurrency.processutils [None req-bca6b99f-aa0a-4da9-a73d-d6ec09b50b52 tempest-GroupSnapshotsTest-296585406 None] Running cmd (subprocess): /opt/stack/data/venv/bin/python3.12 -m oslo_concurrency.prlimit --as=1073741824 --cpu=60 -- sudo cinder-rootwrap /etc/cinder/rootwrap.conf env LC_ALL=C qemu-img info -f qcow2 --output=json --force-share /opt/stack/data/cinder/mnt/c58230243ff40495cefbe70a57a9e1f9/volume-4cebc38d-fde3-437f-aec2-2ea51d764be5 {{(pid=93503) execute /opt/stack/data/venv/lib/python3.12/site-packages/oslo_concurrency/processutils.py:440}}
Jun 27 20:00:55 devstack cinder-volume[93503]: INFO cinder.volume.manager [None req-add59f97-6d81-48e1-ab7d-0ef5d1493b59 tempest-SnapshotsActionsTest-1709040113 None] Created volume successfully.
Jun 27 20:00:55 devstack sudo[103881]: quobyte : PWD=/ ; USER=root ; COMMAND=/opt/stack/data/venv/bin/cinder-rootwrap /etc/cinder/rootwrap.conf env LC_ALL=C qemu-img info -f qcow2 --output=json --force-share /opt/stack/data/cinder/mnt/c58230243ff40495cefbe70a57a9e1f9/volume-4cebc38d-fde3-437f-aec2-2ea51d764be5
Jun 27 20:00:55 devstack sudo[103881]: pam_unix(sudo:session): session opened for user root(uid=0) by (uid=1000)
Jun 27 20:00:56 devstack sudo[103881]: pam_unix(sudo:session): session closed for user root
Jun 27 20:00:56 devstack cinder-volume[93503]: DEBUG oslo_concurrency.processutils [None req-bca6b99f-aa0a-4da9-a73d-d6ec09b50b52 tempest-GroupSnapshotsTest-296585406 None] CMD "/opt/stack/data/venv/bin/python3.12 -m oslo_concurrency.prlimit --as=1073741824 --cpu=60 -- sudo cinder-rootwrap /etc/cinder/rootwrap.conf env LC_ALL=C qemu-img info -f qcow2 --output=json --force-share /opt/stack/data/cinder/mnt/c58230243ff40495cefbe70a57a9e1f9/volume-4cebc38d-fde3-437f-aec2-2ea51d764be5" returned: 0 in 0.751s {{(pid=93503) execute /opt/stack/data/venv/lib/python3.12/site-packages/oslo_concurrency/processutils.py:468}}
Jun 27 20:00:56 devstack cinder-volume[93503]: DEBUG oslo_concurrency.processutils [None req-bca6b99f-aa0a-4da9-a73d-d6ec09b50b52 tempest-GroupSnapshotsTest-296585406 None] Running cmd (subprocess): sudo cinder-rootwrap /etc/cinder/rootwrap.conf qemu-img create -f qcow2 -o backing_file=/opt/stack/data/cinder/mnt/c58230243ff40495cefbe70a57a9e1f9/volume-4cebc38d-fde3-437f-aec2-2ea51d764be5,backing_fmt=qcow2 /opt/stack/data/cinder/mnt/c58230243ff40495cefbe70a57a9e1f9/volume-4cebc38d-fde3-437f-aec2-2ea51d764be5.a0865445-e8cd-40d3-ae3e-4a49cc70c24c 1G {{(pid=93503) execute /opt/stack/data/venv/lib/python3.12/site-packages/oslo_concurrency/processutils.py:440}}
Jun 27 20:00:56 devstack sudo[103886]: quobyte : PWD=/ ; USER=root ; COMMAND=/opt/stack/data/venv/bin/cinder-rootwrap /etc/cinder/rootwrap.conf qemu-img create -f qcow2 -o backing_file=/opt/stack/data/cinder/mnt/c58230243ff40495cefbe70a57a9e1f9/volume-4cebc38d-fde3-437f-aec2-2ea51d764be5,backing_fmt=qcow2 /opt/stack/data/cinder/mnt/c58230243ff40495cefbe70a57a9e1f9/volume-4cebc38d-fde3-437f-aec2-2ea51d764be5.a0865445-e8cd-40d3-ae3e-4a49cc70c24c 1G
Jun 27 20:00:56 devstack sudo[103886]: pam_unix(sudo:session): session opened for user root(uid=0) by (uid=1000)
Jun 27 20:00:56 devstack cinder-volume[93503]: DEBUG oslo_concurrency.lockutils [None req-e3853a4e-4bcc-41f8-aead-f84b297d8c38 tempest-SnapshotsActionsTest-1709040113 None] Acquiring lock "quobyte" by "cinder.volume.drivers.quobyte.QuobyteDriver.create_snapshot" {{(pid=93503) inner /opt/stack/data/venv/lib/python3.12/site-packages/oslo_concurrency/lockutils.py:511}}
Jun 27 20:00:56 devstack sudo[103886]: pam_unix(sudo:session): session closed for user root
Jun 27 20:00:56 devstack cinder-volume[93503]: DEBUG oslo_concurrency.processutils [None req-bca6b99f-aa0a-4da9-a73d-d6ec09b50b52 tempest-GroupSnapshotsTest-296585406 None] CMD "sudo cinder-rootwrap /etc/cinder/rootwrap.conf qemu-img create -f qcow2 -o backing_file=/opt/stack/data/cinder/mnt/c58230243ff40495cefbe70a57a9e1f9/volume-4cebc38d-fde3-437f-aec2-2ea51d764be5,backing_fmt=qcow2 /opt/stack/data/cinder/mnt/c58230243ff40495cefbe70a57a9e1f9/volume-4cebc38d-fde3-437f-aec2-2ea51d764be5.a0865445-e8cd-40d3-ae3e-4a49cc70c24c 1G" returned: 0 in 0.778s {{(pid=93503) execute /opt/stack/data/venv/lib/python3.12/site-packages/oslo_concurrency/processutils.py:468}}
Jun 27 20:00:56 devstack cinder-volume[93503]: DEBUG oslo_concurrency.processutils [None req-bca6b99f-aa0a-4da9-a73d-d6ec09b50b52 tempest-GroupSnapshotsTest-296585406 None] Running cmd (subprocess): sudo cinder-rootwrap /etc/cinder/rootwrap.conf qemu-img rebase -u -b volume-4cebc38d-fde3-437f-aec2-2ea51d764be5 -F qcow2 /opt/stack/data/cinder/mnt/c58230243ff40495cefbe70a57a9e1f9/volume-4cebc38d-fde3-437f-aec2-2ea51d764be5.a0865445-e8cd-40d3-ae3e-4a49cc70c24c {{(pid=93503) execute /opt/stack/data/venv/lib/python3.12/site-packages/oslo_concurrency/processutils.py:440}}
Jun 27 20:00:56 devstack sudo[103891]: quobyte : PWD=/ ; USER=root ; COMMAND=/opt/stack/data/venv/bin/cinder-rootwrap /etc/cinder/rootwrap.conf qemu-img rebase -u -b volume-4cebc38d-fde3-437f-aec2-2ea51d764be5 -F qcow2 /opt/stack/data/cinder/mnt/c58230243ff40495cefbe70a57a9e1f9/volume-4cebc38d-fde3-437f-aec2-2ea51d764be5.a0865445-e8cd-40d3-ae3e-4a49cc70c24c
Jun 27 20:00:56 devstack sudo[103891]: pam_unix(sudo:session): session opened for user root(uid=0) by (uid=1000)
Jun 27 20:00:57 devstack sudo[103891]: pam_unix(sudo:session): session closed for user root
Jun 27 20:00:57 devstack cinder-volume[93503]: DEBUG oslo_concurrency.processutils [None req-bca6b99f-aa0a-4da9-a73d-d6ec09b50b52 tempest-GroupSnapshotsTest-296585406 None] CMD "sudo cinder-rootwrap /etc/cinder/rootwrap.conf qemu-img rebase -u -b volume-4cebc38d-fde3-437f-aec2-2ea51d764be5 -F qcow2 /opt/stack/data/cinder/mnt/c58230243ff40495cefbe70a57a9e1f9/volume-4cebc38d-fde3-437f-aec2-2ea51d764be5.a0865445-e8cd-40d3-ae3e-4a49cc70c24c" returned: 0 in 0.678s {{(pid=93503) execute /opt/stack/data/venv/lib/python3.12/site-packages/oslo_concurrency/processutils.py:468}}
Jun 27 20:00:57 devstack cinder-volume[93503]: WARNING cinder.volume.drivers.remotefs [None req-bca6b99f-aa0a-4da9-a73d-d6ec09b50b52 tempest-GroupSnapshotsTest-296585406 None] /opt/stack/data/cinder/mnt/c58230243ff40495cefbe70a57a9e1f9/volume-4cebc38d-fde3-437f-aec2-2ea51d764be5.a0865445-e8cd-40d3-ae3e-4a49cc70c24c is being set with open permissions: ugo+rw: NotImplementedError
Jun 27 20:00:57 devstack cinder-volume[93503]: DEBUG oslo_concurrency.processutils [None req-bca6b99f-aa0a-4da9-a73d-d6ec09b50b52 tempest-GroupSnapshotsTest-296585406 None] Running cmd (subprocess): sudo cinder-rootwrap /etc/cinder/rootwrap.conf chmod ugo+rw /opt/stack/data/cinder/mnt/c58230243ff40495cefbe70a57a9e1f9/volume-4cebc38d-fde3-437f-aec2-2ea51d764be5.a0865445-e8cd-40d3-ae3e-4a49cc70c24c {{(pid=93503) execute /opt/stack/data/venv/lib/python3.12/site-packages/oslo_concurrency/processutils.py:440}}
Jun 27 20:00:57 devstack sudo[103896]: quobyte : PWD=/ ; USER=root ; COMMAND=/opt/stack/data/venv/bin/cinder-rootwrap /etc/cinder/rootwrap.conf chmod ugo+rw /opt/stack/data/cinder/mnt/c58230243ff40495cefbe70a57a9e1f9/volume-4cebc38d-fde3-437f-aec2-2ea51d764be5.a0865445-e8cd-40d3-ae3e-4a49cc70c24c
Jun 27 20:00:57 devstack sudo[103896]: pam_unix(sudo:session): session opened for user root(uid=0) by (uid=1000)
Jun 27 20:00:58 devstack sudo[103896]: pam_unix(sudo:session): session closed for user root
Jun 27 20:00:58 devstack cinder-volume[93503]: DEBUG oslo_concurrency.processutils [None req-bca6b99f-aa0a-4da9-a73d-d6ec09b50b52 tempest-GroupSnapshotsTest-296585406 None] CMD "sudo cinder-rootwrap /etc/cinder/rootwrap.conf chmod ugo+rw /opt/stack/data/cinder/mnt/c58230243ff40495cefbe70a57a9e1f9/volume-4cebc38d-fde3-437f-aec2-2ea51d764be5.a0865445-e8cd-40d3-ae3e-4a49cc70c24c" returned: 0 in 0.654s {{(pid=93503) execute /opt/stack/data/venv/lib/python3.12/site-packages/oslo_concurrency/processutils.py:468}}
Jun 27 20:00:58 devstack cinder-volume[93503]: DEBUG oslo_concurrency.processutils [None req-bca6b99f-aa0a-4da9-a73d-d6ec09b50b52 tempest-GroupSnapshotsTest-296585406 None] Running cmd (subprocess): sudo cinder-rootwrap /etc/cinder/rootwrap.conf truncate -s0 /opt/stack/data/cinder/mnt/c58230243ff40495cefbe70a57a9e1f9/volume-4cebc38d-fde3-437f-aec2-2ea51d764be5.info {{(pid=93503) execute /opt/stack/data/venv/lib/python3.12/site-packages/oslo_concurrency/processutils.py:440}}
Jun 27 20:00:58 devstack sudo[103899]: quobyte : PWD=/ ; USER=root ; COMMAND=/opt/stack/data/venv/bin/cinder-rootwrap /etc/cinder/rootwrap.conf truncate -s0 /opt/stack/data/cinder/mnt/c58230243ff40495cefbe70a57a9e1f9/volume-4cebc38d-fde3-437f-aec2-2ea51d764be5.info
Jun 27 20:00:58 devstack sudo[103899]: pam_unix(sudo:session): session opened for user root(uid=0) by (uid=1000)
Jun 27 20:00:58 devstack sudo[103899]: pam_unix(sudo:session): session closed for user root
Jun 27 20:00:58 devstack cinder-volume[93503]: DEBUG oslo_concurrency.processutils [None req-bca6b99f-aa0a-4da9-a73d-d6ec09b50b52 tempest-GroupSnapshotsTest-296585406 None] CMD "sudo cinder-rootwrap /etc/cinder/rootwrap.conf truncate -s0 /opt/stack/data/cinder/mnt/c58230243ff40495cefbe70a57a9e1f9/volume-4cebc38d-fde3-437f-aec2-2ea51d764be5.info" returned: 0 in 0.664s {{(pid=93503) execute /opt/stack/data/venv/lib/python3.12/site-packages/oslo_concurrency/processutils.py:468}}
Jun 27 20:00:58 devstack cinder-volume[93503]: WARNING cinder.volume.drivers.remotefs [None req-bca6b99f-aa0a-4da9-a73d-d6ec09b50b52 tempest-GroupSnapshotsTest-296585406 None] /opt/stack/data/cinder/mnt/c58230243ff40495cefbe70a57a9e1f9/volume-4cebc38d-fde3-437f-aec2-2ea51d764be5.info is being set with open permissions: ugo+rw: NotImplementedError
Jun 27 20:00:58 devstack cinder-volume[93503]: DEBUG oslo_concurrency.processutils [None req-bca6b99f-aa0a-4da9-a73d-d6ec09b50b52 tempest-GroupSnapshotsTest-296585406 None] Running cmd (subprocess): sudo cinder-rootwrap /etc/cinder/rootwrap.conf chmod ugo+rw /opt/stack/data/cinder/mnt/c58230243ff40495cefbe70a57a9e1f9/volume-4cebc38d-fde3-437f-aec2-2ea51d764be5.info {{(pid=93503) execute /opt/stack/data/venv/lib/python3.12/site-packages/oslo_concurrency/processutils.py:440}}
Jun 27 20:00:59 devstack sudo[103903]: quobyte : PWD=/ ; USER=root ; COMMAND=/opt/stack/data/venv/bin/cinder-rootwrap /etc/cinder/rootwrap.conf chmod ugo+rw /opt/stack/data/cinder/mnt/c58230243ff40495cefbe70a57a9e1f9/volume-4cebc38d-fde3-437f-aec2-2ea51d764be5.info
Jun 27 20:00:59 devstack sudo[103903]: pam_unix(sudo:session): session opened for user root(uid=0) by (uid=1000)
Jun 27 20:00:59 devstack sudo[103903]: pam_unix(sudo:session): session closed for user root
Jun 27 20:00:59 devstack cinder-volume[93503]: DEBUG oslo_concurrency.processutils [None req-bca6b99f-aa0a-4da9-a73d-d6ec09b50b52 tempest-GroupSnapshotsTest-296585406 None] CMD "sudo cinder-rootwrap /etc/cinder/rootwrap.conf chmod ugo+rw /opt/stack/data/cinder/mnt/c58230243ff40495cefbe70a57a9e1f9/volume-4cebc38d-fde3-437f-aec2-2ea51d764be5.info" returned: 0 in 0.649s {{(pid=93503) execute /opt/stack/data/venv/lib/python3.12/site-packages/oslo_concurrency/processutils.py:468}}
Jun 27 20:00:59 devstack cinder-volume[93503]: DEBUG oslo_concurrency.lockutils [None req-bca6b99f-aa0a-4da9-a73d-d6ec09b50b52 tempest-GroupSnapshotsTest-296585406 None] Lock "quobyte" "released" by "cinder.volume.drivers.quobyte.QuobyteDriver.create_snapshot" :: held 4.286s {{(pid=93503) inner /opt/stack/data/venv/lib/python3.12/site-packages/oslo_concurrency/lockutils.py:543}}
Jun 27 20:00:59 devstack cinder-volume[93503]: DEBUG oslo_concurrency.lockutils [None req-bca6b99f-aa0a-4da9-a73d-d6ec09b50b52 tempest-GroupSnapshotsTest-296585406 None] Acquiring lock "quobyte" by "cinder.volume.drivers.quobyte.QuobyteDriver.create_snapshot" {{(pid=93503) inner /opt/stack/data/venv/lib/python3.12/site-packages/oslo_concurrency/lockutils.py:511}}
Jun 27 20:00:59 devstack cinder-volume[93503]: DEBUG oslo_concurrency.lockutils [None req-bca6b99f-aa0a-4da9-a73d-d6ec09b50b52 tempest-GroupSnapshotsTest-296585406 None] Lock "quobyte" acquired by "cinder.volume.drivers.quobyte.QuobyteDriver.create_snapshot" :: waited 0.001s {{(pid=93503) inner /opt/stack/data/venv/lib/python3.12/site-packages/oslo_concurrency/lockutils.py:524}}
Jun 27 20:00:59 devstack cinder-volume[93503]: DEBUG cinder.volume.drivers.remotefs [None req-bca6b99f-aa0a-4da9-a73d-d6ec09b50b52 tempest-GroupSnapshotsTest-296585406 None] Creating offline snapshot d81df0ed-391a-4b48-ae7b-676224fee086 of volume 60e11365-a5f1-4923-9bef-ee22fc80ff2f {{(pid=93503) _create_snapshot /opt/stack/cinder/cinder/volume/drivers/remotefs.py:1816}}
Jun 27 20:00:59 devstack cinder-volume[93503]: DEBUG oslo.privsep.daemon [-] privsep: reply[16de5eb1-53ce-4949-8c4b-41a4d463bccb]: (4, 'qcow2') {{(pid=94950) _call_back /opt/stack/data/venv/lib/python3.12/site-packages/oslo_privsep/daemon.py:580}}
Jun 27 20:00:59 devstack cinder-volume[93503]: DEBUG oslo_concurrency.processutils [None req-bca6b99f-aa0a-4da9-a73d-d6ec09b50b52 tempest-GroupSnapshotsTest-296585406 None] Running cmd (subprocess): /opt/stack/data/venv/bin/python3.12 -m oslo_concurrency.prlimit --as=1073741824 --cpu=60 -- sudo cinder-rootwrap /etc/cinder/rootwrap.conf env LC_ALL=C qemu-img info -f qcow2 --output=json --force-share /opt/stack/data/cinder/mnt/c58230243ff40495cefbe70a57a9e1f9/volume-60e11365-a5f1-4923-9bef-ee22fc80ff2f {{(pid=93503) execute /opt/stack/data/venv/lib/python3.12/site-packages/oslo_concurrency/processutils.py:440}}
Jun 27 20:00:59 devstack sudo[103906]: quobyte : PWD=/ ; USER=root ; COMMAND=/opt/stack/data/venv/bin/cinder-rootwrap /etc/cinder/rootwrap.conf env LC_ALL=C qemu-img info -f qcow2 --output=json --force-share /opt/stack/data/cinder/mnt/c58230243ff40495cefbe70a57a9e1f9/volume-60e11365-a5f1-4923-9bef-ee22fc80ff2f
Jun 27 20:00:59 devstack sudo[103906]: pam_unix(sudo:session): session opened for user root(uid=0) by (uid=1000)
Jun 27 20:01:00 devstack sudo[103906]: pam_unix(sudo:session): session closed for user root
Jun 27 20:01:00 devstack cinder-volume[93503]: DEBUG oslo_concurrency.processutils [None req-bca6b99f-aa0a-4da9-a73d-d6ec09b50b52 tempest-GroupSnapshotsTest-296585406 None] CMD "/opt/stack/data/venv/bin/python3.12 -m oslo_concurrency.prlimit --as=1073741824 --cpu=60 -- sudo cinder-rootwrap /etc/cinder/rootwrap.conf env LC_ALL=C qemu-img info -f qcow2 --output=json --force-share /opt/stack/data/cinder/mnt/c58230243ff40495cefbe70a57a9e1f9/volume-60e11365-a5f1-4923-9bef-ee22fc80ff2f" returned: 0 in 0.759s {{(pid=93503) execute /opt/stack/data/venv/lib/python3.12/site-packages/oslo_concurrency/processutils.py:468}}
Jun 27 20:01:00 devstack cinder-volume[93503]: DEBUG oslo_concurrency.processutils [None req-bca6b99f-aa0a-4da9-a73d-d6ec09b50b52 tempest-GroupSnapshotsTest-296585406 None] Running cmd (subprocess): sudo cinder-rootwrap /etc/cinder/rootwrap.conf qemu-img create -f qcow2 -o backing_file=/opt/stack/data/cinder/mnt/c58230243ff40495cefbe70a57a9e1f9/volume-60e11365-a5f1-4923-9bef-ee22fc80ff2f,backing_fmt=qcow2 /opt/stack/data/cinder/mnt/c58230243ff40495cefbe70a57a9e1f9/volume-60e11365-a5f1-4923-9bef-ee22fc80ff2f.d81df0ed-391a-4b48-ae7b-676224fee086 1G {{(pid=93503) execute /opt/stack/data/venv/lib/python3.12/site-packages/oslo_concurrency/processutils.py:440}}
Jun 27 20:01:00 devstack sudo[103911]: quobyte : PWD=/ ; USER=root ; COMMAND=/opt/stack/data/venv/bin/cinder-rootwrap /etc/cinder/rootwrap.conf qemu-img create -f qcow2 -o backing_file=/opt/stack/data/cinder/mnt/c58230243ff40495cefbe70a57a9e1f9/volume-60e11365-a5f1-4923-9bef-ee22fc80ff2f,backing_fmt=qcow2 /opt/stack/data/cinder/mnt/c58230243ff40495cefbe70a57a9e1f9/volume-60e11365-a5f1-4923-9bef-ee22fc80ff2f.d81df0ed-391a-4b48-ae7b-676224fee086 1G
Jun 27 20:01:00 devstack sudo[103911]: pam_unix(sudo:session): session opened for user root(uid=0) by (uid=1000)
Jun 27 20:01:01 devstack sudo[103911]: pam_unix(sudo:session): session closed for user root
Jun 27 20:01:01 devstack cinder-volume[93503]: DEBUG oslo_concurrency.processutils [None req-bca6b99f-aa0a-4da9-a73d-d6ec09b50b52 tempest-GroupSnapshotsTest-296585406 None] CMD "sudo cinder-rootwrap /etc/cinder/rootwrap.conf qemu-img create -f qcow2 -o backing_file=/opt/stack/data/cinder/mnt/c58230243ff40495cefbe70a57a9e1f9/volume-60e11365-a5f1-4923-9bef-ee22fc80ff2f,backing_fmt=qcow2 /opt/stack/data/cinder/mnt/c58230243ff40495cefbe70a57a9e1f9/volume-60e11365-a5f1-4923-9bef-ee22fc80ff2f.d81df0ed-391a-4b48-ae7b-676224fee086 1G" returned: 0 in 0.793s {{(pid=93503) execute /opt/stack/data/venv/lib/python3.12/site-packages/oslo_concurrency/processutils.py:468}}
Jun 27 20:01:01 devstack cinder-volume[93503]: DEBUG oslo_concurrency.processutils [None req-bca6b99f-aa0a-4da9-a73d-d6ec09b50b52 tempest-GroupSnapshotsTest-296585406 None] Running cmd (subprocess): sudo cinder-rootwrap /etc/cinder/rootwrap.conf qemu-img rebase -u -b volume-60e11365-a5f1-4923-9bef-ee22fc80ff2f -F qcow2 /opt/stack/data/cinder/mnt/c58230243ff40495cefbe70a57a9e1f9/volume-60e11365-a5f1-4923-9bef-ee22fc80ff2f.d81df0ed-391a-4b48-ae7b-676224fee086 {{(pid=93503) execute /opt/stack/data/venv/lib/python3.12/site-packages/oslo_concurrency/processutils.py:440}}
Jun 27 20:01:01 devstack sudo[103917]: quobyte : PWD=/ ; USER=root ; COMMAND=/opt/stack/data/venv/bin/cinder-rootwrap /etc/cinder/rootwrap.conf qemu-img rebase -u -b volume-60e11365-a5f1-4923-9bef-ee22fc80ff2f -F qcow2 /opt/stack/data/cinder/mnt/c58230243ff40495cefbe70a57a9e1f9/volume-60e11365-a5f1-4923-9bef-ee22fc80ff2f.d81df0ed-391a-4b48-ae7b-676224fee086
Jun 27 20:01:01 devstack sudo[103917]: pam_unix(sudo:session): session opened for user root(uid=0) by (uid=1000)
Jun 27 20:01:01 devstack sudo[103917]: pam_unix(sudo:session): session closed for user root
Jun 27 20:01:01 devstack cinder-volume[93503]: DEBUG oslo_concurrency.processutils [None req-bca6b99f-aa0a-4da9-a73d-d6ec09b50b52 tempest-GroupSnapshotsTest-296585406 None] CMD "sudo cinder-rootwrap /etc/cinder/rootwrap.conf qemu-img rebase -u -b volume-60e11365-a5f1-4923-9bef-ee22fc80ff2f -F qcow2 /opt/stack/data/cinder/mnt/c58230243ff40495cefbe70a57a9e1f9/volume-60e11365-a5f1-4923-9bef-ee22fc80ff2f.d81df0ed-391a-4b48-ae7b-676224fee086" returned: 0 in 0.684s {{(pid=93503) execute /opt/stack/data/venv/lib/python3.12/site-packages/oslo_concurrency/processutils.py:468}}
Jun 27 20:01:01 devstack cinder-volume[93503]: WARNING cinder.volume.drivers.remotefs [None req-bca6b99f-aa0a-4da9-a73d-d6ec09b50b52 tempest-GroupSnapshotsTest-296585406 None] /opt/stack/data/cinder/mnt/c58230243ff40495cefbe70a57a9e1f9/volume-60e11365-a5f1-4923-9bef-ee22fc80ff2f.d81df0ed-391a-4b48-ae7b-676224fee086 is being set with open permissions: ugo+rw: NotImplementedError
Jun 27 20:01:01 devstack cinder-volume[93503]: DEBUG oslo_concurrency.processutils [None req-bca6b99f-aa0a-4da9-a73d-d6ec09b50b52 tempest-GroupSnapshotsTest-296585406 None] Running cmd (subprocess): sudo cinder-rootwrap /etc/cinder/rootwrap.conf chmod ugo+rw /opt/stack/data/cinder/mnt/c58230243ff40495cefbe70a57a9e1f9/volume-60e11365-a5f1-4923-9bef-ee22fc80ff2f.d81df0ed-391a-4b48-ae7b-676224fee086 {{(pid=93503) execute /opt/stack/data/venv/lib/python3.12/site-packages/oslo_concurrency/processutils.py:440}}
Jun 27 20:01:01 devstack sudo[103922]: quobyte : PWD=/ ; USER=root ; COMMAND=/opt/stack/data/venv/bin/cinder-rootwrap /etc/cinder/rootwrap.conf chmod ugo+rw /opt/stack/data/cinder/mnt/c58230243ff40495cefbe70a57a9e1f9/volume-60e11365-a5f1-4923-9bef-ee22fc80ff2f.d81df0ed-391a-4b48-ae7b-676224fee086
Jun 27 20:01:01 devstack sudo[103922]: pam_unix(sudo:session): session opened for user root(uid=0) by (uid=1000)
Jun 27 20:01:02 devstack sudo[103922]: pam_unix(sudo:session): session closed for user root
Jun 27 20:01:02 devstack cinder-volume[93503]: DEBUG oslo_concurrency.processutils [None req-bca6b99f-aa0a-4da9-a73d-d6ec09b50b52 tempest-GroupSnapshotsTest-296585406 None] CMD "sudo cinder-rootwrap /etc/cinder/rootwrap.conf chmod ugo+rw /opt/stack/data/cinder/mnt/c58230243ff40495cefbe70a57a9e1f9/volume-60e11365-a5f1-4923-9bef-ee22fc80ff2f.d81df0ed-391a-4b48-ae7b-676224fee086" returned: 0 in 0.633s {{(pid=93503) execute /opt/stack/data/venv/lib/python3.12/site-packages/oslo_concurrency/processutils.py:468}}
Jun 27 20:01:02 devstack cinder-volume[93503]: DEBUG oslo_concurrency.processutils [None req-bca6b99f-aa0a-4da9-a73d-d6ec09b50b52 tempest-GroupSnapshotsTest-296585406 None] Running cmd (subprocess): sudo cinder-rootwrap /etc/cinder/rootwrap.conf truncate -s0 /opt/stack/data/cinder/mnt/c58230243ff40495cefbe70a57a9e1f9/volume-60e11365-a5f1-4923-9bef-ee22fc80ff2f.info {{(pid=93503) execute /opt/stack/data/venv/lib/python3.12/site-packages/oslo_concurrency/processutils.py:440}}
Jun 27 20:01:02 devstack sudo[103926]: quobyte : PWD=/ ; USER=root ; COMMAND=/opt/stack/data/venv/bin/cinder-rootwrap /etc/cinder/rootwrap.conf truncate -s0 /opt/stack/data/cinder/mnt/c58230243ff40495cefbe70a57a9e1f9/volume-60e11365-a5f1-4923-9bef-ee22fc80ff2f.info
Jun 27 20:01:02 devstack sudo[103926]: pam_unix(sudo:session): session opened for user root(uid=0) by (uid=1000)
Jun 27 20:01:03 devstack sudo[103926]: pam_unix(sudo:session): session closed for user root
Jun 27 20:01:03 devstack cinder-volume[93503]: DEBUG oslo_concurrency.processutils [None req-bca6b99f-aa0a-4da9-a73d-d6ec09b50b52 tempest-GroupSnapshotsTest-296585406 None] CMD "sudo cinder-rootwrap /etc/cinder/rootwrap.conf truncate -s0 /opt/stack/data/cinder/mnt/c58230243ff40495cefbe70a57a9e1f9/volume-60e11365-a5f1-4923-9bef-ee22fc80ff2f.info" returned: 0 in 0.656s {{(pid=93503) execute /opt/stack/data/venv/lib/python3.12/site-packages/oslo_concurrency/processutils.py:468}}
Jun 27 20:01:03 devstack cinder-volume[93503]: WARNING cinder.volume.drivers.remotefs [None req-bca6b99f-aa0a-4da9-a73d-d6ec09b50b52 tempest-GroupSnapshotsTest-296585406 None] /opt/stack/data/cinder/mnt/c58230243ff40495cefbe70a57a9e1f9/volume-60e11365-a5f1-4923-9bef-ee22fc80ff2f.info is being set with open permissions: ugo+rw: NotImplementedError
Jun 27 20:01:03 devstack cinder-volume[93503]: DEBUG oslo_concurrency.processutils [None req-bca6b99f-aa0a-4da9-a73d-d6ec09b50b52 tempest-GroupSnapshotsTest-296585406 None] Running cmd (subprocess): sudo cinder-rootwrap /etc/cinder/rootwrap.conf chmod ugo+rw /opt/stack/data/cinder/mnt/c58230243ff40495cefbe70a57a9e1f9/volume-60e11365-a5f1-4923-9bef-ee22fc80ff2f.info {{(pid=93503) execute /opt/stack/data/venv/lib/python3.12/site-packages/oslo_concurrency/processutils.py:440}}
Jun 27 20:01:03 devstack sudo[103929]: quobyte : PWD=/ ; USER=root ; COMMAND=/opt/stack/data/venv/bin/cinder-rootwrap /etc/cinder/rootwrap.conf chmod ugo+rw /opt/stack/data/cinder/mnt/c58230243ff40495cefbe70a57a9e1f9/volume-60e11365-a5f1-4923-9bef-ee22fc80ff2f.info
Jun 27 20:01:03 devstack sudo[103929]: pam_unix(sudo:session): session opened for user root(uid=0) by (uid=1000)
Jun 27 20:01:03 devstack sudo[103929]: pam_unix(sudo:session): session closed for user root
Jun 27 20:01:03 devstack cinder-volume[93503]: DEBUG oslo_concurrency.processutils [None req-bca6b99f-aa0a-4da9-a73d-d6ec09b50b52 tempest-GroupSnapshotsTest-296585406 None] CMD "sudo cinder-rootwrap /etc/cinder/rootwrap.conf chmod ugo+rw /opt/stack/data/cinder/mnt/c58230243ff40495cefbe70a57a9e1f9/volume-60e11365-a5f1-4923-9bef-ee22fc80ff2f.info" returned: 0 in 0.636s {{(pid=93503) execute /opt/stack/data/venv/lib/python3.12/site-packages/oslo_concurrency/processutils.py:468}}
Jun 27 20:01:03 devstack cinder-volume[93503]: DEBUG oslo_concurrency.lockutils [None req-bca6b99f-aa0a-4da9-a73d-d6ec09b50b52 tempest-GroupSnapshotsTest-296585406 None] Lock "quobyte" "released" by "cinder.volume.drivers.quobyte.QuobyteDriver.create_snapshot" :: held 4.239s {{(pid=93503) inner /opt/stack/data/venv/lib/python3.12/site-packages/oslo_concurrency/lockutils.py:543}}
Jun 27 20:01:03 devstack cinder-volume[93503]: DEBUG oslo_concurrency.lockutils [None req-bcc8ba62-ffa6-4aa0-b222-8e4fab024ff4 tempest-VolumesSnapshotTestJSON-978396819 None] Lock "quobyte" acquired by "cinder.volume.drivers.quobyte.QuobyteDriver.create_snapshot" :: waited 9.374s {{(pid=93503) inner /opt/stack/data/venv/lib/python3.12/site-packages/oslo_concurrency/lockutils.py:524}}
Jun 27 20:01:03 devstack cinder-volume[93503]: DEBUG cinder.volume.drivers.remotefs [None req-bcc8ba62-ffa6-4aa0-b222-8e4fab024ff4 tempest-VolumesSnapshotTestJSON-978396819 None] Creating offline snapshot aa77fcb8-9a8d-48a6-8ae8-bf38135e0713 of volume e7127819-e08c-45e9-b067-4cfec7c1dbf9 {{(pid=93503) _create_snapshot /opt/stack/cinder/cinder/volume/drivers/remotefs.py:1816}}
Jun 27 20:01:03 devstack cinder-volume[93503]: DEBUG oslo.privsep.daemon [-] privsep: reply[a1b7bfd6-260a-4f35-a5da-9d5d9e014a96]: (4, 'qcow2') {{(pid=94950) _call_back /opt/stack/data/venv/lib/python3.12/site-packages/oslo_privsep/daemon.py:580}}
Jun 27 20:01:03 devstack cinder-volume[93503]: DEBUG oslo_concurrency.processutils [None req-bcc8ba62-ffa6-4aa0-b222-8e4fab024ff4 tempest-VolumesSnapshotTestJSON-978396819 None] Running cmd (subprocess): /opt/stack/data/venv/bin/python3.12 -m oslo_concurrency.prlimit --as=1073741824 --cpu=60 -- sudo cinder-rootwrap /etc/cinder/rootwrap.conf env LC_ALL=C qemu-img info -f qcow2 --output=json --force-share /opt/stack/data/cinder/mnt/c58230243ff40495cefbe70a57a9e1f9/volume-e7127819-e08c-45e9-b067-4cfec7c1dbf9 {{(pid=93503) execute /opt/stack/data/venv/lib/python3.12/site-packages/oslo_concurrency/processutils.py:440}}
Jun 27 20:01:04 devstack cinder-volume[93503]: INFO cinder.volume.manager [None req-bca6b99f-aa0a-4da9-a73d-d6ec09b50b52 tempest-GroupSnapshotsTest-296585406 None] group_snapshot 359749fa-1b84-4aef-ac3e-18b9f31887a3: created successfully
Jun 27 20:01:04 devstack sudo[103933]: quobyte : PWD=/ ; USER=root ; COMMAND=/opt/stack/data/venv/bin/cinder-rootwrap /etc/cinder/rootwrap.conf env LC_ALL=C qemu-img info -f qcow2 --output=json --force-share /opt/stack/data/cinder/mnt/c58230243ff40495cefbe70a57a9e1f9/volume-e7127819-e08c-45e9-b067-4cfec7c1dbf9
Jun 27 20:01:04 devstack sudo[103933]: pam_unix(sudo:session): session opened for user root(uid=0) by (uid=1000)
Jun 27 20:01:04 devstack sudo[103933]: pam_unix(sudo:session): session closed for user root
Jun 27 20:01:04 devstack cinder-volume[93503]: DEBUG oslo_concurrency.processutils [None req-bcc8ba62-ffa6-4aa0-b222-8e4fab024ff4 tempest-VolumesSnapshotTestJSON-978396819 None] CMD "/opt/stack/data/venv/bin/python3.12 -m oslo_concurrency.prlimit --as=1073741824 --cpu=60 -- sudo cinder-rootwrap /etc/cinder/rootwrap.conf env LC_ALL=C qemu-img info -f qcow2 --output=json --force-share /opt/stack/data/cinder/mnt/c58230243ff40495cefbe70a57a9e1f9/volume-e7127819-e08c-45e9-b067-4cfec7c1dbf9" returned: 0 in 0.766s {{(pid=93503) execute /opt/stack/data/venv/lib/python3.12/site-packages/oslo_concurrency/processutils.py:468}}
Jun 27 20:01:04 devstack cinder-volume[93503]: DEBUG oslo_concurrency.processutils [None req-bcc8ba62-ffa6-4aa0-b222-8e4fab024ff4 tempest-VolumesSnapshotTestJSON-978396819 None] Running cmd (subprocess): sudo cinder-rootwrap /etc/cinder/rootwrap.conf qemu-img create -f qcow2 -o backing_file=/opt/stack/data/cinder/mnt/c58230243ff40495cefbe70a57a9e1f9/volume-e7127819-e08c-45e9-b067-4cfec7c1dbf9,backing_fmt=qcow2 /opt/stack/data/cinder/mnt/c58230243ff40495cefbe70a57a9e1f9/volume-e7127819-e08c-45e9-b067-4cfec7c1dbf9.aa77fcb8-9a8d-48a6-8ae8-bf38135e0713 1G {{(pid=93503) execute /opt/stack/data/venv/lib/python3.12/site-packages/oslo_concurrency/processutils.py:440}}
Jun 27 20:01:04 devstack sudo[103939]: quobyte : PWD=/ ; USER=root ; COMMAND=/opt/stack/data/venv/bin/cinder-rootwrap /etc/cinder/rootwrap.conf qemu-img create -f qcow2 -o backing_file=/opt/stack/data/cinder/mnt/c58230243ff40495cefbe70a57a9e1f9/volume-e7127819-e08c-45e9-b067-4cfec7c1dbf9,backing_fmt=qcow2 /opt/stack/data/cinder/mnt/c58230243ff40495cefbe70a57a9e1f9/volume-e7127819-e08c-45e9-b067-4cfec7c1dbf9.aa77fcb8-9a8d-48a6-8ae8-bf38135e0713 1G
Jun 27 20:01:04 devstack sudo[103939]: pam_unix(sudo:session): session opened for user root(uid=0) by (uid=1000)
Jun 27 20:01:05 devstack cinder-volume[93503]: INFO cinder.volume.manager [None req-add7c422-fa3d-4cd3-9137-64c3126e2723 tempest-GroupSnapshotsTest-296585406 None] group_snapshot 359749fa-1b84-4aef-ac3e-18b9f31887a3: deleting
Jun 27 20:01:05 devstack cinder-volume[93503]: DEBUG cinder.volume.manager [None req-add7c422-fa3d-4cd3-9137-64c3126e2723 tempest-GroupSnapshotsTest-296585406 None] group_snapshot 359749fa-1b84-4aef-ac3e-18b9f31887a3: deleting {{(pid=93503) delete_group_snapshot /opt/stack/cinder/cinder/volume/manager.py:4350}}
Jun 27 20:01:05 devstack cinder-volume[93503]: DEBUG cinder.coordination [None req-add7c422-fa3d-4cd3-9137-64c3126e2723 tempest-GroupSnapshotsTest-296585406 None] Acquiring lock "cinder-quobyte-4cebc38d-fde3-437f-aec2-2ea51d764be5" by "delete_snapshot" {{(pid=93503) __acquire /opt/stack/cinder/cinder/coordination.py:138}}
Jun 27 20:01:05 devstack cinder-volume[93503]: DEBUG cinder.coordination [None req-add7c422-fa3d-4cd3-9137-64c3126e2723 tempest-GroupSnapshotsTest-296585406 None] Lock "cinder-quobyte-4cebc38d-fde3-437f-aec2-2ea51d764be5" acquired by "delete_snapshot" :: waited 0.017s {{(pid=93503) __acquire /opt/stack/cinder/cinder/coordination.py:141}}
Jun 27 20:01:05 devstack cinder-volume[93503]: DEBUG cinder.coordination [None req-add7c422-fa3d-4cd3-9137-64c3126e2723 tempest-GroupSnapshotsTest-296585406 None] Acquiring lock "cinder-quobyte-a0865445-e8cd-40d3-ae3e-4a49cc70c24c" by "_delete_snapshot" {{(pid=93503) __acquire /opt/stack/cinder/cinder/coordination.py:138}}
Jun 27 20:01:05 devstack cinder-volume[93503]: DEBUG cinder.coordination [None req-add7c422-fa3d-4cd3-9137-64c3126e2723 tempest-GroupSnapshotsTest-296585406 None] Lock "cinder-quobyte-a0865445-e8cd-40d3-ae3e-4a49cc70c24c" acquired by "_delete_snapshot" :: waited 0.016s {{(pid=93503) __acquire /opt/stack/cinder/cinder/coordination.py:141}}
Jun 27 20:01:05 devstack cinder-volume[93503]: DEBUG cinder.volume.drivers.remotefs [None req-add7c422-fa3d-4cd3-9137-64c3126e2723 tempest-GroupSnapshotsTest-296585406 None] Deleting offline snapshot a0865445-e8cd-40d3-ae3e-4a49cc70c24c of volume 4cebc38d-fde3-437f-aec2-2ea51d764be5 {{(pid=93503) _delete_snapshot /opt/stack/cinder/cinder/volume/drivers/remotefs.py:1288}}
Jun 27 20:01:05 devstack cinder-volume[93503]: DEBUG cinder.volume.drivers.remotefs [None req-add7c422-fa3d-4cd3-9137-64c3126e2723 tempest-GroupSnapshotsTest-296585406 None] snapshot_file for this snap is: volume-4cebc38d-fde3-437f-aec2-2ea51d764be5.a0865445-e8cd-40d3-ae3e-4a49cc70c24c {{(pid=93503) _delete_snapshot /opt/stack/cinder/cinder/volume/drivers/remotefs.py:1317}}
Jun 27 20:01:05 devstack cinder-volume[93503]: DEBUG oslo.privsep.daemon [-] privsep: reply[a9b2030c-74f2-4979-8781-e24439e0ade1]: (4, 'qcow2') {{(pid=94950) _call_back /opt/stack/data/venv/lib/python3.12/site-packages/oslo_privsep/daemon.py:580}}
Jun 27 20:01:05 devstack cinder-volume[93503]: DEBUG oslo_concurrency.processutils [None req-add7c422-fa3d-4cd3-9137-64c3126e2723 tempest-GroupSnapshotsTest-296585406 None] Running cmd (subprocess): /opt/stack/data/venv/bin/python3.12 -m oslo_concurrency.prlimit --as=1073741824 --cpu=60 -- sudo cinder-rootwrap /etc/cinder/rootwrap.conf env LC_ALL=C qemu-img info -f qcow2 --output=json --force-share /opt/stack/data/cinder/mnt/c58230243ff40495cefbe70a57a9e1f9/volume-4cebc38d-fde3-437f-aec2-2ea51d764be5.a0865445-e8cd-40d3-ae3e-4a49cc70c24c {{(pid=93503) execute /opt/stack/data/venv/lib/python3.12/site-packages/oslo_concurrency/processutils.py:440}}
Jun 27 20:01:05 devstack sudo[103943]: quobyte : PWD=/ ; USER=root ; COMMAND=/opt/stack/data/venv/bin/cinder-rootwrap /etc/cinder/rootwrap.conf env LC_ALL=C qemu-img info -f qcow2 --output=json --force-share /opt/stack/data/cinder/mnt/c58230243ff40495cefbe70a57a9e1f9/volume-4cebc38d-fde3-437f-aec2-2ea51d764be5.a0865445-e8cd-40d3-ae3e-4a49cc70c24c
Jun 27 20:01:05 devstack sudo[103943]: pam_unix(sudo:session): session opened for user root(uid=0) by (uid=1000)
Jun 27 20:01:05 devstack sudo[103939]: pam_unix(sudo:session): session closed for user root
Jun 27 20:01:05 devstack cinder-volume[93503]: DEBUG oslo_concurrency.processutils [None req-bcc8ba62-ffa6-4aa0-b222-8e4fab024ff4 tempest-VolumesSnapshotTestJSON-978396819 None] CMD "sudo cinder-rootwrap /etc/cinder/rootwrap.conf qemu-img create -f qcow2 -o backing_file=/opt/stack/data/cinder/mnt/c58230243ff40495cefbe70a57a9e1f9/volume-e7127819-e08c-45e9-b067-4cfec7c1dbf9,backing_fmt=qcow2 /opt/stack/data/cinder/mnt/c58230243ff40495cefbe70a57a9e1f9/volume-e7127819-e08c-45e9-b067-4cfec7c1dbf9.aa77fcb8-9a8d-48a6-8ae8-bf38135e0713 1G" returned: 0 in 0.873s {{(pid=93503) execute /opt/stack/data/venv/lib/python3.12/site-packages/oslo_concurrency/processutils.py:468}}
Jun 27 20:01:05 devstack cinder-volume[93503]: DEBUG oslo_concurrency.processutils [None req-bcc8ba62-ffa6-4aa0-b222-8e4fab024ff4 tempest-VolumesSnapshotTestJSON-978396819 None] Running cmd (subprocess): sudo cinder-rootwrap /etc/cinder/rootwrap.conf qemu-img rebase -u -b volume-e7127819-e08c-45e9-b067-4cfec7c1dbf9 -F qcow2 /opt/stack/data/cinder/mnt/c58230243ff40495cefbe70a57a9e1f9/volume-e7127819-e08c-45e9-b067-4cfec7c1dbf9.aa77fcb8-9a8d-48a6-8ae8-bf38135e0713 {{(pid=93503) execute /opt/stack/data/venv/lib/python3.12/site-packages/oslo_concurrency/processutils.py:440}}
Jun 27 20:01:05 devstack sudo[103947]: quobyte : PWD=/ ; USER=root ; COMMAND=/opt/stack/data/venv/bin/cinder-rootwrap /etc/cinder/rootwrap.conf qemu-img rebase -u -b volume-e7127819-e08c-45e9-b067-4cfec7c1dbf9 -F qcow2 /opt/stack/data/cinder/mnt/c58230243ff40495cefbe70a57a9e1f9/volume-e7127819-e08c-45e9-b067-4cfec7c1dbf9.aa77fcb8-9a8d-48a6-8ae8-bf38135e0713
Jun 27 20:01:05 devstack sudo[103947]: pam_unix(sudo:session): session opened for user root(uid=0) by (uid=1000)
Jun 27 20:01:06 devstack sudo[103943]: pam_unix(sudo:session): session closed for user root
Jun 27 20:01:06 devstack cinder-volume[93503]: DEBUG oslo_concurrency.processutils [None req-add7c422-fa3d-4cd3-9137-64c3126e2723 tempest-GroupSnapshotsTest-296585406 None] CMD "/opt/stack/data/venv/bin/python3.12 -m oslo_concurrency.prlimit --as=1073741824 --cpu=60 -- sudo cinder-rootwrap /etc/cinder/rootwrap.conf env LC_ALL=C qemu-img info -f qcow2 --output=json --force-share /opt/stack/data/cinder/mnt/c58230243ff40495cefbe70a57a9e1f9/volume-4cebc38d-fde3-437f-aec2-2ea51d764be5.a0865445-e8cd-40d3-ae3e-4a49cc70c24c" returned: 0 in 0.795s {{(pid=93503) execute /opt/stack/data/venv/lib/python3.12/site-packages/oslo_concurrency/processutils.py:468}}
Jun 27 20:01:06 devstack cinder-volume[93503]: DEBUG cinder.volume.drivers.remotefs [None req-add7c422-fa3d-4cd3-9137-64c3126e2723 tempest-GroupSnapshotsTest-296585406 None] Fetching qemu-img info with special backing_file_template: (/opt/stack/data/cinder/mnt/[0-9a-f]+/)?(volume-4cebc38d-fde3-437f-aec2-2ea51d764be5(.(tmp-snap-)?[0-9a-f-]+)?|volume_from_snapshot_cache/(tmp-snap-)?[0-9a-f-]+(.(child-|parent-)[0-9a-f-]+)?)$ {{(pid=93503) _qemu_img_info_base /opt/stack/cinder/cinder/volume/drivers/remotefs.py:896}}
Jun 27 20:01:06 devstack cinder-volume[93503]: DEBUG oslo.privsep.daemon [-] privsep: reply[c02a7b5e-2860-4be4-b6dd-ae6455da396b]: (4, 'qcow2') {{(pid=94950) _call_back /opt/stack/data/venv/lib/python3.12/site-packages/oslo_privsep/daemon.py:580}}
Jun 27 20:01:06 devstack cinder-volume[93503]: DEBUG oslo_concurrency.processutils [None req-add7c422-fa3d-4cd3-9137-64c3126e2723 tempest-GroupSnapshotsTest-296585406 None] Running cmd (subprocess): /opt/stack/data/venv/bin/python3.12 -m oslo_concurrency.prlimit --as=1073741824 --cpu=60 -- sudo cinder-rootwrap /etc/cinder/rootwrap.conf env LC_ALL=C qemu-img info -f qcow2 --output=json --force-share /opt/stack/data/cinder/mnt/c58230243ff40495cefbe70a57a9e1f9/volume-4cebc38d-fde3-437f-aec2-2ea51d764be5 {{(pid=93503) execute /opt/stack/data/venv/lib/python3.12/site-packages/oslo_concurrency/processutils.py:440}}
Jun 27 20:01:06 devstack sudo[103952]: quobyte : PWD=/ ; USER=root ; COMMAND=/opt/stack/data/venv/bin/cinder-rootwrap /etc/cinder/rootwrap.conf env LC_ALL=C qemu-img info -f qcow2 --output=json --force-share /opt/stack/data/cinder/mnt/c58230243ff40495cefbe70a57a9e1f9/volume-4cebc38d-fde3-437f-aec2-2ea51d764be5
Jun 27 20:01:06 devstack sudo[103952]: pam_unix(sudo:session): session opened for user root(uid=0) by (uid=1000)
Jun 27 20:01:06 devstack sudo[103947]: pam_unix(sudo:session): session closed for user root
Jun 27 20:01:06 devstack cinder-volume[93503]: DEBUG oslo_concurrency.processutils [None req-bcc8ba62-ffa6-4aa0-b222-8e4fab024ff4 tempest-VolumesSnapshotTestJSON-978396819 None] CMD "sudo cinder-rootwrap /etc/cinder/rootwrap.conf qemu-img rebase -u -b volume-e7127819-e08c-45e9-b067-4cfec7c1dbf9 -F qcow2 /opt/stack/data/cinder/mnt/c58230243ff40495cefbe70a57a9e1f9/volume-e7127819-e08c-45e9-b067-4cfec7c1dbf9.aa77fcb8-9a8d-48a6-8ae8-bf38135e0713" returned: 0 in 0.679s {{(pid=93503) execute /opt/stack/data/venv/lib/python3.12/site-packages/oslo_concurrency/processutils.py:468}}
Jun 27 20:01:06 devstack cinder-volume[93503]: WARNING cinder.volume.drivers.remotefs [None req-bcc8ba62-ffa6-4aa0-b222-8e4fab024ff4 tempest-VolumesSnapshotTestJSON-978396819 None] /opt/stack/data/cinder/mnt/c58230243ff40495cefbe70a57a9e1f9/volume-e7127819-e08c-45e9-b067-4cfec7c1dbf9.aa77fcb8-9a8d-48a6-8ae8-bf38135e0713 is being set with open permissions: ugo+rw
Jun 27 20:01:06 devstack cinder-volume[93503]: DEBUG oslo_concurrency.processutils [None req-bcc8ba62-ffa6-4aa0-b222-8e4fab024ff4 tempest-VolumesSnapshotTestJSON-978396819 None] Running cmd (subprocess): sudo cinder-rootwrap /etc/cinder/rootwrap.conf chmod ugo+rw /opt/stack/data/cinder/mnt/c58230243ff40495cefbe70a57a9e1f9/volume-e7127819-e08c-45e9-b067-4cfec7c1dbf9.aa77fcb8-9a8d-48a6-8ae8-bf38135e0713 {{(pid=93503) execute /opt/stack/data/venv/lib/python3.12/site-packages/oslo_concurrency/processutils.py:440}}
Jun 27 20:01:06 devstack sudo[103958]: quobyte : PWD=/ ; USER=root ; COMMAND=/opt/stack/data/venv/bin/cinder-rootwrap /etc/cinder/rootwrap.conf chmod ugo+rw /opt/stack/data/cinder/mnt/c58230243ff40495cefbe70a57a9e1f9/volume-e7127819-e08c-45e9-b067-4cfec7c1dbf9.aa77fcb8-9a8d-48a6-8ae8-bf38135e0713
Jun 27 20:01:06 devstack sudo[103958]: pam_unix(sudo:session): session opened for user root(uid=0) by (uid=1000)
Jun 27 20:01:06 devstack sudo[103952]: pam_unix(sudo:session): session closed for user root
Jun 27 20:01:06 devstack cinder-volume[93503]: DEBUG oslo_concurrency.processutils [None req-add7c422-fa3d-4cd3-9137-64c3126e2723 tempest-GroupSnapshotsTest-296585406 None] CMD "/opt/stack/data/venv/bin/python3.12 -m oslo_concurrency.prlimit --as=1073741824 --cpu=60 -- sudo cinder-rootwrap /etc/cinder/rootwrap.conf env LC_ALL=C qemu-img info -f qcow2 --output=json --force-share /opt/stack/data/cinder/mnt/c58230243ff40495cefbe70a57a9e1f9/volume-4cebc38d-fde3-437f-aec2-2ea51d764be5" returned: 0 in 0.770s {{(pid=93503) execute /opt/stack/data/venv/lib/python3.12/site-packages/oslo_concurrency/processutils.py:468}}
Jun 27 20:01:06 devstack cinder-volume[93503]: DEBUG oslo_concurrency.processutils [None req-add7c422-fa3d-4cd3-9137-64c3126e2723 tempest-GroupSnapshotsTest-296585406 None] Running cmd (subprocess): sudo cinder-rootwrap /etc/cinder/rootwrap.conf qemu-img commit -d /opt/stack/data/cinder/mnt/c58230243ff40495cefbe70a57a9e1f9/volume-4cebc38d-fde3-437f-aec2-2ea51d764be5.a0865445-e8cd-40d3-ae3e-4a49cc70c24c {{(pid=93503) execute /opt/stack/data/venv/lib/python3.12/site-packages/oslo_concurrency/processutils.py:440}}
Jun 27 20:01:06 devstack sudo[103970]: quobyte : PWD=/ ; USER=root ; COMMAND=/opt/stack/data/venv/bin/cinder-rootwrap /etc/cinder/rootwrap.conf qemu-img commit -d /opt/stack/data/cinder/mnt/c58230243ff40495cefbe70a57a9e1f9/volume-4cebc38d-fde3-437f-aec2-2ea51d764be5.a0865445-e8cd-40d3-ae3e-4a49cc70c24c
Jun 27 20:01:06 devstack sudo[103970]: pam_unix(sudo:session): session opened for user root(uid=0) by (uid=1000)
Jun 27 20:01:06 devstack sudo[103958]: pam_unix(sudo:session): session closed for user root
Jun 27 20:01:06 devstack cinder-volume[93503]: DEBUG oslo_concurrency.processutils [None req-bcc8ba62-ffa6-4aa0-b222-8e4fab024ff4 tempest-VolumesSnapshotTestJSON-978396819 None] CMD "sudo cinder-rootwrap /etc/cinder/rootwrap.conf chmod ugo+rw /opt/stack/data/cinder/mnt/c58230243ff40495cefbe70a57a9e1f9/volume-e7127819-e08c-45e9-b067-4cfec7c1dbf9.aa77fcb8-9a8d-48a6-8ae8-bf38135e0713" returned: 0 in 0.625s {{(pid=93503) execute /opt/stack/data/venv/lib/python3.12/site-packages/oslo_concurrency/processutils.py:468}}
Jun 27 20:01:06 devstack cinder-volume[93503]: DEBUG oslo_concurrency.processutils [None req-bcc8ba62-ffa6-4aa0-b222-8e4fab024ff4 tempest-VolumesSnapshotTestJSON-978396819 None] Running cmd (subprocess): sudo cinder-rootwrap /etc/cinder/rootwrap.conf truncate -s0 /opt/stack/data/cinder/mnt/c58230243ff40495cefbe70a57a9e1f9/volume-e7127819-e08c-45e9-b067-4cfec7c1dbf9.info {{(pid=93503) execute /opt/stack/data/venv/lib/python3.12/site-packages/oslo_concurrency/processutils.py:440}}
Jun 27 20:01:06 devstack sudo[103972]: quobyte : PWD=/ ; USER=root ; COMMAND=/opt/stack/data/venv/bin/cinder-rootwrap /etc/cinder/rootwrap.conf truncate -s0 /opt/stack/data/cinder/mnt/c58230243ff40495cefbe70a57a9e1f9/volume-e7127819-e08c-45e9-b067-4cfec7c1dbf9.info
Jun 27 20:01:06 devstack sudo[103972]: pam_unix(sudo:session): session opened for user root(uid=0) by (uid=1000)
Jun 27 20:01:07 devstack sudo[103972]: pam_unix(sudo:session): session closed for user root
Jun 27 20:01:07 devstack cinder-volume[93503]: DEBUG oslo_concurrency.processutils [None req-bcc8ba62-ffa6-4aa0-b222-8e4fab024ff4 tempest-VolumesSnapshotTestJSON-978396819 None] CMD "sudo cinder-rootwrap /etc/cinder/rootwrap.conf truncate -s0 /opt/stack/data/cinder/mnt/c58230243ff40495cefbe70a57a9e1f9/volume-e7127819-e08c-45e9-b067-4cfec7c1dbf9.info" returned: 0 in 0.637s {{(pid=93503) execute /opt/stack/data/venv/lib/python3.12/site-packages/oslo_concurrency/processutils.py:468}}
Jun 27 20:01:07 devstack cinder-volume[93503]: WARNING cinder.volume.drivers.remotefs [None req-bcc8ba62-ffa6-4aa0-b222-8e4fab024ff4 tempest-VolumesSnapshotTestJSON-978396819 None] /opt/stack/data/cinder/mnt/c58230243ff40495cefbe70a57a9e1f9/volume-e7127819-e08c-45e9-b067-4cfec7c1dbf9.info is being set with open permissions: ugo+rw
Jun 27 20:01:07 devstack cinder-volume[93503]: DEBUG oslo_concurrency.processutils [None req-bcc8ba62-ffa6-4aa0-b222-8e4fab024ff4 tempest-VolumesSnapshotTestJSON-978396819 None] Running cmd (subprocess): sudo cinder-rootwrap /etc/cinder/rootwrap.conf chmod ugo+rw /opt/stack/data/cinder/mnt/c58230243ff40495cefbe70a57a9e1f9/volume-e7127819-e08c-45e9-b067-4cfec7c1dbf9.info {{(pid=93503) execute /opt/stack/data/venv/lib/python3.12/site-packages/oslo_concurrency/processutils.py:440}}
Jun 27 20:01:07 devstack sudo[103970]: pam_unix(sudo:session): session closed for user root
Jun 27 20:01:07 devstack cinder-volume[93503]: DEBUG oslo_concurrency.processutils [None req-add7c422-fa3d-4cd3-9137-64c3126e2723 tempest-GroupSnapshotsTest-296585406 None] CMD "sudo cinder-rootwrap /etc/cinder/rootwrap.conf qemu-img commit -d /opt/stack/data/cinder/mnt/c58230243ff40495cefbe70a57a9e1f9/volume-4cebc38d-fde3-437f-aec2-2ea51d764be5.a0865445-e8cd-40d3-ae3e-4a49cc70c24c" returned: 0 in 0.731s {{(pid=93503) execute /opt/stack/data/venv/lib/python3.12/site-packages/oslo_concurrency/processutils.py:468}}
