Sep 03 20:08:01 devstack cinder-volume[87582]: DEBUG oslo_concurrency.processutils [None req-df494272-6a7b-425c-9e20-f4f9915d4ca6 tempest-ServerActionsTestOtherA-1138108255 None] Running cmd (subprocess): sudo cinder-rootwrap /etc/cinder/rootwrap.conf qemu-img resize /opt/stack/data/cinder/mnt/1db2df491aa5c3061da31bd823eadfdf/volume-e633edf6-0068-44bc-9425-ee04cc34090c 1G {{(pid=87582) execute /opt/stack/data/venv/lib/python3.12/site-packages/oslo_concurrency/processutils.py:440}}
Sep 03 20:08:01 devstack sudo[96426]: quobyte : PWD=/ ; USER=root ; COMMAND=/opt/stack/data/venv/bin/cinder-rootwrap /etc/cinder/rootwrap.conf qemu-img resize /opt/stack/data/cinder/mnt/1db2df491aa5c3061da31bd823eadfdf/volume-e633edf6-0068-44bc-9425-ee04cc34090c 1G
Sep 03 20:08:01 devstack sudo[96426]: pam_unix(sudo:session): session opened for user root(uid=0) by (uid=1000)
Sep 03 20:08:02 devstack sudo[96426]: pam_unix(sudo:session): session closed for user root
Sep 03 20:08:02 devstack cinder-volume[87582]: DEBUG oslo_concurrency.processutils [None req-df494272-6a7b-425c-9e20-f4f9915d4ca6 tempest-ServerActionsTestOtherA-1138108255 None] CMD "sudo cinder-rootwrap /etc/cinder/rootwrap.conf qemu-img resize /opt/stack/data/cinder/mnt/1db2df491aa5c3061da31bd823eadfdf/volume-e633edf6-0068-44bc-9425-ee04cc34090c 1G" returned: 0 in 0.358s {{(pid=87582) execute /opt/stack/data/venv/lib/python3.12/site-packages/oslo_concurrency/processutils.py:468}}
Sep 03 20:08:02 devstack cinder-volume[87582]: DEBUG cinder.volume.volume_utils [None req-df494272-6a7b-425c-9e20-f4f9915d4ca6 tempest-ServerActionsTestOtherA-1138108255 None] Downloaded image 2f677e69-c223-4c71-b630-2245f346f65e ((None, [{'url': 'file:///opt/stack/data/glance/images/2f677e69-c223-4c71-b630-2245f346f65e', 'metadata': {}}])) to volume e633edf6-0068-44bc-9425-ee04cc34090c successfully. {{(pid=87582) copy_image_to_volume /opt/stack/cinder/cinder/volume/volume_utils.py:1233}}
Sep 03 20:08:02 devstack cinder-volume[87582]: DEBUG cinder.image.image_utils [None req-df494272-6a7b-425c-9e20-f4f9915d4ca6 tempest-ServerActionsTestOtherA-1138108255 None] Temporary image 2f677e69-c223-4c71-b630-2245f346f65e for user 102794108773457d926b9c21055e0d87 is deleted. {{(pid=87582) fetch /opt/stack/cinder/cinder/image/image_utils.py:1438}}
Sep 03 20:08:02 devstack cinder-volume[87582]: DEBUG cinder.volume.volume_utils [None req-df494272-6a7b-425c-9e20-f4f9915d4ca6 tempest-ServerActionsTestOtherA-1138108255 None] Marking volume e633edf6-0068-44bc-9425-ee04cc34090c as bootable. {{(pid=87582) enable_bootable_flag /opt/stack/cinder/cinder/volume/volume_utils.py:1137}}
Sep 03 20:08:02 devstack cinder-volume[87582]: DEBUG cinder.volume.flows.manager.create_volume [None req-df494272-6a7b-425c-9e20-f4f9915d4ca6 tempest-ServerActionsTestOtherA-1138108255 None] Copying metadata from image 2f677e69-c223-4c71-b630-2245f346f65e to e633edf6-0068-44bc-9425-ee04cc34090c. {{(pid=87582) _handle_bootable_volume_glance_meta /opt/stack/cinder/cinder/volume/flows/manager/create_volume.py:450}}
Sep 03 20:08:02 devstack cinder-volume[87582]: DEBUG cinder.volume.flows.manager.create_volume [None req-df494272-6a7b-425c-9e20-f4f9915d4ca6 tempest-ServerActionsTestOtherA-1138108255 None] Creating volume glance metadata for volume e633edf6-0068-44bc-9425-ee04cc34090c backed by image 2f677e69-c223-4c71-b630-2245f346f65e with: {'hw_rng_model': 'virtio', 'owner_specified.openstack.md5': '', 'owner_specified.openstack.object': 'images/cirros-0.6.3-x86_64-disk', 'owner_specified.openstack.sha256': '', 'image_id': '2f677e69-c223-4c71-b630-2245f346f65e', 'image_name': 'cirros-0.6.3-x86_64-disk', 'checksum': '87617e24a5e30cb3b87fda8c0764838f', 'container_format': 'bare', 'disk_format': 'qcow2', 'min_disk': 0, 'min_ram': 0, 'size': 21692416}. {{(pid=87582) _capture_volume_image_metadata /opt/stack/cinder/cinder/volume/flows/manager/create_volume.py:682}}
Sep 03 20:08:02 devstack cinder-volume[87582]: INFO cinder.volume.manager [None req-f2836044-60af-4902-9747-3429ec983019 tempest-GroupSnapshotsTest-2014842171 None] GroupSnapshot ca302da6-28c9-45b5-8fdf-297dcf656153: creating.
Sep 03 20:08:02 devstack cinder-volume[87582]: DEBUG cinder.volume.manager [None req-df494272-6a7b-425c-9e20-f4f9915d4ca6 tempest-ServerActionsTestOtherA-1138108255 None] Task 'cinder.volume.flows.manager.create_volume.CreateVolumeFromSpecTask;volume:create' (3526ac77-d302-473e-a2f3-9dcbfd4fbf14) transitioned into state 'SUCCESS' from state 'RUNNING' with result '{'status': 'creating', 'volume_name': 'volume-e633edf6-0068-44bc-9425-ee04cc34090c', 'volume_size': 1, 'image_id': '2f677e69-c223-4c71-b630-2245f346f65e', 'image_location': (None, [{'url': 'file:///opt/stack/data/glance/images/2f677e69-c223-4c71-b630-2245f346f65e', 'metadata': {}}]), 'image_meta': {'name': 'cirros-0.6.3-x86_64-disk', 'disk_format': 'qcow2', 'container_format': 'bare', 'visibility': 'public', 'size': 21692416, 'virtual_size': 117440512, 'status': 'active', 'checksum': '87617e24a5e30cb3b87fda8c0764838f', 'protected': False, 'min_ram': 0, 'min_disk': 0, 'owner': 'bd6b5e50bbb54250b4a2302a0a530613', 'os_hidden': False, 'os_hash_algo': 'sha512', 'os_hash_value': '9a9bce0083a00939ec17c11febbfc767aa211aaa54f51e75c5a8b271a9b5637c77205a518b7a2007cb391d23cceb01e0e4e8d64832317151bc85b734b92a7be0', 'id': '2f677e69-c223-4c71-b630-2245f346f65e', 'created_at': datetime.datetime(2026, 9, 3, 17, 55, 41, tzinfo=datetime.timezone.utc), 'updated_at': datetime.datetime(2026, 9, 3, 17, 55, 43, tzinfo=datetime.timezone.utc), 'tags': [], 'file': '/v2/images/2f677e69-c223-4c71-b630-2245f346f65e/file', 'properties': {'hw_rng_model': 'virtio', 'owner_specified.openstack.md5': '', 'owner_specified.openstack.object': 'images/cirros-0.6.3-x86_64-disk', 'owner_specified.openstack.sha256': ''}}, 'image_service': }' {{(pid=87582) _task_receiver /opt/stack/data/venv/lib/python3.12/site-packages/taskflow/listeners/logging.py:218}}
Sep 03 20:08:02 devstack cinder-volume[87582]: DEBUG cinder.volume.manager [None req-df494272-6a7b-425c-9e20-f4f9915d4ca6 tempest-ServerActionsTestOtherA-1138108255 None] Task 'cinder.volume.flows.manager.create_volume.CreateVolumeOnFinishTask;volume:create, create.end' (1958c6e7-82c5-4cea-a4ef-d19dad67ebb1) transitioned into state 'RUNNING' from state 'PENDING' {{(pid=87582) _task_receiver /opt/stack/data/venv/lib/python3.12/site-packages/taskflow/listeners/logging.py:242}}
Sep 03 20:08:02 devstack cinder-volume[87582]: DEBUG cinder.volume.manager [None req-f2836044-60af-4902-9747-3429ec983019 tempest-GroupSnapshotsTest-2014842171 None] Group snapshot ca302da6-28c9-45b5-8fdf-297dcf656153: creating. {{(pid=87582) create_group_snapshot /opt/stack/cinder/cinder/volume/manager.py:4175}}
Sep 03 20:08:02 devstack cinder-volume[87582]: INFO cinder.volume.flows.manager.create_volume [None req-df494272-6a7b-425c-9e20-f4f9915d4ca6 tempest-ServerActionsTestOtherA-1138108255 None] Volume volume-e633edf6-0068-44bc-9425-ee04cc34090c (e633edf6-0068-44bc-9425-ee04cc34090c): created successfully
Sep 03 20:08:02 devstack cinder-volume[87582]: DEBUG cinder.volume.manager [None req-df494272-6a7b-425c-9e20-f4f9915d4ca6 tempest-ServerActionsTestOtherA-1138108255 None] Task 'cinder.volume.flows.manager.create_volume.CreateVolumeOnFinishTask;volume:create, create.end' (1958c6e7-82c5-4cea-a4ef-d19dad67ebb1) transitioned into state 'SUCCESS' from state 'RUNNING' with result 'None' {{(pid=87582) _task_receiver /opt/stack/data/venv/lib/python3.12/site-packages/taskflow/listeners/logging.py:218}}
Sep 03 20:08:02 devstack cinder-volume[87582]: DEBUG cinder.volume.manager [None req-df494272-6a7b-425c-9e20-f4f9915d4ca6 tempest-ServerActionsTestOtherA-1138108255 None] Flow 'volume_create_manager' (e7ccfd64-c0a0-4a8b-bd45-d0bcbeb7d1db) transitioned into state 'SUCCESS' from state 'RUNNING' {{(pid=87582) _flow_receiver /opt/stack/data/venv/lib/python3.12/site-packages/taskflow/listeners/logging.py:160}}
Sep 03 20:08:02 devstack cinder-volume[87582]: DEBUG oslo_concurrency.lockutils [None req-f2836044-60af-4902-9747-3429ec983019 tempest-GroupSnapshotsTest-2014842171 None] Acquiring lock "quobyte" by "cinder.volume.drivers.quobyte.QuobyteDriver.create_snapshot" {{(pid=87582) inner /opt/stack/data/venv/lib/python3.12/site-packages/oslo_concurrency/lockutils.py:512}}
Sep 03 20:08:02 devstack cinder-volume[87582]: DEBUG oslo_concurrency.lockutils [None req-f2836044-60af-4902-9747-3429ec983019 tempest-GroupSnapshotsTest-2014842171 None] Lock "quobyte" acquired by "cinder.volume.drivers.quobyte.QuobyteDriver.create_snapshot" :: waited 0.001s {{(pid=87582) inner /opt/stack/data/venv/lib/python3.12/site-packages/oslo_concurrency/lockutils.py:525}}
Sep 03 20:08:02 devstack cinder-volume[87582]: INFO cinder.volume.manager [None req-df494272-6a7b-425c-9e20-f4f9915d4ca6 tempest-ServerActionsTestOtherA-1138108255 None] Created volume successfully.
Sep 03 20:08:02 devstack cinder-volume[87582]: DEBUG cinder.volume.drivers.remotefs [None req-f2836044-60af-4902-9747-3429ec983019 tempest-GroupSnapshotsTest-2014842171 None] Creating offline snapshot 42c187ac-de19-4dcf-a4b3-7ef21d42ca28 of volume 00d02fd6-7685-4051-8ba3-eee7dc6d6e2a {{(pid=87582) _create_snapshot /opt/stack/cinder/cinder/volume/drivers/remotefs.py:1816}}
Sep 03 20:08:02 devstack cinder-volume[87582]: DEBUG oslo.privsep.daemon [-] privsep: reply[54629893-407d-43bd-bd5d-effaff38c913]: (4, 'qcow2') {{(pid=89028) _call_back /opt/stack/data/venv/lib/python3.12/site-packages/oslo_privsep/daemon.py:580}}
Sep 03 20:08:02 devstack cinder-volume[87582]: DEBUG oslo_concurrency.processutils [None req-f2836044-60af-4902-9747-3429ec983019 tempest-GroupSnapshotsTest-2014842171 None] Running cmd (subprocess): /opt/stack/data/venv/bin/python3.12 -m oslo_concurrency.prlimit --as=1073741824 --cpu=60 -- sudo cinder-rootwrap /etc/cinder/rootwrap.conf env LC_ALL=C qemu-img info -f qcow2 --output=json --force-share /opt/stack/data/cinder/mnt/1db2df491aa5c3061da31bd823eadfdf/volume-00d02fd6-7685-4051-8ba3-eee7dc6d6e2a {{(pid=87582) execute /opt/stack/data/venv/lib/python3.12/site-packages/oslo_concurrency/processutils.py:440}}
Sep 03 20:08:02 devstack sudo[96432]: quobyte : PWD=/ ; USER=root ; COMMAND=/opt/stack/data/venv/bin/cinder-rootwrap /etc/cinder/rootwrap.conf env LC_ALL=C qemu-img info -f qcow2 --output=json --force-share /opt/stack/data/cinder/mnt/1db2df491aa5c3061da31bd823eadfdf/volume-00d02fd6-7685-4051-8ba3-eee7dc6d6e2a
Sep 03 20:08:02 devstack sudo[96432]: pam_unix(sudo:session): session opened for user root(uid=0) by (uid=1000)
Sep 03 20:08:02 devstack sudo[96432]: pam_unix(sudo:session): session closed for user root
Sep 03 20:08:02 devstack cinder-volume[87582]: DEBUG oslo_concurrency.processutils [None req-f2836044-60af-4902-9747-3429ec983019 tempest-GroupSnapshotsTest-2014842171 None] CMD "/opt/stack/data/venv/bin/python3.12 -m oslo_concurrency.prlimit --as=1073741824 --cpu=60 -- sudo cinder-rootwrap /etc/cinder/rootwrap.conf env LC_ALL=C qemu-img info -f qcow2 --output=json --force-share /opt/stack/data/cinder/mnt/1db2df491aa5c3061da31bd823eadfdf/volume-00d02fd6-7685-4051-8ba3-eee7dc6d6e2a" returned: 0 in 0.384s {{(pid=87582) execute /opt/stack/data/venv/lib/python3.12/site-packages/oslo_concurrency/processutils.py:468}}
Sep 03 20:08:02 devstack cinder-volume[87582]: DEBUG oslo_concurrency.processutils [None req-f2836044-60af-4902-9747-3429ec983019 tempest-GroupSnapshotsTest-2014842171 None] Running cmd (subprocess): sudo cinder-rootwrap /etc/cinder/rootwrap.conf qemu-img create -f qcow2 -o backing_file=/opt/stack/data/cinder/mnt/1db2df491aa5c3061da31bd823eadfdf/volume-00d02fd6-7685-4051-8ba3-eee7dc6d6e2a,backing_fmt=qcow2 /opt/stack/data/cinder/mnt/1db2df491aa5c3061da31bd823eadfdf/volume-00d02fd6-7685-4051-8ba3-eee7dc6d6e2a.42c187ac-de19-4dcf-a4b3-7ef21d42ca28 1G {{(pid=87582) execute /opt/stack/data/venv/lib/python3.12/site-packages/oslo_concurrency/processutils.py:440}}
Sep 03 20:08:02 devstack sudo[96437]: quobyte : PWD=/ ; USER=root ; COMMAND=/opt/stack/data/venv/bin/cinder-rootwrap /etc/cinder/rootwrap.conf qemu-img create -f qcow2 -o backing_file=/opt/stack/data/cinder/mnt/1db2df491aa5c3061da31bd823eadfdf/volume-00d02fd6-7685-4051-8ba3-eee7dc6d6e2a,backing_fmt=qcow2 /opt/stack/data/cinder/mnt/1db2df491aa5c3061da31bd823eadfdf/volume-00d02fd6-7685-4051-8ba3-eee7dc6d6e2a.42c187ac-de19-4dcf-a4b3-7ef21d42ca28 1G
Sep 03 20:08:02 devstack sudo[96437]: pam_unix(sudo:session): session opened for user root(uid=0) by (uid=1000)
Sep 03 20:08:03 devstack cinder-volume[87582]: DEBUG cinder.volume.flows.manager.create_volume [None req-9583e42e-9151-478d-b69d-76e2591f660b tempest-VolumesTransfersV355Test-208790774 None] Volume reschedule parameters: True retry: {'num_attempts': 1, 'backends': ['devstack@QuobyteHD#QuobyteHD'], 'hosts': ['devstack@QuobyteHD#QuobyteHD']} {{(pid=87582) get_flow /opt/stack/cinder/cinder/volume/flows/manager/create_volume.py:1397}}
Sep 03 20:08:03 devstack cinder-volume[87582]: DEBUG cinder.volume.manager [None req-9583e42e-9151-478d-b69d-76e2591f660b tempest-VolumesTransfersV355Test-208790774 None] Flow 'volume_create_manager' (7df0e42c-6416-4c58-b13f-49a29ce15cc1) transitioned into state 'RUNNING' from state 'PENDING' {{(pid=87582) _flow_receiver /opt/stack/data/venv/lib/python3.12/site-packages/taskflow/listeners/logging.py:160}}
Sep 03 20:08:03 devstack cinder-volume[87582]: DEBUG cinder.volume.manager [None req-9583e42e-9151-478d-b69d-76e2591f660b tempest-VolumesTransfersV355Test-208790774 None] Task 'cinder.volume.flows.manager.create_volume.ExtractVolumeRefTask;volume:create' (579dbd42-da19-402c-bba7-90808ecd2acf) transitioned into state 'RUNNING' from state 'PENDING' {{(pid=87582) _task_receiver /opt/stack/data/venv/lib/python3.12/site-packages/taskflow/listeners/logging.py:242}}
Sep 03 20:08:03 devstack cinder-volume[87582]: DEBUG cinder.volume.manager [None req-9583e42e-9151-478d-b69d-76e2591f660b tempest-VolumesTransfersV355Test-208790774 None] Task 'cinder.volume.flows.manager.create_volume.ExtractVolumeRefTask;volume:create' (579dbd42-da19-402c-bba7-90808ecd2acf) transitioned into state 'SUCCESS' from state 'RUNNING' with result 'Volume(_name_id=None,admin_metadata=,attach_status='detached',availability_zone='nova',bootable=False,cluster=,cluster_name=None,consistencygroup=,consistencygroup_id=None,created_at=2026-09-03T18:08:03Z,deleted=False,deleted_at=None,display_description=None,display_name='tempest-VolumesTransfersV355Test-Volume-442151217',ec2_id=None,encryption_key_id=None,glance_metadata=,group=,group_id=None,host='devstack@QuobyteHD#QuobyteHD',id=a4d9148a-7dbb-448b-86ed-d879f0af4e19,launched_at=None,metadata={},migration_status=None,multiattach=False,previous_status=None,project_id='0056f6ea40474a7aa3b12df9949ced41',provider_auth=None,provider_geometry=None,provider_id=None,provider_location=None,replication_driver_data=None,replication_extended_status=None,replication_status=None,scheduled_at=2026-09-03T18:08:03Z,service_uuid=None,shared_targets=True,size=1,snapshot_id=None,snapshots=,source_volid=None,status='creating',terminated_at=None,updated_at=2026-09-03T18:08:03Z,use_quota=True,user_id='c26c683c900645279724c02478b98726',volume_attachment=VolumeAttachmentList,volume_type=VolumeType(51d44841-a096-422e-877f-9a24f875bea7),volume_type_id=51d44841-a096-422e-877f-9a24f875bea7)' {{(pid=87582) _task_receiver /opt/stack/data/venv/lib/python3.12/site-packages/taskflow/listeners/logging.py:218}}
Sep 03 20:08:03 devstack cinder-volume[87582]: DEBUG cinder.volume.manager [None req-9583e42e-9151-478d-b69d-76e2591f660b tempest-VolumesTransfersV355Test-208790774 None] Task 'cinder.volume.flows.manager.create_volume.OnFailureRescheduleTask;volume:create' (7ed5661c-88fa-424e-bc68-954d37dbff28) transitioned into state 'RUNNING' from state 'PENDING' {{(pid=87582) _task_receiver /opt/stack/data/venv/lib/python3.12/site-packages/taskflow/listeners/logging.py:242}}
Sep 03 20:08:03 devstack cinder-volume[87582]: DEBUG cinder.volume.manager [None req-9583e42e-9151-478d-b69d-76e2591f660b tempest-VolumesTransfersV355Test-208790774 None] Task 'cinder.volume.flows.manager.create_volume.OnFailureRescheduleTask;volume:create' (7ed5661c-88fa-424e-bc68-954d37dbff28) transitioned into state 'SUCCESS' from state 'RUNNING' with result 'None' {{(pid=87582) _task_receiver /opt/stack/data/venv/lib/python3.12/site-packages/taskflow/listeners/logging.py:218}}
Sep 03 20:08:03 devstack cinder-volume[87582]: DEBUG cinder.volume.manager [None req-9583e42e-9151-478d-b69d-76e2591f660b tempest-VolumesTransfersV355Test-208790774 None] Task 'cinder.volume.flows.manager.create_volume.ExtractVolumeSpecTask;volume:create' (82278e88-5735-4965-bd82-18f3fc808c71) transitioned into state 'RUNNING' from state 'PENDING' {{(pid=87582) _task_receiver /opt/stack/data/venv/lib/python3.12/site-packages/taskflow/listeners/logging.py:242}}
Sep 03 20:08:03 devstack cinder-volume[87582]: DEBUG cinder.volume.manager [None req-9583e42e-9151-478d-b69d-76e2591f660b tempest-VolumesTransfersV355Test-208790774 None] Task 'cinder.volume.flows.manager.create_volume.ExtractVolumeSpecTask;volume:create' (82278e88-5735-4965-bd82-18f3fc808c71) transitioned into state 'SUCCESS' from state 'RUNNING' with result '{'status': 'creating', 'type': 'raw', 'volume_id': 'a4d9148a-7dbb-448b-86ed-d879f0af4e19', 'volume_name': 'volume-a4d9148a-7dbb-448b-86ed-d879f0af4e19', 'volume_size': 1}' {{(pid=87582) _task_receiver /opt/stack/data/venv/lib/python3.12/site-packages/taskflow/listeners/logging.py:218}}
Sep 03 20:08:03 devstack cinder-volume[87582]: DEBUG cinder.volume.manager [None req-9583e42e-9151-478d-b69d-76e2591f660b tempest-VolumesTransfersV355Test-208790774 None] Task 'cinder.volume.flows.manager.create_volume.NotifyVolumeActionTask;volume:create, create.start' (eae9ee71-b329-4c91-b011-66ac494c2d61) transitioned into state 'RUNNING' from state 'PENDING' {{(pid=87582) _task_receiver /opt/stack/data/venv/lib/python3.12/site-packages/taskflow/listeners/logging.py:242}}
Sep 03 20:08:03 devstack cinder-volume[87582]: DEBUG cinder.volume.manager [None req-9583e42e-9151-478d-b69d-76e2591f660b tempest-VolumesTransfersV355Test-208790774 None] Task 'cinder.volume.flows.manager.create_volume.NotifyVolumeActionTask;volume:create, create.start' (eae9ee71-b329-4c91-b011-66ac494c2d61) transitioned into state 'SUCCESS' from state 'RUNNING' with result 'None' {{(pid=87582) _task_receiver /opt/stack/data/venv/lib/python3.12/site-packages/taskflow/listeners/logging.py:218}}
Sep 03 20:08:03 devstack cinder-volume[87582]: DEBUG cinder.volume.manager [None req-9583e42e-9151-478d-b69d-76e2591f660b tempest-VolumesTransfersV355Test-208790774 None] Task 'cinder.volume.flows.manager.create_volume.CreateVolumeFromSpecTask;volume:create' (392f5315-6763-405b-8ee0-d650bc07338e) transitioned into state 'RUNNING' from state 'PENDING' {{(pid=87582) _task_receiver /opt/stack/data/venv/lib/python3.12/site-packages/taskflow/listeners/logging.py:242}}
Sep 03 20:08:03 devstack cinder-volume[87582]: INFO cinder.volume.flows.manager.create_volume [None req-9583e42e-9151-478d-b69d-76e2591f660b tempest-VolumesTransfersV355Test-208790774 None] Volume a4d9148a-7dbb-448b-86ed-d879f0af4e19: being created as raw with specification: {'status': 'creating', 'volume_name': 'volume-a4d9148a-7dbb-448b-86ed-d879f0af4e19', 'volume_size': 1}
Sep 03 20:08:03 devstack cinder-volume[87582]: DEBUG oslo_concurrency.lockutils [None req-9583e42e-9151-478d-b69d-76e2591f660b tempest-VolumesTransfersV355Test-208790774 None] Acquiring lock "quobyte" by "cinder.volume.drivers.quobyte.QuobyteDriver.create_volume" {{(pid=87582) inner /opt/stack/data/venv/lib/python3.12/site-packages/oslo_concurrency/lockutils.py:512}}
Sep 03 20:08:03 devstack sudo[96437]: pam_unix(sudo:session): session closed for user root
Sep 03 20:08:03 devstack cinder-volume[87582]: DEBUG oslo_concurrency.processutils [None req-f2836044-60af-4902-9747-3429ec983019 tempest-GroupSnapshotsTest-2014842171 None] CMD "sudo cinder-rootwrap /etc/cinder/rootwrap.conf qemu-img create -f qcow2 -o backing_file=/opt/stack/data/cinder/mnt/1db2df491aa5c3061da31bd823eadfdf/volume-00d02fd6-7685-4051-8ba3-eee7dc6d6e2a,backing_fmt=qcow2 /opt/stack/data/cinder/mnt/1db2df491aa5c3061da31bd823eadfdf/volume-00d02fd6-7685-4051-8ba3-eee7dc6d6e2a.42c187ac-de19-4dcf-a4b3-7ef21d42ca28 1G" returned: 0 in 0.585s {{(pid=87582) execute /opt/stack/data/venv/lib/python3.12/site-packages/oslo_concurrency/processutils.py:468}}
Sep 03 20:08:03 devstack cinder-volume[87582]: DEBUG oslo_concurrency.processutils [None req-f2836044-60af-4902-9747-3429ec983019 tempest-GroupSnapshotsTest-2014842171 None] Running cmd (subprocess): sudo cinder-rootwrap /etc/cinder/rootwrap.conf qemu-img rebase -u -b volume-00d02fd6-7685-4051-8ba3-eee7dc6d6e2a -F qcow2 /opt/stack/data/cinder/mnt/1db2df491aa5c3061da31bd823eadfdf/volume-00d02fd6-7685-4051-8ba3-eee7dc6d6e2a.42c187ac-de19-4dcf-a4b3-7ef21d42ca28 {{(pid=87582) execute /opt/stack/data/venv/lib/python3.12/site-packages/oslo_concurrency/processutils.py:440}}
Sep 03 20:08:03 devstack sudo[96443]: quobyte : PWD=/ ; USER=root ; COMMAND=/opt/stack/data/venv/bin/cinder-rootwrap /etc/cinder/rootwrap.conf qemu-img rebase -u -b volume-00d02fd6-7685-4051-8ba3-eee7dc6d6e2a -F qcow2 /opt/stack/data/cinder/mnt/1db2df491aa5c3061da31bd823eadfdf/volume-00d02fd6-7685-4051-8ba3-eee7dc6d6e2a.42c187ac-de19-4dcf-a4b3-7ef21d42ca28
Sep 03 20:08:03 devstack sudo[96443]: pam_unix(sudo:session): session opened for user root(uid=0) by (uid=1000)
Sep 03 20:08:03 devstack sudo[96443]: pam_unix(sudo:session): session closed for user root
Sep 03 20:08:03 devstack cinder-volume[87582]: DEBUG oslo_concurrency.processutils [None req-f2836044-60af-4902-9747-3429ec983019 tempest-GroupSnapshotsTest-2014842171 None] CMD "sudo cinder-rootwrap /etc/cinder/rootwrap.conf qemu-img rebase -u -b volume-00d02fd6-7685-4051-8ba3-eee7dc6d6e2a -F qcow2 /opt/stack/data/cinder/mnt/1db2df491aa5c3061da31bd823eadfdf/volume-00d02fd6-7685-4051-8ba3-eee7dc6d6e2a.42c187ac-de19-4dcf-a4b3-7ef21d42ca28" returned: 0 in 0.335s {{(pid=87582) execute /opt/stack/data/venv/lib/python3.12/site-packages/oslo_concurrency/processutils.py:468}}
Sep 03 20:08:03 devstack cinder-volume[87582]: WARNING cinder.volume.drivers.remotefs [None req-f2836044-60af-4902-9747-3429ec983019 tempest-GroupSnapshotsTest-2014842171 None] /opt/stack/data/cinder/mnt/1db2df491aa5c3061da31bd823eadfdf/volume-00d02fd6-7685-4051-8ba3-eee7dc6d6e2a.42c187ac-de19-4dcf-a4b3-7ef21d42ca28 is being set with open permissions: ugo+rw: NotImplementedError
Sep 03 20:08:03 devstack cinder-volume[87582]: DEBUG oslo_concurrency.processutils [None req-f2836044-60af-4902-9747-3429ec983019 tempest-GroupSnapshotsTest-2014842171 None] Running cmd (subprocess): sudo cinder-rootwrap /etc/cinder/rootwrap.conf chmod ugo+rw /opt/stack/data/cinder/mnt/1db2df491aa5c3061da31bd823eadfdf/volume-00d02fd6-7685-4051-8ba3-eee7dc6d6e2a.42c187ac-de19-4dcf-a4b3-7ef21d42ca28 {{(pid=87582) execute /opt/stack/data/venv/lib/python3.12/site-packages/oslo_concurrency/processutils.py:440}}
Sep 03 20:08:03 devstack sudo[96448]: quobyte : PWD=/ ; USER=root ; COMMAND=/opt/stack/data/venv/bin/cinder-rootwrap /etc/cinder/rootwrap.conf chmod ugo+rw /opt/stack/data/cinder/mnt/1db2df491aa5c3061da31bd823eadfdf/volume-00d02fd6-7685-4051-8ba3-eee7dc6d6e2a.42c187ac-de19-4dcf-a4b3-7ef21d42ca28
Sep 03 20:08:03 devstack sudo[96448]: pam_unix(sudo:session): session opened for user root(uid=0) by (uid=1000)
Sep 03 20:08:04 devstack sudo[96448]: pam_unix(sudo:session): session closed for user root
Sep 03 20:08:04 devstack cinder-volume[87582]: DEBUG oslo_concurrency.processutils [None req-f2836044-60af-4902-9747-3429ec983019 tempest-GroupSnapshotsTest-2014842171 None] CMD "sudo cinder-rootwrap /etc/cinder/rootwrap.conf chmod ugo+rw /opt/stack/data/cinder/mnt/1db2df491aa5c3061da31bd823eadfdf/volume-00d02fd6-7685-4051-8ba3-eee7dc6d6e2a.42c187ac-de19-4dcf-a4b3-7ef21d42ca28" returned: 0 in 0.304s {{(pid=87582) execute /opt/stack/data/venv/lib/python3.12/site-packages/oslo_concurrency/processutils.py:468}}
Sep 03 20:08:04 devstack cinder-volume[87582]: DEBUG oslo_concurrency.processutils [None req-f2836044-60af-4902-9747-3429ec983019 tempest-GroupSnapshotsTest-2014842171 None] Running cmd (subprocess): sudo cinder-rootwrap /etc/cinder/rootwrap.conf truncate -s0 /opt/stack/data/cinder/mnt/1db2df491aa5c3061da31bd823eadfdf/volume-00d02fd6-7685-4051-8ba3-eee7dc6d6e2a.info {{(pid=87582) execute /opt/stack/data/venv/lib/python3.12/site-packages/oslo_concurrency/processutils.py:440}}
Sep 03 20:08:04 devstack sudo[96454]: quobyte : PWD=/ ; USER=root ; COMMAND=/opt/stack/data/venv/bin/cinder-rootwrap /etc/cinder/rootwrap.conf truncate -s0 /opt/stack/data/cinder/mnt/1db2df491aa5c3061da31bd823eadfdf/volume-00d02fd6-7685-4051-8ba3-eee7dc6d6e2a.info
Sep 03 20:08:04 devstack sudo[96454]: pam_unix(sudo:session): session opened for user root(uid=0) by (uid=1000)
Sep 03 20:08:04 devstack sudo[96454]: pam_unix(sudo:session): session closed for user root
Sep 03 20:08:04 devstack cinder-volume[87582]: DEBUG oslo_concurrency.processutils [None req-f2836044-60af-4902-9747-3429ec983019 tempest-GroupSnapshotsTest-2014842171 None] CMD "sudo cinder-rootwrap /etc/cinder/rootwrap.conf truncate -s0 /opt/stack/data/cinder/mnt/1db2df491aa5c3061da31bd823eadfdf/volume-00d02fd6-7685-4051-8ba3-eee7dc6d6e2a.info" returned: 0 in 0.305s {{(pid=87582) execute /opt/stack/data/venv/lib/python3.12/site-packages/oslo_concurrency/processutils.py:468}}
Sep 03 20:08:04 devstack cinder-volume[87582]: WARNING cinder.volume.drivers.remotefs [None req-f2836044-60af-4902-9747-3429ec983019 tempest-GroupSnapshotsTest-2014842171 None] /opt/stack/data/cinder/mnt/1db2df491aa5c3061da31bd823eadfdf/volume-00d02fd6-7685-4051-8ba3-eee7dc6d6e2a.info is being set with open permissions: ugo+rw: NotImplementedError
Sep 03 20:08:04 devstack cinder-volume[87582]: DEBUG oslo_concurrency.processutils [None req-f2836044-60af-4902-9747-3429ec983019 tempest-GroupSnapshotsTest-2014842171 None] Running cmd (subprocess): sudo cinder-rootwrap /etc/cinder/rootwrap.conf chmod ugo+rw /opt/stack/data/cinder/mnt/1db2df491aa5c3061da31bd823eadfdf/volume-00d02fd6-7685-4051-8ba3-eee7dc6d6e2a.info {{(pid=87582) execute /opt/stack/data/venv/lib/python3.12/site-packages/oslo_concurrency/processutils.py:440}}
Sep 03 20:08:04 devstack sudo[96457]: quobyte : PWD=/ ; USER=root ; COMMAND=/opt/stack/data/venv/bin/cinder-rootwrap /etc/cinder/rootwrap.conf chmod ugo+rw /opt/stack/data/cinder/mnt/1db2df491aa5c3061da31bd823eadfdf/volume-00d02fd6-7685-4051-8ba3-eee7dc6d6e2a.info
Sep 03 20:08:04 devstack sudo[96457]: pam_unix(sudo:session): session opened for user root(uid=0) by (uid=1000)
Sep 03 20:08:04 devstack sudo[96457]: pam_unix(sudo:session): session closed for user root
Sep 03 20:08:04 devstack cinder-volume[87582]: DEBUG oslo_concurrency.processutils [None req-f2836044-60af-4902-9747-3429ec983019 tempest-GroupSnapshotsTest-2014842171 None] CMD "sudo cinder-rootwrap /etc/cinder/rootwrap.conf chmod ugo+rw /opt/stack/data/cinder/mnt/1db2df491aa5c3061da31bd823eadfdf/volume-00d02fd6-7685-4051-8ba3-eee7dc6d6e2a.info" returned: 0 in 0.314s {{(pid=87582) execute /opt/stack/data/venv/lib/python3.12/site-packages/oslo_concurrency/processutils.py:468}}
Sep 03 20:08:04 devstack cinder-volume[87582]: DEBUG oslo_concurrency.lockutils [None req-f2836044-60af-4902-9747-3429ec983019 tempest-GroupSnapshotsTest-2014842171 None] Lock "quobyte" "released" by "cinder.volume.drivers.quobyte.QuobyteDriver.create_snapshot" :: held 2.353s {{(pid=87582) inner /opt/stack/data/venv/lib/python3.12/site-packages/oslo_concurrency/lockutils.py:544}}
Sep 03 20:08:04 devstack cinder-volume[87582]: DEBUG oslo_concurrency.lockutils [None req-f2836044-60af-4902-9747-3429ec983019 tempest-GroupSnapshotsTest-2014842171 None] Acquiring lock "quobyte" by "cinder.volume.drivers.quobyte.QuobyteDriver.create_snapshot" {{(pid=87582) inner /opt/stack/data/venv/lib/python3.12/site-packages/oslo_concurrency/lockutils.py:512}}
Sep 03 20:08:04 devstack cinder-volume[87582]: DEBUG oslo_concurrency.lockutils [None req-f2836044-60af-4902-9747-3429ec983019 tempest-GroupSnapshotsTest-2014842171 None] Lock "quobyte" acquired by "cinder.volume.drivers.quobyte.QuobyteDriver.create_snapshot" :: waited 0.000s {{(pid=87582) inner /opt/stack/data/venv/lib/python3.12/site-packages/oslo_concurrency/lockutils.py:525}}
Sep 03 20:08:04 devstack cinder-volume[87582]: DEBUG cinder.volume.drivers.remotefs [None req-f2836044-60af-4902-9747-3429ec983019 tempest-GroupSnapshotsTest-2014842171 None] Creating offline snapshot e086f1b2-b677-4ea8-ae2a-453b1b237e98 of volume 85f5850e-77ed-463e-9ce5-4a3c9a8b14c3 {{(pid=87582) _create_snapshot /opt/stack/cinder/cinder/volume/drivers/remotefs.py:1816}}
Sep 03 20:08:04 devstack cinder-volume[87582]: DEBUG oslo.privsep.daemon [-] privsep: reply[cc1f07f1-02da-4388-8600-cbac2c7d962e]: (4, 'qcow2') {{(pid=89028) _call_back /opt/stack/data/venv/lib/python3.12/site-packages/oslo_privsep/daemon.py:580}}
Sep 03 20:08:04 devstack cinder-volume[87582]: DEBUG oslo_concurrency.processutils [None req-f2836044-60af-4902-9747-3429ec983019 tempest-GroupSnapshotsTest-2014842171 None] Running cmd (subprocess): /opt/stack/data/venv/bin/python3.12 -m oslo_concurrency.prlimit --as=1073741824 --cpu=60 -- sudo cinder-rootwrap /etc/cinder/rootwrap.conf env LC_ALL=C qemu-img info -f qcow2 --output=json --force-share /opt/stack/data/cinder/mnt/1db2df491aa5c3061da31bd823eadfdf/volume-85f5850e-77ed-463e-9ce5-4a3c9a8b14c3 {{(pid=87582) execute /opt/stack/data/venv/lib/python3.12/site-packages/oslo_concurrency/processutils.py:440}}
Sep 03 20:08:05 devstack sudo[96460]: quobyte : PWD=/ ; USER=root ; COMMAND=/opt/stack/data/venv/bin/cinder-rootwrap /etc/cinder/rootwrap.conf env LC_ALL=C qemu-img info -f qcow2 --output=json --force-share /opt/stack/data/cinder/mnt/1db2df491aa5c3061da31bd823eadfdf/volume-85f5850e-77ed-463e-9ce5-4a3c9a8b14c3
Sep 03 20:08:05 devstack sudo[96460]: pam_unix(sudo:session): session opened for user root(uid=0) by (uid=1000)
Sep 03 20:08:05 devstack sudo[96460]: pam_unix(sudo:session): session closed for user root
Sep 03 20:08:05 devstack cinder-volume[87582]: DEBUG oslo_concurrency.processutils [None req-f2836044-60af-4902-9747-3429ec983019 tempest-GroupSnapshotsTest-2014842171 None] CMD "/opt/stack/data/venv/bin/python3.12 -m oslo_concurrency.prlimit --as=1073741824 --cpu=60 -- sudo cinder-rootwrap /etc/cinder/rootwrap.conf env LC_ALL=C qemu-img info -f qcow2 --output=json --force-share /opt/stack/data/cinder/mnt/1db2df491aa5c3061da31bd823eadfdf/volume-85f5850e-77ed-463e-9ce5-4a3c9a8b14c3" returned: 0 in 0.524s {{(pid=87582) execute /opt/stack/data/venv/lib/python3.12/site-packages/oslo_concurrency/processutils.py:468}}
Sep 03 20:08:05 devstack cinder-volume[87582]: DEBUG oslo_concurrency.processutils [None req-f2836044-60af-4902-9747-3429ec983019 tempest-GroupSnapshotsTest-2014842171 None] Running cmd (subprocess): sudo cinder-rootwrap /etc/cinder/rootwrap.conf qemu-img create -f qcow2 -o backing_file=/opt/stack/data/cinder/mnt/1db2df491aa5c3061da31bd823eadfdf/volume-85f5850e-77ed-463e-9ce5-4a3c9a8b14c3,backing_fmt=qcow2 /opt/stack/data/cinder/mnt/1db2df491aa5c3061da31bd823eadfdf/volume-85f5850e-77ed-463e-9ce5-4a3c9a8b14c3.e086f1b2-b677-4ea8-ae2a-453b1b237e98 1G {{(pid=87582) execute /opt/stack/data/venv/lib/python3.12/site-packages/oslo_concurrency/processutils.py:440}}
Sep 03 20:08:05 devstack sudo[96465]: quobyte : PWD=/ ; USER=root ; COMMAND=/opt/stack/data/venv/bin/cinder-rootwrap /etc/cinder/rootwrap.conf qemu-img create -f qcow2 -o backing_file=/opt/stack/data/cinder/mnt/1db2df491aa5c3061da31bd823eadfdf/volume-85f5850e-77ed-463e-9ce5-4a3c9a8b14c3,backing_fmt=qcow2 /opt/stack/data/cinder/mnt/1db2df491aa5c3061da31bd823eadfdf/volume-85f5850e-77ed-463e-9ce5-4a3c9a8b14c3.e086f1b2-b677-4ea8-ae2a-453b1b237e98 1G
Sep 03 20:08:05 devstack sudo[96465]: pam_unix(sudo:session): session opened for user root(uid=0) by (uid=1000)
Sep 03 20:08:05 devstack cinder-volume[87582]: DEBUG oslo_concurrency.lockutils [req-32bf24fe-874a-4476-916b-ade04954e9f1 req-32c072a7-eb3f-40fc-89bf-9ef05dbf3abe tempest-ServerActionsTestOtherA-1138108255 None] Acquiring lock "quobyte" by "cinder.volume.drivers.quobyte.QuobyteDriver.initialize_connection" {{(pid=87582) inner /opt/stack/data/venv/lib/python3.12/site-packages/oslo_concurrency/lockutils.py:512}}
Sep 03 20:08:05 devstack sudo[96465]: pam_unix(sudo:session): session closed for user root
Sep 03 20:08:05 devstack cinder-volume[87582]: DEBUG oslo_concurrency.processutils [None req-f2836044-60af-4902-9747-3429ec983019 tempest-GroupSnapshotsTest-2014842171 None] CMD "sudo cinder-rootwrap /etc/cinder/rootwrap.conf qemu-img create -f qcow2 -o backing_file=/opt/stack/data/cinder/mnt/1db2df491aa5c3061da31bd823eadfdf/volume-85f5850e-77ed-463e-9ce5-4a3c9a8b14c3,backing_fmt=qcow2 /opt/stack/data/cinder/mnt/1db2df491aa5c3061da31bd823eadfdf/volume-85f5850e-77ed-463e-9ce5-4a3c9a8b14c3.e086f1b2-b677-4ea8-ae2a-453b1b237e98 1G" returned: 0 in 0.496s {{(pid=87582) execute /opt/stack/data/venv/lib/python3.12/site-packages/oslo_concurrency/processutils.py:468}}
Sep 03 20:08:05 devstack cinder-volume[87582]: DEBUG oslo_concurrency.processutils [None req-f2836044-60af-4902-9747-3429ec983019 tempest-GroupSnapshotsTest-2014842171 None] Running cmd (subprocess): sudo cinder-rootwrap /etc/cinder/rootwrap.conf qemu-img rebase -u -b volume-85f5850e-77ed-463e-9ce5-4a3c9a8b14c3 -F qcow2 /opt/stack/data/cinder/mnt/1db2df491aa5c3061da31bd823eadfdf/volume-85f5850e-77ed-463e-9ce5-4a3c9a8b14c3.e086f1b2-b677-4ea8-ae2a-453b1b237e98 {{(pid=87582) execute /opt/stack/data/venv/lib/python3.12/site-packages/oslo_concurrency/processutils.py:440}}
Sep 03 20:08:06 devstack sudo[96479]: quobyte : PWD=/ ; USER=root ; COMMAND=/opt/stack/data/venv/bin/cinder-rootwrap /etc/cinder/rootwrap.conf qemu-img rebase -u -b volume-85f5850e-77ed-463e-9ce5-4a3c9a8b14c3 -F qcow2 /opt/stack/data/cinder/mnt/1db2df491aa5c3061da31bd823eadfdf/volume-85f5850e-77ed-463e-9ce5-4a3c9a8b14c3.e086f1b2-b677-4ea8-ae2a-453b1b237e98
Sep 03 20:08:06 devstack sudo[96479]: pam_unix(sudo:session): session opened for user root(uid=0) by (uid=1000)
Sep 03 20:08:06 devstack sudo[96479]: pam_unix(sudo:session): session closed for user root
Sep 03 20:08:06 devstack cinder-volume[87582]: DEBUG oslo_concurrency.processutils [None req-f2836044-60af-4902-9747-3429ec983019 tempest-GroupSnapshotsTest-2014842171 None] CMD "sudo cinder-rootwrap /etc/cinder/rootwrap.conf qemu-img rebase -u -b volume-85f5850e-77ed-463e-9ce5-4a3c9a8b14c3 -F qcow2 /opt/stack/data/cinder/mnt/1db2df491aa5c3061da31bd823eadfdf/volume-85f5850e-77ed-463e-9ce5-4a3c9a8b14c3.e086f1b2-b677-4ea8-ae2a-453b1b237e98" returned: 0 in 0.321s {{(pid=87582) execute /opt/stack/data/venv/lib/python3.12/site-packages/oslo_concurrency/processutils.py:468}}
Sep 03 20:08:06 devstack cinder-volume[87582]: WARNING cinder.volume.drivers.remotefs [None req-f2836044-60af-4902-9747-3429ec983019 tempest-GroupSnapshotsTest-2014842171 None] /opt/stack/data/cinder/mnt/1db2df491aa5c3061da31bd823eadfdf/volume-85f5850e-77ed-463e-9ce5-4a3c9a8b14c3.e086f1b2-b677-4ea8-ae2a-453b1b237e98 is being set with open permissions: ugo+rw: NotImplementedError
Sep 03 20:08:06 devstack cinder-volume[87582]: DEBUG oslo_concurrency.processutils [None req-f2836044-60af-4902-9747-3429ec983019 tempest-GroupSnapshotsTest-2014842171 None] Running cmd (subprocess): sudo cinder-rootwrap /etc/cinder/rootwrap.conf chmod ugo+rw /opt/stack/data/cinder/mnt/1db2df491aa5c3061da31bd823eadfdf/volume-85f5850e-77ed-463e-9ce5-4a3c9a8b14c3.e086f1b2-b677-4ea8-ae2a-453b1b237e98 {{(pid=87582) execute /opt/stack/data/venv/lib/python3.12/site-packages/oslo_concurrency/processutils.py:440}}
Sep 03 20:08:06 devstack sudo[96484]: quobyte : PWD=/ ; USER=root ; COMMAND=/opt/stack/data/venv/bin/cinder-rootwrap /etc/cinder/rootwrap.conf chmod ugo+rw /opt/stack/data/cinder/mnt/1db2df491aa5c3061da31bd823eadfdf/volume-85f5850e-77ed-463e-9ce5-4a3c9a8b14c3.e086f1b2-b677-4ea8-ae2a-453b1b237e98
Sep 03 20:08:06 devstack sudo[96484]: pam_unix(sudo:session): session opened for user root(uid=0) by (uid=1000)
Sep 03 20:08:06 devstack sudo[96484]: pam_unix(sudo:session): session closed for user root
Sep 03 20:08:06 devstack cinder-volume[87582]: DEBUG oslo_concurrency.processutils [None req-f2836044-60af-4902-9747-3429ec983019 tempest-GroupSnapshotsTest-2014842171 None] CMD "sudo cinder-rootwrap /etc/cinder/rootwrap.conf chmod ugo+rw /opt/stack/data/cinder/mnt/1db2df491aa5c3061da31bd823eadfdf/volume-85f5850e-77ed-463e-9ce5-4a3c9a8b14c3.e086f1b2-b677-4ea8-ae2a-453b1b237e98" returned: 0 in 0.286s {{(pid=87582) execute /opt/stack/data/venv/lib/python3.12/site-packages/oslo_concurrency/processutils.py:468}}
Sep 03 20:08:06 devstack cinder-volume[87582]: DEBUG oslo_concurrency.processutils [None req-f2836044-60af-4902-9747-3429ec983019 tempest-GroupSnapshotsTest-2014842171 None] Running cmd (subprocess): sudo cinder-rootwrap /etc/cinder/rootwrap.conf truncate -s0 /opt/stack/data/cinder/mnt/1db2df491aa5c3061da31bd823eadfdf/volume-85f5850e-77ed-463e-9ce5-4a3c9a8b14c3.info {{(pid=87582) execute /opt/stack/data/venv/lib/python3.12/site-packages/oslo_concurrency/processutils.py:440}}
Sep 03 20:08:06 devstack sudo[96487]: quobyte : PWD=/ ; USER=root ; COMMAND=/opt/stack/data/venv/bin/cinder-rootwrap /etc/cinder/rootwrap.conf truncate -s0 /opt/stack/data/cinder/mnt/1db2df491aa5c3061da31bd823eadfdf/volume-85f5850e-77ed-463e-9ce5-4a3c9a8b14c3.info
Sep 03 20:08:06 devstack sudo[96487]: pam_unix(sudo:session): session opened for user root(uid=0) by (uid=1000)
Sep 03 20:08:06 devstack sudo[96487]: pam_unix(sudo:session): session closed for user root
Sep 03 20:08:06 devstack cinder-volume[87582]: DEBUG oslo_concurrency.processutils [None req-f2836044-60af-4902-9747-3429ec983019 tempest-GroupSnapshotsTest-2014842171 None] CMD "sudo cinder-rootwrap /etc/cinder/rootwrap.conf truncate -s0 /opt/stack/data/cinder/mnt/1db2df491aa5c3061da31bd823eadfdf/volume-85f5850e-77ed-463e-9ce5-4a3c9a8b14c3.info" returned: 0 in 0.251s {{(pid=87582) execute /opt/stack/data/venv/lib/python3.12/site-packages/oslo_concurrency/processutils.py:468}}
Sep 03 20:08:06 devstack cinder-volume[87582]: WARNING cinder.volume.drivers.remotefs [None req-f2836044-60af-4902-9747-3429ec983019 tempest-GroupSnapshotsTest-2014842171 None] /opt/stack/data/cinder/mnt/1db2df491aa5c3061da31bd823eadfdf/volume-85f5850e-77ed-463e-9ce5-4a3c9a8b14c3.info is being set with open permissions: ugo+rw: NotImplementedError
Sep 03 20:08:06 devstack cinder-volume[87582]: DEBUG oslo_concurrency.processutils [None req-f2836044-60af-4902-9747-3429ec983019 tempest-GroupSnapshotsTest-2014842171 None] Running cmd (subprocess): sudo cinder-rootwrap /etc/cinder/rootwrap.conf chmod ugo+rw /opt/stack/data/cinder/mnt/1db2df491aa5c3061da31bd823eadfdf/volume-85f5850e-77ed-463e-9ce5-4a3c9a8b14c3.info {{(pid=87582) execute /opt/stack/data/venv/lib/python3.12/site-packages/oslo_concurrency/processutils.py:440}}
Sep 03 20:08:06 devstack sudo[96490]: quobyte : PWD=/ ; USER=root ; COMMAND=/opt/stack/data/venv/bin/cinder-rootwrap /etc/cinder/rootwrap.conf chmod ugo+rw /opt/stack/data/cinder/mnt/1db2df491aa5c3061da31bd823eadfdf/volume-85f5850e-77ed-463e-9ce5-4a3c9a8b14c3.info
Sep 03 20:08:06 devstack sudo[96490]: pam_unix(sudo:session): session opened for user root(uid=0) by (uid=1000)
Sep 03 20:08:07 devstack sudo[96490]: pam_unix(sudo:session): session closed for user root
Sep 03 20:08:07 devstack cinder-volume[87582]: DEBUG oslo_concurrency.processutils [None req-f2836044-60af-4902-9747-3429ec983019 tempest-GroupSnapshotsTest-2014842171 None] CMD "sudo cinder-rootwrap /etc/cinder/rootwrap.conf chmod ugo+rw /opt/stack/data/cinder/mnt/1db2df491aa5c3061da31bd823eadfdf/volume-85f5850e-77ed-463e-9ce5-4a3c9a8b14c3.info" returned: 0 in 0.273s {{(pid=87582) execute /opt/stack/data/venv/lib/python3.12/site-packages/oslo_concurrency/processutils.py:468}}
Sep 03 20:08:07 devstack cinder-volume[87582]: DEBUG oslo_concurrency.lockutils [None req-f2836044-60af-4902-9747-3429ec983019 tempest-GroupSnapshotsTest-2014842171 None] Lock "quobyte" "released" by "cinder.volume.drivers.quobyte.QuobyteDriver.create_snapshot" :: held 2.306s {{(pid=87582) inner /opt/stack/data/venv/lib/python3.12/site-packages/oslo_concurrency/lockutils.py:544}}
Sep 03 20:08:07 devstack cinder-volume[87582]: DEBUG oslo_concurrency.lockutils [None req-9583e42e-9151-478d-b69d-76e2591f660b tempest-VolumesTransfersV355Test-208790774 None] Lock "quobyte" acquired by "cinder.volume.drivers.quobyte.QuobyteDriver.create_volume" :: waited 3.667s {{(pid=87582) inner /opt/stack/data/venv/lib/python3.12/site-packages/oslo_concurrency/lockutils.py:525}}
Sep 03 20:08:07 devstack cinder-volume[87582]: DEBUG cinder.volume.drivers.quobyte [None req-9583e42e-9151-478d-b69d-76e2591f660b tempest-VolumesTransfersV355Test-208790774 None] ==> create_volume: call "{'self': , 'volume': Volume(_name_id=None,admin_metadata=,attach_status='detached',availability_zone='nova',bootable=False,cluster=,cluster_name=None,consistencygroup=,consistencygroup_id=None,created_at=2026-09-03T18:08:03Z,deleted=False,deleted_at=None,display_description=None,display_name='tempest-VolumesTransfersV355Test-Volume-442151217',ec2_id=None,encryption_key_id=None,glance_metadata=,group=,group_id=None,host='devstack@QuobyteHD#QuobyteHD',id=a4d9148a-7dbb-448b-86ed-d879f0af4e19,launched_at=None,metadata={},migration_status=None,multiattach=False,previous_status=None,project_id='0056f6ea40474a7aa3b12df9949ced41',provider_auth=None,provider_geometry=None,provider_id=None,provider_location=None,replication_driver_data=None,replication_extended_status=None,replication_status=None,scheduled_at=2026-09-03T18:08:03Z,service_uuid=None,shared_targets=True,size=1,snapshot_id=None,snapshots=,source_volid=None,status='creating',terminated_at=None,updated_at=2026-09-03T18:08:03Z,use_quota=True,user_id='c26c683c900645279724c02478b98726',volume_attachment=VolumeAttachmentList,volume_type=VolumeType(51d44841-a096-422e-877f-9a24f875bea7),volume_type_id=51d44841-a096-422e-877f-9a24f875bea7)}" {{(pid=87582) trace_logging_wrapper /opt/stack/cinder/cinder/volume/volume_utils.py:1497}}
Sep 03 20:08:07 devstack cinder-volume[87582]: DEBUG cinder.volume.drivers.remotefs [None req-9583e42e-9151-478d-b69d-76e2591f660b tempest-VolumesTransfersV355Test-208790774 None] Creating volume a4d9148a-7dbb-448b-86ed-d879f0af4e19 {{(pid=87582) create_volume /opt/stack/cinder/cinder/volume/drivers/remotefs.py:292}}
Sep 03 20:08:07 devstack cinder-volume[87582]: DEBUG oslo_concurrency.lockutils [None req-9583e42e-9151-478d-b69d-76e2591f660b tempest-VolumesTransfersV355Test-208790774 None] Acquiring lock "quobyte_ensure" by "cinder.volume.drivers.quobyte.QuobyteDriver._ensure_shares_mounted" {{(pid=87582) inner /opt/stack/data/venv/lib/python3.12/site-packages/oslo_concurrency/lockutils.py:512}}
Sep 03 20:08:07 devstack cinder-volume[87582]: DEBUG oslo_concurrency.lockutils [None req-9583e42e-9151-478d-b69d-76e2591f660b tempest-VolumesTransfersV355Test-208790774 None] Lock "quobyte_ensure" acquired by "cinder.volume.drivers.quobyte.QuobyteDriver._ensure_shares_mounted" :: waited 0.001s {{(pid=87582) inner /opt/stack/data/venv/lib/python3.12/site-packages/oslo_concurrency/lockutils.py:525}}
Sep 03 20:08:07 devstack cinder-volume[87582]: DEBUG cinder.volume.drivers.quobyte [None req-9583e42e-9151-478d-b69d-76e2591f660b tempest-VolumesTransfersV355Test-208790774 None] Quobyte Volume URL set to: {'osci02.corp.quobyte.com/cinder-vol-960a223c-d0e7-448b-a946-22e4695319ae': None} {{(pid=87582) _load_shares_config /opt/stack/cinder/cinder/volume/drivers/quobyte.py:662}}
Sep 03 20:08:07 devstack cinder-volume[87582]: DEBUG cinder.volume.drivers.quobyte [None req-9583e42e-9151-478d-b69d-76e2591f660b tempest-VolumesTransfersV355Test-208790774 None] Available shares ['osci02.corp.quobyte.com/cinder-vol-960a223c-d0e7-448b-a946-22e4695319ae'] {{(pid=87582) _ensure_shares_mounted /opt/stack/cinder/cinder/volume/drivers/quobyte.py:692}}
Sep 03 20:08:07 devstack cinder-volume[87582]: DEBUG oslo_concurrency.lockutils [None req-9583e42e-9151-478d-b69d-76e2591f660b tempest-VolumesTransfersV355Test-208790774 None] Lock "quobyte_ensure" "released" by "cinder.volume.drivers.quobyte.QuobyteDriver._ensure_shares_mounted" :: held 0.007s {{(pid=87582) inner /opt/stack/data/venv/lib/python3.12/site-packages/oslo_concurrency/lockutils.py:544}}
Sep 03 20:08:07 devstack cinder-volume[87582]: DEBUG cinder.volume.drivers.quobyte [None req-9583e42e-9151-478d-b69d-76e2591f660b tempest-VolumesTransfersV355Test-208790774 None] Selected osci02.corp.quobyte.com/cinder-vol-960a223c-d0e7-448b-a946-22e4695319ae as target Quobyte volume. {{(pid=87582) _find_share /opt/stack/cinder/cinder/volume/drivers/quobyte.py:713}}
Sep 03 20:08:07 devstack cinder-volume[87582]: INFO cinder.volume.drivers.remotefs [None req-9583e42e-9151-478d-b69d-76e2591f660b tempest-VolumesTransfersV355Test-208790774 None] casted to osci02.corp.quobyte.com/cinder-vol-960a223c-d0e7-448b-a946-22e4695319ae
Sep 03 20:08:07 devstack cinder-volume[87582]: DEBUG oslo_concurrency.processutils [None req-9583e42e-9151-478d-b69d-76e2591f660b tempest-VolumesTransfersV355Test-208790774 None] Running cmd (subprocess): sudo cinder-rootwrap /etc/cinder/rootwrap.conf qemu-img create -f qcow2 -o preallocation=metadata /opt/stack/data/cinder/mnt/1db2df491aa5c3061da31bd823eadfdf/volume-a4d9148a-7dbb-448b-86ed-d879f0af4e19 1073741824 {{(pid=87582) execute /opt/stack/data/venv/lib/python3.12/site-packages/oslo_concurrency/processutils.py:440}}
Sep 03 20:08:07 devstack cinder-volume[87582]: DEBUG dbcounter [-] [87582] Writing DB stats cinder:SELECT=129,cinder:INSERT=30,cinder:UPDATE=115,cinder:DELETE=10 {{(pid=87582) stat_writer /opt/stack/data/venv/lib/python3.12/site-packages/dbcounter.py:115}}
Sep 03 20:08:07 devstack sudo[96493]: quobyte : PWD=/ ; USER=root ; COMMAND=/opt/stack/data/venv/bin/cinder-rootwrap /etc/cinder/rootwrap.conf qemu-img create -f qcow2 -o preallocation=metadata /opt/stack/data/cinder/mnt/1db2df491aa5c3061da31bd823eadfdf/volume-a4d9148a-7dbb-448b-86ed-d879f0af4e19 1073741824
Sep 03 20:08:07 devstack sudo[96493]: pam_unix(sudo:session): session opened for user root(uid=0) by (uid=1000)
Sep 03 20:08:07 devstack cinder-volume[87582]: INFO cinder.volume.manager [None req-f2836044-60af-4902-9747-3429ec983019 tempest-GroupSnapshotsTest-2014842171 None] group_snapshot ca302da6-28c9-45b5-8fdf-297dcf656153: created successfully
Sep 03 20:08:07 devstack sudo[96493]: pam_unix(sudo:session): session closed for user root
Sep 03 20:08:07 devstack cinder-volume[87582]: DEBUG oslo_concurrency.processutils [None req-9583e42e-9151-478d-b69d-76e2591f660b tempest-VolumesTransfersV355Test-208790774 None] CMD "sudo cinder-rootwrap /etc/cinder/rootwrap.conf qemu-img create -f qcow2 -o preallocation=metadata /opt/stack/data/cinder/mnt/1db2df491aa5c3061da31bd823eadfdf/volume-a4d9148a-7dbb-448b-86ed-d879f0af4e19 1073741824" returned: 0 in 0.514s {{(pid=87582) execute /opt/stack/data/venv/lib/python3.12/site-packages/oslo_concurrency/processutils.py:468}}
Sep 03 20:08:07 devstack cinder-volume[87582]: DEBUG oslo_concurrency.processutils [None req-9583e42e-9151-478d-b69d-76e2591f660b tempest-VolumesTransfersV355Test-208790774 None] Running cmd (subprocess): sudo cinder-rootwrap /etc/cinder/rootwrap.conf chmod ugo+rw /opt/stack/data/cinder/mnt/1db2df491aa5c3061da31bd823eadfdf/volume-a4d9148a-7dbb-448b-86ed-d879f0af4e19 {{(pid=87582) execute /opt/stack/data/venv/lib/python3.12/site-packages/oslo_concurrency/processutils.py:440}}
Sep 03 20:08:07 devstack sudo[96501]: quobyte : PWD=/ ; USER=root ; COMMAND=/opt/stack/data/venv/bin/cinder-rootwrap /etc/cinder/rootwrap.conf chmod ugo+rw /opt/stack/data/cinder/mnt/1db2df491aa5c3061da31bd823eadfdf/volume-a4d9148a-7dbb-448b-86ed-d879f0af4e19
Sep 03 20:08:07 devstack sudo[96501]: pam_unix(sudo:session): session opened for user root(uid=0) by (uid=1000)
Sep 03 20:08:07 devstack cinder-volume[87582]: INFO cinder.volume.manager [None req-b1c0418a-7cfd-4c73-b977-10023a658626 tempest-GroupSnapshotsTest-2014842171 None] group_snapshot ca302da6-28c9-45b5-8fdf-297dcf656153: deleting
Sep 03 20:08:07 devstack cinder-volume[87582]: DEBUG cinder.volume.manager [None req-b1c0418a-7cfd-4c73-b977-10023a658626 tempest-GroupSnapshotsTest-2014842171 None] group_snapshot ca302da6-28c9-45b5-8fdf-297dcf656153: deleting {{(pid=87582) delete_group_snapshot /opt/stack/cinder/cinder/volume/manager.py:4350}}
Sep 03 20:08:08 devstack cinder-volume[87582]: DEBUG cinder.coordination [None req-b1c0418a-7cfd-4c73-b977-10023a658626 tempest-GroupSnapshotsTest-2014842171 None] Acquiring lock "cinder-quobyte-00d02fd6-7685-4051-8ba3-eee7dc6d6e2a" by "delete_snapshot" {{(pid=87582) __acquire /opt/stack/cinder/cinder/coordination.py:138}}
Sep 03 20:08:08 devstack sudo[96501]: pam_unix(sudo:session): session closed for user root
Sep 03 20:08:08 devstack cinder-volume[87582]: DEBUG oslo_concurrency.processutils [None req-9583e42e-9151-478d-b69d-76e2591f660b tempest-VolumesTransfersV355Test-208790774 None] CMD "sudo cinder-rootwrap /etc/cinder/rootwrap.conf chmod ugo+rw /opt/stack/data/cinder/mnt/1db2df491aa5c3061da31bd823eadfdf/volume-a4d9148a-7dbb-448b-86ed-d879f0af4e19" returned: 0 in 0.290s {{(pid=87582) execute /opt/stack/data/venv/lib/python3.12/site-packages/oslo_concurrency/processutils.py:468}}
Sep 03 20:08:08 devstack cinder-volume[87582]: DEBUG cinder.volume.drivers.quobyte [None req-9583e42e-9151-478d-b69d-76e2591f660b tempest-VolumesTransfersV355Test-208790774 None] <== create_volume: return (860ms) {'provider_location': 'osci02.corp.quobyte.com/cinder-vol-960a223c-d0e7-448b-a946-22e4695319ae'} {{(pid=87582) trace_logging_wrapper /opt/stack/cinder/cinder/volume/volume_utils.py:1522}}
