Jan 09 09:50:27 devstack cinder-volume[81981]: DEBUG oslo_concurrency.lockutils [None req-325a4dd6-1390-4850-9a0f-09f9fcd397e1 tempest-AttachSCSIVolumeTestJSON-120565015 None] Acquiring lock "quobyte_ensure" by "cinder.volume.drivers.quobyte.QuobyteDriver._ensure_shares_mounted" {{(pid=81981) inner /opt/stack/data/venv/lib/python3.10/site-packages/oslo_concurrency/lockutils.py:405}}
Jan 09 09:50:27 devstack cinder-volume[81981]: DEBUG oslo_concurrency.lockutils [None req-325a4dd6-1390-4850-9a0f-09f9fcd397e1 tempest-AttachSCSIVolumeTestJSON-120565015 None] Lock "quobyte_ensure" acquired by "cinder.volume.drivers.quobyte.QuobyteDriver._ensure_shares_mounted" :: waited 0.001s {{(pid=81981) inner /opt/stack/data/venv/lib/python3.10/site-packages/oslo_concurrency/lockutils.py:410}}
Jan 09 09:50:27 devstack cinder-volume[81981]: DEBUG cinder.volume.drivers.quobyte [None req-325a4dd6-1390-4850-9a0f-09f9fcd397e1 tempest-AttachSCSIVolumeTestJSON-120565015 None] Quobyte Volume URL set to: {'osci02.corp.quobyte.com/cinder-vol-cadb53eb-3e21-4a0e-bd18-e03c36c569c7': None} {{(pid=81981) _load_shares_config /opt/stack/cinder/cinder/volume/drivers/quobyte.py:604}}
Jan 09 09:50:27 devstack cinder-volume[81981]: DEBUG cinder.volume.drivers.quobyte [None req-325a4dd6-1390-4850-9a0f-09f9fcd397e1 tempest-AttachSCSIVolumeTestJSON-120565015 None] Available shares ['osci02.corp.quobyte.com/cinder-vol-cadb53eb-3e21-4a0e-bd18-e03c36c569c7'] {{(pid=81981) _ensure_shares_mounted /opt/stack/cinder/cinder/volume/drivers/quobyte.py:634}}
Jan 09 09:50:27 devstack cinder-volume[81981]: DEBUG oslo_concurrency.lockutils [None req-325a4dd6-1390-4850-9a0f-09f9fcd397e1 tempest-AttachSCSIVolumeTestJSON-120565015 None] Lock "quobyte_ensure" "released" by "cinder.volume.drivers.quobyte.QuobyteDriver._ensure_shares_mounted" :: held 0.004s {{(pid=81981) inner /opt/stack/data/venv/lib/python3.10/site-packages/oslo_concurrency/lockutils.py:424}}
Jan 09 09:50:27 devstack cinder-volume[81981]: DEBUG oslo_concurrency.processutils [None req-325a4dd6-1390-4850-9a0f-09f9fcd397e1 tempest-AttachSCSIVolumeTestJSON-120565015 None] Running cmd (subprocess): sudo cinder-rootwrap /etc/cinder/rootwrap.conf df --portability --block-size 1 /opt/stack/data/cinder/mnt/4df1937e8492ad9c7ea4dbe2292324e8 {{(pid=81981) execute /opt/stack/data/venv/lib/python3.10/site-packages/oslo_concurrency/processutils.py:349}}
Jan 09 09:50:27 devstack sudo[87811]: quobyte : PWD=/ ; USER=root ; COMMAND=/opt/stack/data/venv/bin/cinder-rootwrap /etc/cinder/rootwrap.conf df --portability --block-size 1 /opt/stack/data/cinder/mnt/4df1937e8492ad9c7ea4dbe2292324e8
Jan 09 09:50:27 devstack sudo[87811]: pam_unix(sudo:session): session opened for user root(uid=0) by (uid=1000)
Jan 09 09:50:27 devstack cinder-volume[81981]: DEBUG cinder.volume.manager [None req-56b3afc6-9633-4a82-95b1-4091108a012c tempest-ServerActionsV293TestJSON-1203350617 None] Task 'cinder.volume.flows.manager.create_volume.CreateVolumeFromSpecTask;volume:create' (0e71eed3-20bc-475d-969c-218f63c98feb) transitioned into state 'SUCCESS' from state 'RUNNING' with result '{'status': 'creating', 'volume_name': 'volume-d85e806c-c3ed-49a5-829c-4b0e3d7ccb51', 'volume_size': 1, 'image_id': '845ccea7-8202-4c96-8ba2-7c363c8e56d4', 'image_location': (None, [{'url': 'file:///opt/stack/data/glance/images/845ccea7-8202-4c96-8ba2-7c363c8e56d4', 'metadata': {}}]), 'image_meta': {'name': 'cirros-0.6.3-x86_64-disk', 'disk_format': 'qcow2', 'container_format': 'bare', 'visibility': 'public', 'size': 21692416, 'virtual_size': 117440512, 'status': 'active', 'checksum': '87617e24a5e30cb3b87fda8c0764838f', 'protected': False, 'min_ram': 0, 'min_disk': 0, 'owner': 'cabdf83bff8047e8aea5e104a1d1fc78', 'os_hidden': False, 'os_hash_algo': 'sha512', 'os_hash_value': '9a9bce0083a00939ec17c11febbfc767aa211aaa54f51e75c5a8b271a9b5637c77205a518b7a2007cb391d23cceb01e0e4e8d64832317151bc85b734b92a7be0', 'id': '845ccea7-8202-4c96-8ba2-7c363c8e56d4', 'created_at': datetime.datetime(2026, 1, 9, 8, 42, 27, tzinfo=datetime.timezone.utc), 'updated_at': datetime.datetime(2026, 1, 9, 8, 42, 28, tzinfo=datetime.timezone.utc), 'tags': [], 'file': '/v2/images/845ccea7-8202-4c96-8ba2-7c363c8e56d4/file', 'properties': {'hw_rng_model': 'virtio', 'owner_specified.openstack.md5': '', 'owner_specified.openstack.object': 'images/cirros-0.6.3-x86_64-disk', 'owner_specified.openstack.sha256': ''}}, 'image_service': }' {{(pid=81981) _task_receiver /opt/stack/data/venv/lib/python3.10/site-packages/taskflow/listeners/logging.py:182}}
Jan 09 09:50:27 devstack cinder-volume[81981]: DEBUG cinder.volume.manager [None req-56b3afc6-9633-4a82-95b1-4091108a012c tempest-ServerActionsV293TestJSON-1203350617 None] Task 'cinder.volume.flows.manager.create_volume.CreateVolumeOnFinishTask;volume:create, create.end' (bf2b3c32-ccda-47ed-b86b-3f1136e223bf) transitioned into state 'RUNNING' from state 'PENDING' {{(pid=81981) _task_receiver /opt/stack/data/venv/lib/python3.10/site-packages/taskflow/listeners/logging.py:194}}
Jan 09 09:50:27 devstack cinder-volume[81981]: INFO cinder.volume.flows.manager.create_volume [None req-56b3afc6-9633-4a82-95b1-4091108a012c tempest-ServerActionsV293TestJSON-1203350617 None] Volume volume-d85e806c-c3ed-49a5-829c-4b0e3d7ccb51 (d85e806c-c3ed-49a5-829c-4b0e3d7ccb51): created successfully
Jan 09 09:50:27 devstack cinder-volume[81981]: DEBUG cinder.volume.manager [None req-56b3afc6-9633-4a82-95b1-4091108a012c tempest-ServerActionsV293TestJSON-1203350617 None] Task 'cinder.volume.flows.manager.create_volume.CreateVolumeOnFinishTask;volume:create, create.end' (bf2b3c32-ccda-47ed-b86b-3f1136e223bf) transitioned into state 'SUCCESS' from state 'RUNNING' with result 'None' {{(pid=81981) _task_receiver /opt/stack/data/venv/lib/python3.10/site-packages/taskflow/listeners/logging.py:182}}
Jan 09 09:50:27 devstack cinder-volume[81981]: DEBUG cinder.volume.manager [None req-56b3afc6-9633-4a82-95b1-4091108a012c tempest-ServerActionsV293TestJSON-1203350617 None] Flow 'volume_create_manager' (9a2c8cd0-baaa-43b1-972e-a8be56a170b6) transitioned into state 'SUCCESS' from state 'RUNNING' {{(pid=81981) _flow_receiver /opt/stack/data/venv/lib/python3.10/site-packages/taskflow/listeners/logging.py:145}}
Jan 09 09:50:27 devstack cinder-volume[81981]: INFO cinder.volume.manager [None req-56b3afc6-9633-4a82-95b1-4091108a012c tempest-ServerActionsV293TestJSON-1203350617 None] Created volume successfully.
Jan 09 09:50:27 devstack sudo[87801]: pam_unix(sudo:session): session closed for user root
Jan 09 09:50:27 devstack cinder-volume[81981]: DEBUG oslo_concurrency.processutils [None req-7e8f5336-9f17-4d3d-8331-3c7ff23b1289 tempest-SnapshotsActionsTest-64003403 None] CMD "sudo cinder-rootwrap /etc/cinder/rootwrap.conf qemu-img commit -d /opt/stack/data/cinder/mnt/4df1937e8492ad9c7ea4dbe2292324e8/volume-8637b125-707d-4c52-9d47-4c4caeac1c38.937666c8-ab2d-4fbb-8827-eb5ff4ca30a8" returned: 0 in 0.628s {{(pid=81981) execute /opt/stack/data/venv/lib/python3.10/site-packages/oslo_concurrency/processutils.py:372}}
Jan 09 09:50:27 devstack cinder-volume[81981]: DEBUG oslo_concurrency.processutils [None req-7e8f5336-9f17-4d3d-8331-3c7ff23b1289 tempest-SnapshotsActionsTest-64003403 None] Running cmd (subprocess): sudo cinder-rootwrap /etc/cinder/rootwrap.conf rm -f /opt/stack/data/cinder/mnt/4df1937e8492ad9c7ea4dbe2292324e8/volume-8637b125-707d-4c52-9d47-4c4caeac1c38.937666c8-ab2d-4fbb-8827-eb5ff4ca30a8 {{(pid=81981) execute /opt/stack/data/venv/lib/python3.10/site-packages/oslo_concurrency/processutils.py:349}}
Jan 09 09:50:27 devstack sudo[87813]: quobyte : PWD=/ ; USER=root ; COMMAND=/opt/stack/data/venv/bin/cinder-rootwrap /etc/cinder/rootwrap.conf rm -f /opt/stack/data/cinder/mnt/4df1937e8492ad9c7ea4dbe2292324e8/volume-8637b125-707d-4c52-9d47-4c4caeac1c38.937666c8-ab2d-4fbb-8827-eb5ff4ca30a8
Jan 09 09:50:27 devstack sudo[87813]: pam_unix(sudo:session): session opened for user root(uid=0) by (uid=1000)
Jan 09 09:50:27 devstack sudo[87811]: pam_unix(sudo:session): session closed for user root
Jan 09 09:50:27 devstack cinder-volume[81981]: DEBUG oslo_concurrency.processutils [None req-325a4dd6-1390-4850-9a0f-09f9fcd397e1 tempest-AttachSCSIVolumeTestJSON-120565015 None] CMD "sudo cinder-rootwrap /etc/cinder/rootwrap.conf df --portability --block-size 1 /opt/stack/data/cinder/mnt/4df1937e8492ad9c7ea4dbe2292324e8" returned: 0 in 0.494s {{(pid=81981) execute /opt/stack/data/venv/lib/python3.10/site-packages/oslo_concurrency/processutils.py:372}}
Jan 09 09:50:27 devstack cinder-volume[81981]: DEBUG cinder.manager [None req-325a4dd6-1390-4850-9a0f-09f9fcd397e1 tempest-AttachSCSIVolumeTestJSON-120565015 None] Notifying Schedulers of capabilities ... {{(pid=81981) _publish_service_capabilities /opt/stack/cinder/cinder/manager.py:202}}
Jan 09 09:50:27 devstack cinder-volume[81981]: INFO cinder.volume.manager [None req-325a4dd6-1390-4850-9a0f-09f9fcd397e1 tempest-AttachSCSIVolumeTestJSON-120565015 None] Deleted volume successfully.
Jan 09 09:50:27 devstack cinder-volume[81981]: DEBUG cinder.coordination [None req-325a4dd6-1390-4850-9a0f-09f9fcd397e1 tempest-AttachSCSIVolumeTestJSON-120565015 None] Lock "cinder-061a2492-64ac-49a9-be27-ad092f7820af-delete_volume" released by "delete_volume" :: held 1.866s {{(pid=81981) __release /opt/stack/cinder/cinder/coordination.py:157}}
Jan 09 09:50:27 devstack sudo[87813]: pam_unix(sudo:session): session closed for user root
Jan 09 09:50:27 devstack cinder-volume[81981]: DEBUG oslo_concurrency.processutils [None req-7e8f5336-9f17-4d3d-8331-3c7ff23b1289 tempest-SnapshotsActionsTest-64003403 None] CMD "sudo cinder-rootwrap /etc/cinder/rootwrap.conf rm -f /opt/stack/data/cinder/mnt/4df1937e8492ad9c7ea4dbe2292324e8/volume-8637b125-707d-4c52-9d47-4c4caeac1c38.937666c8-ab2d-4fbb-8827-eb5ff4ca30a8" returned: 0 in 0.530s {{(pid=81981) execute /opt/stack/data/venv/lib/python3.10/site-packages/oslo_concurrency/processutils.py:372}}
Jan 09 09:50:27 devstack cinder-volume[81981]: DEBUG cinder.coordination [None req-7e8f5336-9f17-4d3d-8331-3c7ff23b1289 tempest-SnapshotsActionsTest-64003403 None] Lock "cinder-quobyte-937666c8-ab2d-4fbb-8827-eb5ff4ca30a8" released by "_delete_snapshot" :: held 2.536s {{(pid=81981) __release /opt/stack/cinder/cinder/coordination.py:157}}
Jan 09 09:50:27 devstack cinder-volume[81981]: DEBUG cinder.coordination [None req-7e8f5336-9f17-4d3d-8331-3c7ff23b1289 tempest-SnapshotsActionsTest-64003403 None] Lock "cinder-quobyte-8637b125-707d-4c52-9d47-4c4caeac1c38" released by "delete_snapshot" :: held 2.556s {{(pid=81981) __release /opt/stack/cinder/cinder/coordination.py:157}}
Jan 09 09:50:27 devstack cinder-volume[81981]: WARNING cinder.quota [None req-7e8f5336-9f17-4d3d-8331-3c7ff23b1289 tempest-SnapshotsActionsTest-64003403 None] Deprecated: Default quota for resource: snapshots_QuobyteHD is set by the default quota flag: quota_snapshots_QuobyteHD, it is now deprecated. Please use the default quota class for default quota.
Jan 09 09:50:27 devstack cinder-volume[81981]: DEBUG cinder.quota [None req-7e8f5336-9f17-4d3d-8331-3c7ff23b1289 tempest-SnapshotsActionsTest-64003403 None] Created reservations ['9214f55c-9ebe-4c0c-816d-b4f3909d8180', '72edd575-d434-49d3-959c-01e786e08cf5', '5d67365c-2194-429c-baf7-21e9694f990d', '768ca1b0-9139-4efc-a54d-735221dce282'] {{(pid=81981) reserve /opt/stack/cinder/cinder/quota.py:752}}
Jan 09 09:50:27 devstack cinder-volume[81981]: INFO cinder.volume.manager [None req-7e8f5336-9f17-4d3d-8331-3c7ff23b1289 tempest-SnapshotsActionsTest-64003403 None] Delete snapshot completed successfully.
Jan 09 09:50:27 devstack cinder-volume[81981]: DEBUG cinder.coordination [None req-7e8f5336-9f17-4d3d-8331-3c7ff23b1289 tempest-SnapshotsActionsTest-64003403 None] Lock "cinder-937666c8-ab2d-4fbb-8827-eb5ff4ca30a8-delete_snapshot" released by "delete_snapshot" :: held 2.662s {{(pid=81981) __release /opt/stack/cinder/cinder/coordination.py:157}}
Jan 09 09:50:28 devstack cinder-volume[81981]: WARNING cinder.volume.volume_utils [None req-15309ac7-d5d7-4c54-bb3e-fba98e1ca91d tempest-SnapshotsActionsTest-300227817 None] Volume driver (QuobyteDriver 1.1.13) is currently unsupported and may be removed in the next release of OpenStack. Use at your own risk.
Jan 09 09:50:28 devstack cinder-volume[81981]: DEBUG oslo_concurrency.lockutils [None req-15309ac7-d5d7-4c54-bb3e-fba98e1ca91d tempest-SnapshotsActionsTest-300227817 None] Acquiring lock "quobyte" by "cinder.volume.drivers.quobyte.QuobyteDriver.create_snapshot" {{(pid=81981) inner /opt/stack/data/venv/lib/python3.10/site-packages/oslo_concurrency/lockutils.py:405}}
Jan 09 09:50:28 devstack cinder-volume[81981]: DEBUG oslo_concurrency.lockutils [None req-15309ac7-d5d7-4c54-bb3e-fba98e1ca91d tempest-SnapshotsActionsTest-300227817 None] Lock "quobyte" acquired by "cinder.volume.drivers.quobyte.QuobyteDriver.create_snapshot" :: waited 0.000s {{(pid=81981) inner /opt/stack/data/venv/lib/python3.10/site-packages/oslo_concurrency/lockutils.py:410}}
Jan 09 09:50:28 devstack cinder-volume[81981]: DEBUG cinder.volume.drivers.remotefs [None req-15309ac7-d5d7-4c54-bb3e-fba98e1ca91d tempest-SnapshotsActionsTest-300227817 None] Creating offline snapshot 63e8ed46-d77b-4ab3-afcd-ab58c6cd086c of volume 8637b125-707d-4c52-9d47-4c4caeac1c38 {{(pid=81981) _create_snapshot /opt/stack/cinder/cinder/volume/drivers/remotefs.py:1694}}
Jan 09 09:50:28 devstack cinder-volume[81981]: DEBUG oslo.privsep.daemon [-] privsep: reply[e3500c1f-cdc1-44bc-b493-e49653d3a598]: (4, 'qcow2') {{(pid=82826) _call_back /opt/stack/data/venv/lib/python3.10/site-packages/oslo_privsep/daemon.py:515}}
Jan 09 09:50:28 devstack cinder-volume[81981]: DEBUG oslo_concurrency.processutils [None req-15309ac7-d5d7-4c54-bb3e-fba98e1ca91d tempest-SnapshotsActionsTest-300227817 None] Running cmd (subprocess): /opt/stack/data/venv/bin/python3.10 -m oslo_concurrency.prlimit --as=1073741824 --cpu=60 -- sudo cinder-rootwrap /etc/cinder/rootwrap.conf env LC_ALL=C qemu-img info -f qcow2 --output=json --force-share /opt/stack/data/cinder/mnt/4df1937e8492ad9c7ea4dbe2292324e8/volume-8637b125-707d-4c52-9d47-4c4caeac1c38.32c1b863-b8ef-42fb-99d6-ffb2c450fd50 {{(pid=81981) execute /opt/stack/data/venv/lib/python3.10/site-packages/oslo_concurrency/processutils.py:349}}
Jan 09 09:50:28 devstack sudo[87818]: quobyte : PWD=/ ; USER=root ; COMMAND=/opt/stack/data/venv/bin/cinder-rootwrap /etc/cinder/rootwrap.conf env LC_ALL=C qemu-img info -f qcow2 --output=json --force-share /opt/stack/data/cinder/mnt/4df1937e8492ad9c7ea4dbe2292324e8/volume-8637b125-707d-4c52-9d47-4c4caeac1c38.32c1b863-b8ef-42fb-99d6-ffb2c450fd50
Jan 09 09:50:28 devstack sudo[87818]: pam_unix(sudo:session): session opened for user root(uid=0) by (uid=1000)
Jan 09 09:50:29 devstack sudo[87818]: pam_unix(sudo:session): session closed for user root
Jan 09 09:50:29 devstack cinder-volume[81981]: DEBUG oslo_concurrency.processutils [None req-15309ac7-d5d7-4c54-bb3e-fba98e1ca91d tempest-SnapshotsActionsTest-300227817 None] CMD "/opt/stack/data/venv/bin/python3.10 -m oslo_concurrency.prlimit --as=1073741824 --cpu=60 -- sudo cinder-rootwrap /etc/cinder/rootwrap.conf env LC_ALL=C qemu-img info -f qcow2 --output=json --force-share /opt/stack/data/cinder/mnt/4df1937e8492ad9c7ea4dbe2292324e8/volume-8637b125-707d-4c52-9d47-4c4caeac1c38.32c1b863-b8ef-42fb-99d6-ffb2c450fd50" returned: 0 in 0.678s {{(pid=81981) execute /opt/stack/data/venv/lib/python3.10/site-packages/oslo_concurrency/processutils.py:372}}
Jan 09 09:50:29 devstack cinder-volume[81981]: DEBUG cinder.volume.drivers.remotefs [None req-15309ac7-d5d7-4c54-bb3e-fba98e1ca91d tempest-SnapshotsActionsTest-300227817 None] Fetching qemu-img info with special backing_file_template: (/opt/stack/data/cinder/mnt/[0-9a-f]+/)?(volume-8637b125-707d-4c52-9d47-4c4caeac1c38(.(tmp-snap-)?[0-9a-f-]+)?|volume_from_snapshot_cache/(tmp-snap-)?[0-9a-f-]+(.(child-|parent-)[0-9a-f-]+)?)$ {{(pid=81981) _qemu_img_info_base /opt/stack/cinder/cinder/volume/drivers/remotefs.py:886}}
Jan 09 09:50:29 devstack cinder-volume[81981]: DEBUG oslo_concurrency.processutils [None req-15309ac7-d5d7-4c54-bb3e-fba98e1ca91d tempest-SnapshotsActionsTest-300227817 None] Running cmd (subprocess): sudo cinder-rootwrap /etc/cinder/rootwrap.conf qemu-img create -f qcow2 -o backing_file=/opt/stack/data/cinder/mnt/4df1937e8492ad9c7ea4dbe2292324e8/volume-8637b125-707d-4c52-9d47-4c4caeac1c38.32c1b863-b8ef-42fb-99d6-ffb2c450fd50,backing_fmt=qcow2 /opt/stack/data/cinder/mnt/4df1937e8492ad9c7ea4dbe2292324e8/volume-8637b125-707d-4c52-9d47-4c4caeac1c38.63e8ed46-d77b-4ab3-afcd-ab58c6cd086c 1G {{(pid=81981) execute /opt/stack/data/venv/lib/python3.10/site-packages/oslo_concurrency/processutils.py:349}}
Jan 09 09:50:29 devstack sudo[87824]: quobyte : PWD=/ ; USER=root ; COMMAND=/opt/stack/data/venv/bin/cinder-rootwrap /etc/cinder/rootwrap.conf qemu-img create -f qcow2 -o backing_file=/opt/stack/data/cinder/mnt/4df1937e8492ad9c7ea4dbe2292324e8/volume-8637b125-707d-4c52-9d47-4c4caeac1c38.32c1b863-b8ef-42fb-99d6-ffb2c450fd50,backing_fmt=qcow2 /opt/stack/data/cinder/mnt/4df1937e8492ad9c7ea4dbe2292324e8/volume-8637b125-707d-4c52-9d47-4c4caeac1c38.63e8ed46-d77b-4ab3-afcd-ab58c6cd086c 1G
Jan 09 09:50:29 devstack sudo[87824]: pam_unix(sudo:session): session opened for user root(uid=0) by (uid=1000)
Jan 09 09:50:29 devstack sudo[87824]: pam_unix(sudo:session): session closed for user root
Jan 09 09:50:29 devstack cinder-volume[81981]: DEBUG oslo_concurrency.processutils [None req-15309ac7-d5d7-4c54-bb3e-fba98e1ca91d tempest-SnapshotsActionsTest-300227817 None] CMD "sudo cinder-rootwrap /etc/cinder/rootwrap.conf qemu-img create -f qcow2 -o backing_file=/opt/stack/data/cinder/mnt/4df1937e8492ad9c7ea4dbe2292324e8/volume-8637b125-707d-4c52-9d47-4c4caeac1c38.32c1b863-b8ef-42fb-99d6-ffb2c450fd50,backing_fmt=qcow2 /opt/stack/data/cinder/mnt/4df1937e8492ad9c7ea4dbe2292324e8/volume-8637b125-707d-4c52-9d47-4c4caeac1c38.63e8ed46-d77b-4ab3-afcd-ab58c6cd086c 1G" returned: 0 in 0.603s {{(pid=81981) execute /opt/stack/data/venv/lib/python3.10/site-packages/oslo_concurrency/processutils.py:372}}
Jan 09 09:50:29 devstack cinder-volume[81981]: DEBUG oslo_concurrency.processutils [None req-15309ac7-d5d7-4c54-bb3e-fba98e1ca91d tempest-SnapshotsActionsTest-300227817 None] Running cmd (subprocess): sudo cinder-rootwrap /etc/cinder/rootwrap.conf qemu-img rebase -u -b volume-8637b125-707d-4c52-9d47-4c4caeac1c38.32c1b863-b8ef-42fb-99d6-ffb2c450fd50 -F qcow2 /opt/stack/data/cinder/mnt/4df1937e8492ad9c7ea4dbe2292324e8/volume-8637b125-707d-4c52-9d47-4c4caeac1c38.63e8ed46-d77b-4ab3-afcd-ab58c6cd086c {{(pid=81981) execute /opt/stack/data/venv/lib/python3.10/site-packages/oslo_concurrency/processutils.py:349}}
Jan 09 09:50:29 devstack sudo[87829]: quobyte : PWD=/ ; USER=root ; COMMAND=/opt/stack/data/venv/bin/cinder-rootwrap /etc/cinder/rootwrap.conf qemu-img rebase -u -b volume-8637b125-707d-4c52-9d47-4c4caeac1c38.32c1b863-b8ef-42fb-99d6-ffb2c450fd50 -F qcow2 /opt/stack/data/cinder/mnt/4df1937e8492ad9c7ea4dbe2292324e8/volume-8637b125-707d-4c52-9d47-4c4caeac1c38.63e8ed46-d77b-4ab3-afcd-ab58c6cd086c
Jan 09 09:50:29 devstack sudo[87829]: pam_unix(sudo:session): session opened for user root(uid=0) by (uid=1000)
Jan 09 09:50:30 devstack sudo[87829]: pam_unix(sudo:session): session closed for user root
Jan 09 09:50:30 devstack cinder-volume[81981]: DEBUG oslo_concurrency.processutils [None req-15309ac7-d5d7-4c54-bb3e-fba98e1ca91d tempest-SnapshotsActionsTest-300227817 None] CMD "sudo cinder-rootwrap /etc/cinder/rootwrap.conf qemu-img rebase -u -b volume-8637b125-707d-4c52-9d47-4c4caeac1c38.32c1b863-b8ef-42fb-99d6-ffb2c450fd50 -F qcow2 /opt/stack/data/cinder/mnt/4df1937e8492ad9c7ea4dbe2292324e8/volume-8637b125-707d-4c52-9d47-4c4caeac1c38.63e8ed46-d77b-4ab3-afcd-ab58c6cd086c" returned: 0 in 0.635s {{(pid=81981) execute /opt/stack/data/venv/lib/python3.10/site-packages/oslo_concurrency/processutils.py:372}}
Jan 09 09:50:30 devstack cinder-volume[81981]: WARNING cinder.volume.drivers.remotefs [None req-15309ac7-d5d7-4c54-bb3e-fba98e1ca91d tempest-SnapshotsActionsTest-300227817 None] /opt/stack/data/cinder/mnt/4df1937e8492ad9c7ea4dbe2292324e8/volume-8637b125-707d-4c52-9d47-4c4caeac1c38.63e8ed46-d77b-4ab3-afcd-ab58c6cd086c is being set with open permissions: ugo+rw
Jan 09 09:50:30 devstack cinder-volume[81981]: DEBUG oslo_concurrency.processutils [None req-15309ac7-d5d7-4c54-bb3e-fba98e1ca91d tempest-SnapshotsActionsTest-300227817 None] Running cmd (subprocess): sudo cinder-rootwrap /etc/cinder/rootwrap.conf chmod ugo+rw /opt/stack/data/cinder/mnt/4df1937e8492ad9c7ea4dbe2292324e8/volume-8637b125-707d-4c52-9d47-4c4caeac1c38.63e8ed46-d77b-4ab3-afcd-ab58c6cd086c {{(pid=81981) execute /opt/stack/data/venv/lib/python3.10/site-packages/oslo_concurrency/processutils.py:349}}
Jan 09 09:50:30 devstack sudo[87834]: quobyte : PWD=/ ; USER=root ; COMMAND=/opt/stack/data/venv/bin/cinder-rootwrap /etc/cinder/rootwrap.conf chmod ugo+rw /opt/stack/data/cinder/mnt/4df1937e8492ad9c7ea4dbe2292324e8/volume-8637b125-707d-4c52-9d47-4c4caeac1c38.63e8ed46-d77b-4ab3-afcd-ab58c6cd086c
Jan 09 09:50:30 devstack sudo[87834]: pam_unix(sudo:session): session opened for user root(uid=0) by (uid=1000)
Jan 09 09:50:31 devstack sudo[87834]: pam_unix(sudo:session): session closed for user root
Jan 09 09:50:31 devstack cinder-volume[81981]: DEBUG oslo_concurrency.processutils [None req-15309ac7-d5d7-4c54-bb3e-fba98e1ca91d tempest-SnapshotsActionsTest-300227817 None] CMD "sudo cinder-rootwrap /etc/cinder/rootwrap.conf chmod ugo+rw /opt/stack/data/cinder/mnt/4df1937e8492ad9c7ea4dbe2292324e8/volume-8637b125-707d-4c52-9d47-4c4caeac1c38.63e8ed46-d77b-4ab3-afcd-ab58c6cd086c" returned: 0 in 0.638s {{(pid=81981) execute /opt/stack/data/venv/lib/python3.10/site-packages/oslo_concurrency/processutils.py:372}}
Jan 09 09:50:31 devstack cinder-volume[81981]: DEBUG oslo_concurrency.lockutils [None req-15309ac7-d5d7-4c54-bb3e-fba98e1ca91d tempest-SnapshotsActionsTest-300227817 None] Lock "quobyte" "released" by "cinder.volume.drivers.quobyte.QuobyteDriver.create_snapshot" :: held 2.611s {{(pid=81981) inner /opt/stack/data/venv/lib/python3.10/site-packages/oslo_concurrency/lockutils.py:424}}
Jan 09 09:50:31 devstack cinder-volume[81981]: INFO cinder.volume.manager [None req-15309ac7-d5d7-4c54-bb3e-fba98e1ca91d tempest-SnapshotsActionsTest-300227817 None] Create snapshot completed successfully
Jan 09 09:50:31 devstack cinder-volume[81981]: DEBUG cinder.coordination [None req-1dfdfb74-2592-4e0b-acf5-99bcabcc49d4 tempest-SnapshotsActionsTest-64003403 None] Acquiring lock "cinder-63e8ed46-d77b-4ab3-afcd-ab58c6cd086c-delete_snapshot" by "delete_snapshot" {{(pid=81981) __acquire /opt/stack/cinder/cinder/coordination.py:143}}
Jan 09 09:50:31 devstack cinder-volume[81981]: DEBUG cinder.coordination [None req-1dfdfb74-2592-4e0b-acf5-99bcabcc49d4 tempest-SnapshotsActionsTest-64003403 None] Lock "cinder-63e8ed46-d77b-4ab3-afcd-ab58c6cd086c-delete_snapshot" acquired by "delete_snapshot" :: waited 0.018s {{(pid=81981) __acquire /opt/stack/cinder/cinder/coordination.py:146}}
Jan 09 09:50:31 devstack cinder-volume[81981]: WARNING cinder.volume.volume_utils [None req-1dfdfb74-2592-4e0b-acf5-99bcabcc49d4 tempest-SnapshotsActionsTest-64003403 None] Volume driver (QuobyteDriver 1.1.13) is currently unsupported and may be removed in the next release of OpenStack. Use at your own risk.
Jan 09 09:50:31 devstack cinder-volume[81981]: DEBUG cinder.coordination [None req-1dfdfb74-2592-4e0b-acf5-99bcabcc49d4 tempest-SnapshotsActionsTest-64003403 None] Acquiring lock "cinder-quobyte-8637b125-707d-4c52-9d47-4c4caeac1c38" by "delete_snapshot" {{(pid=81981) __acquire /opt/stack/cinder/cinder/coordination.py:143}}
Jan 09 09:50:31 devstack cinder-volume[81981]: DEBUG cinder.coordination [None req-1dfdfb74-2592-4e0b-acf5-99bcabcc49d4 tempest-SnapshotsActionsTest-64003403 None] Lock "cinder-quobyte-8637b125-707d-4c52-9d47-4c4caeac1c38" acquired by "delete_snapshot" :: waited 0.006s {{(pid=81981) __acquire /opt/stack/cinder/cinder/coordination.py:146}}
Jan 09 09:50:31 devstack cinder-volume[81981]: DEBUG cinder.coordination [None req-1dfdfb74-2592-4e0b-acf5-99bcabcc49d4 tempest-SnapshotsActionsTest-64003403 None] Acquiring lock "cinder-quobyte-63e8ed46-d77b-4ab3-afcd-ab58c6cd086c" by "_delete_snapshot" {{(pid=81981) __acquire /opt/stack/cinder/cinder/coordination.py:143}}
Jan 09 09:50:31 devstack cinder-volume[81981]: DEBUG cinder.coordination [None req-1dfdfb74-2592-4e0b-acf5-99bcabcc49d4 tempest-SnapshotsActionsTest-64003403 None] Lock "cinder-quobyte-63e8ed46-d77b-4ab3-afcd-ab58c6cd086c" acquired by "_delete_snapshot" :: waited 0.005s {{(pid=81981) __acquire /opt/stack/cinder/cinder/coordination.py:146}}
Jan 09 09:50:31 devstack cinder-volume[81981]: DEBUG cinder.volume.drivers.remotefs [None req-1dfdfb74-2592-4e0b-acf5-99bcabcc49d4 tempest-SnapshotsActionsTest-64003403 None] Deleting offline snapshot 63e8ed46-d77b-4ab3-afcd-ab58c6cd086c of volume 8637b125-707d-4c52-9d47-4c4caeac1c38 {{(pid=81981) _delete_snapshot /opt/stack/cinder/cinder/volume/drivers/remotefs.py:1278}}
Jan 09 09:50:31 devstack cinder-volume[81981]: DEBUG cinder.volume.drivers.remotefs [None req-1dfdfb74-2592-4e0b-acf5-99bcabcc49d4 tempest-SnapshotsActionsTest-64003403 None] snapshot_file for this snap is: volume-8637b125-707d-4c52-9d47-4c4caeac1c38.63e8ed46-d77b-4ab3-afcd-ab58c6cd086c {{(pid=81981) _delete_snapshot /opt/stack/cinder/cinder/volume/drivers/remotefs.py:1307}}
Jan 09 09:50:31 devstack cinder-volume[81981]: DEBUG oslo.privsep.daemon [-] privsep: reply[35c711ab-ba53-43ff-a206-ecd19c68ae41]: (4, 'qcow2') {{(pid=82826) _call_back /opt/stack/data/venv/lib/python3.10/site-packages/oslo_privsep/daemon.py:515}}
Jan 09 09:50:31 devstack cinder-volume[81981]: DEBUG oslo_concurrency.processutils [None req-1dfdfb74-2592-4e0b-acf5-99bcabcc49d4 tempest-SnapshotsActionsTest-64003403 None] Running cmd (subprocess): /opt/stack/data/venv/bin/python3.10 -m oslo_concurrency.prlimit --as=1073741824 --cpu=60 -- sudo cinder-rootwrap /etc/cinder/rootwrap.conf env LC_ALL=C qemu-img info -f qcow2 --output=json --force-share /opt/stack/data/cinder/mnt/4df1937e8492ad9c7ea4dbe2292324e8/volume-8637b125-707d-4c52-9d47-4c4caeac1c38.63e8ed46-d77b-4ab3-afcd-ab58c6cd086c {{(pid=81981) execute /opt/stack/data/venv/lib/python3.10/site-packages/oslo_concurrency/processutils.py:349}}
Jan 09 09:50:32 devstack sudo[87846]: quobyte : PWD=/ ; USER=root ; COMMAND=/opt/stack/data/venv/bin/cinder-rootwrap /etc/cinder/rootwrap.conf env LC_ALL=C qemu-img info -f qcow2 --output=json --force-share /opt/stack/data/cinder/mnt/4df1937e8492ad9c7ea4dbe2292324e8/volume-8637b125-707d-4c52-9d47-4c4caeac1c38.63e8ed46-d77b-4ab3-afcd-ab58c6cd086c
Jan 09 09:50:32 devstack sudo[87846]: pam_unix(sudo:session): session opened for user root(uid=0) by (uid=1000)
Jan 09 09:50:32 devstack sudo[87846]: pam_unix(sudo:session): session closed for user root
Jan 09 09:50:32 devstack cinder-volume[81981]: DEBUG oslo_concurrency.processutils [None req-1dfdfb74-2592-4e0b-acf5-99bcabcc49d4 tempest-SnapshotsActionsTest-64003403 None] CMD "/opt/stack/data/venv/bin/python3.10 -m oslo_concurrency.prlimit --as=1073741824 --cpu=60 -- sudo cinder-rootwrap /etc/cinder/rootwrap.conf env LC_ALL=C qemu-img info -f qcow2 --output=json --force-share /opt/stack/data/cinder/mnt/4df1937e8492ad9c7ea4dbe2292324e8/volume-8637b125-707d-4c52-9d47-4c4caeac1c38.63e8ed46-d77b-4ab3-afcd-ab58c6cd086c" returned: 0 in 0.700s {{(pid=81981) execute /opt/stack/data/venv/lib/python3.10/site-packages/oslo_concurrency/processutils.py:372}}
Jan 09 09:50:32 devstack cinder-volume[81981]: DEBUG cinder.volume.drivers.remotefs [None req-1dfdfb74-2592-4e0b-acf5-99bcabcc49d4 tempest-SnapshotsActionsTest-64003403 None] Fetching qemu-img info with special backing_file_template: (/opt/stack/data/cinder/mnt/[0-9a-f]+/)?(volume-8637b125-707d-4c52-9d47-4c4caeac1c38(.(tmp-snap-)?[0-9a-f-]+)?|volume_from_snapshot_cache/(tmp-snap-)?[0-9a-f-]+(.(child-|parent-)[0-9a-f-]+)?)$ {{(pid=81981) _qemu_img_info_base /opt/stack/cinder/cinder/volume/drivers/remotefs.py:886}}
Jan 09 09:50:32 devstack cinder-volume[81981]: DEBUG oslo.privsep.daemon [-] privsep: reply[503599a2-fa64-482e-9ccb-29274312cd7b]: (4, 'qcow2') {{(pid=82826) _call_back /opt/stack/data/venv/lib/python3.10/site-packages/oslo_privsep/daemon.py:515}}
Jan 09 09:50:32 devstack cinder-volume[81981]: DEBUG oslo_concurrency.processutils [None req-1dfdfb74-2592-4e0b-acf5-99bcabcc49d4 tempest-SnapshotsActionsTest-64003403 None] Running cmd (subprocess): /opt/stack/data/venv/bin/python3.10 -m oslo_concurrency.prlimit --as=1073741824 --cpu=60 -- sudo cinder-rootwrap /etc/cinder/rootwrap.conf env LC_ALL=C qemu-img info -f qcow2 --output=json --force-share /opt/stack/data/cinder/mnt/4df1937e8492ad9c7ea4dbe2292324e8/volume-8637b125-707d-4c52-9d47-4c4caeac1c38.32c1b863-b8ef-42fb-99d6-ffb2c450fd50 {{(pid=81981) execute /opt/stack/data/venv/lib/python3.10/site-packages/oslo_concurrency/processutils.py:349}}
Jan 09 09:50:32 devstack sudo[87852]: quobyte : PWD=/ ; USER=root ; COMMAND=/opt/stack/data/venv/bin/cinder-rootwrap /etc/cinder/rootwrap.conf env LC_ALL=C qemu-img info -f qcow2 --output=json --force-share /opt/stack/data/cinder/mnt/4df1937e8492ad9c7ea4dbe2292324e8/volume-8637b125-707d-4c52-9d47-4c4caeac1c38.32c1b863-b8ef-42fb-99d6-ffb2c450fd50
Jan 09 09:50:32 devstack sudo[87852]: pam_unix(sudo:session): session opened for user root(uid=0) by (uid=1000)
Jan 09 09:50:33 devstack sudo[87852]: pam_unix(sudo:session): session closed for user root
Jan 09 09:50:33 devstack cinder-volume[81981]: DEBUG oslo_concurrency.processutils [None req-1dfdfb74-2592-4e0b-acf5-99bcabcc49d4 tempest-SnapshotsActionsTest-64003403 None] CMD "/opt/stack/data/venv/bin/python3.10 -m oslo_concurrency.prlimit --as=1073741824 --cpu=60 -- sudo cinder-rootwrap /etc/cinder/rootwrap.conf env LC_ALL=C qemu-img info -f qcow2 --output=json --force-share /opt/stack/data/cinder/mnt/4df1937e8492ad9c7ea4dbe2292324e8/volume-8637b125-707d-4c52-9d47-4c4caeac1c38.32c1b863-b8ef-42fb-99d6-ffb2c450fd50" returned: 0 in 0.659s {{(pid=81981) execute /opt/stack/data/venv/lib/python3.10/site-packages/oslo_concurrency/processutils.py:372}}
Jan 09 09:50:33 devstack cinder-volume[81981]: DEBUG cinder.volume.drivers.remotefs [None req-1dfdfb74-2592-4e0b-acf5-99bcabcc49d4 tempest-SnapshotsActionsTest-64003403 None] Fetching qemu-img info with special backing_file_template: (/opt/stack/data/cinder/mnt/[0-9a-f]+/)?(volume-8637b125-707d-4c52-9d47-4c4caeac1c38(.(tmp-snap-)?[0-9a-f-]+)?|volume_from_snapshot_cache/(tmp-snap-)?[0-9a-f-]+(.(child-|parent-)[0-9a-f-]+)?)$ {{(pid=81981) _qemu_img_info_base /opt/stack/cinder/cinder/volume/drivers/remotefs.py:886}}
Jan 09 09:50:33 devstack cinder-volume[81981]: DEBUG oslo_concurrency.processutils [None req-1dfdfb74-2592-4e0b-acf5-99bcabcc49d4 tempest-SnapshotsActionsTest-64003403 None] Running cmd (subprocess): sudo cinder-rootwrap /etc/cinder/rootwrap.conf qemu-img commit -d /opt/stack/data/cinder/mnt/4df1937e8492ad9c7ea4dbe2292324e8/volume-8637b125-707d-4c52-9d47-4c4caeac1c38.63e8ed46-d77b-4ab3-afcd-ab58c6cd086c {{(pid=81981) execute /opt/stack/data/venv/lib/python3.10/site-packages/oslo_concurrency/processutils.py:349}}
Jan 09 09:50:33 devstack sudo[87857]: quobyte : PWD=/ ; USER=root ; COMMAND=/opt/stack/data/venv/bin/cinder-rootwrap /etc/cinder/rootwrap.conf qemu-img commit -d /opt/stack/data/cinder/mnt/4df1937e8492ad9c7ea4dbe2292324e8/volume-8637b125-707d-4c52-9d47-4c4caeac1c38.63e8ed46-d77b-4ab3-afcd-ab58c6cd086c
Jan 09 09:50:33 devstack sudo[87857]: pam_unix(sudo:session): session opened for user root(uid=0) by (uid=1000)
Jan 09 09:50:34 devstack sudo[87857]: pam_unix(sudo:session): session closed for user root
Jan 09 09:50:34 devstack cinder-volume[81981]: DEBUG oslo_concurrency.processutils [None req-1dfdfb74-2592-4e0b-acf5-99bcabcc49d4 tempest-SnapshotsActionsTest-64003403 None] CMD "sudo cinder-rootwrap /etc/cinder/rootwrap.conf qemu-img commit -d /opt/stack/data/cinder/mnt/4df1937e8492ad9c7ea4dbe2292324e8/volume-8637b125-707d-4c52-9d47-4c4caeac1c38.63e8ed46-d77b-4ab3-afcd-ab58c6cd086c" returned: 0 in 0.774s {{(pid=81981) execute /opt/stack/data/venv/lib/python3.10/site-packages/oslo_concurrency/processutils.py:372}}
Jan 09 09:50:34 devstack cinder-volume[81981]: DEBUG oslo_concurrency.processutils [None req-1dfdfb74-2592-4e0b-acf5-99bcabcc49d4 tempest-SnapshotsActionsTest-64003403 None] Running cmd (subprocess): sudo cinder-rootwrap /etc/cinder/rootwrap.conf rm -f /opt/stack/data/cinder/mnt/4df1937e8492ad9c7ea4dbe2292324e8/volume-8637b125-707d-4c52-9d47-4c4caeac1c38.63e8ed46-d77b-4ab3-afcd-ab58c6cd086c {{(pid=81981) execute /opt/stack/data/venv/lib/python3.10/site-packages/oslo_concurrency/processutils.py:349}}
Jan 09 09:50:34 devstack sudo[87863]: quobyte : PWD=/ ; USER=root ; COMMAND=/opt/stack/data/venv/bin/cinder-rootwrap /etc/cinder/rootwrap.conf rm -f /opt/stack/data/cinder/mnt/4df1937e8492ad9c7ea4dbe2292324e8/volume-8637b125-707d-4c52-9d47-4c4caeac1c38.63e8ed46-d77b-4ab3-afcd-ab58c6cd086c
Jan 09 09:50:34 devstack sudo[87863]: pam_unix(sudo:session): session opened for user root(uid=0) by (uid=1000)
Jan 09 09:50:34 devstack sudo[87863]: pam_unix(sudo:session): session closed for user root
Jan 09 09:50:34 devstack cinder-volume[81981]: DEBUG oslo_concurrency.processutils [None req-1dfdfb74-2592-4e0b-acf5-99bcabcc49d4 tempest-SnapshotsActionsTest-64003403 None] CMD "sudo cinder-rootwrap /etc/cinder/rootwrap.conf rm -f /opt/stack/data/cinder/mnt/4df1937e8492ad9c7ea4dbe2292324e8/volume-8637b125-707d-4c52-9d47-4c4caeac1c38.63e8ed46-d77b-4ab3-afcd-ab58c6cd086c" returned: 0 in 0.563s {{(pid=81981) execute /opt/stack/data/venv/lib/python3.10/site-packages/oslo_concurrency/processutils.py:372}}
Jan 09 09:50:34 devstack cinder-volume[81981]: DEBUG cinder.coordination [None req-1dfdfb74-2592-4e0b-acf5-99bcabcc49d4 tempest-SnapshotsActionsTest-64003403 None] Lock "cinder-quobyte-63e8ed46-d77b-4ab3-afcd-ab58c6cd086c" released by "_delete_snapshot" :: held 2.800s {{(pid=81981) __release /opt/stack/cinder/cinder/coordination.py:157}}
Jan 09 09:50:34 devstack cinder-volume[81981]: DEBUG cinder.coordination [None req-1dfdfb74-2592-4e0b-acf5-99bcabcc49d4 tempest-SnapshotsActionsTest-64003403 None] Lock "cinder-quobyte-8637b125-707d-4c52-9d47-4c4caeac1c38" released by "delete_snapshot" :: held 2.809s {{(pid=81981) __release /opt/stack/cinder/cinder/coordination.py:157}}
Jan 09 09:50:34 devstack cinder-volume[81981]: DEBUG cinder.quota [None req-1dfdfb74-2592-4e0b-acf5-99bcabcc49d4 tempest-SnapshotsActionsTest-64003403 None] Created reservations ['ab11ee90-33e9-42eb-90fd-28a09614207e', 'b35e730c-80ff-4290-a476-88f1683d0e9e', 'fa38bf08-cda5-43be-b50b-d2cc8423af30', '866a443e-8ade-41f6-b3f4-c34052ddc74d'] {{(pid=81981) reserve /opt/stack/cinder/cinder/quota.py:752}}
Jan 09 09:50:34 devstack cinder-volume[81981]: INFO cinder.volume.manager [None req-1dfdfb74-2592-4e0b-acf5-99bcabcc49d4 tempest-SnapshotsActionsTest-64003403 None] Delete snapshot completed successfully.
Jan 09 09:50:34 devstack cinder-volume[81981]: DEBUG cinder.coordination [None req-1dfdfb74-2592-4e0b-acf5-99bcabcc49d4 tempest-SnapshotsActionsTest-64003403 None] Lock "cinder-63e8ed46-d77b-4ab3-afcd-ab58c6cd086c-delete_snapshot" released by "delete_snapshot" :: held 2.893s {{(pid=81981) __release /opt/stack/cinder/cinder/coordination.py:157}}
Jan 09 09:50:35 devstack cinder-volume[81981]: WARNING cinder.volume.volume_utils [None req-a8305663-0d93-47d1-b22e-eef8e9c739e9 tempest-SnapshotsActionsTest-300227817 None] Volume driver (QuobyteDriver 1.1.13) is currently unsupported and may be removed in the next release of OpenStack. Use at your own risk.
Jan 09 09:50:35 devstack cinder-volume[81981]: DEBUG oslo_concurrency.lockutils [None req-a8305663-0d93-47d1-b22e-eef8e9c739e9 tempest-SnapshotsActionsTest-300227817 None] Acquiring lock "quobyte" by "cinder.volume.drivers.quobyte.QuobyteDriver.create_snapshot" {{(pid=81981) inner /opt/stack/data/venv/lib/python3.10/site-packages/oslo_concurrency/lockutils.py:405}}
Jan 09 09:50:35 devstack cinder-volume[81981]: DEBUG oslo_concurrency.lockutils [None req-a8305663-0d93-47d1-b22e-eef8e9c739e9 tempest-SnapshotsActionsTest-300227817 None] Lock "quobyte" acquired by "cinder.volume.drivers.quobyte.QuobyteDriver.create_snapshot" :: waited 0.000s {{(pid=81981) inner /opt/stack/data/venv/lib/python3.10/site-packages/oslo_concurrency/lockutils.py:410}}
Jan 09 09:50:35 devstack cinder-volume[81981]: DEBUG cinder.volume.drivers.remotefs [None req-a8305663-0d93-47d1-b22e-eef8e9c739e9 tempest-SnapshotsActionsTest-300227817 None] Creating offline snapshot 11b9c008-2954-4ec5-879e-766e928b32e9 of volume 8637b125-707d-4c52-9d47-4c4caeac1c38 {{(pid=81981) _create_snapshot /opt/stack/cinder/cinder/volume/drivers/remotefs.py:1694}}
Jan 09 09:50:35 devstack cinder-volume[81981]: DEBUG oslo.privsep.daemon [-] privsep: reply[80c6992a-894c-4046-b04b-562002b77aec]: (4, 'qcow2') {{(pid=82826) _call_back /opt/stack/data/venv/lib/python3.10/site-packages/oslo_privsep/daemon.py:515}}
Jan 09 09:50:35 devstack cinder-volume[81981]: DEBUG oslo_concurrency.processutils [None req-a8305663-0d93-47d1-b22e-eef8e9c739e9 tempest-SnapshotsActionsTest-300227817 None] Running cmd (subprocess): /opt/stack/data/venv/bin/python3.10 -m oslo_concurrency.prlimit --as=1073741824 --cpu=60 -- sudo cinder-rootwrap /etc/cinder/rootwrap.conf env LC_ALL=C qemu-img info -f qcow2 --output=json --force-share /opt/stack/data/cinder/mnt/4df1937e8492ad9c7ea4dbe2292324e8/volume-8637b125-707d-4c52-9d47-4c4caeac1c38.32c1b863-b8ef-42fb-99d6-ffb2c450fd50 {{(pid=81981) execute /opt/stack/data/venv/lib/python3.10/site-packages/oslo_concurrency/processutils.py:349}}
Jan 09 09:50:35 devstack sudo[87866]: quobyte : PWD=/ ; USER=root ; COMMAND=/opt/stack/data/venv/bin/cinder-rootwrap /etc/cinder/rootwrap.conf env LC_ALL=C qemu-img info -f qcow2 --output=json --force-share /opt/stack/data/cinder/mnt/4df1937e8492ad9c7ea4dbe2292324e8/volume-8637b125-707d-4c52-9d47-4c4caeac1c38.32c1b863-b8ef-42fb-99d6-ffb2c450fd50
Jan 09 09:50:35 devstack sudo[87866]: pam_unix(sudo:session): session opened for user root(uid=0) by (uid=1000)
Jan 09 09:50:35 devstack sudo[87866]: pam_unix(sudo:session): session closed for user root
Jan 09 09:50:35 devstack cinder-volume[81981]: DEBUG oslo_concurrency.processutils [None req-a8305663-0d93-47d1-b22e-eef8e9c739e9 tempest-SnapshotsActionsTest-300227817 None] CMD "/opt/stack/data/venv/bin/python3.10 -m oslo_concurrency.prlimit --as=1073741824 --cpu=60 -- sudo cinder-rootwrap /etc/cinder/rootwrap.conf env LC_ALL=C qemu-img info -f qcow2 --output=json --force-share /opt/stack/data/cinder/mnt/4df1937e8492ad9c7ea4dbe2292324e8/volume-8637b125-707d-4c52-9d47-4c4caeac1c38.32c1b863-b8ef-42fb-99d6-ffb2c450fd50" returned: 0 in 0.763s {{(pid=81981) execute /opt/stack/data/venv/lib/python3.10/site-packages/oslo_concurrency/processutils.py:372}}
Jan 09 09:50:35 devstack cinder-volume[81981]: DEBUG cinder.volume.drivers.remotefs [None req-a8305663-0d93-47d1-b22e-eef8e9c739e9 tempest-SnapshotsActionsTest-300227817 None] Fetching qemu-img info with special backing_file_template: (/opt/stack/data/cinder/mnt/[0-9a-f]+/)?(volume-8637b125-707d-4c52-9d47-4c4caeac1c38(.(tmp-snap-)?[0-9a-f-]+)?|volume_from_snapshot_cache/(tmp-snap-)?[0-9a-f-]+(.(child-|parent-)[0-9a-f-]+)?)$ {{(pid=81981) _qemu_img_info_base /opt/stack/cinder/cinder/volume/drivers/remotefs.py:886}}
Jan 09 09:50:35 devstack cinder-volume[81981]: DEBUG oslo_concurrency.processutils [None req-a8305663-0d93-47d1-b22e-eef8e9c739e9 tempest-SnapshotsActionsTest-300227817 None] Running cmd (subprocess): sudo cinder-rootwrap /etc/cinder/rootwrap.conf qemu-img create -f qcow2 -o backing_file=/opt/stack/data/cinder/mnt/4df1937e8492ad9c7ea4dbe2292324e8/volume-8637b125-707d-4c52-9d47-4c4caeac1c38.32c1b863-b8ef-42fb-99d6-ffb2c450fd50,backing_fmt=qcow2 /opt/stack/data/cinder/mnt/4df1937e8492ad9c7ea4dbe2292324e8/volume-8637b125-707d-4c52-9d47-4c4caeac1c38.11b9c008-2954-4ec5-879e-766e928b32e9 1G {{(pid=81981) execute /opt/stack/data/venv/lib/python3.10/site-packages/oslo_concurrency/processutils.py:349}}
Jan 09 09:50:36 devstack sudo[87873]: quobyte : PWD=/ ; USER=root ; COMMAND=/opt/stack/data/venv/bin/cinder-rootwrap /etc/cinder/rootwrap.conf qemu-img create -f qcow2 -o backing_file=/opt/stack/data/cinder/mnt/4df1937e8492ad9c7ea4dbe2292324e8/volume-8637b125-707d-4c52-9d47-4c4caeac1c38.32c1b863-b8ef-42fb-99d6-ffb2c450fd50,backing_fmt=qcow2 /opt/stack/data/cinder/mnt/4df1937e8492ad9c7ea4dbe2292324e8/volume-8637b125-707d-4c52-9d47-4c4caeac1c38.11b9c008-2954-4ec5-879e-766e928b32e9 1G
Jan 09 09:50:36 devstack sudo[87873]: pam_unix(sudo:session): session opened for user root(uid=0) by (uid=1000)
Jan 09 09:50:36 devstack sudo[87873]: pam_unix(sudo:session): session closed for user root
Jan 09 09:50:36 devstack cinder-volume[81981]: DEBUG oslo_concurrency.processutils [None req-a8305663-0d93-47d1-b22e-eef8e9c739e9 tempest-SnapshotsActionsTest-300227817 None] CMD "sudo cinder-rootwrap /etc/cinder/rootwrap.conf qemu-img create -f qcow2 -o backing_file=/opt/stack/data/cinder/mnt/4df1937e8492ad9c7ea4dbe2292324e8/volume-8637b125-707d-4c52-9d47-4c4caeac1c38.32c1b863-b8ef-42fb-99d6-ffb2c450fd50,backing_fmt=qcow2 /opt/stack/data/cinder/mnt/4df1937e8492ad9c7ea4dbe2292324e8/volume-8637b125-707d-4c52-9d47-4c4caeac1c38.11b9c008-2954-4ec5-879e-766e928b32e9 1G" returned: 0 in 0.721s {{(pid=81981) execute /opt/stack/data/venv/lib/python3.10/site-packages/oslo_concurrency/processutils.py:372}}
Jan 09 09:50:36 devstack cinder-volume[81981]: DEBUG oslo_concurrency.processutils [None req-a8305663-0d93-47d1-b22e-eef8e9c739e9 tempest-SnapshotsActionsTest-300227817 None] Running cmd (subprocess): sudo cinder-rootwrap /etc/cinder/rootwrap.conf qemu-img rebase -u -b volume-8637b125-707d-4c52-9d47-4c4caeac1c38.32c1b863-b8ef-42fb-99d6-ffb2c450fd50 -F qcow2 /opt/stack/data/cinder/mnt/4df1937e8492ad9c7ea4dbe2292324e8/volume-8637b125-707d-4c52-9d47-4c4caeac1c38.11b9c008-2954-4ec5-879e-766e928b32e9 {{(pid=81981) execute /opt/stack/data/venv/lib/python3.10/site-packages/oslo_concurrency/processutils.py:349}}
Jan 09 09:50:36 devstack sudo[87886]: quobyte : PWD=/ ; USER=root ; COMMAND=/opt/stack/data/venv/bin/cinder-rootwrap /etc/cinder/rootwrap.conf qemu-img rebase -u -b volume-8637b125-707d-4c52-9d47-4c4caeac1c38.32c1b863-b8ef-42fb-99d6-ffb2c450fd50 -F qcow2 /opt/stack/data/cinder/mnt/4df1937e8492ad9c7ea4dbe2292324e8/volume-8637b125-707d-4c52-9d47-4c4caeac1c38.11b9c008-2954-4ec5-879e-766e928b32e9
Jan 09 09:50:36 devstack sudo[87886]: pam_unix(sudo:session): session opened for user root(uid=0) by (uid=1000)
Jan 09 09:50:36 devstack cinder-volume[81981]: DEBUG oslo_concurrency.lockutils [req-d8e15d74-d229-4593-a7ce-5aa5dffbb9e5 req-558bce0f-5f5d-4c36-a4e6-ee96e0253d82 tempest-ServerActionsV293TestJSON-1203350617 None] Acquiring lock "quobyte" by "cinder.volume.drivers.quobyte.QuobyteDriver.initialize_connection" {{(pid=81981) inner /opt/stack/data/venv/lib/python3.10/site-packages/oslo_concurrency/lockutils.py:405}}
Jan 09 09:50:37 devstack sudo[87886]: pam_unix(sudo:session): session closed for user root
Jan 09 09:50:37 devstack cinder-volume[81981]: DEBUG oslo_concurrency.processutils [None req-a8305663-0d93-47d1-b22e-eef8e9c739e9 tempest-SnapshotsActionsTest-300227817 None] CMD "sudo cinder-rootwrap /etc/cinder/rootwrap.conf qemu-img rebase -u -b volume-8637b125-707d-4c52-9d47-4c4caeac1c38.32c1b863-b8ef-42fb-99d6-ffb2c450fd50 -F qcow2 /opt/stack/data/cinder/mnt/4df1937e8492ad9c7ea4dbe2292324e8/volume-8637b125-707d-4c52-9d47-4c4caeac1c38.11b9c008-2954-4ec5-879e-766e928b32e9" returned: 0 in 0.655s {{(pid=81981) execute /opt/stack/data/venv/lib/python3.10/site-packages/oslo_concurrency/processutils.py:372}}
Jan 09 09:50:37 devstack cinder-volume[81981]: WARNING cinder.volume.drivers.remotefs [None req-a8305663-0d93-47d1-b22e-eef8e9c739e9 tempest-SnapshotsActionsTest-300227817 None] /opt/stack/data/cinder/mnt/4df1937e8492ad9c7ea4dbe2292324e8/volume-8637b125-707d-4c52-9d47-4c4caeac1c38.11b9c008-2954-4ec5-879e-766e928b32e9 is being set with open permissions: ugo+rw
Jan 09 09:50:37 devstack cinder-volume[81981]: DEBUG oslo_concurrency.processutils [None req-a8305663-0d93-47d1-b22e-eef8e9c739e9 tempest-SnapshotsActionsTest-300227817 None] Running cmd (subprocess): sudo cinder-rootwrap /etc/cinder/rootwrap.conf chmod ugo+rw /opt/stack/data/cinder/mnt/4df1937e8492ad9c7ea4dbe2292324e8/volume-8637b125-707d-4c52-9d47-4c4caeac1c38.11b9c008-2954-4ec5-879e-766e928b32e9 {{(pid=81981) execute /opt/stack/data/venv/lib/python3.10/site-packages/oslo_concurrency/processutils.py:349}}
Jan 09 09:50:37 devstack sudo[87892]: quobyte : PWD=/ ; USER=root ; COMMAND=/opt/stack/data/venv/bin/cinder-rootwrap /etc/cinder/rootwrap.conf chmod ugo+rw /opt/stack/data/cinder/mnt/4df1937e8492ad9c7ea4dbe2292324e8/volume-8637b125-707d-4c52-9d47-4c4caeac1c38.11b9c008-2954-4ec5-879e-766e928b32e9
Jan 09 09:50:37 devstack sudo[87892]: pam_unix(sudo:session): session opened for user root(uid=0) by (uid=1000)
Jan 09 09:50:37 devstack sudo[87892]: pam_unix(sudo:session): session closed for user root
Jan 09 09:50:37 devstack cinder-volume[81981]: DEBUG oslo_concurrency.processutils [None req-a8305663-0d93-47d1-b22e-eef8e9c739e9 tempest-SnapshotsActionsTest-300227817 None] CMD "sudo cinder-rootwrap /etc/cinder/rootwrap.conf chmod ugo+rw /opt/stack/data/cinder/mnt/4df1937e8492ad9c7ea4dbe2292324e8/volume-8637b125-707d-4c52-9d47-4c4caeac1c38.11b9c008-2954-4ec5-879e-766e928b32e9" returned: 0 in 0.478s {{(pid=81981) execute /opt/stack/data/venv/lib/python3.10/site-packages/oslo_concurrency/processutils.py:372}}
Jan 09 09:50:37 devstack cinder-volume[81981]: DEBUG oslo_concurrency.lockutils [None req-a8305663-0d93-47d1-b22e-eef8e9c739e9 tempest-SnapshotsActionsTest-300227817 None] Lock "quobyte" "released" by "cinder.volume.drivers.quobyte.QuobyteDriver.create_snapshot" :: held 2.683s {{(pid=81981) inner /opt/stack/data/venv/lib/python3.10/site-packages/oslo_concurrency/lockutils.py:424}}
Jan 09 09:50:37 devstack cinder-volume[81981]: DEBUG oslo_concurrency.lockutils [req-d8e15d74-d229-4593-a7ce-5aa5dffbb9e5 req-558bce0f-5f5d-4c36-a4e6-ee96e0253d82 tempest-ServerActionsV293TestJSON-1203350617 None] Lock "quobyte" acquired by "cinder.volume.drivers.quobyte.QuobyteDriver.initialize_connection" :: waited 1.027s {{(pid=81981) inner /opt/stack/data/venv/lib/python3.10/site-packages/oslo_concurrency/lockutils.py:410}}
Jan 09 09:50:37 devstack cinder-volume[81981]: DEBUG oslo.privsep.daemon [-] privsep: reply[ed9b1508-8d91-4571-b3ec-30553e712a7d]: (4, 'raw') {{(pid=82826) _call_back /opt/stack/data/venv/lib/python3.10/site-packages/oslo_privsep/daemon.py:515}}
Jan 09 09:50:37 devstack cinder-volume[81981]: DEBUG oslo_concurrency.processutils [req-d8e15d74-d229-4593-a7ce-5aa5dffbb9e5 req-558bce0f-5f5d-4c36-a4e6-ee96e0253d82 tempest-ServerActionsV293TestJSON-1203350617 None] Running cmd (subprocess): /opt/stack/data/venv/bin/python3.10 -m oslo_concurrency.prlimit --as=1073741824 --cpu=60 -- sudo cinder-rootwrap /etc/cinder/rootwrap.conf env LC_ALL=C qemu-img info -f raw --output=json --force-share /opt/stack/data/cinder/mnt/4df1937e8492ad9c7ea4dbe2292324e8/volume-d85e806c-c3ed-49a5-829c-4b0e3d7ccb51 {{(pid=81981) execute /opt/stack/data/venv/lib/python3.10/site-packages/oslo_concurrency/processutils.py:349}}
Jan 09 09:50:37 devstack cinder-volume[81981]: INFO cinder.volume.manager [None req-a8305663-0d93-47d1-b22e-eef8e9c739e9 tempest-SnapshotsActionsTest-300227817 None] Create snapshot completed successfully
Jan 09 09:50:38 devstack sudo[87895]: quobyte : PWD=/ ; USER=root ; COMMAND=/opt/stack/data/venv/bin/cinder-rootwrap /etc/cinder/rootwrap.conf env LC_ALL=C qemu-img info -f raw --output=json --force-share /opt/stack/data/cinder/mnt/4df1937e8492ad9c7ea4dbe2292324e8/volume-d85e806c-c3ed-49a5-829c-4b0e3d7ccb51
Jan 09 09:50:38 devstack sudo[87895]: pam_unix(sudo:session): session opened for user root(uid=0) by (uid=1000)
Jan 09 09:50:38 devstack cinder-volume[81981]: DEBUG cinder.coordination [None req-ee96ee6e-c6f6-4cd3-a713-8cdf5c130119 tempest-SnapshotsActionsTest-64003403 None] Acquiring lock "cinder-11b9c008-2954-4ec5-879e-766e928b32e9-delete_snapshot" by "delete_snapshot" {{(pid=81981) __acquire /opt/stack/cinder/cinder/coordination.py:143}}
Jan 09 09:50:38 devstack cinder-volume[81981]: DEBUG cinder.coordination [None req-ee96ee6e-c6f6-4cd3-a713-8cdf5c130119 tempest-SnapshotsActionsTest-64003403 None] Lock "cinder-11b9c008-2954-4ec5-879e-766e928b32e9-delete_snapshot" acquired by "delete_snapshot" :: waited 0.010s {{(pid=81981) __acquire /opt/stack/cinder/cinder/coordination.py:146}}
Jan 09 09:50:38 devstack cinder-volume[81981]: WARNING cinder.volume.volume_utils [None req-ee96ee6e-c6f6-4cd3-a713-8cdf5c130119 tempest-SnapshotsActionsTest-64003403 None] Volume driver (QuobyteDriver 1.1.13) is currently unsupported and may be removed in the next release of OpenStack. Use at your own risk.
Jan 09 09:50:38 devstack cinder-volume[81981]: DEBUG cinder.coordination [None req-ee96ee6e-c6f6-4cd3-a713-8cdf5c130119 tempest-SnapshotsActionsTest-64003403 None] Acquiring lock "cinder-quobyte-8637b125-707d-4c52-9d47-4c4caeac1c38" by "delete_snapshot" {{(pid=81981) __acquire /opt/stack/cinder/cinder/coordination.py:143}}
Jan 09 09:50:38 devstack cinder-volume[81981]: DEBUG cinder.coordination [None req-ee96ee6e-c6f6-4cd3-a713-8cdf5c130119 tempest-SnapshotsActionsTest-64003403 None] Lock "cinder-quobyte-8637b125-707d-4c52-9d47-4c4caeac1c38" acquired by "delete_snapshot" :: waited 0.008s {{(pid=81981) __acquire /opt/stack/cinder/cinder/coordination.py:146}}
