Aug 17 18:30:41 devstack devstack@c-api.service[94323]: DEBUG cinder.api.middleware.request_id [req-8cb03f0d-91c0-4312-a4c9-f200cd00cf6e req-b9a2d730-d7b5-4b50-9ae6-a4b370b983fb None None] RequestId filter calling following filter/app {{(pid=94323) _context_setter /opt/stack/cinder/cinder/api/middleware/request_id.py:62}}
Aug 17 18:30:41 devstack devstack@c-api.service[94323]: INFO cinder.api.openstack.wsgi [req-8cb03f0d-91c0-4312-a4c9-f200cd00cf6e req-b9a2d730-d7b5-4b50-9ae6-a4b370b983fb tempest-AttachVolumeTestJSON-933758749 tempest-AttachVolumeTestJSON-933758749-project-member] GET http://192.168.122.179/volume/v3/volumes/23efa3e5-52db-4dc8-af59-efa33e0c2fe9
Aug 17 18:30:41 devstack devstack@c-api.service[94323]: DEBUG cinder.api.openstack.wsgi [req-8cb03f0d-91c0-4312-a4c9-f200cd00cf6e req-b9a2d730-d7b5-4b50-9ae6-a4b370b983fb tempest-AttachVolumeTestJSON-933758749 tempest-AttachVolumeTestJSON-933758749-project-member] Empty body provided in request {{(pid=94323) get_body /opt/stack/cinder/cinder/api/openstack/wsgi.py:725}}
Aug 17 18:30:41 devstack devstack@c-api.service[94323]: DEBUG cinder.api.openstack.wsgi [req-8cb03f0d-91c0-4312-a4c9-f200cd00cf6e req-b9a2d730-d7b5-4b50-9ae6-a4b370b983fb tempest-AttachVolumeTestJSON-933758749 tempest-AttachVolumeTestJSON-933758749-project-member] Calling method 'show' {{(pid=94323) _process_stack /opt/stack/cinder/cinder/api/openstack/wsgi.py:878}}
Aug 17 18:30:41 devstack devstack@c-api.service[94323]: DEBUG dbcounter [-] [94323] Writing DB stats cinder:SELECT=302,cinder:INSERT=43,cinder:UPDATE=64 {{(pid=94323) stat_writer /opt/stack/data/venv/lib/python3.12/site-packages/dbcounter.py:115}}
Aug 17 18:30:41 devstack devstack@c-api.service[94323]: /opt/stack/data/venv/lib/python3.12/site-packages/oslo_context/context.py:102: DeprecationWarning: Policy enforcement is depending on the value of is_admin. This key is deprecated. Please update your policy file to use the standard policy values.
Aug 17 18:30:41 devstack devstack@c-api.service[94323]: warnings.warn(
Aug 17 18:30:41 devstack devstack@c-api.service[94323]: INFO cinder.volume.api [req-8cb03f0d-91c0-4312-a4c9-f200cd00cf6e req-b9a2d730-d7b5-4b50-9ae6-a4b370b983fb tempest-AttachVolumeTestJSON-933758749 tempest-AttachVolumeTestJSON-933758749-project-member] Volume info retrieved successfully.
Aug 17 18:30:41 devstack devstack@c-api.service[94323]: INFO cinder.api.openstack.wsgi [req-8cb03f0d-91c0-4312-a4c9-f200cd00cf6e req-b9a2d730-d7b5-4b50-9ae6-a4b370b983fb tempest-AttachVolumeTestJSON-933758749 tempest-AttachVolumeTestJSON-933758749-project-member] http://192.168.122.179/volume/v3/volumes/23efa3e5-52db-4dc8-af59-efa33e0c2fe9 returned with HTTP 200
Aug 17 18:30:41 devstack devstack@c-api.service[94323]: [pid: 94323|app: 0|req: 106/198] 192.168.122.179 () {60 vars in 1487 bytes} [Mon Aug 17 18:30:41 2026] GET /volume/v3/volumes/23efa3e5-52db-4dc8-af59-efa33e0c2fe9 => generated 1145 bytes in 73 msecs (HTTP/1.1 200) 7 headers in 286 bytes (1 switches on core 0)
Aug 17 18:30:41 devstack devstack@c-api.service[94324]: DEBUG cinder.api.middleware.request_id [req-8cb03f0d-91c0-4312-a4c9-f200cd00cf6e req-9e05772a-3978-490c-a463-967709f5af67 None None] RequestId filter calling following filter/app {{(pid=94324) _context_setter /opt/stack/cinder/cinder/api/middleware/request_id.py:62}}
Aug 17 18:30:41 devstack devstack@c-api.service[94324]: INFO cinder.api.openstack.wsgi [req-8cb03f0d-91c0-4312-a4c9-f200cd00cf6e req-9e05772a-3978-490c-a463-967709f5af67 tempest-AttachVolumeTestJSON-933758749 tempest-AttachVolumeTestJSON-933758749-project-member] POST http://192.168.122.179/volume/v3/volumes/23efa3e5-52db-4dc8-af59-efa33e0c2fe9/action
Aug 17 18:30:41 devstack devstack@c-api.service[94324]: DEBUG cinder.api.openstack.wsgi [req-8cb03f0d-91c0-4312-a4c9-f200cd00cf6e req-9e05772a-3978-490c-a463-967709f5af67 tempest-AttachVolumeTestJSON-933758749 tempest-AttachVolumeTestJSON-933758749-project-member] Action body: b'{"os-begin_detaching": null}' {{(pid=94324) get_method /opt/stack/cinder/cinder/api/openstack/wsgi.py:993}}
Aug 17 18:30:41 devstack devstack@c-api.service[94324]: DEBUG cinder.api.openstack.wsgi [req-8cb03f0d-91c0-4312-a4c9-f200cd00cf6e req-9e05772a-3978-490c-a463-967709f5af67 tempest-AttachVolumeTestJSON-933758749 tempest-AttachVolumeTestJSON-933758749-project-member] Action: 'action', calling method: _begin_detaching, body: {"os-begin_detaching": null} {{(pid=94324) _process_stack /opt/stack/cinder/cinder/api/openstack/wsgi.py:876}}
Aug 17 18:30:41 devstack devstack@c-api.service[94324]: /opt/stack/data/venv/lib/python3.12/site-packages/oslo_context/context.py:102: DeprecationWarning: Policy enforcement is depending on the value of is_admin. This key is deprecated. Please update your policy file to use the standard policy values.
Aug 17 18:30:41 devstack devstack@c-api.service[94324]: warnings.warn(
Aug 17 18:30:41 devstack devstack@c-api.service[94324]: INFO cinder.volume.api [req-8cb03f0d-91c0-4312-a4c9-f200cd00cf6e req-9e05772a-3978-490c-a463-967709f5af67 tempest-AttachVolumeTestJSON-933758749 tempest-AttachVolumeTestJSON-933758749-project-member] Volume info retrieved successfully.
Aug 17 18:30:41 devstack devstack@c-api.service[94324]: INFO cinder.volume.api [req-8cb03f0d-91c0-4312-a4c9-f200cd00cf6e req-9e05772a-3978-490c-a463-967709f5af67 tempest-AttachVolumeTestJSON-933758749 tempest-AttachVolumeTestJSON-933758749-project-member] Begin detaching volume completed successfully.
Aug 17 18:30:41 devstack devstack@c-api.service[94324]: INFO cinder.api.openstack.wsgi [req-8cb03f0d-91c0-4312-a4c9-f200cd00cf6e req-9e05772a-3978-490c-a463-967709f5af67 tempest-AttachVolumeTestJSON-933758749 tempest-AttachVolumeTestJSON-933758749-project-member] http://192.168.122.179/volume/v3/volumes/23efa3e5-52db-4dc8-af59-efa33e0c2fe9/action returned with HTTP 202
Aug 17 18:30:41 devstack devstack@c-api.service[94324]: [pid: 94324|app: 0|req: 93/199] 192.168.122.179 () {64 vars in 1561 bytes} [Mon Aug 17 18:30:41 2026] POST /volume/v3/volumes/23efa3e5-52db-4dc8-af59-efa33e0c2fe9/action => generated 0 bytes in 54 msecs (HTTP/1.1 202) 7 headers in 289 bytes (2 switches on core 0)
Aug 17 18:30:41 devstack devstack@c-api.service[94323]: DEBUG cinder.api.middleware.request_id [None req-1a16838e-d725-4f67-8794-baba416b5eec None None] RequestId filter calling following filter/app {{(pid=94323) _context_setter /opt/stack/cinder/cinder/api/middleware/request_id.py:62}}
Aug 17 18:30:41 devstack devstack@c-api.service[94323]: INFO cinder.api.openstack.wsgi [None req-1a16838e-d725-4f67-8794-baba416b5eec tempest-AttachVolumeTestJSON-933758749 tempest-AttachVolumeTestJSON-933758749-project-member] GET http://192.168.122.179/volume/v3/volumes/23efa3e5-52db-4dc8-af59-efa33e0c2fe9
Aug 17 18:30:41 devstack devstack@c-api.service[94323]: DEBUG cinder.api.openstack.wsgi [None req-1a16838e-d725-4f67-8794-baba416b5eec tempest-AttachVolumeTestJSON-933758749 tempest-AttachVolumeTestJSON-933758749-project-member] Empty body provided in request {{(pid=94323) get_body /opt/stack/cinder/cinder/api/openstack/wsgi.py:725}}
Aug 17 18:30:41 devstack devstack@c-api.service[94323]: DEBUG cinder.api.openstack.wsgi [None req-1a16838e-d725-4f67-8794-baba416b5eec tempest-AttachVolumeTestJSON-933758749 tempest-AttachVolumeTestJSON-933758749-project-member] Calling method 'show' {{(pid=94323) _process_stack /opt/stack/cinder/cinder/api/openstack/wsgi.py:878}}
Aug 17 18:30:42 devstack devstack@c-api.service[94323]: /opt/stack/data/venv/lib/python3.12/site-packages/oslo_context/context.py:102: DeprecationWarning: Policy enforcement is depending on the value of is_admin. This key is deprecated. Please update your policy file to use the standard policy values.
Aug 17 18:30:42 devstack devstack@c-api.service[94323]: warnings.warn(
Aug 17 18:30:42 devstack devstack@c-api.service[94323]: INFO cinder.volume.api [None req-1a16838e-d725-4f67-8794-baba416b5eec tempest-AttachVolumeTestJSON-933758749 tempest-AttachVolumeTestJSON-933758749-project-member] Volume info retrieved successfully.
Aug 17 18:30:42 devstack devstack@c-api.service[94323]: INFO cinder.api.openstack.wsgi [None req-1a16838e-d725-4f67-8794-baba416b5eec tempest-AttachVolumeTestJSON-933758749 tempest-AttachVolumeTestJSON-933758749-project-member] http://192.168.122.179/volume/v3/volumes/23efa3e5-52db-4dc8-af59-efa33e0c2fe9 returned with HTTP 200
Aug 17 18:30:42 devstack devstack@c-api.service[94323]: [pid: 94323|app: 0|req: 107/200] 192.168.122.179 () {58 vars in 1232 bytes} [Mon Aug 17 18:30:41 2026] GET /volume/v3/volumes/23efa3e5-52db-4dc8-af59-efa33e0c2fe9 => generated 1148 bytes in 85 msecs (HTTP/1.1 200) 7 headers in 286 bytes (1 switches on core 0)
Aug 17 18:30:42 devstack devstack@c-api.service[94324]: DEBUG cinder.api.middleware.request_id [None req-3accb7dd-cb83-41e0-8a98-e8d697f96c5b None None] RequestId filter calling following filter/app {{(pid=94324) _context_setter /opt/stack/cinder/cinder/api/middleware/request_id.py:62}}
Aug 17 18:30:42 devstack devstack@c-api.service[94324]: INFO cinder.api.openstack.wsgi [None req-3accb7dd-cb83-41e0-8a98-e8d697f96c5b None None] GET http://192.168.122.179/volume//
Aug 17 18:30:42 devstack devstack@c-api.service[94324]: DEBUG cinder.api.openstack.wsgi [None req-3accb7dd-cb83-41e0-8a98-e8d697f96c5b None None] Empty body provided in request {{(pid=94324) get_body /opt/stack/cinder/cinder/api/openstack/wsgi.py:725}}
Aug 17 18:30:42 devstack devstack@c-api.service[94324]: DEBUG cinder.api.openstack.wsgi [None req-3accb7dd-cb83-41e0-8a98-e8d697f96c5b None None] Calling method 'all' {{(pid=94324) _process_stack /opt/stack/cinder/cinder/api/openstack/wsgi.py:878}}
Aug 17 18:30:42 devstack devstack@c-api.service[94324]: INFO cinder.api.openstack.wsgi [None req-3accb7dd-cb83-41e0-8a98-e8d697f96c5b None None] http://192.168.122.179/volume// returned with HTTP 300
Aug 17 18:30:42 devstack devstack@c-api.service[94324]: [pid: 94324|app: 0|req: 94/201] 192.168.122.179 () {58 vars in 1315 bytes} [Mon Aug 17 18:30:42 2026] GET /volume/ => generated 390 bytes in 8 msecs (HTTP/1.1 300) 7 headers in 299 bytes (1 switches on core 0)
Aug 17 18:30:42 devstack devstack@c-api.service[94323]: DEBUG cinder.api.middleware.request_id [req-8cb03f0d-91c0-4312-a4c9-f200cd00cf6e req-d28db506-0a7c-4062-9101-d32a60e36588 None None] RequestId filter calling following filter/app {{(pid=94323) _context_setter /opt/stack/cinder/cinder/api/middleware/request_id.py:62}}
Aug 17 18:30:42 devstack devstack@c-api.service[94323]: INFO cinder.api.openstack.wsgi [req-8cb03f0d-91c0-4312-a4c9-f200cd00cf6e req-d28db506-0a7c-4062-9101-d32a60e36588 tempest-AttachVolumeTestJSON-933758749 tempest-AttachVolumeTestJSON-933758749-project-member] GET http://192.168.122.179/volume/v3/volumes/23efa3e5-52db-4dc8-af59-efa33e0c2fe9
Aug 17 18:30:42 devstack devstack@c-api.service[94323]: DEBUG cinder.api.openstack.wsgi [req-8cb03f0d-91c0-4312-a4c9-f200cd00cf6e req-d28db506-0a7c-4062-9101-d32a60e36588 tempest-AttachVolumeTestJSON-933758749 tempest-AttachVolumeTestJSON-933758749-project-member] Empty body provided in request {{(pid=94323) get_body /opt/stack/cinder/cinder/api/openstack/wsgi.py:725}}
Aug 17 18:30:42 devstack devstack@c-api.service[94323]: DEBUG cinder.api.openstack.wsgi [req-8cb03f0d-91c0-4312-a4c9-f200cd00cf6e req-d28db506-0a7c-4062-9101-d32a60e36588 tempest-AttachVolumeTestJSON-933758749 tempest-AttachVolumeTestJSON-933758749-project-member] Calling method 'show' {{(pid=94323) _process_stack /opt/stack/cinder/cinder/api/openstack/wsgi.py:878}}
Aug 17 18:30:42 devstack devstack@c-api.service[94323]: /opt/stack/data/venv/lib/python3.12/site-packages/oslo_context/context.py:102: DeprecationWarning: Policy enforcement is depending on the value of is_admin. This key is deprecated. Please update your policy file to use the standard policy values.
Aug 17 18:30:42 devstack devstack@c-api.service[94323]: warnings.warn(
Aug 17 18:30:42 devstack devstack@c-api.service[94323]: INFO cinder.volume.api [req-8cb03f0d-91c0-4312-a4c9-f200cd00cf6e req-d28db506-0a7c-4062-9101-d32a60e36588 tempest-AttachVolumeTestJSON-933758749 tempest-AttachVolumeTestJSON-933758749-project-member] Volume info retrieved successfully.
Aug 17 18:30:42 devstack devstack@c-api.service[94323]: INFO cinder.api.openstack.wsgi [req-8cb03f0d-91c0-4312-a4c9-f200cd00cf6e req-d28db506-0a7c-4062-9101-d32a60e36588 tempest-AttachVolumeTestJSON-933758749 tempest-AttachVolumeTestJSON-933758749-project-member] http://192.168.122.179/volume/v3/volumes/23efa3e5-52db-4dc8-af59-efa33e0c2fe9 returned with HTTP 200
Aug 17 18:30:42 devstack devstack@c-api.service[94323]: [pid: 94323|app: 0|req: 108/202] 192.168.122.179 () {62 vars in 1528 bytes} [Mon Aug 17 18:30:42 2026] GET /volume/v3/volumes/23efa3e5-52db-4dc8-af59-efa33e0c2fe9 => generated 1329 bytes in 62 msecs (HTTP/1.1 200) 7 headers in 287 bytes (1 switches on core 0)
Aug 17 18:30:42 devstack devstack@c-api.service[94324]: DEBUG cinder.api.middleware.request_id [None req-38cb6651-8617-4703-810d-a6df9c935c5a None None] RequestId filter calling following filter/app {{(pid=94324) _context_setter /opt/stack/cinder/cinder/api/middleware/request_id.py:62}}
Aug 17 18:30:42 devstack devstack@c-api.service[94324]: INFO cinder.api.openstack.wsgi [None req-38cb6651-8617-4703-810d-a6df9c935c5a tempest-GroupsV314Test-1239333699 tempest-GroupsV314Test-1239333699-project-member] GET http://192.168.122.179/volume/v3/volumes/406a52ea-0415-473b-9999-0cd791a20e5a
Aug 17 18:30:42 devstack devstack@c-api.service[94324]: DEBUG cinder.api.openstack.wsgi [None req-38cb6651-8617-4703-810d-a6df9c935c5a tempest-GroupsV314Test-1239333699 tempest-GroupsV314Test-1239333699-project-member] Empty body provided in request {{(pid=94324) get_body /opt/stack/cinder/cinder/api/openstack/wsgi.py:725}}
Aug 17 18:30:42 devstack devstack@c-api.service[94324]: DEBUG cinder.api.openstack.wsgi [None req-38cb6651-8617-4703-810d-a6df9c935c5a tempest-GroupsV314Test-1239333699 tempest-GroupsV314Test-1239333699-project-member] Calling method 'show' {{(pid=94324) _process_stack /opt/stack/cinder/cinder/api/openstack/wsgi.py:878}}
Aug 17 18:30:42 devstack devstack@c-api.service[94324]: /opt/stack/data/venv/lib/python3.12/site-packages/oslo_context/context.py:102: DeprecationWarning: Policy enforcement is depending on the value of is_admin. This key is deprecated. Please update your policy file to use the standard policy values.
Aug 17 18:30:42 devstack devstack@c-api.service[94324]: warnings.warn(
Aug 17 18:30:42 devstack devstack@c-api.service[94324]: INFO cinder.volume.api [None req-38cb6651-8617-4703-810d-a6df9c935c5a tempest-GroupsV314Test-1239333699 tempest-GroupsV314Test-1239333699-project-member] Volume info retrieved successfully.
Aug 17 18:30:42 devstack devstack@c-api.service[94324]: WARNING stevedore.named [None req-38cb6651-8617-4703-810d-a6df9c935c5a tempest-GroupsV314Test-1239333699 tempest-GroupsV314Test-1239333699-project-member] Could not load cinder.keymgr.conf_key_mgr.ConfKeyManager
Aug 17 18:30:42 devstack devstack@c-api.service[94324]: WARNING castellan.key_manager [None req-38cb6651-8617-4703-810d-a6df9c935c5a tempest-GroupsV314Test-1239333699 tempest-GroupsV314Test-1239333699-project-member] Deprecation Warning : cinder.keymgr.conf_key_mgr.ConfKeyManager is not a stevedore based driver, trying to load it as a class: stevedore.exception.NoMatches: No 'castellan.drivers' driver found, looking for 'cinder.keymgr.conf_key_mgr.ConfKeyManager'
Aug 17 18:30:42 devstack devstack@c-api.service[94323]: DEBUG cinder.api.middleware.request_id [req-8cb03f0d-91c0-4312-a4c9-f200cd00cf6e req-61fb78ed-79d9-4cda-b4e3-99989155503c None None] RequestId filter calling following filter/app {{(pid=94323) _context_setter /opt/stack/cinder/cinder/api/middleware/request_id.py:62}}
Aug 17 18:30:42 devstack devstack@c-api.service[94323]: INFO cinder.api.openstack.wsgi [req-8cb03f0d-91c0-4312-a4c9-f200cd00cf6e req-61fb78ed-79d9-4cda-b4e3-99989155503c tempest-AttachVolumeTestJSON-933758749 tempest-AttachVolumeTestJSON-933758749-project-member] DELETE http://192.168.122.179/volume/v3/attachments/873cd2b4-2194-4d0e-a5d2-72c6afb19c86
Aug 17 18:30:42 devstack devstack@c-api.service[94323]: DEBUG cinder.api.openstack.wsgi [req-8cb03f0d-91c0-4312-a4c9-f200cd00cf6e req-61fb78ed-79d9-4cda-b4e3-99989155503c tempest-AttachVolumeTestJSON-933758749 tempest-AttachVolumeTestJSON-933758749-project-member] Empty body provided in request {{(pid=94323) get_body /opt/stack/cinder/cinder/api/openstack/wsgi.py:725}}
Aug 17 18:30:42 devstack devstack@c-api.service[94323]: DEBUG cinder.api.openstack.wsgi [req-8cb03f0d-91c0-4312-a4c9-f200cd00cf6e req-61fb78ed-79d9-4cda-b4e3-99989155503c tempest-AttachVolumeTestJSON-933758749 tempest-AttachVolumeTestJSON-933758749-project-member] Calling method 'version_select' {{(pid=94323) _process_stack /opt/stack/cinder/cinder/api/openstack/wsgi.py:878}}
Aug 17 18:30:42 devstack devstack@c-api.service[94324]: DEBUG oslo_db.sqlalchemy.engines [None req-38cb6651-8617-4703-810d-a6df9c935c5a tempest-GroupsV314Test-1239333699 tempest-GroupsV314Test-1239333699-project-member] MySQL server mode set to STRICT_TRANS_TABLES,STRICT_ALL_TABLES,NO_ZERO_IN_DATE,NO_ZERO_DATE,ERROR_FOR_DIVISION_BY_ZERO,TRADITIONAL,NO_ENGINE_SUBSTITUTION {{(pid=94324) _check_effective_sql_mode /opt/stack/data/venv/lib/python3.12/site-packages/oslo_db/sqlalchemy/engines.py:325}}
Aug 17 18:30:42 devstack devstack@c-api.service[94324]: DEBUG dbcounter [-] [94324] Writing DB stats cinder:SELECT=282,cinder:UPDATE=64,cinder:INSERT=45 {{(pid=94324) stat_writer /opt/stack/data/venv/lib/python3.12/site-packages/dbcounter.py:115}}
Aug 17 18:30:42 devstack devstack@c-api.service[94324]: /opt/stack/data/venv/lib/python3.12/site-packages/oslo_context/context.py:102: DeprecationWarning: Policy enforcement is depending on the value of is_admin. This key is deprecated. Please update your policy file to use the standard policy values.
Aug 17 18:30:42 devstack devstack@c-api.service[94324]: warnings.warn(
Aug 17 18:30:42 devstack devstack@c-api.service[94323]: /opt/stack/data/venv/lib/python3.12/site-packages/oslo_context/context.py:102: DeprecationWarning: Policy enforcement is depending on the value of is_admin. This key is deprecated. Please update your policy file to use the standard policy values.
Aug 17 18:30:42 devstack devstack@c-api.service[94323]: warnings.warn(
Aug 17 18:30:42 devstack devstack@c-api.service[94324]: INFO cinder.api.openstack.wsgi [None req-38cb6651-8617-4703-810d-a6df9c935c5a tempest-GroupsV314Test-1239333699 tempest-GroupsV314Test-1239333699-project-member] http://192.168.122.179/volume/v3/volumes/406a52ea-0415-473b-9999-0cd791a20e5a returned with HTTP 200
Aug 17 18:30:42 devstack devstack@c-api.service[94324]: [pid: 94324|app: 0|req: 95/203] 192.168.122.179 () {60 vars in 1273 bytes} [Mon Aug 17 18:30:42 2026] GET /volume/v3/volumes/406a52ea-0415-473b-9999-0cd791a20e5a => generated 919 bytes in 178 msecs (HTTP/1.1 200) 7 headers in 286 bytes (1 switches on core 0)
Aug 17 18:30:42 devstack devstack@c-api.service[94324]: DEBUG cinder.api.middleware.request_id [None req-1a6d53a1-0021-4224-9feb-84caca7cfe84 None None] RequestId filter calling following filter/app {{(pid=94324) _context_setter /opt/stack/cinder/cinder/api/middleware/request_id.py:62}}
Aug 17 18:30:42 devstack devstack@c-api.service[94324]: INFO cinder.api.openstack.wsgi [None req-1a6d53a1-0021-4224-9feb-84caca7cfe84 tempest-GroupsV314Test-1239333699 tempest-GroupsV314Test-1239333699-project-member] POST http://192.168.122.179/volume/v3/groups/action
Aug 17 18:30:42 devstack devstack@c-api.service[94324]: DEBUG cinder.api.openstack.wsgi [None req-1a6d53a1-0021-4224-9feb-84caca7cfe84 tempest-GroupsV314Test-1239333699 tempest-GroupsV314Test-1239333699-project-member] Action body: b'{"create-from-src": {"source_group_id": "58412e98-4440-4b65-a099-cfea975d4b13", "name": "tempest-Group_from_grp-2020448882"}}' {{(pid=94324) get_method /opt/stack/cinder/cinder/api/openstack/wsgi.py:993}}
Aug 17 18:30:42 devstack devstack@c-api.service[94324]: DEBUG cinder.api.openstack.wsgi [None req-1a6d53a1-0021-4224-9feb-84caca7cfe84 tempest-GroupsV314Test-1239333699 tempest-GroupsV314Test-1239333699-project-member] Action: 'action', calling method: version_select, body: {"create-from-src": {"source_group_id": "58412e98-4440-4b65-a099-cfea975d4b13", "name": "tempest-Group_from_grp-2020448882"}} {{(pid=94324) _process_stack /opt/stack/cinder/cinder/api/openstack/wsgi.py:876}}
Aug 17 18:30:42 devstack devstack@c-api.service[94324]: DEBUG cinder.api.v3.groups [None req-1a6d53a1-0021-4224-9feb-84caca7cfe84 tempest-GroupsV314Test-1239333699 tempest-GroupsV314Test-1239333699-project-member] Creating new group {'create-from-src': {'source_group_id': '58412e98-4440-4b65-a099-cfea975d4b13', 'name': 'tempest-Group_from_grp-2020448882'}}. {{(pid=94324) create_from_src /opt/stack/cinder/cinder/api/v3/groups.py:236}}
Aug 17 18:30:42 devstack devstack@c-api.service[94324]: INFO cinder.api.v3.groups [None req-1a6d53a1-0021-4224-9feb-84caca7cfe84 tempest-GroupsV314Test-1239333699 tempest-GroupsV314Test-1239333699-project-member] Creating group tempest-Group_from_grp-2020448882 from source group 58412e98-4440-4b65-a099-cfea975d4b13.
Aug 17 18:30:42 devstack devstack@c-api.service[94324]: /opt/stack/data/venv/lib/python3.12/site-packages/oslo_context/context.py:102: DeprecationWarning: Policy enforcement is depending on the value of is_admin. This key is deprecated. Please update your policy file to use the standard policy values.
Aug 17 18:30:42 devstack devstack@c-api.service[94324]: warnings.warn(
Aug 17 18:30:43 devstack devstack@c-api.service[94324]: /opt/stack/data/venv/lib/python3.12/site-packages/oslo_context/context.py:102: DeprecationWarning: Policy enforcement is depending on the value of is_admin. This key is deprecated. Please update your policy file to use the standard policy values.
Aug 17 18:30:43 devstack devstack@c-api.service[94324]: warnings.warn(
Aug 17 18:30:43 devstack devstack@c-api.service[94323]: INFO cinder.api.openstack.wsgi [req-8cb03f0d-91c0-4312-a4c9-f200cd00cf6e req-61fb78ed-79d9-4cda-b4e3-99989155503c tempest-AttachVolumeTestJSON-933758749 tempest-AttachVolumeTestJSON-933758749-project-member] http://192.168.122.179/volume/v3/attachments/873cd2b4-2194-4d0e-a5d2-72c6afb19c86 returned with HTTP 200
Aug 17 18:30:43 devstack devstack@c-api.service[94323]: [pid: 94323|app: 0|req: 109/204] 192.168.122.179 () {64 vars in 1562 bytes} [Mon Aug 17 18:30:42 2026] DELETE /volume/v3/attachments/873cd2b4-2194-4d0e-a5d2-72c6afb19c86 => generated 19 bytes in 171 msecs (HTTP/1.1 200) 7 headers in 285 bytes (1 switches on core 0)
Aug 17 18:30:43 devstack devstack@c-api.service[94323]: DEBUG cinder.api.middleware.request_id [None req-0b931bed-4b61-4a70-92d7-c1abf13a1a11 None None] RequestId filter calling following filter/app {{(pid=94323) _context_setter /opt/stack/cinder/cinder/api/middleware/request_id.py:62}}
Aug 17 18:30:43 devstack devstack@c-api.service[94323]: INFO cinder.api.openstack.wsgi [None req-0b931bed-4b61-4a70-92d7-c1abf13a1a11 tempest-AttachVolumeTestJSON-933758749 tempest-AttachVolumeTestJSON-933758749-project-member] GET http://192.168.122.179/volume/v3/volumes/23efa3e5-52db-4dc8-af59-efa33e0c2fe9
Aug 17 18:30:43 devstack devstack@c-api.service[94323]: DEBUG cinder.api.openstack.wsgi [None req-0b931bed-4b61-4a70-92d7-c1abf13a1a11 tempest-AttachVolumeTestJSON-933758749 tempest-AttachVolumeTestJSON-933758749-project-member] Empty body provided in request {{(pid=94323) get_body /opt/stack/cinder/cinder/api/openstack/wsgi.py:725}}
Aug 17 18:30:43 devstack devstack@c-api.service[94323]: DEBUG cinder.api.openstack.wsgi [None req-0b931bed-4b61-4a70-92d7-c1abf13a1a11 tempest-AttachVolumeTestJSON-933758749 tempest-AttachVolumeTestJSON-933758749-project-member] Calling method 'show' {{(pid=94323) _process_stack /opt/stack/cinder/cinder/api/openstack/wsgi.py:878}}
Aug 17 18:30:43 devstack devstack@c-api.service[94323]: /opt/stack/data/venv/lib/python3.12/site-packages/oslo_context/context.py:102: DeprecationWarning: Policy enforcement is depending on the value of is_admin. This key is deprecated. Please update your policy file to use the standard policy values.
Aug 17 18:30:43 devstack devstack@c-api.service[94323]: warnings.warn(
Aug 17 18:30:43 devstack devstack@c-api.service[94323]: INFO cinder.volume.api [None req-0b931bed-4b61-4a70-92d7-c1abf13a1a11 tempest-AttachVolumeTestJSON-933758749 tempest-AttachVolumeTestJSON-933758749-project-member] Volume info retrieved successfully.
Aug 17 18:30:43 devstack devstack@c-api.service[94324]: DEBUG cinder.quota [None req-1a6d53a1-0021-4224-9feb-84caca7cfe84 tempest-GroupsV314Test-1239333699 tempest-GroupsV314Test-1239333699-project-member] Created reservations ['a62d3eb1-dcc1-4896-8b26-cf6ff80f7562'] {{(pid=94324) reserve /opt/stack/cinder/cinder/quota.py:752}}
Aug 17 18:30:43 devstack devstack@c-api.service[94323]: INFO cinder.api.openstack.wsgi [None req-0b931bed-4b61-4a70-92d7-c1abf13a1a11 tempest-AttachVolumeTestJSON-933758749 tempest-AttachVolumeTestJSON-933758749-project-member] http://192.168.122.179/volume/v3/volumes/23efa3e5-52db-4dc8-af59-efa33e0c2fe9 returned with HTTP 200
Aug 17 18:30:43 devstack devstack@c-api.service[94323]: [pid: 94323|app: 0|req: 110/205] 192.168.122.179 () {58 vars in 1232 bytes} [Mon Aug 17 18:30:43 2026] GET /volume/v3/volumes/23efa3e5-52db-4dc8-af59-efa33e0c2fe9 => generated 853 bytes in 62 msecs (HTTP/1.1 200) 7 headers in 285 bytes (1 switches on core 0)
Aug 17 18:30:43 devstack devstack@c-api.service[94324]: INFO cinder.group.api [None req-1a6d53a1-0021-4224-9feb-84caca7cfe84 tempest-GroupsV314Test-1239333699 tempest-GroupsV314Test-1239333699-project-member] A mapping entry already exists for group 60721e01-ea98-4dd3-9c37-c0828ceb8801 and volume type 5581d2f8-0a2c-4b06-a92f-8fb07088f9c8. Do not need to create again.
Aug 17 18:30:43 devstack devstack@c-api.service[94324]: /opt/stack/data/venv/lib/python3.12/site-packages/oslo_context/context.py:102: DeprecationWarning: Policy enforcement is depending on the value of is_admin. This key is deprecated. Please update your policy file to use the standard policy values.
Aug 17 18:30:43 devstack devstack@c-api.service[94324]: warnings.warn(
Aug 17 18:30:43 devstack devstack@c-api.service[94324]: INFO cinder.volume.api [None req-1a6d53a1-0021-4224-9feb-84caca7cfe84 tempest-GroupsV314Test-1239333699 tempest-GroupsV314Test-1239333699-project-member] Availability Zones retrieved successfully.
Aug 17 18:30:43 devstack devstack@c-api.service[94324]: DEBUG cinder.volume.api [None req-1a6d53a1-0021-4224-9feb-84caca7cfe84 tempest-GroupsV314Test-1239333699 tempest-GroupsV314Test-1239333699-project-member] Flow 'volume_create_api' (4c4728fc-0a61-415f-9f75-ad758e4911e6) transitioned into state 'RUNNING' from state 'PENDING' {{(pid=94324) _flow_receiver /opt/stack/data/venv/lib/python3.12/site-packages/taskflow/listeners/logging.py:160}}
Aug 17 18:30:43 devstack devstack@c-api.service[94324]: DEBUG cinder.volume.api [None req-1a6d53a1-0021-4224-9feb-84caca7cfe84 tempest-GroupsV314Test-1239333699 tempest-GroupsV314Test-1239333699-project-member] Task 'cinder.volume.flows.api.create_volume.ExtractVolumeRequestTask;volume:create' (1a016be7-62ab-4675-a5fb-456d3a0e9894) transitioned into state 'RUNNING' from state 'PENDING' {{(pid=94324) _task_receiver /opt/stack/data/venv/lib/python3.12/site-packages/taskflow/listeners/logging.py:242}}
Aug 17 18:30:43 devstack devstack@c-api.service[94324]: DEBUG cinder.volume.flows.api.create_volume [None req-1a6d53a1-0021-4224-9feb-84caca7cfe84 tempest-GroupsV314Test-1239333699 tempest-GroupsV314Test-1239333699-project-member] Validating volume size '1' using validate_int, validate_source_size {{(pid=94324) _extract_size /opt/stack/cinder/cinder/volume/flows/api/create_volume.py:226}}
Aug 17 18:30:43 devstack devstack@c-api.service[94324]: DEBUG cinder.volume.api [None req-1a6d53a1-0021-4224-9feb-84caca7cfe84 tempest-GroupsV314Test-1239333699 tempest-GroupsV314Test-1239333699-project-member] Task 'cinder.volume.flows.api.create_volume.ExtractVolumeRequestTask;volume:create' (1a016be7-62ab-4675-a5fb-456d3a0e9894) transitioned into state 'SUCCESS' from state 'RUNNING' with result '{'size': 1, 'snapshot_id': None, 'source_volid': '406a52ea-0415-473b-9999-0cd791a20e5a', 'volume_type': VolumeType(created_at=2026-08-17T16:30:39Z,deleted=False,deleted_at=None,description=None,extra_specs={},id=5581d2f8-0a2c-4b06-a92f-8fb07088f9c8,is_public=True,name='tempest-GroupsV314Test-volume-type-593788346',projects=[],qos_specs=,qos_specs_id=None,updated_at=None), 'volume_type_id': '5581d2f8-0a2c-4b06-a92f-8fb07088f9c8', 'encryption_key_id': None, 'qos_specs': None, 'consistencygroup_id': None, 'cgsnapshot_id': None, 'group_id': '60721e01-ea98-4dd3-9c37-c0828ceb8801', 'replication_status': 'disabled', 'refresh_az': False, 'backup_id': None, 'multiattach': False, 'availability_zones': ['nova']}' {{(pid=94324) _task_receiver /opt/stack/data/venv/lib/python3.12/site-packages/taskflow/listeners/logging.py:218}}
Aug 17 18:30:43 devstack devstack@c-api.service[94324]: DEBUG cinder.volume.api [None req-1a6d53a1-0021-4224-9feb-84caca7cfe84 tempest-GroupsV314Test-1239333699 tempest-GroupsV314Test-1239333699-project-member] Task 'cinder.volume.flows.api.create_volume.QuotaReserveTask;volume:create' (28163fd7-0874-4904-8e89-df7c439ed5bd) transitioned into state 'RUNNING' from state 'PENDING' {{(pid=94324) _task_receiver /opt/stack/data/venv/lib/python3.12/site-packages/taskflow/listeners/logging.py:242}}
Aug 17 18:30:43 devstack devstack@c-api.service[94323]: DEBUG cinder.api.middleware.request_id [None req-3fc3a128-0aa4-4932-ae08-354825b7253f None None] RequestId filter calling following filter/app {{(pid=94323) _context_setter /opt/stack/cinder/cinder/api/middleware/request_id.py:62}}
Aug 17 18:30:43 devstack devstack@c-api.service[94323]: INFO cinder.api.openstack.wsgi [None req-3fc3a128-0aa4-4932-ae08-354825b7253f tempest-AttachVolumeShelveTestJSON-2039894280 tempest-AttachVolumeShelveTestJSON-2039894280-project-member] GET http://192.168.122.179/volume/v3/volumes/a4c2754d-60ce-4a03-8609-8c623ee637f6
Aug 17 18:30:43 devstack devstack@c-api.service[94323]: DEBUG cinder.api.openstack.wsgi [None req-3fc3a128-0aa4-4932-ae08-354825b7253f tempest-AttachVolumeShelveTestJSON-2039894280 tempest-AttachVolumeShelveTestJSON-2039894280-project-member] Empty body provided in request {{(pid=94323) get_body /opt/stack/cinder/cinder/api/openstack/wsgi.py:725}}
Aug 17 18:30:43 devstack devstack@c-api.service[94323]: DEBUG cinder.api.openstack.wsgi [None req-3fc3a128-0aa4-4932-ae08-354825b7253f tempest-AttachVolumeShelveTestJSON-2039894280 tempest-AttachVolumeShelveTestJSON-2039894280-project-member] Calling method 'show' {{(pid=94323) _process_stack /opt/stack/cinder/cinder/api/openstack/wsgi.py:878}}
Aug 17 18:30:43 devstack devstack@c-api.service[94323]: /opt/stack/data/venv/lib/python3.12/site-packages/oslo_context/context.py:102: DeprecationWarning: Policy enforcement is depending on the value of is_admin. This key is deprecated. Please update your policy file to use the standard policy values.
Aug 17 18:30:43 devstack devstack@c-api.service[94323]: warnings.warn(
Aug 17 18:30:43 devstack devstack@c-api.service[94323]: INFO cinder.volume.api [None req-3fc3a128-0aa4-4932-ae08-354825b7253f tempest-AttachVolumeShelveTestJSON-2039894280 tempest-AttachVolumeShelveTestJSON-2039894280-project-member] Volume info retrieved successfully.
Aug 17 18:30:43 devstack devstack@c-api.service[94324]: WARNING cinder.quota [None req-1a6d53a1-0021-4224-9feb-84caca7cfe84 tempest-GroupsV314Test-1239333699 tempest-GroupsV314Test-1239333699-project-member] Deprecated: Default quota for resource: volumes_tempest-GroupsV314Test-volume-type-593788346 is set by the default quota flag: quota_volumes_tempest-GroupsV314Test-volume-type-593788346, it is now deprecated. Please use the default quota class for default quota.
Aug 17 18:30:43 devstack devstack@c-api.service[94324]: WARNING cinder.quota [None req-1a6d53a1-0021-4224-9feb-84caca7cfe84 tempest-GroupsV314Test-1239333699 tempest-GroupsV314Test-1239333699-project-member] Deprecated: Default quota for resource: gigabytes_tempest-GroupsV314Test-volume-type-593788346 is set by the default quota flag: quota_gigabytes_tempest-GroupsV314Test-volume-type-593788346, it is now deprecated. Please use the default quota class for default quota.
Aug 17 18:30:43 devstack devstack@c-api.service[94323]: INFO cinder.api.openstack.wsgi [None req-3fc3a128-0aa4-4932-ae08-354825b7253f tempest-AttachVolumeShelveTestJSON-2039894280 tempest-AttachVolumeShelveTestJSON-2039894280-project-member] http://192.168.122.179/volume/v3/volumes/a4c2754d-60ce-4a03-8609-8c623ee637f6 returned with HTTP 200
Aug 17 18:30:43 devstack devstack@c-api.service[94323]: [pid: 94323|app: 0|req: 111/206] 192.168.122.179 () {58 vars in 1232 bytes} [Mon Aug 17 18:30:43 2026] GET /volume/v3/volumes/a4c2754d-60ce-4a03-8609-8c623ee637f6 => generated 858 bytes in 91 msecs (HTTP/1.1 200) 7 headers in 285 bytes (1 switches on core 0)
Aug 17 18:30:43 devstack devstack@c-api.service[94324]: DEBUG cinder.quota [None req-1a6d53a1-0021-4224-9feb-84caca7cfe84 tempest-GroupsV314Test-1239333699 tempest-GroupsV314Test-1239333699-project-member] Created reservations ['a62199a7-33a0-4e00-ae46-2134c1a2a746', '23cafe49-35df-4d85-a69e-baa227093fcf', '51efbf0b-94f5-46cd-88d6-a4cccf01f5f0', 'b7d94858-8a28-4564-aba3-3f0ba12373c2'] {{(pid=94324) reserve /opt/stack/cinder/cinder/quota.py:752}}
Aug 17 18:30:43 devstack devstack@c-api.service[94324]: DEBUG cinder.volume.api [None req-1a6d53a1-0021-4224-9feb-84caca7cfe84 tempest-GroupsV314Test-1239333699 tempest-GroupsV314Test-1239333699-project-member] Task 'cinder.volume.flows.api.create_volume.QuotaReserveTask;volume:create' (28163fd7-0874-4904-8e89-df7c439ed5bd) transitioned into state 'SUCCESS' from state 'RUNNING' with result '{'reservations': ['a62199a7-33a0-4e00-ae46-2134c1a2a746', '23cafe49-35df-4d85-a69e-baa227093fcf', '51efbf0b-94f5-46cd-88d6-a4cccf01f5f0', 'b7d94858-8a28-4564-aba3-3f0ba12373c2']}' {{(pid=94324) _task_receiver /opt/stack/data/venv/lib/python3.12/site-packages/taskflow/listeners/logging.py:218}}
Aug 17 18:30:43 devstack devstack@c-api.service[94324]: DEBUG cinder.volume.api [None req-1a6d53a1-0021-4224-9feb-84caca7cfe84 tempest-GroupsV314Test-1239333699 tempest-GroupsV314Test-1239333699-project-member] Task 'cinder.volume.flows.api.create_volume.EntryCreateTask;volume:create' (cd9e62b1-54bb-479b-87be-2c3f6d2eedb9) transitioned into state 'RUNNING' from state 'PENDING' {{(pid=94324) _task_receiver /opt/stack/data/venv/lib/python3.12/site-packages/taskflow/listeners/logging.py:242}}
Aug 17 18:30:43 devstack devstack@c-api.service[94324]: DEBUG cinder.volume.api [None req-1a6d53a1-0021-4224-9feb-84caca7cfe84 tempest-GroupsV314Test-1239333699 tempest-GroupsV314Test-1239333699-project-member] Task 'cinder.volume.flows.api.create_volume.EntryCreateTask;volume:create' (cd9e62b1-54bb-479b-87be-2c3f6d2eedb9) transitioned into state 'SUCCESS' from state 'RUNNING' with result '{'volume_id': 'aa2a15f7-a69d-44c4-b95d-02b0514af35f', 'volume_properties': VolumeProperties(attach_status='detached',availability_zone='nova',cgsnapshot_id=None,consistencygroup_id=None,display_description=None,display_name=None,encryption_key_id=None,group_id=60721e01-ea98-4dd3-9c37-c0828ceb8801,group_type_id=,metadata={},multiattach=False,project_id='3846d392822b4e7b99aff0455fb98aa7',qos_specs=None,replication_status=,reservations=['a62199a7-33a0-4e00-ae46-2134c1a2a746','23cafe49-35df-4d85-a69e-baa227093fcf','51efbf0b-94f5-46cd-88d6-a4cccf01f5f0','b7d94858-8a28-4564-aba3-3f0ba12373c2'],size=1,snapshot_id=None,source_replicaid=,source_volid=406a52ea-0415-473b-9999-0cd791a20e5a,status='creating',user_id='a91d1ee8f05a428baaa4aa8661827fb6',volume_type_id=5581d2f8-0a2c-4b06-a92f-8fb07088f9c8), 'volume': Volume(_name_id=None,admin_metadata=,attach_status='detached',availability_zone='nova',bootable=False,cluster=,cluster_name=None,consistencygroup=,consistencygroup_id=None,created_at=2026-08-17T16:30:43Z,deleted=False,deleted_at=None,display_description=None,display_name=None,ec2_id=None,encryption_key_id=None,glance_metadata=,group=,group_id=60721e01-ea98-4dd3-9c37-c0828ceb8801,host=None,id=aa2a15f7-a69d-44c4-b95d-02b0514af35f,launched_at=None,metadata={},migration_status=None,multiattach=False,previous_status=None,project_id='3846d392822b4e7b99aff0455fb98aa7',provider_auth=None,provider_geometry=None,provider_id=None,provider_location=None,replication_driver_data=None,replication_extended_status=None,replication_status=None,scheduled_at=None,service_uuid=None,shared_targets=True,size=1,snapshot_id=None,snapshots=,source_volid=406a52ea-0415-473b-9999-0cd791a20e5a,status='creating',terminated_at=None,updated_at=None,use_quota=True,user_id='a91d1ee8f05a428baaa4aa8661827fb6',volume_attachment=VolumeAttachmentList,volume_type=VolumeType(5581d2f8-0a2c-4b06-a92f-8fb07088f9c8),volume_type_id=5581d2f8-0a2c-4b06-a92f-8fb07088f9c8)}' {{(pid=94324) _task_receiver /opt/stack/data/venv/lib/python3.12/site-packages/taskflow/listeners/logging.py:218}}
Aug 17 18:30:43 devstack devstack@c-api.service[94324]: DEBUG cinder.volume.api [None req-1a6d53a1-0021-4224-9feb-84caca7cfe84 tempest-GroupsV314Test-1239333699 tempest-GroupsV314Test-1239333699-project-member] Task 'cinder.volume.flows.api.create_volume.QuotaCommitTask;volume:create' (b4e5ef44-ecc1-4ad5-8965-95f9f8580f99) transitioned into state 'RUNNING' from state 'PENDING' {{(pid=94324) _task_receiver /opt/stack/data/venv/lib/python3.12/site-packages/taskflow/listeners/logging.py:242}}
Aug 17 18:30:43 devstack devstack@c-api.service[94323]: DEBUG cinder.api.middleware.request_id [None req-46105f42-82d5-4ceb-862d-53b9a23e8f53 None None] RequestId filter calling following filter/app {{(pid=94323) _context_setter /opt/stack/cinder/cinder/api/middleware/request_id.py:62}}
Aug 17 18:30:43 devstack devstack@c-api.service[94323]: INFO cinder.api.openstack.wsgi [None req-46105f42-82d5-4ceb-862d-53b9a23e8f53 tempest-AttachVolumeShelveTestJSON-2039894280 tempest-AttachVolumeShelveTestJSON-2039894280-project-member] GET http://192.168.122.179/volume/v3/volumes/a4c2754d-60ce-4a03-8609-8c623ee637f6
Aug 17 18:30:43 devstack devstack@c-api.service[94323]: DEBUG cinder.api.openstack.wsgi [None req-46105f42-82d5-4ceb-862d-53b9a23e8f53 tempest-AttachVolumeShelveTestJSON-2039894280 tempest-AttachVolumeShelveTestJSON-2039894280-project-member] Empty body provided in request {{(pid=94323) get_body /opt/stack/cinder/cinder/api/openstack/wsgi.py:725}}
Aug 17 18:30:43 devstack devstack@c-api.service[94323]: DEBUG cinder.api.openstack.wsgi [None req-46105f42-82d5-4ceb-862d-53b9a23e8f53 tempest-AttachVolumeShelveTestJSON-2039894280 tempest-AttachVolumeShelveTestJSON-2039894280-project-member] Calling method 'show' {{(pid=94323) _process_stack /opt/stack/cinder/cinder/api/openstack/wsgi.py:878}}
Aug 17 18:30:44 devstack devstack@c-api.service[94323]: /opt/stack/data/venv/lib/python3.12/site-packages/oslo_context/context.py:102: DeprecationWarning: Policy enforcement is depending on the value of is_admin. This key is deprecated. Please update your policy file to use the standard policy values.
Aug 17 18:30:44 devstack devstack@c-api.service[94323]: warnings.warn(
Aug 17 18:30:44 devstack devstack@c-api.service[94324]: DEBUG cinder.volume.api [None req-1a6d53a1-0021-4224-9feb-84caca7cfe84 tempest-GroupsV314Test-1239333699 tempest-GroupsV314Test-1239333699-project-member] Task 'cinder.volume.flows.api.create_volume.QuotaCommitTask;volume:create' (b4e5ef44-ecc1-4ad5-8965-95f9f8580f99) transitioned into state 'SUCCESS' from state 'RUNNING' with result '{'volume_properties': VolumeProperties(attach_status='detached',availability_zone='nova',cgsnapshot_id=None,consistencygroup_id=None,display_description=None,display_name=None,encryption_key_id=None,group_id=60721e01-ea98-4dd3-9c37-c0828ceb8801,group_type_id=,metadata={},multiattach=False,project_id='3846d392822b4e7b99aff0455fb98aa7',qos_specs=None,replication_status=,reservations=['a62199a7-33a0-4e00-ae46-2134c1a2a746','23cafe49-35df-4d85-a69e-baa227093fcf','51efbf0b-94f5-46cd-88d6-a4cccf01f5f0','b7d94858-8a28-4564-aba3-3f0ba12373c2'],size=1,snapshot_id=None,source_replicaid=,source_volid=406a52ea-0415-473b-9999-0cd791a20e5a,status='creating',user_id='a91d1ee8f05a428baaa4aa8661827fb6',volume_type_id=5581d2f8-0a2c-4b06-a92f-8fb07088f9c8)}' {{(pid=94324) _task_receiver /opt/stack/data/venv/lib/python3.12/site-packages/taskflow/listeners/logging.py:218}}
Aug 17 18:30:44 devstack devstack@c-api.service[94323]: INFO cinder.volume.api [None req-46105f42-82d5-4ceb-862d-53b9a23e8f53 tempest-AttachVolumeShelveTestJSON-2039894280 tempest-AttachVolumeShelveTestJSON-2039894280-project-member] Volume info retrieved successfully.
Aug 17 18:30:44 devstack devstack@c-api.service[94324]: DEBUG cinder.volume.api [None req-1a6d53a1-0021-4224-9feb-84caca7cfe84 tempest-GroupsV314Test-1239333699 tempest-GroupsV314Test-1239333699-project-member] Flow 'volume_create_api' (4c4728fc-0a61-415f-9f75-ad758e4911e6) transitioned into state 'SUCCESS' from state 'RUNNING' {{(pid=94324) _flow_receiver /opt/stack/data/venv/lib/python3.12/site-packages/taskflow/listeners/logging.py:160}}
Aug 17 18:30:44 devstack devstack@c-api.service[94324]: INFO cinder.volume.api [None req-1a6d53a1-0021-4224-9feb-84caca7cfe84 tempest-GroupsV314Test-1239333699 tempest-GroupsV314Test-1239333699-project-member] Create volume request issued successfully.
Aug 17 18:30:44 devstack devstack@c-api.service[94323]: INFO cinder.api.openstack.wsgi [None req-46105f42-82d5-4ceb-862d-53b9a23e8f53 tempest-AttachVolumeShelveTestJSON-2039894280 tempest-AttachVolumeShelveTestJSON-2039894280-project-member] http://192.168.122.179/volume/v3/volumes/a4c2754d-60ce-4a03-8609-8c623ee637f6 returned with HTTP 200
Aug 17 18:30:44 devstack devstack@c-api.service[94323]: [pid: 94323|app: 0|req: 112/207] 192.168.122.179 () {58 vars in 1232 bytes} [Mon Aug 17 18:30:43 2026] GET /volume/v3/volumes/a4c2754d-60ce-4a03-8609-8c623ee637f6 => generated 858 bytes in 69 msecs (HTTP/1.1 200) 7 headers in 285 bytes (1 switches on core 0)
Aug 17 18:30:44 devstack devstack@c-api.service[94324]: INFO cinder.api.openstack.wsgi [None req-1a6d53a1-0021-4224-9feb-84caca7cfe84 tempest-GroupsV314Test-1239333699 tempest-GroupsV314Test-1239333699-project-member] http://192.168.122.179/volume/v3/groups/action returned with HTTP 202
Aug 17 18:30:44 devstack devstack@c-api.service[94324]: [pid: 94324|app: 0|req: 96/208] 192.168.122.179 () {62 vars in 1202 bytes} [Mon Aug 17 18:30:42 2026] POST /volume/v3/groups/action => generated 102 bytes in 1127 msecs (HTTP/1.1 202) 7 headers in 292 bytes (1 switches on core 0)
Aug 17 18:30:44 devstack devstack@c-api.service[94323]: DEBUG cinder.api.middleware.request_id [None req-cebcd6cd-7a93-4746-856c-85afb5327dd7 None None] RequestId filter calling following filter/app {{(pid=94323) _context_setter /opt/stack/cinder/cinder/api/middleware/request_id.py:62}}
Aug 17 18:30:44 devstack devstack@c-api.service[94323]: INFO cinder.api.openstack.wsgi [None req-cebcd6cd-7a93-4746-856c-85afb5327dd7 tempest-GroupsV314Test-1239333699 tempest-GroupsV314Test-1239333699-project-member] GET http://192.168.122.179/volume/v3/volumes/detail
Aug 17 18:30:44 devstack devstack@c-api.service[94323]: DEBUG cinder.api.openstack.wsgi [None req-cebcd6cd-7a93-4746-856c-85afb5327dd7 tempest-GroupsV314Test-1239333699 tempest-GroupsV314Test-1239333699-project-member] Empty body provided in request {{(pid=94323) get_body /opt/stack/cinder/cinder/api/openstack/wsgi.py:725}}
Aug 17 18:30:44 devstack devstack@c-api.service[94323]: DEBUG cinder.api.openstack.wsgi [None req-cebcd6cd-7a93-4746-856c-85afb5327dd7 tempest-GroupsV314Test-1239333699 tempest-GroupsV314Test-1239333699-project-member] Calling method 'detail' {{(pid=94323) _process_stack /opt/stack/cinder/cinder/api/openstack/wsgi.py:878}}
Aug 17 18:30:44 devstack devstack@c-api.service[94323]: DEBUG cinder.api.api_utils [None req-cebcd6cd-7a93-4746-856c-85afb5327dd7 tempest-GroupsV314Test-1239333699 tempest-GroupsV314Test-1239333699-project-member] Removing options '' from query. {{(pid=94323) remove_invalid_filter_options /opt/stack/cinder/cinder/api/api_utils.py:82}}
Aug 17 18:30:44 devstack devstack@c-api.service[94323]: DEBUG cinder.volume.api [None req-cebcd6cd-7a93-4746-856c-85afb5327dd7 tempest-GroupsV314Test-1239333699 tempest-GroupsV314Test-1239333699-project-member] Searching by: MultiDict([('no_migration_targets', True)]). {{(pid=94323) get_all /opt/stack/cinder/cinder/volume/api.py:664}}
Aug 17 18:30:44 devstack devstack@c-api.service[94323]: INFO cinder.volume.api [None req-cebcd6cd-7a93-4746-856c-85afb5327dd7 tempest-GroupsV314Test-1239333699 tempest-GroupsV314Test-1239333699-project-member] Get all volumes completed successfully.
Aug 17 18:30:44 devstack devstack@c-api.service[94323]: WARNING stevedore.named [None req-cebcd6cd-7a93-4746-856c-85afb5327dd7 tempest-GroupsV314Test-1239333699 tempest-GroupsV314Test-1239333699-project-member] Could not load cinder.keymgr.conf_key_mgr.ConfKeyManager
Aug 17 18:30:44 devstack devstack@c-api.service[94323]: WARNING castellan.key_manager [None req-cebcd6cd-7a93-4746-856c-85afb5327dd7 tempest-GroupsV314Test-1239333699 tempest-GroupsV314Test-1239333699-project-member] Deprecation Warning : cinder.keymgr.conf_key_mgr.ConfKeyManager is not a stevedore based driver, trying to load it as a class: stevedore.exception.NoMatches: No 'castellan.drivers' driver found, looking for 'cinder.keymgr.conf_key_mgr.ConfKeyManager'
Aug 17 18:30:44 devstack devstack@c-api.service[94323]: DEBUG oslo_db.sqlalchemy.engines [None req-cebcd6cd-7a93-4746-856c-85afb5327dd7 tempest-GroupsV314Test-1239333699 tempest-GroupsV314Test-1239333699-project-member] MySQL server mode set to STRICT_TRANS_TABLES,STRICT_ALL_TABLES,NO_ZERO_IN_DATE,NO_ZERO_DATE,ERROR_FOR_DIVISION_BY_ZERO,TRADITIONAL,NO_ENGINE_SUBSTITUTION {{(pid=94323) _check_effective_sql_mode /opt/stack/data/venv/lib/python3.12/site-packages/oslo_db/sqlalchemy/engines.py:325}}
Aug 17 18:30:44 devstack devstack@c-api.service[94323]: /opt/stack/data/venv/lib/python3.12/site-packages/oslo_context/context.py:102: DeprecationWarning: Policy enforcement is depending on the value of is_admin. This key is deprecated. Please update your policy file to use the standard policy values.
Aug 17 18:30:44 devstack devstack@c-api.service[94323]: warnings.warn(
Aug 17 18:30:44 devstack devstack@c-api.service[94323]: WARNING stevedore.named [None req-cebcd6cd-7a93-4746-856c-85afb5327dd7 tempest-GroupsV314Test-1239333699 tempest-GroupsV314Test-1239333699-project-member] Could not load cinder.keymgr.conf_key_mgr.ConfKeyManager
Aug 17 18:30:44 devstack devstack@c-api.service[94323]: WARNING castellan.key_manager [None req-cebcd6cd-7a93-4746-856c-85afb5327dd7 tempest-GroupsV314Test-1239333699 tempest-GroupsV314Test-1239333699-project-member] Deprecation Warning : cinder.keymgr.conf_key_mgr.ConfKeyManager is not a stevedore based driver, trying to load it as a class: stevedore.exception.NoMatches: No 'castellan.drivers' driver found, looking for 'cinder.keymgr.conf_key_mgr.ConfKeyManager'
Aug 17 18:30:44 devstack devstack@c-api.service[94323]: DEBUG oslo_db.sqlalchemy.engines [None req-cebcd6cd-7a93-4746-856c-85afb5327dd7 tempest-GroupsV314Test-1239333699 tempest-GroupsV314Test-1239333699-project-member] MySQL server mode set to STRICT_TRANS_TABLES,STRICT_ALL_TABLES,NO_ZERO_IN_DATE,NO_ZERO_DATE,ERROR_FOR_DIVISION_BY_ZERO,TRADITIONAL,NO_ENGINE_SUBSTITUTION {{(pid=94323) _check_effective_sql_mode /opt/stack/data/venv/lib/python3.12/site-packages/oslo_db/sqlalchemy/engines.py:325}}
Aug 17 18:30:44 devstack devstack@c-api.service[94323]: /opt/stack/data/venv/lib/python3.12/site-packages/oslo_context/context.py:102: DeprecationWarning: Policy enforcement is depending on the value of is_admin. This key is deprecated. Please update your policy file to use the standard policy values.
Aug 17 18:30:44 devstack devstack@c-api.service[94323]: warnings.warn(
Aug 17 18:30:44 devstack devstack@c-api.service[94323]: INFO cinder.api.openstack.wsgi [None req-cebcd6cd-7a93-4746-856c-85afb5327dd7 tempest-GroupsV314Test-1239333699 tempest-GroupsV314Test-1239333699-project-member] http://192.168.122.179/volume/v3/volumes/detail returned with HTTP 200
Aug 17 18:30:44 devstack devstack@c-api.service[94323]: [pid: 94323|app: 0|req: 113/209] 192.168.122.179 () {60 vars in 1183 bytes} [Mon Aug 17 18:30:44 2026] GET /volume/v3/volumes/detail => generated 1841 bytes in 447 msecs (HTTP/1.1 200) 7 headers in 287 bytes (1 switches on core 0)
Aug 17 18:30:44 devstack devstack@c-api.service[94324]: DEBUG cinder.api.middleware.request_id [None req-092a792f-8110-48c1-95b1-effce6b98900 None None] RequestId filter calling following filter/app {{(pid=94324) _context_setter /opt/stack/cinder/cinder/api/middleware/request_id.py:62}}
Aug 17 18:30:44 devstack devstack@c-api.service[94324]: INFO cinder.api.openstack.wsgi [None req-092a792f-8110-48c1-95b1-effce6b98900 tempest-GroupsV314Test-1239333699 tempest-GroupsV314Test-1239333699-project-member] GET http://192.168.122.179/volume/v3/volumes/aa2a15f7-a69d-44c4-b95d-02b0514af35f
Aug 17 18:30:44 devstack devstack@c-api.service[94324]: DEBUG cinder.api.openstack.wsgi [None req-092a792f-8110-48c1-95b1-effce6b98900 tempest-GroupsV314Test-1239333699 tempest-GroupsV314Test-1239333699-project-member] Empty body provided in request {{(pid=94324) get_body /opt/stack/cinder/cinder/api/openstack/wsgi.py:725}}
