Aug 25 16:13:00 devstack devstack@g-api.service[84044]: DEBUG glance.common.config [None req-759f32c6-aed2-4fd8-9395-16a56629b7a2 None None] barbican_service_user.auth_type = None {{(pid=84044) log_opt_values /opt/stack/data/venv/lib/python3.12/site-packages/oslo_config/cfg.py:3560}}
Aug 25 16:13:00 devstack devstack@g-api.service[84044]: DEBUG glance.common.config [None req-759f32c6-aed2-4fd8-9395-16a56629b7a2 None None] barbican_service_user.cafile = None {{(pid=84044) log_opt_values /opt/stack/data/venv/lib/python3.12/site-packages/oslo_config/cfg.py:3560}}
Aug 25 16:13:00 devstack devstack@g-api.service[84044]: DEBUG glance.common.config [None req-759f32c6-aed2-4fd8-9395-16a56629b7a2 None None] barbican_service_user.certfile = None {{(pid=84044) log_opt_values /opt/stack/data/venv/lib/python3.12/site-packages/oslo_config/cfg.py:3560}}
Aug 25 16:13:00 devstack devstack@g-api.service[84044]: DEBUG glance.common.config [None req-759f32c6-aed2-4fd8-9395-16a56629b7a2 None None] barbican_service_user.collect_timing = False {{(pid=84044) log_opt_values /opt/stack/data/venv/lib/python3.12/site-packages/oslo_config/cfg.py:3560}}
Aug 25 16:13:00 devstack devstack@g-api.service[84044]: DEBUG glance.common.config [None req-759f32c6-aed2-4fd8-9395-16a56629b7a2 None None] barbican_service_user.insecure = False {{(pid=84044) log_opt_values /opt/stack/data/venv/lib/python3.12/site-packages/oslo_config/cfg.py:3560}}
Aug 25 16:13:00 devstack devstack@g-api.service[84044]: DEBUG glance.common.config [None req-759f32c6-aed2-4fd8-9395-16a56629b7a2 None None] barbican_service_user.keyfile = None {{(pid=84044) log_opt_values /opt/stack/data/venv/lib/python3.12/site-packages/oslo_config/cfg.py:3560}}
Aug 25 16:13:00 devstack devstack@g-api.service[84044]: DEBUG glance.common.config [None req-759f32c6-aed2-4fd8-9395-16a56629b7a2 None None] barbican_service_user.split_loggers = False {{(pid=84044) log_opt_values /opt/stack/data/venv/lib/python3.12/site-packages/oslo_config/cfg.py:3560}}
Aug 25 16:13:00 devstack devstack@g-api.service[84044]: DEBUG glance.common.config [None req-759f32c6-aed2-4fd8-9395-16a56629b7a2 None None] barbican_service_user.timeout = None {{(pid=84044) log_opt_values /opt/stack/data/venv/lib/python3.12/site-packages/oslo_config/cfg.py:3560}}
Aug 25 16:13:00 devstack devstack@g-api.service[84044]: DEBUG glance.common.config [None req-759f32c6-aed2-4fd8-9395-16a56629b7a2 None None] database.asyncio_connection = **** {{(pid=84044) log_opt_values /opt/stack/data/venv/lib/python3.12/site-packages/oslo_config/cfg.py:3560}}
Aug 25 16:13:00 devstack devstack@g-api.service[84044]: DEBUG glance.common.config [None req-759f32c6-aed2-4fd8-9395-16a56629b7a2 None None] database.asyncio_slave_connection = **** {{(pid=84044) log_opt_values /opt/stack/data/venv/lib/python3.12/site-packages/oslo_config/cfg.py:3560}}
Aug 25 16:13:00 devstack devstack@g-api.service[84044]: DEBUG glance.common.config [None req-759f32c6-aed2-4fd8-9395-16a56629b7a2 None None] database.backend = sqlalchemy {{(pid=84044) log_opt_values /opt/stack/data/venv/lib/python3.12/site-packages/oslo_config/cfg.py:3560}}
Aug 25 16:13:00 devstack devstack@g-api.service[84044]: DEBUG glance.common.config [None req-759f32c6-aed2-4fd8-9395-16a56629b7a2 None None] database.connection = **** {{(pid=84044) log_opt_values /opt/stack/data/venv/lib/python3.12/site-packages/oslo_config/cfg.py:3560}}
Aug 25 16:13:00 devstack devstack@g-api.service[84044]: DEBUG glance.common.config [None req-759f32c6-aed2-4fd8-9395-16a56629b7a2 None None] database.connection_debug = 0 {{(pid=84044) log_opt_values /opt/stack/data/venv/lib/python3.12/site-packages/oslo_config/cfg.py:3560}}
Aug 25 16:13:00 devstack devstack@g-api.service[84044]: DEBUG glance.common.config [None req-759f32c6-aed2-4fd8-9395-16a56629b7a2 None None] database.connection_parameters = {{(pid=84044) log_opt_values /opt/stack/data/venv/lib/python3.12/site-packages/oslo_config/cfg.py:3560}}
Aug 25 16:13:00 devstack devstack@g-api.service[84044]: DEBUG glance.common.config [None req-759f32c6-aed2-4fd8-9395-16a56629b7a2 None None] database.connection_recycle_time = 3600 {{(pid=84044) log_opt_values /opt/stack/data/venv/lib/python3.12/site-packages/oslo_config/cfg.py:3560}}
Aug 25 16:13:00 devstack devstack@g-api.service[84044]: DEBUG glance.common.config [None req-759f32c6-aed2-4fd8-9395-16a56629b7a2 None None] database.connection_trace = False {{(pid=84044) log_opt_values /opt/stack/data/venv/lib/python3.12/site-packages/oslo_config/cfg.py:3560}}
Aug 25 16:13:00 devstack devstack@g-api.service[84044]: DEBUG glance.common.config [None req-759f32c6-aed2-4fd8-9395-16a56629b7a2 None None] database.db_inc_retry_interval = True {{(pid=84044) log_opt_values /opt/stack/data/venv/lib/python3.12/site-packages/oslo_config/cfg.py:3560}}
Aug 25 16:13:00 devstack devstack@g-api.service[84044]: DEBUG glance.common.config [None req-759f32c6-aed2-4fd8-9395-16a56629b7a2 None None] database.db_max_retries = 20 {{(pid=84044) log_opt_values /opt/stack/data/venv/lib/python3.12/site-packages/oslo_config/cfg.py:3560}}
Aug 25 16:13:00 devstack devstack@g-api.service[84044]: DEBUG glance.common.config [None req-759f32c6-aed2-4fd8-9395-16a56629b7a2 None None] database.db_max_retry_interval = 10 {{(pid=84044) log_opt_values /opt/stack/data/venv/lib/python3.12/site-packages/oslo_config/cfg.py:3560}}
Aug 25 16:13:00 devstack devstack@g-api.service[84044]: DEBUG glance.common.config [None req-759f32c6-aed2-4fd8-9395-16a56629b7a2 None None] database.db_retry_interval = 1 {{(pid=84044) log_opt_values /opt/stack/data/venv/lib/python3.12/site-packages/oslo_config/cfg.py:3560}}
Aug 25 16:13:00 devstack devstack@g-api.service[84044]: DEBUG glance.common.config [None req-759f32c6-aed2-4fd8-9395-16a56629b7a2 None None] database.max_overflow = 50 {{(pid=84044) log_opt_values /opt/stack/data/venv/lib/python3.12/site-packages/oslo_config/cfg.py:3560}}
Aug 25 16:13:00 devstack devstack@g-api.service[84044]: DEBUG glance.common.config [None req-759f32c6-aed2-4fd8-9395-16a56629b7a2 None None] database.max_pool_size = 5 {{(pid=84044) log_opt_values /opt/stack/data/venv/lib/python3.12/site-packages/oslo_config/cfg.py:3560}}
Aug 25 16:13:00 devstack devstack@g-api.service[84044]: DEBUG glance.common.config [None req-759f32c6-aed2-4fd8-9395-16a56629b7a2 None None] database.max_retries = 10 {{(pid=84044) log_opt_values /opt/stack/data/venv/lib/python3.12/site-packages/oslo_config/cfg.py:3560}}
Aug 25 16:13:00 devstack devstack@g-api.service[84044]: DEBUG glance.common.config [None req-759f32c6-aed2-4fd8-9395-16a56629b7a2 None None] database.mysql_sql_mode = TRADITIONAL {{(pid=84044) log_opt_values /opt/stack/data/venv/lib/python3.12/site-packages/oslo_config/cfg.py:3560}}
Aug 25 16:13:00 devstack devstack@g-api.service[84044]: DEBUG glance.common.config [None req-759f32c6-aed2-4fd8-9395-16a56629b7a2 None None] database.mysql_wsrep_sync_wait = None {{(pid=84044) log_opt_values /opt/stack/data/venv/lib/python3.12/site-packages/oslo_config/cfg.py:3560}}
Aug 25 16:13:00 devstack devstack@g-api.service[84044]: DEBUG glance.common.config [None req-759f32c6-aed2-4fd8-9395-16a56629b7a2 None None] database.pool_timeout = None {{(pid=84044) log_opt_values /opt/stack/data/venv/lib/python3.12/site-packages/oslo_config/cfg.py:3560}}
Aug 25 16:13:00 devstack devstack@g-api.service[84044]: DEBUG glance.common.config [None req-759f32c6-aed2-4fd8-9395-16a56629b7a2 None None] database.retry_interval = 10 {{(pid=84044) log_opt_values /opt/stack/data/venv/lib/python3.12/site-packages/oslo_config/cfg.py:3560}}
Aug 25 16:13:00 devstack devstack@g-api.service[84044]: DEBUG glance.common.config [None req-759f32c6-aed2-4fd8-9395-16a56629b7a2 None None] database.slave_connection = **** {{(pid=84044) log_opt_values /opt/stack/data/venv/lib/python3.12/site-packages/oslo_config/cfg.py:3560}}
Aug 25 16:13:00 devstack devstack@g-api.service[84044]: DEBUG glance.common.config [None req-759f32c6-aed2-4fd8-9395-16a56629b7a2 None None] database.sqlite_synchronous = True {{(pid=84044) log_opt_values /opt/stack/data/venv/lib/python3.12/site-packages/oslo_config/cfg.py:3560}}
Aug 25 16:13:00 devstack devstack@g-api.service[84044]: DEBUG glance.common.config [None req-759f32c6-aed2-4fd8-9395-16a56629b7a2 None None] database.synchronous_reader = True {{(pid=84044) log_opt_values /opt/stack/data/venv/lib/python3.12/site-packages/oslo_config/cfg.py:3560}}
Aug 25 16:13:00 devstack devstack@g-api.service[84044]: DEBUG glance.common.config [None req-759f32c6-aed2-4fd8-9395-16a56629b7a2 None None] database.use_db_reconnect = False {{(pid=84044) log_opt_values /opt/stack/data/venv/lib/python3.12/site-packages/oslo_config/cfg.py:3560}}
Aug 25 16:13:00 devstack devstack@g-api.service[84044]: DEBUG glance.common.config [None req-759f32c6-aed2-4fd8-9395-16a56629b7a2 None None] healthcheck.allowed_source_ranges = [] {{(pid=84044) log_opt_values /opt/stack/data/venv/lib/python3.12/site-packages/oslo_config/cfg.py:3560}}
Aug 25 16:13:00 devstack devstack@g-api.service[84044]: DEBUG glance.common.config [None req-759f32c6-aed2-4fd8-9395-16a56629b7a2 None None] healthcheck.backends = ['disable_by_file'] {{(pid=84044) log_opt_values /opt/stack/data/venv/lib/python3.12/site-packages/oslo_config/cfg.py:3560}}
Aug 25 16:13:00 devstack devstack@g-api.service[84044]: DEBUG glance.common.config [None req-759f32c6-aed2-4fd8-9395-16a56629b7a2 None None] healthcheck.detailed = False {{(pid=84044) log_opt_values /opt/stack/data/venv/lib/python3.12/site-packages/oslo_config/cfg.py:3560}}
Aug 25 16:13:00 devstack devstack@g-api.service[84044]: DEBUG glance.common.config [None req-759f32c6-aed2-4fd8-9395-16a56629b7a2 None None] healthcheck.disable_by_file_path = None {{(pid=84044) log_opt_values /opt/stack/data/venv/lib/python3.12/site-packages/oslo_config/cfg.py:3560}}
Aug 25 16:13:00 devstack devstack@g-api.service[84044]: DEBUG glance.common.config [None req-759f32c6-aed2-4fd8-9395-16a56629b7a2 None None] healthcheck.ignore_proxied_requests = False {{(pid=84044) log_opt_values /opt/stack/data/venv/lib/python3.12/site-packages/oslo_config/cfg.py:3560}}
Aug 25 16:13:00 devstack devstack@g-api.service[84044]: DEBUG glance.common.config [None req-759f32c6-aed2-4fd8-9395-16a56629b7a2 None None] ******************************************************************************** {{(pid=84044) log_opt_values /opt/stack/data/venv/lib/python3.12/site-packages/oslo_config/cfg.py:3567}}
Aug 25 16:13:00 devstack devstack@g-api.service[84044]: WSGI app 0 (mountpoint='') ready in 6 seconds on interpreter 0x711b25ca4668 pid: 84044 (default app)
Aug 25 16:13:03 devstack devstack@g-api.service[84043]: DEBUG glance.api.middleware.version_negotiation [None req-ce7a14db-ab0c-4056-ad9f-d271c5d7e651 None None] Determining version of request: GET / Accept: application/json {{(pid=84043) process_request /opt/stack/glance/glance/api/middleware/version_negotiation.py:44}}
Aug 25 16:13:03 devstack devstack@g-api.service[84043]: DEBUG glance.api.middleware.version_negotiation [None req-ce7a14db-ab0c-4056-ad9f-d271c5d7e651 None None] Using url versioning {{(pid=84043) process_request /opt/stack/glance/glance/api/middleware/version_negotiation.py:57}}
Aug 25 16:13:03 devstack devstack@g-api.service[84043]: DEBUG glance.api.middleware.version_negotiation [None req-ce7a14db-ab0c-4056-ad9f-d271c5d7e651 None None] Unknown version. Returning version choices. {{(pid=84043) process_request /opt/stack/glance/glance/api/middleware/version_negotiation.py:64}}
Aug 25 16:13:03 devstack devstack@g-api.service[84043]: [pid: 84043|app: 0|req: 2/2] 127.0.0.1 () {34 vars in 519 bytes} [Tue Aug 25 16:13:03 2026] GET / => generated 1571 bytes in 3 msecs (HTTP/1.1 300) 3 headers in 106 bytes (1 switches on core 0)
Aug 25 16:13:03 devstack devstack@g-api.service[84044]: DEBUG glance.api.middleware.version_negotiation [None req-759f32c6-aed2-4fd8-9395-16a56629b7a2 None None] Determining version of request: POST /v2/images Accept: */* {{(pid=84044) process_request /opt/stack/glance/glance/api/middleware/version_negotiation.py:44}}
Aug 25 16:13:03 devstack devstack@g-api.service[84044]: DEBUG glance.api.middleware.version_negotiation [None req-759f32c6-aed2-4fd8-9395-16a56629b7a2 None None] Using url versioning {{(pid=84044) process_request /opt/stack/glance/glance/api/middleware/version_negotiation.py:57}}
Aug 25 16:13:03 devstack devstack@g-api.service[84044]: DEBUG glance.api.middleware.version_negotiation [None req-759f32c6-aed2-4fd8-9395-16a56629b7a2 None None] Matched version: v2 {{(pid=84044) process_request /opt/stack/glance/glance/api/middleware/version_negotiation.py:69}}
Aug 25 16:13:03 devstack devstack@g-api.service[84044]: DEBUG glance.api.middleware.version_negotiation [None req-759f32c6-aed2-4fd8-9395-16a56629b7a2 None None] new path /v2/images {{(pid=84044) process_request /opt/stack/glance/glance/api/middleware/version_negotiation.py:70}}
Aug 25 16:13:04 devstack devstack@g-api.service[84044]: [pid: 84044|app: 0|req: 1/3] 127.0.0.1 () {40 vars in 782 bytes} [Tue Aug 25 16:13:03 2026] POST /v2/images => generated 807 bytes in 1158 msecs (HTTP/1.1 201) 6 headers in 314 bytes (1 switches on core 0)
Aug 25 16:13:04 devstack devstack@g-api.service[84043]: DEBUG glance.api.middleware.version_negotiation [None req-ce7a14db-ab0c-4056-ad9f-d271c5d7e651 None None] Determining version of request: PUT /v2/images/c1c27dcb-0eec-4a30-8c25-b5784f5ecafe/file Accept: {{(pid=84043) process_request /opt/stack/glance/glance/api/middleware/version_negotiation.py:44}}
Aug 25 16:13:04 devstack devstack@g-api.service[84043]: DEBUG glance.api.middleware.version_negotiation [None req-ce7a14db-ab0c-4056-ad9f-d271c5d7e651 None None] Using url versioning {{(pid=84043) process_request /opt/stack/glance/glance/api/middleware/version_negotiation.py:57}}
Aug 25 16:13:04 devstack devstack@g-api.service[84043]: DEBUG glance.api.middleware.version_negotiation [None req-ce7a14db-ab0c-4056-ad9f-d271c5d7e651 None None] Matched version: v2 {{(pid=84043) process_request /opt/stack/glance/glance/api/middleware/version_negotiation.py:69}}
Aug 25 16:13:04 devstack devstack@g-api.service[84043]: DEBUG glance.api.middleware.version_negotiation [None req-ce7a14db-ab0c-4056-ad9f-d271c5d7e651 None None] new path /v2/images/c1c27dcb-0eec-4a30-8c25-b5784f5ecafe/file {{(pid=84043) process_request /opt/stack/glance/glance/api/middleware/version_negotiation.py:70}}
Aug 25 16:13:05 devstack devstack@g-api.service[84043]: INFO glance.api.v2.image_data [None req-870350f9-f332-4fe1-8bf3-37365a2057ec admin admin] Unable to create trust: no such option collect_timing in group [keystone_authtoken] Use the existing user token.
Aug 25 16:13:06 devstack devstack@g-api.service[84043]: DEBUG glance.location [None req-870350f9-f332-4fe1-8bf3-37365a2057ec admin admin] Enabling in-flight format inspection for qcow2 {{(pid=84043) set_data /opt/stack/glance/glance/location.py:596}}
Aug 25 16:13:06 devstack devstack@g-api.service[84043]: DEBUG oslo_utils.imageutils.format_inspector [None req-870350f9-f332-4fe1-8bf3-37365a2057ec admin admin] Format inspector for vmdk does not match, excluding from consideration (Signature KDMV not found: b'QFI\xfb') {{(pid=84043) _process_chunk /opt/stack/data/venv/lib/python3.12/site-packages/oslo_utils/imageutils/format_inspector.py:1758}}
Aug 25 16:13:06 devstack devstack@g-api.service[84043]: DEBUG oslo_utils.imageutils.format_inspector [None req-870350f9-f332-4fe1-8bf3-37365a2057ec admin admin] Format inspector for vhdx does not match, excluding from consideration (Region signature not found at 30000) {{(pid=84043) _process_chunk /opt/stack/data/venv/lib/python3.12/site-packages/oslo_utils/imageutils/format_inspector.py:1758}}
Aug 25 16:13:06 devstack devstack@g-api.service[84043]: DEBUG glance_store._drivers.filesystem [None req-870350f9-f332-4fe1-8bf3-37365a2057ec admin admin] Wrote 21692416 bytes to /opt/stack/data/glance/images/c1c27dcb-0eec-4a30-8c25-b5784f5ecafe with checksum 87617e24a5e30cb3b87fda8c0764838f and multihash 9a9bce0083a00939ec17c11febbfc767aa211aaa54f51e75c5a8b271a9b5637c77205a518b7a2007cb391d23cceb01e0e4e8d64832317151bc85b734b92a7be0 {{(pid=84043) add /opt/stack/data/venv/lib/python3.12/site-packages/glance_store/_drivers/filesystem.py:899}}
Aug 25 16:13:06 devstack devstack@g-api.service[84043]: INFO glance.location [None req-870350f9-f332-4fe1-8bf3-37365a2057ec admin admin] Image format matched and virtual size computed: 117440512
Aug 25 16:13:06 devstack devstack@g-api.service[84043]: DEBUG glance_store.backend [None req-870350f9-f332-4fe1-8bf3-37365a2057ec admin admin] Skipping store.set_acls... not implemented. {{(pid=84043) set_acls /opt/stack/data/venv/lib/python3.12/site-packages/glance_store/backend.py:507}}
Aug 25 16:13:06 devstack devstack@g-api.service[84043]: [pid: 84043|app: 0|req: 3/4] 127.0.0.1 () {42 vars in 914 bytes} [Tue Aug 25 16:13:04 2026] PUT /v2/images/c1c27dcb-0eec-4a30-8c25-b5784f5ecafe/file => generated 0 bytes in 1706 msecs (HTTP/1.1 204) 4 headers in 171 bytes (1 switches on core 0)
Aug 25 16:13:06 devstack devstack@g-api.service[84044]: DEBUG glance.api.middleware.version_negotiation [None req-2e866d5a-366c-4ec5-8a8f-86ff159fcf5f admin admin] Determining version of request: GET /v2/images/c1c27dcb-0eec-4a30-8c25-b5784f5ecafe Accept: */* {{(pid=84044) process_request /opt/stack/glance/glance/api/middleware/version_negotiation.py:44}}
Aug 25 16:13:06 devstack devstack@g-api.service[84044]: DEBUG glance.api.middleware.version_negotiation [None req-2e866d5a-366c-4ec5-8a8f-86ff159fcf5f admin admin] Using url versioning {{(pid=84044) process_request /opt/stack/glance/glance/api/middleware/version_negotiation.py:57}}
Aug 25 16:13:06 devstack devstack@g-api.service[84044]: DEBUG glance.api.middleware.version_negotiation [None req-2e866d5a-366c-4ec5-8a8f-86ff159fcf5f admin admin] Matched version: v2 {{(pid=84044) process_request /opt/stack/glance/glance/api/middleware/version_negotiation.py:69}}
Aug 25 16:13:06 devstack devstack@g-api.service[84044]: DEBUG glance.api.middleware.version_negotiation [None req-2e866d5a-366c-4ec5-8a8f-86ff159fcf5f admin admin] new path /v2/images/c1c27dcb-0eec-4a30-8c25-b5784f5ecafe {{(pid=84044) process_request /opt/stack/glance/glance/api/middleware/version_negotiation.py:70}}
Aug 25 16:13:06 devstack devstack@g-api.service[84044]: [pid: 84044|app: 0|req: 2/5] 127.0.0.1 () {36 vars in 802 bytes} [Tue Aug 25 16:13:06 2026] GET /v2/images/c1c27dcb-0eec-4a30-8c25-b5784f5ecafe => generated 976 bytes in 22 msecs (HTTP/1.1 200) 4 headers in 157 bytes (1 switches on core 0)
Aug 25 16:13:16 devstack devstack@g-api.service[84043]: DEBUG dbcounter [-] [84043] Writing DB stats glance:INSERT=5,glance:SELECT=16,glance:UPDATE=2 {{(pid=84043) stat_writer /opt/stack/data/venv/lib/python3.12/site-packages/dbcounter.py:115}}
Aug 25 16:13:16 devstack devstack@g-api.service[84044]: DEBUG dbcounter [-] [84044] Writing DB stats glance:INSERT=9,glance:SELECT=6 {{(pid=84044) stat_writer /opt/stack/data/venv/lib/python3.12/site-packages/dbcounter.py:115}}
Aug 25 16:13:50 devstack devstack@g-api.service[84043]: DEBUG glance.api.middleware.version_negotiation [None req-870350f9-f332-4fe1-8bf3-37365a2057ec admin admin] Determining version of request: GET / Accept: application/json {{(pid=84043) process_request /opt/stack/glance/glance/api/middleware/version_negotiation.py:44}}
Aug 25 16:13:50 devstack devstack@g-api.service[84043]: DEBUG glance.api.middleware.version_negotiation [None req-870350f9-f332-4fe1-8bf3-37365a2057ec admin admin] Using url versioning {{(pid=84043) process_request /opt/stack/glance/glance/api/middleware/version_negotiation.py:57}}
Aug 25 16:13:50 devstack devstack@g-api.service[84043]: DEBUG glance.api.middleware.version_negotiation [None req-870350f9-f332-4fe1-8bf3-37365a2057ec admin admin] Unknown version. Returning version choices. {{(pid=84043) process_request /opt/stack/glance/glance/api/middleware/version_negotiation.py:64}}
Aug 25 16:13:50 devstack devstack@g-api.service[84043]: [pid: 84043|app: 0|req: 4/6] 127.0.0.1 () {34 vars in 519 bytes} [Tue Aug 25 16:13:50 2026] GET / => generated 1571 bytes in 3 msecs (HTTP/1.1 300) 3 headers in 106 bytes (1 switches on core 0)
Aug 25 16:13:50 devstack devstack@g-api.service[84044]: DEBUG glance.api.middleware.version_negotiation [None req-0d0dd6bc-926c-476d-b229-d7bbb8fec744 admin admin] Determining version of request: GET /v2/images Accept: application/json {{(pid=84044) process_request /opt/stack/glance/glance/api/middleware/version_negotiation.py:44}}
Aug 25 16:13:50 devstack devstack@g-api.service[84044]: DEBUG glance.api.middleware.version_negotiation [None req-0d0dd6bc-926c-476d-b229-d7bbb8fec744 admin admin] Using url versioning {{(pid=84044) process_request /opt/stack/glance/glance/api/middleware/version_negotiation.py:57}}
Aug 25 16:13:50 devstack devstack@g-api.service[84044]: DEBUG glance.api.middleware.version_negotiation [None req-0d0dd6bc-926c-476d-b229-d7bbb8fec744 admin admin] Matched version: v2 {{(pid=84044) process_request /opt/stack/glance/glance/api/middleware/version_negotiation.py:69}}
Aug 25 16:13:50 devstack devstack@g-api.service[84044]: DEBUG glance.api.middleware.version_negotiation [None req-0d0dd6bc-926c-476d-b229-d7bbb8fec744 admin admin] new path /v2/images {{(pid=84044) process_request /opt/stack/glance/glance/api/middleware/version_negotiation.py:70}}
Aug 25 16:13:50 devstack devstack@g-api.service[84044]: [pid: 84044|app: 0|req: 3/7] 127.0.0.1 () {36 vars in 741 bytes} [Tue Aug 25 16:13:50 2026] GET /v2/images => generated 1045 bytes in 92 msecs (HTTP/1.1 200) 4 headers in 158 bytes (1 switches on core 0)
Aug 25 16:13:59 devstack devstack@g-api.service[84043]: DEBUG glance.api.middleware.version_negotiation [None req-870350f9-f332-4fe1-8bf3-37365a2057ec admin admin] Determining version of request: GET / Accept: application/json {{(pid=84043) process_request /opt/stack/glance/glance/api/middleware/version_negotiation.py:44}}
Aug 25 16:13:59 devstack devstack@g-api.service[84043]: DEBUG glance.api.middleware.version_negotiation [None req-870350f9-f332-4fe1-8bf3-37365a2057ec admin admin] Using url versioning {{(pid=84043) process_request /opt/stack/glance/glance/api/middleware/version_negotiation.py:57}}
Aug 25 16:13:59 devstack devstack@g-api.service[84043]: DEBUG glance.api.middleware.version_negotiation [None req-870350f9-f332-4fe1-8bf3-37365a2057ec admin admin] Unknown version. Returning version choices. {{(pid=84043) process_request /opt/stack/glance/glance/api/middleware/version_negotiation.py:64}}
Aug 25 16:13:59 devstack devstack@g-api.service[84043]: [pid: 84043|app: 0|req: 5/8] 127.0.0.1 () {34 vars in 519 bytes} [Tue Aug 25 16:13:59 2026] GET / => generated 1571 bytes in 2 msecs (HTTP/1.1 300) 3 headers in 106 bytes (1 switches on core 0)
Aug 25 16:13:59 devstack devstack@g-api.service[84044]: DEBUG glance.api.middleware.version_negotiation [None req-7e2e88f5-a3eb-4e88-ab3a-3a82c0c90fcd admin admin] Determining version of request: GET /v2/images/c1c27dcb-0eec-4a30-8c25-b5784f5ecafe Accept: */* {{(pid=84044) process_request /opt/stack/glance/glance/api/middleware/version_negotiation.py:44}}
Aug 25 16:13:59 devstack devstack@g-api.service[84044]: DEBUG glance.api.middleware.version_negotiation [None req-7e2e88f5-a3eb-4e88-ab3a-3a82c0c90fcd admin admin] Using url versioning {{(pid=84044) process_request /opt/stack/glance/glance/api/middleware/version_negotiation.py:57}}
Aug 25 16:13:59 devstack devstack@g-api.service[84044]: DEBUG glance.api.middleware.version_negotiation [None req-7e2e88f5-a3eb-4e88-ab3a-3a82c0c90fcd admin admin] Matched version: v2 {{(pid=84044) process_request /opt/stack/glance/glance/api/middleware/version_negotiation.py:69}}
Aug 25 16:13:59 devstack devstack@g-api.service[84044]: DEBUG glance.api.middleware.version_negotiation [None req-7e2e88f5-a3eb-4e88-ab3a-3a82c0c90fcd admin admin] new path /v2/images/c1c27dcb-0eec-4a30-8c25-b5784f5ecafe {{(pid=84044) process_request /opt/stack/glance/glance/api/middleware/version_negotiation.py:70}}
Aug 25 16:13:59 devstack devstack@g-api.service[84044]: [pid: 84044|app: 0|req: 4/9] 127.0.0.1 () {36 vars in 802 bytes} [Tue Aug 25 16:13:59 2026] GET /v2/images/c1c27dcb-0eec-4a30-8c25-b5784f5ecafe => generated 976 bytes in 73 msecs (HTTP/1.1 200) 4 headers in 157 bytes (1 switches on core 0)
Aug 25 16:14:05 devstack devstack@g-api.service[84043]: DEBUG glance.api.middleware.version_negotiation [None req-870350f9-f332-4fe1-8bf3-37365a2057ec admin admin] Determining version of request: GET / Accept: application/json {{(pid=84043) process_request /opt/stack/glance/glance/api/middleware/version_negotiation.py:44}}
Aug 25 16:14:05 devstack devstack@g-api.service[84043]: DEBUG glance.api.middleware.version_negotiation [None req-870350f9-f332-4fe1-8bf3-37365a2057ec admin admin] Using url versioning {{(pid=84043) process_request /opt/stack/glance/glance/api/middleware/version_negotiation.py:57}}
Aug 25 16:14:05 devstack devstack@g-api.service[84043]: DEBUG glance.api.middleware.version_negotiation [None req-870350f9-f332-4fe1-8bf3-37365a2057ec admin admin] Unknown version. Returning version choices. {{(pid=84043) process_request /opt/stack/glance/glance/api/middleware/version_negotiation.py:64}}
Aug 25 16:14:05 devstack devstack@g-api.service[84043]: [pid: 84043|app: 0|req: 6/10] 127.0.0.1 () {34 vars in 519 bytes} [Tue Aug 25 16:14:05 2026] GET / => generated 1571 bytes in 2 msecs (HTTP/1.1 300) 3 headers in 106 bytes (1 switches on core 0)
Aug 25 16:14:05 devstack devstack@g-api.service[84044]: DEBUG glance.api.middleware.version_negotiation [None req-c91dd9a9-6667-4b66-a8b0-7fd790255e99 admin admin] Determining version of request: GET /v2/images/c1c27dcb-0eec-4a30-8c25-b5784f5ecafe Accept: */* {{(pid=84044) process_request /opt/stack/glance/glance/api/middleware/version_negotiation.py:44}}
Aug 25 16:14:05 devstack devstack@g-api.service[84044]: DEBUG glance.api.middleware.version_negotiation [None req-c91dd9a9-6667-4b66-a8b0-7fd790255e99 admin admin] Using url versioning {{(pid=84044) process_request /opt/stack/glance/glance/api/middleware/version_negotiation.py:57}}
Aug 25 16:14:05 devstack devstack@g-api.service[84044]: DEBUG glance.api.middleware.version_negotiation [None req-c91dd9a9-6667-4b66-a8b0-7fd790255e99 admin admin] Matched version: v2 {{(pid=84044) process_request /opt/stack/glance/glance/api/middleware/version_negotiation.py:69}}
Aug 25 16:14:05 devstack devstack@g-api.service[84044]: DEBUG glance.api.middleware.version_negotiation [None req-c91dd9a9-6667-4b66-a8b0-7fd790255e99 admin admin] new path /v2/images/c1c27dcb-0eec-4a30-8c25-b5784f5ecafe {{(pid=84044) process_request /opt/stack/glance/glance/api/middleware/version_negotiation.py:70}}
Aug 25 16:14:05 devstack devstack@g-api.service[84044]: [pid: 84044|app: 0|req: 5/11] 127.0.0.1 () {36 vars in 802 bytes} [Tue Aug 25 16:14:05 2026] GET /v2/images/c1c27dcb-0eec-4a30-8c25-b5784f5ecafe => generated 976 bytes in 71 msecs (HTTP/1.1 200) 4 headers in 157 bytes (1 switches on core 0)
Aug 25 16:14:15 devstack devstack@g-api.service[84044]: DEBUG dbcounter [-] [84044] Writing DB stats glance:SELECT=5 {{(pid=84044) stat_writer /opt/stack/data/venv/lib/python3.12/site-packages/dbcounter.py:115}}
Aug 25 16:15:21 devstack devstack@g-api.service[84043]: DEBUG glance.api.middleware.version_negotiation [None req-870350f9-f332-4fe1-8bf3-37365a2057ec admin admin] Determining version of request: GET / Accept: application/json {{(pid=84043) process_request /opt/stack/glance/glance/api/middleware/version_negotiation.py:44}}
Aug 25 16:15:21 devstack devstack@g-api.service[84043]: DEBUG glance.api.middleware.version_negotiation [None req-870350f9-f332-4fe1-8bf3-37365a2057ec admin admin] Using url versioning {{(pid=84043) process_request /opt/stack/glance/glance/api/middleware/version_negotiation.py:57}}
Aug 25 16:15:21 devstack devstack@g-api.service[84043]: DEBUG glance.api.middleware.version_negotiation [None req-870350f9-f332-4fe1-8bf3-37365a2057ec admin admin] Unknown version. Returning version choices. {{(pid=84043) process_request /opt/stack/glance/glance/api/middleware/version_negotiation.py:64}}
Aug 25 16:15:21 devstack devstack@g-api.service[84043]: [pid: 84043|app: 0|req: 7/12] 127.0.0.1 () {36 vars in 488 bytes} [Tue Aug 25 16:15:21 2026] GET / => generated 1571 bytes in 3 msecs (HTTP/1.1 300) 3 headers in 106 bytes (1 switches on core 0)
Aug 25 16:18:12 devstack devstack@g-api.service[84044]: DEBUG glance.api.middleware.version_negotiation [None req-8856029c-5ad1-4be3-8550-5c7bd4ec9adf admin admin] Determining version of request: GET / Accept: application/json {{(pid=84044) process_request /opt/stack/glance/glance/api/middleware/version_negotiation.py:44}}
Aug 25 16:18:12 devstack devstack@g-api.service[84044]: DEBUG glance.api.middleware.version_negotiation [None req-8856029c-5ad1-4be3-8550-5c7bd4ec9adf admin admin] Using url versioning {{(pid=84044) process_request /opt/stack/glance/glance/api/middleware/version_negotiation.py:57}}
Aug 25 16:18:12 devstack devstack@g-api.service[84044]: DEBUG glance.api.middleware.version_negotiation [None req-8856029c-5ad1-4be3-8550-5c7bd4ec9adf admin admin] Unknown version. Returning version choices. {{(pid=84044) process_request /opt/stack/glance/glance/api/middleware/version_negotiation.py:64}}
Aug 25 16:18:12 devstack devstack@g-api.service[84044]: [pid: 84044|app: 0|req: 6/13] 127.0.0.1 () {34 vars in 505 bytes} [Tue Aug 25 16:18:12 2026] GET / => generated 1571 bytes in 5 msecs (HTTP/1.1 300) 3 headers in 106 bytes (1 switches on core 0)
Aug 25 16:18:12 devstack devstack@g-api.service[84043]: DEBUG glance.api.middleware.version_negotiation [None req-870350f9-f332-4fe1-8bf3-37365a2057ec admin admin] Determining version of request: GET /v2/images/c1c27dcb-0eec-4a30-8c25-b5784f5ecafe Accept: */* {{(pid=84043) process_request /opt/stack/glance/glance/api/middleware/version_negotiation.py:44}}
Aug 25 16:18:12 devstack devstack@g-api.service[84043]: DEBUG glance.api.middleware.version_negotiation [None req-870350f9-f332-4fe1-8bf3-37365a2057ec admin admin] Using url versioning {{(pid=84043) process_request /opt/stack/glance/glance/api/middleware/version_negotiation.py:57}}
Aug 25 16:18:12 devstack devstack@g-api.service[84043]: DEBUG glance.api.middleware.version_negotiation [None req-870350f9-f332-4fe1-8bf3-37365a2057ec admin admin] Matched version: v2 {{(pid=84043) process_request /opt/stack/glance/glance/api/middleware/version_negotiation.py:69}}
Aug 25 16:18:12 devstack devstack@g-api.service[84043]: DEBUG glance.api.middleware.version_negotiation [None req-870350f9-f332-4fe1-8bf3-37365a2057ec admin admin] new path /v2/images/c1c27dcb-0eec-4a30-8c25-b5784f5ecafe {{(pid=84043) process_request /opt/stack/glance/glance/api/middleware/version_negotiation.py:70}}
Aug 25 16:18:12 devstack devstack@g-api.service[84043]: [pid: 84043|app: 0|req: 8/14] 127.0.0.1 () {42 vars in 1061 bytes} [Tue Aug 25 16:18:12 2026] GET /v2/images/c1c27dcb-0eec-4a30-8c25-b5784f5ecafe => generated 976 bytes in 394 msecs (HTTP/1.1 200) 4 headers in 157 bytes (1 switches on core 0)
Aug 25 16:18:12 devstack devstack@g-api.service[84044]: DEBUG glance.api.middleware.version_negotiation [None req-8856029c-5ad1-4be3-8550-5c7bd4ec9adf admin admin] Determining version of request: GET /v2/schemas/image Accept: */* {{(pid=84044) process_request /opt/stack/glance/glance/api/middleware/version_negotiation.py:44}}
Aug 25 16:18:12 devstack devstack@g-api.service[84044]: DEBUG glance.api.middleware.version_negotiation [None req-8856029c-5ad1-4be3-8550-5c7bd4ec9adf admin admin] Using url versioning {{(pid=84044) process_request /opt/stack/glance/glance/api/middleware/version_negotiation.py:57}}
Aug 25 16:18:12 devstack devstack@g-api.service[84044]: DEBUG glance.api.middleware.version_negotiation [None req-8856029c-5ad1-4be3-8550-5c7bd4ec9adf admin admin] Matched version: v2 {{(pid=84044) process_request /opt/stack/glance/glance/api/middleware/version_negotiation.py:69}}
Aug 25 16:18:12 devstack devstack@g-api.service[84044]: DEBUG glance.api.middleware.version_negotiation [None req-8856029c-5ad1-4be3-8550-5c7bd4ec9adf admin admin] new path /v2/schemas/image {{(pid=84044) process_request /opt/stack/glance/glance/api/middleware/version_negotiation.py:70}}
Aug 25 16:18:12 devstack devstack@g-api.service[84044]: [pid: 84044|app: 0|req: 7/15] 127.0.0.1 () {42 vars in 1001 bytes} [Tue Aug 25 16:18:12 2026] GET /v2/schemas/image => generated 6083 bytes in 10 msecs (HTTP/1.1 200) 4 headers in 158 bytes (1 switches on core 0)
Aug 25 16:18:15 devstack devstack@g-api.service[84043]: DEBUG glance.api.middleware.version_negotiation [None req-2505f837-f4fe-4c55-a75d-2521e9c6058c tempest-ServerRescueNegativeTestJSON-1572691805 tempest-ServerRescueNegativeTestJSON-1572691805-project-member] Determining version of request: GET / Accept: application/json {{(pid=84043) process_request /opt/stack/glance/glance/api/middleware/version_negotiation.py:44}}
Aug 25 16:18:15 devstack devstack@g-api.service[84043]: DEBUG glance.api.middleware.version_negotiation [None req-2505f837-f4fe-4c55-a75d-2521e9c6058c tempest-ServerRescueNegativeTestJSON-1572691805 tempest-ServerRescueNegativeTestJSON-1572691805-project-member] Using url versioning {{(pid=84043) process_request /opt/stack/glance/glance/api/middleware/version_negotiation.py:57}}
Aug 25 16:18:15 devstack devstack@g-api.service[84043]: DEBUG glance.api.middleware.version_negotiation [None req-2505f837-f4fe-4c55-a75d-2521e9c6058c tempest-ServerRescueNegativeTestJSON-1572691805 tempest-ServerRescueNegativeTestJSON-1572691805-project-member] Unknown version. Returning version choices. {{(pid=84043) process_request /opt/stack/glance/glance/api/middleware/version_negotiation.py:64}}
Aug 25 16:18:15 devstack devstack@g-api.service[84043]: [pid: 84043|app: 0|req: 9/16] 127.0.0.1 () {34 vars in 505 bytes} [Tue Aug 25 16:18:15 2026] GET / => generated 1571 bytes in 2 msecs (HTTP/1.1 300) 3 headers in 106 bytes (1 switches on core 0)
Aug 25 16:18:16 devstack devstack@g-api.service[84044]: DEBUG glance.api.middleware.version_negotiation [None req-2505f837-f4fe-4c55-a75d-2521e9c6058c tempest-ServerRescueNegativeTestJSON-1572691805 tempest-ServerRescueNegativeTestJSON-1572691805-project-member] Determining version of request: GET /v2/images/c1c27dcb-0eec-4a30-8c25-b5784f5ecafe Accept: */* {{(pid=84044) process_request /opt/stack/glance/glance/api/middleware/version_negotiation.py:44}}
Aug 25 16:18:16 devstack devstack@g-api.service[84044]: DEBUG glance.api.middleware.version_negotiation [None req-2505f837-f4fe-4c55-a75d-2521e9c6058c tempest-ServerRescueNegativeTestJSON-1572691805 tempest-ServerRescueNegativeTestJSON-1572691805-project-member] Using url versioning {{(pid=84044) process_request /opt/stack/glance/glance/api/middleware/version_negotiation.py:57}}
Aug 25 16:18:16 devstack devstack@g-api.service[84044]: DEBUG glance.api.middleware.version_negotiation [None req-2505f837-f4fe-4c55-a75d-2521e9c6058c tempest-ServerRescueNegativeTestJSON-1572691805 tempest-ServerRescueNegativeTestJSON-1572691805-project-member] Matched version: v2 {{(pid=84044) process_request /opt/stack/glance/glance/api/middleware/version_negotiation.py:69}}
Aug 25 16:18:16 devstack devstack@g-api.service[84044]: DEBUG glance.api.middleware.version_negotiation [None req-2505f837-f4fe-4c55-a75d-2521e9c6058c tempest-ServerRescueNegativeTestJSON-1572691805 tempest-ServerRescueNegativeTestJSON-1572691805-project-member] new path /v2/images/c1c27dcb-0eec-4a30-8c25-b5784f5ecafe {{(pid=84044) process_request /opt/stack/glance/glance/api/middleware/version_negotiation.py:70}}
Aug 25 16:18:16 devstack devstack@g-api.service[84044]: [pid: 84044|app: 0|req: 8/17] 127.0.0.1 () {42 vars in 1061 bytes} [Tue Aug 25 16:18:15 2026] GET /v2/images/c1c27dcb-0eec-4a30-8c25-b5784f5ecafe => generated 976 bytes in 207 msecs (HTTP/1.1 200) 4 headers in 157 bytes (1 switches on core 0)
Aug 25 16:18:16 devstack devstack@g-api.service[84043]: DEBUG glance.api.middleware.version_negotiation [None req-2505f837-f4fe-4c55-a75d-2521e9c6058c tempest-ServerRescueNegativeTestJSON-1572691805 tempest-ServerRescueNegativeTestJSON-1572691805-project-member] Determining version of request: GET /v2/schemas/image Accept: */* {{(pid=84043) process_request /opt/stack/glance/glance/api/middleware/version_negotiation.py:44}}
Aug 25 16:18:16 devstack devstack@g-api.service[84043]: DEBUG glance.api.middleware.version_negotiation [None req-2505f837-f4fe-4c55-a75d-2521e9c6058c tempest-ServerRescueNegativeTestJSON-1572691805 tempest-ServerRescueNegativeTestJSON-1572691805-project-member] Using url versioning {{(pid=84043) process_request /opt/stack/glance/glance/api/middleware/version_negotiation.py:57}}
Aug 25 16:18:16 devstack devstack@g-api.service[84043]: DEBUG glance.api.middleware.version_negotiation [None req-2505f837-f4fe-4c55-a75d-2521e9c6058c tempest-ServerRescueNegativeTestJSON-1572691805 tempest-ServerRescueNegativeTestJSON-1572691805-project-member] Matched version: v2 {{(pid=84043) process_request /opt/stack/glance/glance/api/middleware/version_negotiation.py:69}}
Aug 25 16:18:16 devstack devstack@g-api.service[84043]: DEBUG glance.api.middleware.version_negotiation [None req-2505f837-f4fe-4c55-a75d-2521e9c6058c tempest-ServerRescueNegativeTestJSON-1572691805 tempest-ServerRescueNegativeTestJSON-1572691805-project-member] new path /v2/schemas/image {{(pid=84043) process_request /opt/stack/glance/glance/api/middleware/version_negotiation.py:70}}
Aug 25 16:18:16 devstack devstack@g-api.service[84043]: [pid: 84043|app: 0|req: 10/18] 127.0.0.1 () {42 vars in 1001 bytes} [Tue Aug 25 16:18:16 2026] GET /v2/schemas/image => generated 6083 bytes in 10 msecs (HTTP/1.1 200) 4 headers in 158 bytes (1 switches on core 0)
Aug 25 16:18:21 devstack devstack@g-api.service[84044]: DEBUG glance.api.middleware.version_negotiation [None req-842eb564-3e9f-4670-b6c2-6a4a42232ad7 tempest-ServerActionsTestOtherA-245088571 tempest-ServerActionsTestOtherA-245088571-project-member] Determining version of request: GET /v2/images/c1c27dcb-0eec-4a30-8c25-b5784f5ecafe Accept: */* {{(pid=84044) process_request /opt/stack/glance/glance/api/middleware/version_negotiation.py:44}}
Aug 25 16:18:21 devstack devstack@g-api.service[84044]: DEBUG glance.api.middleware.version_negotiation [None req-842eb564-3e9f-4670-b6c2-6a4a42232ad7 tempest-ServerActionsTestOtherA-245088571 tempest-ServerActionsTestOtherA-245088571-project-member] Using url versioning {{(pid=84044) process_request /opt/stack/glance/glance/api/middleware/version_negotiation.py:57}}
Aug 25 16:18:21 devstack devstack@g-api.service[84044]: DEBUG glance.api.middleware.version_negotiation [None req-842eb564-3e9f-4670-b6c2-6a4a42232ad7 tempest-ServerActionsTestOtherA-245088571 tempest-ServerActionsTestOtherA-245088571-project-member] Matched version: v2 {{(pid=84044) process_request /opt/stack/glance/glance/api/middleware/version_negotiation.py:69}}
Aug 25 16:18:21 devstack devstack@g-api.service[84044]: DEBUG glance.api.middleware.version_negotiation [None req-842eb564-3e9f-4670-b6c2-6a4a42232ad7 tempest-ServerActionsTestOtherA-245088571 tempest-ServerActionsTestOtherA-245088571-project-member] new path /v2/images/c1c27dcb-0eec-4a30-8c25-b5784f5ecafe {{(pid=84044) process_request /opt/stack/glance/glance/api/middleware/version_negotiation.py:70}}
Aug 25 16:18:21 devstack devstack@g-api.service[84044]: [pid: 84044|app: 0|req: 9/19] 127.0.0.1 () {42 vars in 1061 bytes} [Tue Aug 25 16:18:21 2026] GET /v2/images/c1c27dcb-0eec-4a30-8c25-b5784f5ecafe => generated 976 bytes in 104 msecs (HTTP/1.1 200) 4 headers in 157 bytes (1 switches on core 0)
Aug 25 16:18:21 devstack devstack@g-api.service[84043]: DEBUG glance.api.middleware.version_negotiation [None req-842eb564-3e9f-4670-b6c2-6a4a42232ad7 tempest-ServerActionsTestOtherA-245088571 tempest-ServerActionsTestOtherA-245088571-project-member] Determining version of request: GET /v2/images/c1c27dcb-0eec-4a30-8c25-b5784f5ecafe/file Accept: */* {{(pid=84043) process_request /opt/stack/glance/glance/api/middleware/version_negotiation.py:44}}
Aug 25 16:18:21 devstack devstack@g-api.service[84043]: DEBUG glance.api.middleware.version_negotiation [None req-842eb564-3e9f-4670-b6c2-6a4a42232ad7 tempest-ServerActionsTestOtherA-245088571 tempest-ServerActionsTestOtherA-245088571-project-member] Using url versioning {{(pid=84043) process_request /opt/stack/glance/glance/api/middleware/version_negotiation.py:57}}
Aug 25 16:18:21 devstack devstack@g-api.service[84043]: DEBUG glance.api.middleware.version_negotiation [None req-842eb564-3e9f-4670-b6c2-6a4a42232ad7 tempest-ServerActionsTestOtherA-245088571 tempest-ServerActionsTestOtherA-245088571-project-member] Matched version: v2 {{(pid=84043) process_request /opt/stack/glance/glance/api/middleware/version_negotiation.py:69}}
Aug 25 16:18:21 devstack devstack@g-api.service[84043]: DEBUG glance.api.middleware.version_negotiation [None req-842eb564-3e9f-4670-b6c2-6a4a42232ad7 tempest-ServerActionsTestOtherA-245088571 tempest-ServerActionsTestOtherA-245088571-project-member] new path /v2/images/c1c27dcb-0eec-4a30-8c25-b5784f5ecafe/file {{(pid=84043) process_request /opt/stack/glance/glance/api/middleware/version_negotiation.py:70}}
Aug 25 16:18:21 devstack devstack@g-api.service[84043]: DEBUG glance_store._drivers.filesystem [None req-2505f837-f4fe-4c55-a75d-2521e9c6058c tempest-ServerRescueNegativeTestJSON-1572691805 tempest-ServerRescueNegativeTestJSON-1572691805-project-member] Found image at /opt/stack/data/glance/images/c1c27dcb-0eec-4a30-8c25-b5784f5ecafe. Returning in ChunkedFile. {{(pid=84043) get /opt/stack/data/venv/lib/python3.12/site-packages/glance_store/_drivers/filesystem.py:724}}
Aug 25 16:18:22 devstack devstack@g-api.service[84043]: DEBUG glance.image_cache [None req-2505f837-f4fe-4c55-a75d-2521e9c6058c tempest-ServerRescueNegativeTestJSON-1572691805 tempest-ServerRescueNegativeTestJSON-1572691805-project-member] Tee'ing image 'c1c27dcb-0eec-4a30-8c25-b5784f5ecafe' into cache {{(pid=84043) get_caching_iter /opt/stack/glance/glance/image_cache/__init__.py:356}}
Aug 25 16:18:22 devstack devstack@g-api.service[84044]: DEBUG glance.api.middleware.version_negotiation [None req-2505f837-f4fe-4c55-a75d-2521e9c6058c tempest-ServerRescueNegativeTestJSON-1572691805 tempest-ServerRescueNegativeTestJSON-1572691805-project-member] Determining version of request: GET /v2/images/c1c27dcb-0eec-4a30-8c25-b5784f5ecafe Accept: */* {{(pid=84044) process_request /opt/stack/glance/glance/api/middleware/version_negotiation.py:44}}
Aug 25 16:18:22 devstack devstack@g-api.service[84044]: DEBUG glance.api.middleware.version_negotiation [None req-2505f837-f4fe-4c55-a75d-2521e9c6058c tempest-ServerRescueNegativeTestJSON-1572691805 tempest-ServerRescueNegativeTestJSON-1572691805-project-member] Using url versioning {{(pid=84044) process_request /opt/stack/glance/glance/api/middleware/version_negotiation.py:57}}
Aug 25 16:18:22 devstack devstack@g-api.service[84044]: DEBUG glance.api.middleware.version_negotiation [None req-2505f837-f4fe-4c55-a75d-2521e9c6058c tempest-ServerRescueNegativeTestJSON-1572691805 tempest-ServerRescueNegativeTestJSON-1572691805-project-member] Matched version: v2 {{(pid=84044) process_request /opt/stack/glance/glance/api/middleware/version_negotiation.py:69}}
Aug 25 16:18:22 devstack devstack@g-api.service[84044]: DEBUG glance.api.middleware.version_negotiation [None req-2505f837-f4fe-4c55-a75d-2521e9c6058c tempest-ServerRescueNegativeTestJSON-1572691805 tempest-ServerRescueNegativeTestJSON-1572691805-project-member] new path /v2/images/c1c27dcb-0eec-4a30-8c25-b5784f5ecafe {{(pid=84044) process_request /opt/stack/glance/glance/api/middleware/version_negotiation.py:70}}
Aug 25 16:18:22 devstack devstack@g-api.service[84044]: [pid: 84044|app: 0|req: 10/20] 127.0.0.1 () {42 vars in 1061 bytes} [Tue Aug 25 16:18:22 2026] GET /v2/images/c1c27dcb-0eec-4a30-8c25-b5784f5ecafe => generated 976 bytes in 34 msecs (HTTP/1.1 200) 4 headers in 157 bytes (1 switches on core 0)
Aug 25 16:18:22 devstack devstack@g-api.service[84044]: DEBUG glance.api.middleware.version_negotiation [None req-541c560f-95ba-4c60-9a08-2e1189d522aa tempest-ServerRescueNegativeTestJSON-1572691805 tempest-ServerRescueNegativeTestJSON-1572691805-project-member] Determining version of request: GET /v2/schemas/image Accept: */* {{(pid=84044) process_request /opt/stack/glance/glance/api/middleware/version_negotiation.py:44}}
Aug 25 16:18:22 devstack devstack@g-api.service[84044]: DEBUG glance.api.middleware.version_negotiation [None req-541c560f-95ba-4c60-9a08-2e1189d522aa tempest-ServerRescueNegativeTestJSON-1572691805 tempest-ServerRescueNegativeTestJSON-1572691805-project-member] Using url versioning {{(pid=84044) process_request /opt/stack/glance/glance/api/middleware/version_negotiation.py:57}}
Aug 25 16:18:22 devstack devstack@g-api.service[84044]: DEBUG glance.api.middleware.version_negotiation [None req-541c560f-95ba-4c60-9a08-2e1189d522aa tempest-ServerRescueNegativeTestJSON-1572691805 tempest-ServerRescueNegativeTestJSON-1572691805-project-member] Matched version: v2 {{(pid=84044) process_request /opt/stack/glance/glance/api/middleware/version_negotiation.py:69}}
Aug 25 16:18:22 devstack devstack@g-api.service[84044]: DEBUG glance.api.middleware.version_negotiation [None req-541c560f-95ba-4c60-9a08-2e1189d522aa tempest-ServerRescueNegativeTestJSON-1572691805 tempest-ServerRescueNegativeTestJSON-1572691805-project-member] new path /v2/schemas/image {{(pid=84044) process_request /opt/stack/glance/glance/api/middleware/version_negotiation.py:70}}
Aug 25 16:18:22 devstack devstack@g-api.service[84044]: [pid: 84044|app: 0|req: 11/21] 127.0.0.1 () {42 vars in 1001 bytes} [Tue Aug 25 16:18:22 2026] GET /v2/schemas/image => generated 6083 bytes in 11 msecs (HTTP/1.1 200) 4 headers in 158 bytes (1 switches on core 0)
Aug 25 16:18:22 devstack devstack@g-api.service[84043]: DEBUG glance.image_cache.drivers.centralized_db [None req-2505f837-f4fe-4c55-a75d-2521e9c6058c tempest-ServerRescueNegativeTestJSON-1572691805 tempest-ServerRescueNegativeTestJSON-1572691805-project-member] Fetch finished, moving '/opt/stack/data/glance/cache/incomplete/c1c27dcb-0eec-4a30-8c25-b5784f5ecafe' to '/opt/stack/data/glance/cache/c1c27dcb-0eec-4a30-8c25-b5784f5ecafe' {{(pid=84043) commit /opt/stack/glance/glance/image_cache/drivers/centralized_db.py:243}}
Aug 25 16:18:22 devstack devstack@g-api.service[84043]: DEBUG glance.image_cache.drivers.centralized_db [None req-2505f837-f4fe-4c55-a75d-2521e9c6058c tempest-ServerRescueNegativeTestJSON-1572691805 tempest-ServerRescueNegativeTestJSON-1572691805-project-member] Image cached successfully. {{(pid=84043) commit /opt/stack/glance/glance/image_cache/drivers/centralized_db.py:258}}
Aug 25 16:18:22 devstack devstack@g-api.service[84043]: [pid: 84043|app: 0|req: 11/22] 127.0.0.1 () {42 vars in 1071 bytes} [Tue Aug 25 16:18:21 2026] GET /v2/images/c1c27dcb-0eec-4a30-8c25-b5784f5ecafe/file => generated 21692416 bytes in 498 msecs (HTTP/1.1 200) 4 headers in 191 bytes (336 switches on core 0)
Aug 25 16:18:22 devstack devstack@g-api.service[84044]: DEBUG glance.api.middleware.version_negotiation [None req-541c560f-95ba-4c60-9a08-2e1189d522aa tempest-ServerRescueNegativeTestJSON-1572691805 tempest-ServerRescueNegativeTestJSON-1572691805-project-member] Determining version of request: GET /v2/images/c1c27dcb-0eec-4a30-8c25-b5784f5ecafe Accept: */* {{(pid=84044) process_request /opt/stack/glance/glance/api/middleware/version_negotiation.py:44}}
Aug 25 16:18:22 devstack devstack@g-api.service[84044]: DEBUG glance.api.middleware.version_negotiation [None req-541c560f-95ba-4c60-9a08-2e1189d522aa tempest-ServerRescueNegativeTestJSON-1572691805 tempest-ServerRescueNegativeTestJSON-1572691805-project-member] Using url versioning {{(pid=84044) process_request /opt/stack/glance/glance/api/middleware/version_negotiation.py:57}}
Aug 25 16:18:22 devstack devstack@g-api.service[84044]: DEBUG glance.api.middleware.version_negotiation [None req-541c560f-95ba-4c60-9a08-2e1189d522aa tempest-ServerRescueNegativeTestJSON-1572691805 tempest-ServerRescueNegativeTestJSON-1572691805-project-member] Matched version: v2 {{(pid=84044) process_request /opt/stack/glance/glance/api/middleware/version_negotiation.py:69}}
Aug 25 16:18:22 devstack devstack@g-api.service[84044]: DEBUG glance.api.middleware.version_negotiation [None req-541c560f-95ba-4c60-9a08-2e1189d522aa tempest-ServerRescueNegativeTestJSON-1572691805 tempest-ServerRescueNegativeTestJSON-1572691805-project-member] new path /v2/images/c1c27dcb-0eec-4a30-8c25-b5784f5ecafe {{(pid=84044) process_request /opt/stack/glance/glance/api/middleware/version_negotiation.py:70}}
Aug 25 16:18:22 devstack devstack@g-api.service[84044]: [pid: 84044|app: 0|req: 12/23] 127.0.0.1 () {42 vars in 1061 bytes} [Tue Aug 25 16:18:22 2026] GET /v2/images/c1c27dcb-0eec-4a30-8c25-b5784f5ecafe => generated 976 bytes in 23 msecs (HTTP/1.1 200) 4 headers in 157 bytes (1 switches on core 0)
Aug 25 16:18:22 devstack devstack@g-api.service[84043]: DEBUG glance.api.middleware.version_negotiation [None req-2505f837-f4fe-4c55-a75d-2521e9c6058c tempest-ServerRescueNegativeTestJSON-1572691805 tempest-ServerRescueNegativeTestJSON-1572691805-project-member] Determining version of request: GET /v2/schemas/image Accept: */* {{(pid=84043) process_request /opt/stack/glance/glance/api/middleware/version_negotiation.py:44}}
Aug 25 16:18:22 devstack devstack@g-api.service[84043]: DEBUG glance.api.middleware.version_negotiation [None req-2505f837-f4fe-4c55-a75d-2521e9c6058c tempest-ServerRescueNegativeTestJSON-1572691805 tempest-ServerRescueNegativeTestJSON-1572691805-project-member] Using url versioning {{(pid=84043) process_request /opt/stack/glance/glance/api/middleware/version_negotiation.py:57}}
