Sep 05 04:40:11 devstack cinder-volume[89807]: DEBUG oslo_concurrency.processutils [None req-33b51691-a729-48b2-b013-96d00aa67d5b tempest-SnapshotsActionsTest-705557026 None] Running cmd (subprocess): /opt/stack/data/venv/bin/python3.12 -m oslo_concurrency.prlimit --as=1073741824 --cpu=60 -- sudo cinder-rootwrap /etc/cinder/rootwrap.conf env LC_ALL=C qemu-img info -f qcow2 --output=json --force-share /opt/stack/data/cinder/mnt/047cfdca1f450f1d0d271390bd0962dc/volume-c4399394-625b-4f86-aeef-dc58d9b00ff2.9385e7ec-5367-42c1-bec6-468716dce073 {{(pid=89807) execute /opt/stack/data/venv/lib/python3.12/site-packages/oslo_concurrency/processutils.py:440}}
Sep 05 04:40:11 devstack sudo[93590]: quobyte : PWD=/ ; USER=root ; COMMAND=/opt/stack/data/venv/bin/cinder-rootwrap /etc/cinder/rootwrap.conf env LC_ALL=C qemu-img info -f qcow2 --output=json --force-share /opt/stack/data/cinder/mnt/047cfdca1f450f1d0d271390bd0962dc/volume-c4399394-625b-4f86-aeef-dc58d9b00ff2.9385e7ec-5367-42c1-bec6-468716dce073
Sep 05 04:40:11 devstack sudo[93590]: pam_unix(sudo:session): session opened for user root(uid=0) by (uid=1000)
Sep 05 04:40:12 devstack sudo[93590]: pam_unix(sudo:session): session closed for user root
Sep 05 04:40:12 devstack cinder-volume[89807]: DEBUG oslo_concurrency.processutils [None req-33b51691-a729-48b2-b013-96d00aa67d5b tempest-SnapshotsActionsTest-705557026 None] CMD "/opt/stack/data/venv/bin/python3.12 -m oslo_concurrency.prlimit --as=1073741824 --cpu=60 -- sudo cinder-rootwrap /etc/cinder/rootwrap.conf env LC_ALL=C qemu-img info -f qcow2 --output=json --force-share /opt/stack/data/cinder/mnt/047cfdca1f450f1d0d271390bd0962dc/volume-c4399394-625b-4f86-aeef-dc58d9b00ff2.9385e7ec-5367-42c1-bec6-468716dce073" returned: 0 in 0.455s {{(pid=89807) execute /opt/stack/data/venv/lib/python3.12/site-packages/oslo_concurrency/processutils.py:468}}
Sep 05 04:40:12 devstack cinder-volume[89807]: DEBUG cinder.volume.drivers.remotefs [None req-33b51691-a729-48b2-b013-96d00aa67d5b tempest-SnapshotsActionsTest-705557026 None] Fetching qemu-img info with special backing_file_template: (/opt/stack/data/cinder/mnt/[0-9a-f]+/)?(volume-c4399394-625b-4f86-aeef-dc58d9b00ff2(.(tmp-snap-)?[0-9a-f-]+)?|volume_from_snapshot_cache/(tmp-snap-)?[0-9a-f-]+(.(child-|parent-)[0-9a-f-]+)?)$ {{(pid=89807) _qemu_img_info_base /opt/stack/cinder/cinder/volume/drivers/remotefs.py:896}}
Sep 05 04:40:12 devstack cinder-volume[89807]: DEBUG oslo.privsep.daemon [-] privsep: reply[2adb2f7a-a0eb-43f5-855d-ecfb9d66fb13]: (4, 'qcow2') {{(pid=91079) _call_back /opt/stack/data/venv/lib/python3.12/site-packages/oslo_privsep/daemon.py:580}}
Sep 05 04:40:12 devstack cinder-volume[89807]: DEBUG oslo_concurrency.processutils [None req-33b51691-a729-48b2-b013-96d00aa67d5b tempest-SnapshotsActionsTest-705557026 None] Running cmd (subprocess): /opt/stack/data/venv/bin/python3.12 -m oslo_concurrency.prlimit --as=1073741824 --cpu=60 -- sudo cinder-rootwrap /etc/cinder/rootwrap.conf env LC_ALL=C qemu-img info -f qcow2 --output=json --force-share /opt/stack/data/cinder/mnt/047cfdca1f450f1d0d271390bd0962dc/volume-c4399394-625b-4f86-aeef-dc58d9b00ff2.aacc81c4-128a-4991-bc0f-4b75f10efa26 {{(pid=89807) execute /opt/stack/data/venv/lib/python3.12/site-packages/oslo_concurrency/processutils.py:440}}
Sep 05 04:40:12 devstack sudo[93616]: quobyte : PWD=/ ; USER=root ; COMMAND=/opt/stack/data/venv/bin/cinder-rootwrap /etc/cinder/rootwrap.conf env LC_ALL=C qemu-img info -f qcow2 --output=json --force-share /opt/stack/data/cinder/mnt/047cfdca1f450f1d0d271390bd0962dc/volume-c4399394-625b-4f86-aeef-dc58d9b00ff2.aacc81c4-128a-4991-bc0f-4b75f10efa26
Sep 05 04:40:12 devstack sudo[93616]: pam_unix(sudo:session): session opened for user root(uid=0) by (uid=1000)
Sep 05 04:40:13 devstack sudo[93616]: pam_unix(sudo:session): session closed for user root
Sep 05 04:40:13 devstack cinder-volume[89807]: DEBUG oslo_concurrency.processutils [None req-33b51691-a729-48b2-b013-96d00aa67d5b tempest-SnapshotsActionsTest-705557026 None] CMD "/opt/stack/data/venv/bin/python3.12 -m oslo_concurrency.prlimit --as=1073741824 --cpu=60 -- sudo cinder-rootwrap /etc/cinder/rootwrap.conf env LC_ALL=C qemu-img info -f qcow2 --output=json --force-share /opt/stack/data/cinder/mnt/047cfdca1f450f1d0d271390bd0962dc/volume-c4399394-625b-4f86-aeef-dc58d9b00ff2.aacc81c4-128a-4991-bc0f-4b75f10efa26" returned: 0 in 1.011s {{(pid=89807) execute /opt/stack/data/venv/lib/python3.12/site-packages/oslo_concurrency/processutils.py:468}}
Sep 05 04:40:13 devstack cinder-volume[89807]: DEBUG cinder.volume.drivers.remotefs [None req-33b51691-a729-48b2-b013-96d00aa67d5b tempest-SnapshotsActionsTest-705557026 None] Fetching qemu-img info with special backing_file_template: (/opt/stack/data/cinder/mnt/[0-9a-f]+/)?(volume-c4399394-625b-4f86-aeef-dc58d9b00ff2(.(tmp-snap-)?[0-9a-f-]+)?|volume_from_snapshot_cache/(tmp-snap-)?[0-9a-f-]+(.(child-|parent-)[0-9a-f-]+)?)$ {{(pid=89807) _qemu_img_info_base /opt/stack/cinder/cinder/volume/drivers/remotefs.py:896}}
Sep 05 04:40:13 devstack cinder-volume[89807]: DEBUG oslo_concurrency.processutils [None req-33b51691-a729-48b2-b013-96d00aa67d5b tempest-SnapshotsActionsTest-705557026 None] Running cmd (subprocess): sudo cinder-rootwrap /etc/cinder/rootwrap.conf qemu-img commit -d /opt/stack/data/cinder/mnt/047cfdca1f450f1d0d271390bd0962dc/volume-c4399394-625b-4f86-aeef-dc58d9b00ff2.9385e7ec-5367-42c1-bec6-468716dce073 {{(pid=89807) execute /opt/stack/data/venv/lib/python3.12/site-packages/oslo_concurrency/processutils.py:440}}
Sep 05 04:40:13 devstack sudo[93627]: quobyte : PWD=/ ; USER=root ; COMMAND=/opt/stack/data/venv/bin/cinder-rootwrap /etc/cinder/rootwrap.conf qemu-img commit -d /opt/stack/data/cinder/mnt/047cfdca1f450f1d0d271390bd0962dc/volume-c4399394-625b-4f86-aeef-dc58d9b00ff2.9385e7ec-5367-42c1-bec6-468716dce073
Sep 05 04:40:13 devstack sudo[93627]: pam_unix(sudo:session): session opened for user root(uid=0) by (uid=1000)
Sep 05 04:40:14 devstack sudo[93627]: pam_unix(sudo:session): session closed for user root
Sep 05 04:40:14 devstack cinder-volume[89807]: DEBUG oslo_concurrency.processutils [None req-33b51691-a729-48b2-b013-96d00aa67d5b tempest-SnapshotsActionsTest-705557026 None] CMD "sudo cinder-rootwrap /etc/cinder/rootwrap.conf qemu-img commit -d /opt/stack/data/cinder/mnt/047cfdca1f450f1d0d271390bd0962dc/volume-c4399394-625b-4f86-aeef-dc58d9b00ff2.9385e7ec-5367-42c1-bec6-468716dce073" returned: 0 in 0.950s {{(pid=89807) execute /opt/stack/data/venv/lib/python3.12/site-packages/oslo_concurrency/processutils.py:468}}
Sep 05 04:40:14 devstack cinder-volume[89807]: DEBUG oslo_concurrency.processutils [None req-33b51691-a729-48b2-b013-96d00aa67d5b tempest-SnapshotsActionsTest-705557026 None] Running cmd (subprocess): sudo cinder-rootwrap /etc/cinder/rootwrap.conf rm -f /opt/stack/data/cinder/mnt/047cfdca1f450f1d0d271390bd0962dc/volume-c4399394-625b-4f86-aeef-dc58d9b00ff2.9385e7ec-5367-42c1-bec6-468716dce073 {{(pid=89807) execute /opt/stack/data/venv/lib/python3.12/site-packages/oslo_concurrency/processutils.py:440}}
Sep 05 04:40:14 devstack sudo[93635]: quobyte : PWD=/ ; USER=root ; COMMAND=/opt/stack/data/venv/bin/cinder-rootwrap /etc/cinder/rootwrap.conf rm -f /opt/stack/data/cinder/mnt/047cfdca1f450f1d0d271390bd0962dc/volume-c4399394-625b-4f86-aeef-dc58d9b00ff2.9385e7ec-5367-42c1-bec6-468716dce073
Sep 05 04:40:14 devstack sudo[93635]: pam_unix(sudo:session): session opened for user root(uid=0) by (uid=1000)
Sep 05 04:40:14 devstack sudo[93635]: pam_unix(sudo:session): session closed for user root
Sep 05 04:40:14 devstack cinder-volume[89807]: DEBUG oslo_concurrency.processutils [None req-33b51691-a729-48b2-b013-96d00aa67d5b tempest-SnapshotsActionsTest-705557026 None] CMD "sudo cinder-rootwrap /etc/cinder/rootwrap.conf rm -f /opt/stack/data/cinder/mnt/047cfdca1f450f1d0d271390bd0962dc/volume-c4399394-625b-4f86-aeef-dc58d9b00ff2.9385e7ec-5367-42c1-bec6-468716dce073" returned: 0 in 0.697s {{(pid=89807) execute /opt/stack/data/venv/lib/python3.12/site-packages/oslo_concurrency/processutils.py:468}}
Sep 05 04:40:14 devstack cinder-volume[89807]: DEBUG cinder.coordination [None req-33b51691-a729-48b2-b013-96d00aa67d5b tempest-SnapshotsActionsTest-705557026 None] Lock "cinder-quobyte-9385e7ec-5367-42c1-bec6-468716dce073" released by "_delete_snapshot" :: held 3.348s {{(pid=89807) __release /opt/stack/cinder/cinder/coordination.py:152}}
Sep 05 04:40:14 devstack cinder-volume[89807]: DEBUG cinder.coordination [None req-33b51691-a729-48b2-b013-96d00aa67d5b tempest-SnapshotsActionsTest-705557026 None] Lock "cinder-quobyte-c4399394-625b-4f86-aeef-dc58d9b00ff2" released by "delete_snapshot" :: held 3.392s {{(pid=89807) __release /opt/stack/cinder/cinder/coordination.py:152}}
Sep 05 04:40:15 devstack cinder-volume[89807]: DEBUG cinder.quota [None req-33b51691-a729-48b2-b013-96d00aa67d5b tempest-SnapshotsActionsTest-705557026 None] Created reservations ['bd6d0289-3f82-47fb-a393-2d0463460265', 'e98d57e9-53c1-4cd9-b29b-f785b8d28ef3', '322529e2-3d79-4632-b1c4-1a34ac84a8e4', '8b3ab65b-8487-4133-9696-d552a7225568'] {{(pid=89807) reserve /opt/stack/cinder/cinder/quota.py:752}}
Sep 05 04:40:15 devstack cinder-volume[89807]: INFO cinder.volume.manager [None req-33b51691-a729-48b2-b013-96d00aa67d5b tempest-SnapshotsActionsTest-705557026 None] Delete snapshot completed successfully.
Sep 05 04:40:15 devstack cinder-volume[89807]: DEBUG cinder.coordination [None req-33b51691-a729-48b2-b013-96d00aa67d5b tempest-SnapshotsActionsTest-705557026 None] Lock "cinder-9385e7ec-5367-42c1-bec6-468716dce073-delete_snapshot" released by "delete_snapshot" :: held 3.976s {{(pid=89807) __release /opt/stack/cinder/cinder/coordination.py:152}}
Sep 05 04:40:16 devstack cinder-volume[89807]: DEBUG oslo_concurrency.lockutils [None req-4d4bc5a3-22a8-4bcc-98f9-a336a1ec4d98 tempest-SnapshotsActionsTest-1124761940 None] Acquiring lock "quobyte" by "cinder.volume.drivers.quobyte.QuobyteDriver.create_snapshot" {{(pid=89807) inner /opt/stack/data/venv/lib/python3.12/site-packages/oslo_concurrency/lockutils.py:512}}
Sep 05 04:40:17 devstack sudo[93588]: pam_unix(sudo:session): session closed for user root
Sep 05 04:40:17 devstack cinder-volume[89807]: DEBUG oslo_concurrency.processutils [None req-dc676fd4-9615-4295-886c-1ed57a62b19f tempest-GroupSnapshotsTest-941596947 None] CMD "sudo cinder-rootwrap /etc/cinder/rootwrap.conf qemu-img convert -O qcow2 /opt/stack/data/cinder/mnt/047cfdca1f450f1d0d271390bd0962dc/volume-08fe61b2-2e3c-4600-b810-91fe5f5116c2 /opt/stack/data/cinder/mnt/047cfdca1f450f1d0d271390bd0962dc/volume-29ff9451-11f6-4414-b77b-5f6e0eea17d6" returned: 0 in 6.415s {{(pid=89807) execute /opt/stack/data/venv/lib/python3.12/site-packages/oslo_concurrency/processutils.py:468}}
Sep 05 04:40:17 devstack cinder-volume[89807]: DEBUG cinder.image.image_utils [None req-dc676fd4-9615-4295-886c-1ed57a62b19f tempest-GroupSnapshotsTest-941596947 None] Image conversion details: src /opt/stack/data/cinder/mnt/047cfdca1f450f1d0d271390bd0962dc/volume-08fe61b2-2e3c-4600-b810-91fe5f5116c2, size 1024.00 MB, duration 6.42 sec, destination /opt/stack/data/cinder/mnt/047cfdca1f450f1d0d271390bd0962dc/volume-29ff9451-11f6-4414-b77b-5f6e0eea17d6 {{(pid=89807) _convert_image /opt/stack/cinder/cinder/image/image_utils.py:536}}
Sep 05 04:40:17 devstack cinder-volume[89807]: INFO cinder.image.image_utils [None req-dc676fd4-9615-4295-886c-1ed57a62b19f tempest-GroupSnapshotsTest-941596947 None] Converted 1024.00 MB image at 159.59 MB/s
Sep 05 04:40:17 devstack cinder-volume[89807]: WARNING cinder.volume.drivers.remotefs [None req-dc676fd4-9615-4295-886c-1ed57a62b19f tempest-GroupSnapshotsTest-941596947 None] /opt/stack/data/cinder/mnt/047cfdca1f450f1d0d271390bd0962dc/volume-29ff9451-11f6-4414-b77b-5f6e0eea17d6 is being set with open permissions: ugo+rw: NotImplementedError
Sep 05 04:40:17 devstack cinder-volume[89807]: DEBUG oslo_concurrency.processutils [None req-dc676fd4-9615-4295-886c-1ed57a62b19f tempest-GroupSnapshotsTest-941596947 None] Running cmd (subprocess): sudo cinder-rootwrap /etc/cinder/rootwrap.conf chmod ugo+rw /opt/stack/data/cinder/mnt/047cfdca1f450f1d0d271390bd0962dc/volume-29ff9451-11f6-4414-b77b-5f6e0eea17d6 {{(pid=89807) execute /opt/stack/data/venv/lib/python3.12/site-packages/oslo_concurrency/processutils.py:440}}
Sep 05 04:40:17 devstack sudo[93646]: quobyte : PWD=/ ; USER=root ; COMMAND=/opt/stack/data/venv/bin/cinder-rootwrap /etc/cinder/rootwrap.conf chmod ugo+rw /opt/stack/data/cinder/mnt/047cfdca1f450f1d0d271390bd0962dc/volume-29ff9451-11f6-4414-b77b-5f6e0eea17d6
Sep 05 04:40:17 devstack sudo[93646]: pam_unix(sudo:session): session opened for user root(uid=0) by (uid=1000)
Sep 05 04:40:18 devstack sudo[93646]: pam_unix(sudo:session): session closed for user root
Sep 05 04:40:18 devstack cinder-volume[89807]: DEBUG oslo_concurrency.processutils [None req-dc676fd4-9615-4295-886c-1ed57a62b19f tempest-GroupSnapshotsTest-941596947 None] CMD "sudo cinder-rootwrap /etc/cinder/rootwrap.conf chmod ugo+rw /opt/stack/data/cinder/mnt/047cfdca1f450f1d0d271390bd0962dc/volume-29ff9451-11f6-4414-b77b-5f6e0eea17d6" returned: 0 in 0.305s {{(pid=89807) execute /opt/stack/data/venv/lib/python3.12/site-packages/oslo_concurrency/processutils.py:468}}
Sep 05 04:40:18 devstack cinder-volume[89807]: DEBUG cinder.coordination [None req-dc676fd4-9615-4295-886c-1ed57a62b19f tempest-GroupSnapshotsTest-941596947 None] Lock "cinder-quobyte-29ff9451-11f6-4414-b77b-5f6e0eea17d6" released by "_copy_volume_from_snapshot" :: held 7.821s {{(pid=89807) __release /opt/stack/cinder/cinder/coordination.py:152}}
Sep 05 04:40:18 devstack cinder-volume[89807]: DEBUG cinder.coordination [None req-dc676fd4-9615-4295-886c-1ed57a62b19f tempest-GroupSnapshotsTest-941596947 None] Lock "cinder-quobyte-fbe3f402-b067-4fd2-9a5a-f94da348b140-29ff9451-11f6-4414-b77b-5f6e0eea17d6" released by "_create_volume_from_snapshot" :: held 7.915s {{(pid=89807) __release /opt/stack/cinder/cinder/coordination.py:152}}
Sep 05 04:40:18 devstack cinder-volume[89807]: DEBUG oslo_concurrency.lockutils [None req-dc676fd4-9615-4295-886c-1ed57a62b19f tempest-GroupSnapshotsTest-941596947 None] Lock "quobyte" "released" by "cinder.volume.drivers.quobyte.QuobyteDriver.create_volume_from_snapshot" :: held 7.951s {{(pid=89807) inner /opt/stack/data/venv/lib/python3.12/site-packages/oslo_concurrency/lockutils.py:544}}
Sep 05 04:40:18 devstack cinder-volume[89807]: DEBUG oslo_concurrency.lockutils [None req-4d4bc5a3-22a8-4bcc-98f9-a336a1ec4d98 tempest-SnapshotsActionsTest-1124761940 None] Lock "quobyte" acquired by "cinder.volume.drivers.quobyte.QuobyteDriver.create_snapshot" :: waited 1.355s {{(pid=89807) inner /opt/stack/data/venv/lib/python3.12/site-packages/oslo_concurrency/lockutils.py:525}}
Sep 05 04:40:18 devstack cinder-volume[89807]: DEBUG cinder.volume.drivers.remotefs [None req-4d4bc5a3-22a8-4bcc-98f9-a336a1ec4d98 tempest-SnapshotsActionsTest-1124761940 None] Creating offline snapshot dcb3b382-588d-4776-836a-b8e307345853 of volume c4399394-625b-4f86-aeef-dc58d9b00ff2 {{(pid=89807) _create_snapshot /opt/stack/cinder/cinder/volume/drivers/remotefs.py:1816}}
Sep 05 04:40:18 devstack cinder-volume[89807]: DEBUG oslo.privsep.daemon [-] privsep: reply[89264927-0a28-4fde-a03c-31450eba9f4a]: (4, 'qcow2') {{(pid=91079) _call_back /opt/stack/data/venv/lib/python3.12/site-packages/oslo_privsep/daemon.py:580}}
Sep 05 04:40:18 devstack cinder-volume[89807]: DEBUG oslo_concurrency.processutils [None req-4d4bc5a3-22a8-4bcc-98f9-a336a1ec4d98 tempest-SnapshotsActionsTest-1124761940 None] Running cmd (subprocess): /opt/stack/data/venv/bin/python3.12 -m oslo_concurrency.prlimit --as=1073741824 --cpu=60 -- sudo cinder-rootwrap /etc/cinder/rootwrap.conf env LC_ALL=C qemu-img info -f qcow2 --output=json --force-share /opt/stack/data/cinder/mnt/047cfdca1f450f1d0d271390bd0962dc/volume-c4399394-625b-4f86-aeef-dc58d9b00ff2.aacc81c4-128a-4991-bc0f-4b75f10efa26 {{(pid=89807) execute /opt/stack/data/venv/lib/python3.12/site-packages/oslo_concurrency/processutils.py:440}}
Sep 05 04:40:18 devstack cinder-volume[89807]: INFO cinder.volume.manager [None req-dc676fd4-9615-4295-886c-1ed57a62b19f tempest-GroupSnapshotsTest-941596947 None] Create group from source-snapshot-195119a8-d0b0-46c4-abc6-0b22d2f52b0c completed successfully.
Sep 05 04:40:18 devstack sudo[93650]: quobyte : PWD=/ ; USER=root ; COMMAND=/opt/stack/data/venv/bin/cinder-rootwrap /etc/cinder/rootwrap.conf env LC_ALL=C qemu-img info -f qcow2 --output=json --force-share /opt/stack/data/cinder/mnt/047cfdca1f450f1d0d271390bd0962dc/volume-c4399394-625b-4f86-aeef-dc58d9b00ff2.aacc81c4-128a-4991-bc0f-4b75f10efa26
Sep 05 04:40:18 devstack sudo[93650]: pam_unix(sudo:session): session opened for user root(uid=0) by (uid=1000)
Sep 05 04:40:18 devstack sudo[93650]: pam_unix(sudo:session): session closed for user root
Sep 05 04:40:18 devstack cinder-volume[89807]: DEBUG oslo_concurrency.processutils [None req-4d4bc5a3-22a8-4bcc-98f9-a336a1ec4d98 tempest-SnapshotsActionsTest-1124761940 None] CMD "/opt/stack/data/venv/bin/python3.12 -m oslo_concurrency.prlimit --as=1073741824 --cpu=60 -- sudo cinder-rootwrap /etc/cinder/rootwrap.conf env LC_ALL=C qemu-img info -f qcow2 --output=json --force-share /opt/stack/data/cinder/mnt/047cfdca1f450f1d0d271390bd0962dc/volume-c4399394-625b-4f86-aeef-dc58d9b00ff2.aacc81c4-128a-4991-bc0f-4b75f10efa26" returned: 0 in 0.426s {{(pid=89807) execute /opt/stack/data/venv/lib/python3.12/site-packages/oslo_concurrency/processutils.py:468}}
Sep 05 04:40:18 devstack cinder-volume[89807]: DEBUG cinder.volume.drivers.remotefs [None req-4d4bc5a3-22a8-4bcc-98f9-a336a1ec4d98 tempest-SnapshotsActionsTest-1124761940 None] Fetching qemu-img info with special backing_file_template: (/opt/stack/data/cinder/mnt/[0-9a-f]+/)?(volume-c4399394-625b-4f86-aeef-dc58d9b00ff2(.(tmp-snap-)?[0-9a-f-]+)?|volume_from_snapshot_cache/(tmp-snap-)?[0-9a-f-]+(.(child-|parent-)[0-9a-f-]+)?)$ {{(pid=89807) _qemu_img_info_base /opt/stack/cinder/cinder/volume/drivers/remotefs.py:896}}
Sep 05 04:40:18 devstack cinder-volume[89807]: DEBUG oslo_concurrency.processutils [None req-4d4bc5a3-22a8-4bcc-98f9-a336a1ec4d98 tempest-SnapshotsActionsTest-1124761940 None] Running cmd (subprocess): sudo cinder-rootwrap /etc/cinder/rootwrap.conf qemu-img create -f qcow2 -o backing_file=/opt/stack/data/cinder/mnt/047cfdca1f450f1d0d271390bd0962dc/volume-c4399394-625b-4f86-aeef-dc58d9b00ff2.aacc81c4-128a-4991-bc0f-4b75f10efa26,backing_fmt=qcow2 /opt/stack/data/cinder/mnt/047cfdca1f450f1d0d271390bd0962dc/volume-c4399394-625b-4f86-aeef-dc58d9b00ff2.dcb3b382-588d-4776-836a-b8e307345853 1G {{(pid=89807) execute /opt/stack/data/venv/lib/python3.12/site-packages/oslo_concurrency/processutils.py:440}}
Sep 05 04:40:18 devstack sudo[93655]: quobyte : PWD=/ ; USER=root ; COMMAND=/opt/stack/data/venv/bin/cinder-rootwrap /etc/cinder/rootwrap.conf qemu-img create -f qcow2 -o backing_file=/opt/stack/data/cinder/mnt/047cfdca1f450f1d0d271390bd0962dc/volume-c4399394-625b-4f86-aeef-dc58d9b00ff2.aacc81c4-128a-4991-bc0f-4b75f10efa26,backing_fmt=qcow2 /opt/stack/data/cinder/mnt/047cfdca1f450f1d0d271390bd0962dc/volume-c4399394-625b-4f86-aeef-dc58d9b00ff2.dcb3b382-588d-4776-836a-b8e307345853 1G
Sep 05 04:40:18 devstack sudo[93655]: pam_unix(sudo:session): session opened for user root(uid=0) by (uid=1000)
Sep 05 04:40:19 devstack sudo[93655]: pam_unix(sudo:session): session closed for user root
Sep 05 04:40:19 devstack cinder-volume[89807]: DEBUG oslo_concurrency.processutils [None req-4d4bc5a3-22a8-4bcc-98f9-a336a1ec4d98 tempest-SnapshotsActionsTest-1124761940 None] CMD "sudo cinder-rootwrap /etc/cinder/rootwrap.conf qemu-img create -f qcow2 -o backing_file=/opt/stack/data/cinder/mnt/047cfdca1f450f1d0d271390bd0962dc/volume-c4399394-625b-4f86-aeef-dc58d9b00ff2.aacc81c4-128a-4991-bc0f-4b75f10efa26,backing_fmt=qcow2 /opt/stack/data/cinder/mnt/047cfdca1f450f1d0d271390bd0962dc/volume-c4399394-625b-4f86-aeef-dc58d9b00ff2.dcb3b382-588d-4776-836a-b8e307345853 1G" returned: 0 in 0.498s {{(pid=89807) execute /opt/stack/data/venv/lib/python3.12/site-packages/oslo_concurrency/processutils.py:468}}
Sep 05 04:40:19 devstack cinder-volume[89807]: DEBUG oslo_concurrency.processutils [None req-4d4bc5a3-22a8-4bcc-98f9-a336a1ec4d98 tempest-SnapshotsActionsTest-1124761940 None] Running cmd (subprocess): sudo cinder-rootwrap /etc/cinder/rootwrap.conf qemu-img rebase -u -b volume-c4399394-625b-4f86-aeef-dc58d9b00ff2.aacc81c4-128a-4991-bc0f-4b75f10efa26 -F qcow2 /opt/stack/data/cinder/mnt/047cfdca1f450f1d0d271390bd0962dc/volume-c4399394-625b-4f86-aeef-dc58d9b00ff2.dcb3b382-588d-4776-836a-b8e307345853 {{(pid=89807) execute /opt/stack/data/venv/lib/python3.12/site-packages/oslo_concurrency/processutils.py:440}}
Sep 05 04:40:19 devstack sudo[93660]: quobyte : PWD=/ ; USER=root ; COMMAND=/opt/stack/data/venv/bin/cinder-rootwrap /etc/cinder/rootwrap.conf qemu-img rebase -u -b volume-c4399394-625b-4f86-aeef-dc58d9b00ff2.aacc81c4-128a-4991-bc0f-4b75f10efa26 -F qcow2 /opt/stack/data/cinder/mnt/047cfdca1f450f1d0d271390bd0962dc/volume-c4399394-625b-4f86-aeef-dc58d9b00ff2.dcb3b382-588d-4776-836a-b8e307345853
Sep 05 04:40:19 devstack sudo[93660]: pam_unix(sudo:session): session opened for user root(uid=0) by (uid=1000)
Sep 05 04:40:19 devstack sudo[93660]: pam_unix(sudo:session): session closed for user root
Sep 05 04:40:19 devstack cinder-volume[89807]: DEBUG oslo_concurrency.processutils [None req-4d4bc5a3-22a8-4bcc-98f9-a336a1ec4d98 tempest-SnapshotsActionsTest-1124761940 None] CMD "sudo cinder-rootwrap /etc/cinder/rootwrap.conf qemu-img rebase -u -b volume-c4399394-625b-4f86-aeef-dc58d9b00ff2.aacc81c4-128a-4991-bc0f-4b75f10efa26 -F qcow2 /opt/stack/data/cinder/mnt/047cfdca1f450f1d0d271390bd0962dc/volume-c4399394-625b-4f86-aeef-dc58d9b00ff2.dcb3b382-588d-4776-836a-b8e307345853" returned: 0 in 0.316s {{(pid=89807) execute /opt/stack/data/venv/lib/python3.12/site-packages/oslo_concurrency/processutils.py:468}}
Sep 05 04:40:19 devstack cinder-volume[89807]: WARNING cinder.volume.drivers.remotefs [None req-4d4bc5a3-22a8-4bcc-98f9-a336a1ec4d98 tempest-SnapshotsActionsTest-1124761940 None] /opt/stack/data/cinder/mnt/047cfdca1f450f1d0d271390bd0962dc/volume-c4399394-625b-4f86-aeef-dc58d9b00ff2.dcb3b382-588d-4776-836a-b8e307345853 is being set with open permissions: ugo+rw
Sep 05 04:40:19 devstack cinder-volume[89807]: DEBUG oslo_concurrency.processutils [None req-4d4bc5a3-22a8-4bcc-98f9-a336a1ec4d98 tempest-SnapshotsActionsTest-1124761940 None] Running cmd (subprocess): sudo cinder-rootwrap /etc/cinder/rootwrap.conf chmod ugo+rw /opt/stack/data/cinder/mnt/047cfdca1f450f1d0d271390bd0962dc/volume-c4399394-625b-4f86-aeef-dc58d9b00ff2.dcb3b382-588d-4776-836a-b8e307345853 {{(pid=89807) execute /opt/stack/data/venv/lib/python3.12/site-packages/oslo_concurrency/processutils.py:440}}
Sep 05 04:40:19 devstack sudo[93665]: quobyte : PWD=/ ; USER=root ; COMMAND=/opt/stack/data/venv/bin/cinder-rootwrap /etc/cinder/rootwrap.conf chmod ugo+rw /opt/stack/data/cinder/mnt/047cfdca1f450f1d0d271390bd0962dc/volume-c4399394-625b-4f86-aeef-dc58d9b00ff2.dcb3b382-588d-4776-836a-b8e307345853
Sep 05 04:40:19 devstack sudo[93665]: pam_unix(sudo:session): session opened for user root(uid=0) by (uid=1000)
Sep 05 04:40:19 devstack sudo[93665]: pam_unix(sudo:session): session closed for user root
Sep 05 04:40:19 devstack cinder-volume[89807]: DEBUG oslo_concurrency.processutils [None req-4d4bc5a3-22a8-4bcc-98f9-a336a1ec4d98 tempest-SnapshotsActionsTest-1124761940 None] CMD "sudo cinder-rootwrap /etc/cinder/rootwrap.conf chmod ugo+rw /opt/stack/data/cinder/mnt/047cfdca1f450f1d0d271390bd0962dc/volume-c4399394-625b-4f86-aeef-dc58d9b00ff2.dcb3b382-588d-4776-836a-b8e307345853" returned: 0 in 0.240s {{(pid=89807) execute /opt/stack/data/venv/lib/python3.12/site-packages/oslo_concurrency/processutils.py:468}}
Sep 05 04:40:19 devstack cinder-volume[89807]: DEBUG oslo_concurrency.lockutils [None req-4d4bc5a3-22a8-4bcc-98f9-a336a1ec4d98 tempest-SnapshotsActionsTest-1124761940 None] Lock "quobyte" "released" by "cinder.volume.drivers.quobyte.QuobyteDriver.create_snapshot" :: held 1.662s {{(pid=89807) inner /opt/stack/data/venv/lib/python3.12/site-packages/oslo_concurrency/lockutils.py:544}}
Sep 05 04:40:20 devstack cinder-volume[89807]: INFO cinder.volume.manager [None req-4d4bc5a3-22a8-4bcc-98f9-a336a1ec4d98 tempest-SnapshotsActionsTest-1124761940 None] Create snapshot completed successfully
Sep 05 04:40:20 devstack cinder-volume[89807]: DEBUG cinder.coordination [None req-cebedc74-54f3-420c-9b44-5b9d30fc49de tempest-GroupSnapshotsTest-941596947 None] Acquiring lock "cinder-quobyte-29ff9451-11f6-4414-b77b-5f6e0eea17d6" by "delete_volume" {{(pid=89807) __acquire /opt/stack/cinder/cinder/coordination.py:138}}
Sep 05 04:40:20 devstack cinder-volume[89807]: DEBUG cinder.coordination [None req-cebedc74-54f3-420c-9b44-5b9d30fc49de tempest-GroupSnapshotsTest-941596947 None] Lock "cinder-quobyte-29ff9451-11f6-4414-b77b-5f6e0eea17d6" acquired by "delete_volume" :: waited 0.018s {{(pid=89807) __acquire /opt/stack/cinder/cinder/coordination.py:141}}
Sep 05 04:40:20 devstack cinder-volume[89807]: DEBUG oslo.privsep.daemon [-] privsep: reply[ae195f71-b3bc-461e-9c3c-effe524fb339]: (4, 'qcow2') {{(pid=91079) _call_back /opt/stack/data/venv/lib/python3.12/site-packages/oslo_privsep/daemon.py:580}}
Sep 05 04:40:20 devstack cinder-volume[89807]: DEBUG oslo_concurrency.processutils [None req-cebedc74-54f3-420c-9b44-5b9d30fc49de tempest-GroupSnapshotsTest-941596947 None] Running cmd (subprocess): /opt/stack/data/venv/bin/python3.12 -m oslo_concurrency.prlimit --as=1073741824 --cpu=60 -- sudo cinder-rootwrap /etc/cinder/rootwrap.conf env LC_ALL=C qemu-img info -f qcow2 --output=json --force-share /opt/stack/data/cinder/mnt/047cfdca1f450f1d0d271390bd0962dc/volume-29ff9451-11f6-4414-b77b-5f6e0eea17d6 {{(pid=89807) execute /opt/stack/data/venv/lib/python3.12/site-packages/oslo_concurrency/processutils.py:440}}
Sep 05 04:40:20 devstack sudo[93669]: quobyte : PWD=/ ; USER=root ; COMMAND=/opt/stack/data/venv/bin/cinder-rootwrap /etc/cinder/rootwrap.conf env LC_ALL=C qemu-img info -f qcow2 --output=json --force-share /opt/stack/data/cinder/mnt/047cfdca1f450f1d0d271390bd0962dc/volume-29ff9451-11f6-4414-b77b-5f6e0eea17d6
Sep 05 04:40:20 devstack sudo[93669]: pam_unix(sudo:session): session opened for user root(uid=0) by (uid=1000)
Sep 05 04:40:20 devstack sudo[93669]: pam_unix(sudo:session): session closed for user root
Sep 05 04:40:20 devstack cinder-volume[89807]: DEBUG oslo_concurrency.processutils [None req-cebedc74-54f3-420c-9b44-5b9d30fc49de tempest-GroupSnapshotsTest-941596947 None] CMD "/opt/stack/data/venv/bin/python3.12 -m oslo_concurrency.prlimit --as=1073741824 --cpu=60 -- sudo cinder-rootwrap /etc/cinder/rootwrap.conf env LC_ALL=C qemu-img info -f qcow2 --output=json --force-share /opt/stack/data/cinder/mnt/047cfdca1f450f1d0d271390bd0962dc/volume-29ff9451-11f6-4414-b77b-5f6e0eea17d6" returned: 0 in 0.403s {{(pid=89807) execute /opt/stack/data/venv/lib/python3.12/site-packages/oslo_concurrency/processutils.py:468}}
Sep 05 04:40:20 devstack cinder-volume[89807]: DEBUG oslo_concurrency.processutils [None req-cebedc74-54f3-420c-9b44-5b9d30fc49de tempest-GroupSnapshotsTest-941596947 None] Running cmd (subprocess): sudo cinder-rootwrap /etc/cinder/rootwrap.conf rm -f /opt/stack/data/cinder/mnt/047cfdca1f450f1d0d271390bd0962dc/volume-29ff9451-11f6-4414-b77b-5f6e0eea17d6 {{(pid=89807) execute /opt/stack/data/venv/lib/python3.12/site-packages/oslo_concurrency/processutils.py:440}}
Sep 05 04:40:20 devstack sudo[93674]: quobyte : PWD=/ ; USER=root ; COMMAND=/opt/stack/data/venv/bin/cinder-rootwrap /etc/cinder/rootwrap.conf rm -f /opt/stack/data/cinder/mnt/047cfdca1f450f1d0d271390bd0962dc/volume-29ff9451-11f6-4414-b77b-5f6e0eea17d6
Sep 05 04:40:20 devstack sudo[93674]: pam_unix(sudo:session): session opened for user root(uid=0) by (uid=1000)
Sep 05 04:40:20 devstack sudo[93674]: pam_unix(sudo:session): session closed for user root
Sep 05 04:40:20 devstack cinder-volume[89807]: DEBUG oslo_concurrency.processutils [None req-cebedc74-54f3-420c-9b44-5b9d30fc49de tempest-GroupSnapshotsTest-941596947 None] CMD "sudo cinder-rootwrap /etc/cinder/rootwrap.conf rm -f /opt/stack/data/cinder/mnt/047cfdca1f450f1d0d271390bd0962dc/volume-29ff9451-11f6-4414-b77b-5f6e0eea17d6" returned: 0 in 0.317s {{(pid=89807) execute /opt/stack/data/venv/lib/python3.12/site-packages/oslo_concurrency/processutils.py:468}}
Sep 05 04:40:20 devstack cinder-volume[89807]: DEBUG cinder.coordination [None req-cebedc74-54f3-420c-9b44-5b9d30fc49de tempest-GroupSnapshotsTest-941596947 None] Lock "cinder-quobyte-29ff9451-11f6-4414-b77b-5f6e0eea17d6" released by "delete_volume" :: held 0.781s {{(pid=89807) __release /opt/stack/cinder/cinder/coordination.py:152}}
Sep 05 04:40:21 devstack cinder-volume[89807]: DEBUG cinder.quota [None req-cebedc74-54f3-420c-9b44-5b9d30fc49de tempest-GroupSnapshotsTest-941596947 None] Created reservations ['bd4dab4d-733e-4651-83b8-30e761557d45'] {{(pid=89807) reserve /opt/stack/cinder/cinder/quota.py:752}}
Sep 05 04:40:21 devstack cinder-volume[89807]: WARNING cinder.quota [None req-cebedc74-54f3-420c-9b44-5b9d30fc49de tempest-GroupSnapshotsTest-941596947 None] Deprecated: Default quota for resource: volumes_tempest-GroupSnapshotsTest-volume-type-1743393164 is set by the default quota flag: quota_volumes_tempest-GroupSnapshotsTest-volume-type-1743393164, it is now deprecated. Please use the default quota class for default quota.
Sep 05 04:40:21 devstack cinder-volume[89807]: WARNING cinder.quota [None req-cebedc74-54f3-420c-9b44-5b9d30fc49de tempest-GroupSnapshotsTest-941596947 None] Deprecated: Default quota for resource: gigabytes_tempest-GroupSnapshotsTest-volume-type-1743393164 is set by the default quota flag: quota_gigabytes_tempest-GroupSnapshotsTest-volume-type-1743393164, it is now deprecated. Please use the default quota class for default quota.
Sep 05 04:40:21 devstack cinder-volume[89807]: DEBUG cinder.quota [None req-cebedc74-54f3-420c-9b44-5b9d30fc49de tempest-GroupSnapshotsTest-941596947 None] Created reservations ['84be2098-8812-48a2-86e3-f6ced0fe08c7', '8409b71f-3ff5-4b72-b37e-675688dba748', '98a0b044-f7d2-4ec3-95d9-baee38c9f512', '73cd7920-9c7b-4851-80cd-e27c471798ff'] {{(pid=89807) reserve /opt/stack/cinder/cinder/quota.py:752}}
Sep 05 04:40:21 devstack cinder-volume[89807]: DEBUG oslo_concurrency.lockutils [None req-cebedc74-54f3-420c-9b44-5b9d30fc49de tempest-GroupSnapshotsTest-941596947 None] Acquiring lock "quobyte_ensure" by "cinder.volume.drivers.quobyte.QuobyteDriver._ensure_shares_mounted" {{(pid=89807) inner /opt/stack/data/venv/lib/python3.12/site-packages/oslo_concurrency/lockutils.py:512}}
Sep 05 04:40:21 devstack cinder-volume[89807]: DEBUG oslo_concurrency.lockutils [None req-cebedc74-54f3-420c-9b44-5b9d30fc49de tempest-GroupSnapshotsTest-941596947 None] Lock "quobyte_ensure" acquired by "cinder.volume.drivers.quobyte.QuobyteDriver._ensure_shares_mounted" :: waited 0.003s {{(pid=89807) inner /opt/stack/data/venv/lib/python3.12/site-packages/oslo_concurrency/lockutils.py:525}}
Sep 05 04:40:21 devstack cinder-volume[89807]: DEBUG cinder.volume.drivers.quobyte [None req-cebedc74-54f3-420c-9b44-5b9d30fc49de tempest-GroupSnapshotsTest-941596947 None] Quobyte Volume URL set to: {'osci02.corp.quobyte.com/cinder-vol-21bf73a9-368f-491f-873e-80ae88eb3b6b': None} {{(pid=89807) _load_shares_config /opt/stack/cinder/cinder/volume/drivers/quobyte.py:662}}
Sep 05 04:40:21 devstack cinder-volume[89807]: DEBUG cinder.volume.drivers.quobyte [None req-cebedc74-54f3-420c-9b44-5b9d30fc49de tempest-GroupSnapshotsTest-941596947 None] Available shares ['osci02.corp.quobyte.com/cinder-vol-21bf73a9-368f-491f-873e-80ae88eb3b6b'] {{(pid=89807) _ensure_shares_mounted /opt/stack/cinder/cinder/volume/drivers/quobyte.py:692}}
Sep 05 04:40:21 devstack cinder-volume[89807]: DEBUG oslo_concurrency.lockutils [None req-cebedc74-54f3-420c-9b44-5b9d30fc49de tempest-GroupSnapshotsTest-941596947 None] Lock "quobyte_ensure" "released" by "cinder.volume.drivers.quobyte.QuobyteDriver._ensure_shares_mounted" :: held 0.012s {{(pid=89807) inner /opt/stack/data/venv/lib/python3.12/site-packages/oslo_concurrency/lockutils.py:544}}
Sep 05 04:40:21 devstack cinder-volume[89807]: DEBUG oslo_concurrency.processutils [None req-cebedc74-54f3-420c-9b44-5b9d30fc49de tempest-GroupSnapshotsTest-941596947 None] Running cmd (subprocess): sudo cinder-rootwrap /etc/cinder/rootwrap.conf df --portability --block-size 1 /opt/stack/data/cinder/mnt/047cfdca1f450f1d0d271390bd0962dc {{(pid=89807) execute /opt/stack/data/venv/lib/python3.12/site-packages/oslo_concurrency/processutils.py:440}}
Sep 05 04:40:21 devstack cinder-volume[89807]: DEBUG cinder.coordination [None req-d7231d52-2be4-4cc4-9d91-921c81656141 tempest-SnapshotsActionsTest-705557026 None] Acquiring lock "cinder-dcb3b382-588d-4776-836a-b8e307345853-delete_snapshot" by "delete_snapshot" {{(pid=89807) __acquire /opt/stack/cinder/cinder/coordination.py:138}}
Sep 05 04:40:21 devstack sudo[93677]: quobyte : PWD=/ ; USER=root ; COMMAND=/opt/stack/data/venv/bin/cinder-rootwrap /etc/cinder/rootwrap.conf df --portability --block-size 1 /opt/stack/data/cinder/mnt/047cfdca1f450f1d0d271390bd0962dc
Sep 05 04:40:21 devstack sudo[93677]: pam_unix(sudo:session): session opened for user root(uid=0) by (uid=1000)
Sep 05 04:40:21 devstack cinder-volume[89807]: DEBUG cinder.coordination [None req-d7231d52-2be4-4cc4-9d91-921c81656141 tempest-SnapshotsActionsTest-705557026 None] Lock "cinder-dcb3b382-588d-4776-836a-b8e307345853-delete_snapshot" acquired by "delete_snapshot" :: waited 0.036s {{(pid=89807) __acquire /opt/stack/cinder/cinder/coordination.py:141}}
Sep 05 04:40:21 devstack cinder-volume[89807]: DEBUG cinder.coordination [None req-d7231d52-2be4-4cc4-9d91-921c81656141 tempest-SnapshotsActionsTest-705557026 None] Acquiring lock "cinder-quobyte-c4399394-625b-4f86-aeef-dc58d9b00ff2" by "delete_snapshot" {{(pid=89807) __acquire /opt/stack/cinder/cinder/coordination.py:138}}
Sep 05 04:40:21 devstack cinder-volume[89807]: DEBUG cinder.coordination [None req-d7231d52-2be4-4cc4-9d91-921c81656141 tempest-SnapshotsActionsTest-705557026 None] Lock "cinder-quobyte-c4399394-625b-4f86-aeef-dc58d9b00ff2" acquired by "delete_snapshot" :: waited 0.033s {{(pid=89807) __acquire /opt/stack/cinder/cinder/coordination.py:141}}
Sep 05 04:40:21 devstack cinder-volume[89807]: DEBUG cinder.coordination [None req-d7231d52-2be4-4cc4-9d91-921c81656141 tempest-SnapshotsActionsTest-705557026 None] Acquiring lock "cinder-quobyte-dcb3b382-588d-4776-836a-b8e307345853" by "_delete_snapshot" {{(pid=89807) __acquire /opt/stack/cinder/cinder/coordination.py:138}}
Sep 05 04:40:21 devstack cinder-volume[89807]: DEBUG cinder.coordination [None req-d7231d52-2be4-4cc4-9d91-921c81656141 tempest-SnapshotsActionsTest-705557026 None] Lock "cinder-quobyte-dcb3b382-588d-4776-836a-b8e307345853" acquired by "_delete_snapshot" :: waited 0.022s {{(pid=89807) __acquire /opt/stack/cinder/cinder/coordination.py:141}}
Sep 05 04:40:21 devstack cinder-volume[89807]: DEBUG cinder.volume.drivers.remotefs [None req-d7231d52-2be4-4cc4-9d91-921c81656141 tempest-SnapshotsActionsTest-705557026 None] Deleting offline snapshot dcb3b382-588d-4776-836a-b8e307345853 of volume c4399394-625b-4f86-aeef-dc58d9b00ff2 {{(pid=89807) _delete_snapshot /opt/stack/cinder/cinder/volume/drivers/remotefs.py:1288}}
Sep 05 04:40:21 devstack cinder-volume[89807]: DEBUG cinder.volume.drivers.remotefs [None req-d7231d52-2be4-4cc4-9d91-921c81656141 tempest-SnapshotsActionsTest-705557026 None] snapshot_file for this snap is: volume-c4399394-625b-4f86-aeef-dc58d9b00ff2.dcb3b382-588d-4776-836a-b8e307345853 {{(pid=89807) _delete_snapshot /opt/stack/cinder/cinder/volume/drivers/remotefs.py:1317}}
Sep 05 04:40:21 devstack cinder-volume[89807]: DEBUG oslo.privsep.daemon [-] privsep: reply[8ea7375f-420a-45be-9bfe-af8bdec2c29e]: (4, 'qcow2') {{(pid=91079) _call_back /opt/stack/data/venv/lib/python3.12/site-packages/oslo_privsep/daemon.py:580}}
Sep 05 04:40:21 devstack cinder-volume[89807]: DEBUG oslo_concurrency.processutils [None req-d7231d52-2be4-4cc4-9d91-921c81656141 tempest-SnapshotsActionsTest-705557026 None] Running cmd (subprocess): /opt/stack/data/venv/bin/python3.12 -m oslo_concurrency.prlimit --as=1073741824 --cpu=60 -- sudo cinder-rootwrap /etc/cinder/rootwrap.conf env LC_ALL=C qemu-img info -f qcow2 --output=json --force-share /opt/stack/data/cinder/mnt/047cfdca1f450f1d0d271390bd0962dc/volume-c4399394-625b-4f86-aeef-dc58d9b00ff2.dcb3b382-588d-4776-836a-b8e307345853 {{(pid=89807) execute /opt/stack/data/venv/lib/python3.12/site-packages/oslo_concurrency/processutils.py:440}}
Sep 05 04:40:21 devstack cinder-volume[89807]: INFO cinder.volume.manager [None req-5185ea4c-3771-4b25-b471-bca9f92ec04d tempest-GroupSnapshotsTest-941596947 None] group_snapshot 195119a8-d0b0-46c4-abc6-0b22d2f52b0c: deleting
Sep 05 04:40:21 devstack sudo[93677]: pam_unix(sudo:session): session closed for user root
Sep 05 04:40:21 devstack cinder-volume[89807]: DEBUG oslo_concurrency.processutils [None req-cebedc74-54f3-420c-9b44-5b9d30fc49de tempest-GroupSnapshotsTest-941596947 None] CMD "sudo cinder-rootwrap /etc/cinder/rootwrap.conf df --portability --block-size 1 /opt/stack/data/cinder/mnt/047cfdca1f450f1d0d271390bd0962dc" returned: 0 in 0.287s {{(pid=89807) execute /opt/stack/data/venv/lib/python3.12/site-packages/oslo_concurrency/processutils.py:468}}
Sep 05 04:40:21 devstack cinder-volume[89807]: DEBUG cinder.manager [None req-cebedc74-54f3-420c-9b44-5b9d30fc49de tempest-GroupSnapshotsTest-941596947 None] Notifying Schedulers of capabilities ... {{(pid=89807) _publish_service_capabilities /opt/stack/cinder/cinder/manager.py:219}}
Sep 05 04:40:21 devstack cinder-volume[89807]: DEBUG cinder.volume.manager [None req-5185ea4c-3771-4b25-b471-bca9f92ec04d tempest-GroupSnapshotsTest-941596947 None] group_snapshot 195119a8-d0b0-46c4-abc6-0b22d2f52b0c: deleting {{(pid=89807) delete_group_snapshot /opt/stack/cinder/cinder/volume/manager.py:4350}}
Sep 05 04:40:21 devstack cinder-volume[89807]: INFO cinder.volume.manager [None req-cebedc74-54f3-420c-9b44-5b9d30fc49de tempest-GroupSnapshotsTest-941596947 None] Delete group completed successfully.
Sep 05 04:40:21 devstack cinder-volume[89807]: DEBUG cinder.coordination [None req-5185ea4c-3771-4b25-b471-bca9f92ec04d tempest-GroupSnapshotsTest-941596947 None] Acquiring lock "cinder-quobyte-08fe61b2-2e3c-4600-b810-91fe5f5116c2" by "delete_snapshot" {{(pid=89807) __acquire /opt/stack/cinder/cinder/coordination.py:138}}
Sep 05 04:40:21 devstack cinder-volume[89807]: DEBUG cinder.coordination [None req-5185ea4c-3771-4b25-b471-bca9f92ec04d tempest-GroupSnapshotsTest-941596947 None] Lock "cinder-quobyte-08fe61b2-2e3c-4600-b810-91fe5f5116c2" acquired by "delete_snapshot" :: waited 0.020s {{(pid=89807) __acquire /opt/stack/cinder/cinder/coordination.py:141}}
Sep 05 04:40:21 devstack cinder-volume[89807]: DEBUG cinder.coordination [None req-5185ea4c-3771-4b25-b471-bca9f92ec04d tempest-GroupSnapshotsTest-941596947 None] Acquiring lock "cinder-quobyte-fbe3f402-b067-4fd2-9a5a-f94da348b140" by "_delete_snapshot" {{(pid=89807) __acquire /opt/stack/cinder/cinder/coordination.py:138}}
Sep 05 04:40:21 devstack sudo[93679]: quobyte : PWD=/ ; USER=root ; COMMAND=/opt/stack/data/venv/bin/cinder-rootwrap /etc/cinder/rootwrap.conf env LC_ALL=C qemu-img info -f qcow2 --output=json --force-share /opt/stack/data/cinder/mnt/047cfdca1f450f1d0d271390bd0962dc/volume-c4399394-625b-4f86-aeef-dc58d9b00ff2.dcb3b382-588d-4776-836a-b8e307345853
Sep 05 04:40:21 devstack sudo[93679]: pam_unix(sudo:session): session opened for user root(uid=0) by (uid=1000)
Sep 05 04:40:21 devstack cinder-volume[89807]: DEBUG cinder.coordination [None req-5185ea4c-3771-4b25-b471-bca9f92ec04d tempest-GroupSnapshotsTest-941596947 None] Lock "cinder-quobyte-fbe3f402-b067-4fd2-9a5a-f94da348b140" acquired by "_delete_snapshot" :: waited 0.026s {{(pid=89807) __acquire /opt/stack/cinder/cinder/coordination.py:141}}
Sep 05 04:40:21 devstack cinder-volume[89807]: DEBUG cinder.volume.drivers.remotefs [None req-5185ea4c-3771-4b25-b471-bca9f92ec04d tempest-GroupSnapshotsTest-941596947 None] Deleting offline snapshot fbe3f402-b067-4fd2-9a5a-f94da348b140 of volume 08fe61b2-2e3c-4600-b810-91fe5f5116c2 {{(pid=89807) _delete_snapshot /opt/stack/cinder/cinder/volume/drivers/remotefs.py:1288}}
Sep 05 04:40:21 devstack cinder-volume[89807]: DEBUG cinder.volume.drivers.remotefs [None req-5185ea4c-3771-4b25-b471-bca9f92ec04d tempest-GroupSnapshotsTest-941596947 None] snapshot_file for this snap is: volume-08fe61b2-2e3c-4600-b810-91fe5f5116c2.fbe3f402-b067-4fd2-9a5a-f94da348b140 {{(pid=89807) _delete_snapshot /opt/stack/cinder/cinder/volume/drivers/remotefs.py:1317}}
Sep 05 04:40:21 devstack cinder-volume[89807]: DEBUG oslo.privsep.daemon [-] privsep: reply[86e58ac8-1d93-4edf-9e29-05d926f13a6c]: (4, 'qcow2') {{(pid=91079) _call_back /opt/stack/data/venv/lib/python3.12/site-packages/oslo_privsep/daemon.py:580}}
Sep 05 04:40:21 devstack cinder-volume[89807]: DEBUG oslo_concurrency.processutils [None req-5185ea4c-3771-4b25-b471-bca9f92ec04d tempest-GroupSnapshotsTest-941596947 None] Running cmd (subprocess): /opt/stack/data/venv/bin/python3.12 -m oslo_concurrency.prlimit --as=1073741824 --cpu=60 -- sudo cinder-rootwrap /etc/cinder/rootwrap.conf env LC_ALL=C qemu-img info -f qcow2 --output=json --force-share /opt/stack/data/cinder/mnt/047cfdca1f450f1d0d271390bd0962dc/volume-08fe61b2-2e3c-4600-b810-91fe5f5116c2.fbe3f402-b067-4fd2-9a5a-f94da348b140 {{(pid=89807) execute /opt/stack/data/venv/lib/python3.12/site-packages/oslo_concurrency/processutils.py:440}}
Sep 05 04:40:21 devstack sudo[93682]: quobyte : PWD=/ ; USER=root ; COMMAND=/opt/stack/data/venv/bin/cinder-rootwrap /etc/cinder/rootwrap.conf env LC_ALL=C qemu-img info -f qcow2 --output=json --force-share /opt/stack/data/cinder/mnt/047cfdca1f450f1d0d271390bd0962dc/volume-08fe61b2-2e3c-4600-b810-91fe5f5116c2.fbe3f402-b067-4fd2-9a5a-f94da348b140
Sep 05 04:40:21 devstack sudo[93682]: pam_unix(sudo:session): session opened for user root(uid=0) by (uid=1000)
Sep 05 04:40:22 devstack sudo[93679]: pam_unix(sudo:session): session closed for user root
Sep 05 04:40:22 devstack cinder-volume[89807]: DEBUG oslo_concurrency.processutils [None req-d7231d52-2be4-4cc4-9d91-921c81656141 tempest-SnapshotsActionsTest-705557026 None] CMD "/opt/stack/data/venv/bin/python3.12 -m oslo_concurrency.prlimit --as=1073741824 --cpu=60 -- sudo cinder-rootwrap /etc/cinder/rootwrap.conf env LC_ALL=C qemu-img info -f qcow2 --output=json --force-share /opt/stack/data/cinder/mnt/047cfdca1f450f1d0d271390bd0962dc/volume-c4399394-625b-4f86-aeef-dc58d9b00ff2.dcb3b382-588d-4776-836a-b8e307345853" returned: 0 in 0.495s {{(pid=89807) execute /opt/stack/data/venv/lib/python3.12/site-packages/oslo_concurrency/processutils.py:468}}
Sep 05 04:40:22 devstack cinder-volume[89807]: DEBUG cinder.volume.drivers.remotefs [None req-d7231d52-2be4-4cc4-9d91-921c81656141 tempest-SnapshotsActionsTest-705557026 None] Fetching qemu-img info with special backing_file_template: (/opt/stack/data/cinder/mnt/[0-9a-f]+/)?(volume-c4399394-625b-4f86-aeef-dc58d9b00ff2(.(tmp-snap-)?[0-9a-f-]+)?|volume_from_snapshot_cache/(tmp-snap-)?[0-9a-f-]+(.(child-|parent-)[0-9a-f-]+)?)$ {{(pid=89807) _qemu_img_info_base /opt/stack/cinder/cinder/volume/drivers/remotefs.py:896}}
Sep 05 04:40:22 devstack cinder-volume[89807]: DEBUG oslo.privsep.daemon [-] privsep: reply[5626dd28-13c6-4cf4-9d0e-b84a3c0d8bef]: (4, 'qcow2') {{(pid=91079) _call_back /opt/stack/data/venv/lib/python3.12/site-packages/oslo_privsep/daemon.py:580}}
Sep 05 04:40:22 devstack cinder-volume[89807]: DEBUG oslo_concurrency.processutils [None req-d7231d52-2be4-4cc4-9d91-921c81656141 tempest-SnapshotsActionsTest-705557026 None] Running cmd (subprocess): /opt/stack/data/venv/bin/python3.12 -m oslo_concurrency.prlimit --as=1073741824 --cpu=60 -- sudo cinder-rootwrap /etc/cinder/rootwrap.conf env LC_ALL=C qemu-img info -f qcow2 --output=json --force-share /opt/stack/data/cinder/mnt/047cfdca1f450f1d0d271390bd0962dc/volume-c4399394-625b-4f86-aeef-dc58d9b00ff2.aacc81c4-128a-4991-bc0f-4b75f10efa26 {{(pid=89807) execute /opt/stack/data/venv/lib/python3.12/site-packages/oslo_concurrency/processutils.py:440}}
Sep 05 04:40:22 devstack sudo[93688]: quobyte : PWD=/ ; USER=root ; COMMAND=/opt/stack/data/venv/bin/cinder-rootwrap /etc/cinder/rootwrap.conf env LC_ALL=C qemu-img info -f qcow2 --output=json --force-share /opt/stack/data/cinder/mnt/047cfdca1f450f1d0d271390bd0962dc/volume-c4399394-625b-4f86-aeef-dc58d9b00ff2.aacc81c4-128a-4991-bc0f-4b75f10efa26
Sep 05 04:40:22 devstack sudo[93688]: pam_unix(sudo:session): session opened for user root(uid=0) by (uid=1000)
Sep 05 04:40:22 devstack sudo[93682]: pam_unix(sudo:session): session closed for user root
Sep 05 04:40:22 devstack cinder-volume[89807]: DEBUG oslo_concurrency.processutils [None req-5185ea4c-3771-4b25-b471-bca9f92ec04d tempest-GroupSnapshotsTest-941596947 None] CMD "/opt/stack/data/venv/bin/python3.12 -m oslo_concurrency.prlimit --as=1073741824 --cpu=60 -- sudo cinder-rootwrap /etc/cinder/rootwrap.conf env LC_ALL=C qemu-img info -f qcow2 --output=json --force-share /opt/stack/data/cinder/mnt/047cfdca1f450f1d0d271390bd0962dc/volume-08fe61b2-2e3c-4600-b810-91fe5f5116c2.fbe3f402-b067-4fd2-9a5a-f94da348b140" returned: 0 in 0.503s {{(pid=89807) execute /opt/stack/data/venv/lib/python3.12/site-packages/oslo_concurrency/processutils.py:468}}
Sep 05 04:40:22 devstack cinder-volume[89807]: DEBUG cinder.volume.drivers.remotefs [None req-5185ea4c-3771-4b25-b471-bca9f92ec04d tempest-GroupSnapshotsTest-941596947 None] Fetching qemu-img info with special backing_file_template: (/opt/stack/data/cinder/mnt/[0-9a-f]+/)?(volume-08fe61b2-2e3c-4600-b810-91fe5f5116c2(.(tmp-snap-)?[0-9a-f-]+)?|volume_from_snapshot_cache/(tmp-snap-)?[0-9a-f-]+(.(child-|parent-)[0-9a-f-]+)?)$ {{(pid=89807) _qemu_img_info_base /opt/stack/cinder/cinder/volume/drivers/remotefs.py:896}}
Sep 05 04:40:22 devstack cinder-volume[89807]: DEBUG oslo.privsep.daemon [-] privsep: reply[eff4ada7-1013-474c-9aed-694c0b9bc12b]: (4, 'qcow2') {{(pid=91079) _call_back /opt/stack/data/venv/lib/python3.12/site-packages/oslo_privsep/daemon.py:580}}
Sep 05 04:40:22 devstack cinder-volume[89807]: DEBUG oslo_concurrency.processutils [None req-5185ea4c-3771-4b25-b471-bca9f92ec04d tempest-GroupSnapshotsTest-941596947 None] Running cmd (subprocess): /opt/stack/data/venv/bin/python3.12 -m oslo_concurrency.prlimit --as=1073741824 --cpu=60 -- sudo cinder-rootwrap /etc/cinder/rootwrap.conf env LC_ALL=C qemu-img info -f qcow2 --output=json --force-share /opt/stack/data/cinder/mnt/047cfdca1f450f1d0d271390bd0962dc/volume-08fe61b2-2e3c-4600-b810-91fe5f5116c2 {{(pid=89807) execute /opt/stack/data/venv/lib/python3.12/site-packages/oslo_concurrency/processutils.py:440}}
Sep 05 04:40:22 devstack sudo[93696]: quobyte : PWD=/ ; USER=root ; COMMAND=/opt/stack/data/venv/bin/cinder-rootwrap /etc/cinder/rootwrap.conf env LC_ALL=C qemu-img info -f qcow2 --output=json --force-share /opt/stack/data/cinder/mnt/047cfdca1f450f1d0d271390bd0962dc/volume-08fe61b2-2e3c-4600-b810-91fe5f5116c2
Sep 05 04:40:22 devstack sudo[93696]: pam_unix(sudo:session): session opened for user root(uid=0) by (uid=1000)
Sep 05 04:40:22 devstack sudo[93688]: pam_unix(sudo:session): session closed for user root
Sep 05 04:40:22 devstack cinder-volume[89807]: DEBUG oslo_concurrency.processutils [None req-d7231d52-2be4-4cc4-9d91-921c81656141 tempest-SnapshotsActionsTest-705557026 None] CMD "/opt/stack/data/venv/bin/python3.12 -m oslo_concurrency.prlimit --as=1073741824 --cpu=60 -- sudo cinder-rootwrap /etc/cinder/rootwrap.conf env LC_ALL=C qemu-img info -f qcow2 --output=json --force-share /opt/stack/data/cinder/mnt/047cfdca1f450f1d0d271390bd0962dc/volume-c4399394-625b-4f86-aeef-dc58d9b00ff2.aacc81c4-128a-4991-bc0f-4b75f10efa26" returned: 0 in 0.531s {{(pid=89807) execute /opt/stack/data/venv/lib/python3.12/site-packages/oslo_concurrency/processutils.py:468}}
Sep 05 04:40:22 devstack cinder-volume[89807]: DEBUG cinder.volume.drivers.remotefs [None req-d7231d52-2be4-4cc4-9d91-921c81656141 tempest-SnapshotsActionsTest-705557026 None] Fetching qemu-img info with special backing_file_template: (/opt/stack/data/cinder/mnt/[0-9a-f]+/)?(volume-c4399394-625b-4f86-aeef-dc58d9b00ff2(.(tmp-snap-)?[0-9a-f-]+)?|volume_from_snapshot_cache/(tmp-snap-)?[0-9a-f-]+(.(child-|parent-)[0-9a-f-]+)?)$ {{(pid=89807) _qemu_img_info_base /opt/stack/cinder/cinder/volume/drivers/remotefs.py:896}}
Sep 05 04:40:22 devstack cinder-volume[89807]: DEBUG oslo_concurrency.processutils [None req-d7231d52-2be4-4cc4-9d91-921c81656141 tempest-SnapshotsActionsTest-705557026 None] Running cmd (subprocess): sudo cinder-rootwrap /etc/cinder/rootwrap.conf qemu-img commit -d /opt/stack/data/cinder/mnt/047cfdca1f450f1d0d271390bd0962dc/volume-c4399394-625b-4f86-aeef-dc58d9b00ff2.dcb3b382-588d-4776-836a-b8e307345853 {{(pid=89807) execute /opt/stack/data/venv/lib/python3.12/site-packages/oslo_concurrency/processutils.py:440}}
Sep 05 04:40:22 devstack sudo[93703]: quobyte : PWD=/ ; USER=root ; COMMAND=/opt/stack/data/venv/bin/cinder-rootwrap /etc/cinder/rootwrap.conf qemu-img commit -d /opt/stack/data/cinder/mnt/047cfdca1f450f1d0d271390bd0962dc/volume-c4399394-625b-4f86-aeef-dc58d9b00ff2.dcb3b382-588d-4776-836a-b8e307345853
Sep 05 04:40:22 devstack sudo[93703]: pam_unix(sudo:session): session opened for user root(uid=0) by (uid=1000)
Sep 05 04:40:22 devstack sudo[93696]: pam_unix(sudo:session): session closed for user root
