Sep 05 04:39:56 devstack cinder-volume[89807]: DEBUG oslo_concurrency.processutils [None req-bcec0b85-362a-423e-86e6-8f08198b2a68 tempest-GroupSnapshotsV319Test-652611317 None] Running cmd (subprocess): sudo cinder-rootwrap /etc/cinder/rootwrap.conf chmod ugo+rw /opt/stack/data/cinder/mnt/047cfdca1f450f1d0d271390bd0962dc/volume-397ad333-df5e-407c-8a63-a8131dbb7993 {{(pid=89807) execute /opt/stack/data/venv/lib/python3.12/site-packages/oslo_concurrency/processutils.py:440}}
Sep 05 04:39:56 devstack sudo[93297]: quobyte : PWD=/ ; USER=root ; COMMAND=/opt/stack/data/venv/bin/cinder-rootwrap /etc/cinder/rootwrap.conf chmod ugo+rw /opt/stack/data/cinder/mnt/047cfdca1f450f1d0d271390bd0962dc/volume-397ad333-df5e-407c-8a63-a8131dbb7993
Sep 05 04:39:56 devstack sudo[93297]: pam_unix(sudo:session): session opened for user root(uid=0) by (uid=1000)
Sep 05 04:39:56 devstack sudo[93297]: pam_unix(sudo:session): session closed for user root
Sep 05 04:39:56 devstack cinder-volume[89807]: DEBUG oslo_concurrency.processutils [None req-bcec0b85-362a-423e-86e6-8f08198b2a68 tempest-GroupSnapshotsV319Test-652611317 None] CMD "sudo cinder-rootwrap /etc/cinder/rootwrap.conf chmod ugo+rw /opt/stack/data/cinder/mnt/047cfdca1f450f1d0d271390bd0962dc/volume-397ad333-df5e-407c-8a63-a8131dbb7993" returned: 0 in 0.317s {{(pid=89807) execute /opt/stack/data/venv/lib/python3.12/site-packages/oslo_concurrency/processutils.py:468}}
Sep 05 04:39:56 devstack cinder-volume[89807]: DEBUG cinder.volume.drivers.quobyte [None req-bcec0b85-362a-423e-86e6-8f08198b2a68 tempest-GroupSnapshotsV319Test-652611317 None] <== create_volume: return (852ms) {'provider_location': 'osci02.corp.quobyte.com/cinder-vol-21bf73a9-368f-491f-873e-80ae88eb3b6b'} {{(pid=89807) trace_logging_wrapper /opt/stack/cinder/cinder/volume/volume_utils.py:1522}}
Sep 05 04:39:56 devstack cinder-volume[89807]: DEBUG oslo_concurrency.lockutils [None req-bcec0b85-362a-423e-86e6-8f08198b2a68 tempest-GroupSnapshotsV319Test-652611317 None] Lock "quobyte" "released" by "cinder.volume.drivers.quobyte.QuobyteDriver.create_volume" :: held 0.855s {{(pid=89807) inner /opt/stack/data/venv/lib/python3.12/site-packages/oslo_concurrency/lockutils.py:544}}
Sep 05 04:39:56 devstack cinder-volume[89807]: DEBUG cinder.volume.manager [None req-bcec0b85-362a-423e-86e6-8f08198b2a68 tempest-GroupSnapshotsV319Test-652611317 None] Task 'cinder.volume.flows.manager.create_volume.CreateVolumeFromSpecTask;volume:create' (2208ef55-846b-4f1f-b4f8-4a5515458218) transitioned into state 'SUCCESS' from state 'RUNNING' with result '{'status': 'creating', 'volume_name': 'volume-397ad333-df5e-407c-8a63-a8131dbb7993', 'volume_size': 1}' {{(pid=89807) _task_receiver /opt/stack/data/venv/lib/python3.12/site-packages/taskflow/listeners/logging.py:218}}
Sep 05 04:39:56 devstack cinder-volume[89807]: DEBUG cinder.volume.manager [None req-bcec0b85-362a-423e-86e6-8f08198b2a68 tempest-GroupSnapshotsV319Test-652611317 None] Task 'cinder.volume.flows.manager.create_volume.CreateVolumeOnFinishTask;volume:create, create.end' (b52a7870-7bb9-4394-91a4-4ea888e456d8) transitioned into state 'RUNNING' from state 'PENDING' {{(pid=89807) _task_receiver /opt/stack/data/venv/lib/python3.12/site-packages/taskflow/listeners/logging.py:242}}
Sep 05 04:39:56 devstack cinder-volume[89807]: INFO cinder.volume.flows.manager.create_volume [None req-bcec0b85-362a-423e-86e6-8f08198b2a68 tempest-GroupSnapshotsV319Test-652611317 None] Volume volume-397ad333-df5e-407c-8a63-a8131dbb7993 (397ad333-df5e-407c-8a63-a8131dbb7993): created successfully
Sep 05 04:39:56 devstack cinder-volume[89807]: DEBUG cinder.volume.manager [None req-bcec0b85-362a-423e-86e6-8f08198b2a68 tempest-GroupSnapshotsV319Test-652611317 None] Task 'cinder.volume.flows.manager.create_volume.CreateVolumeOnFinishTask;volume:create, create.end' (b52a7870-7bb9-4394-91a4-4ea888e456d8) transitioned into state 'SUCCESS' from state 'RUNNING' with result 'None' {{(pid=89807) _task_receiver /opt/stack/data/venv/lib/python3.12/site-packages/taskflow/listeners/logging.py:218}}
Sep 05 04:39:56 devstack cinder-volume[89807]: DEBUG cinder.volume.manager [None req-bcec0b85-362a-423e-86e6-8f08198b2a68 tempest-GroupSnapshotsV319Test-652611317 None] Flow 'volume_create_manager' (d77279f2-d2c9-4afe-a121-73fd7c7c25d5) transitioned into state 'SUCCESS' from state 'RUNNING' {{(pid=89807) _flow_receiver /opt/stack/data/venv/lib/python3.12/site-packages/taskflow/listeners/logging.py:160}}
Sep 05 04:39:56 devstack cinder-volume[89807]: INFO cinder.volume.manager [None req-bcec0b85-362a-423e-86e6-8f08198b2a68 tempest-GroupSnapshotsV319Test-652611317 None] Created volume successfully.
Sep 05 04:39:56 devstack cinder-volume[89807]: DEBUG oslo_concurrency.lockutils [None req-9bbc528a-6a65-4291-9a92-26691ce21973 tempest-SnapshotsActionsTest-1124761940 None] Acquiring lock "quobyte" by "cinder.volume.drivers.quobyte.QuobyteDriver.create_snapshot" {{(pid=89807) inner /opt/stack/data/venv/lib/python3.12/site-packages/oslo_concurrency/lockutils.py:512}}
Sep 05 04:39:56 devstack cinder-volume[89807]: DEBUG oslo_concurrency.lockutils [None req-9bbc528a-6a65-4291-9a92-26691ce21973 tempest-SnapshotsActionsTest-1124761940 None] Lock "quobyte" acquired by "cinder.volume.drivers.quobyte.QuobyteDriver.create_snapshot" :: waited 0.001s {{(pid=89807) inner /opt/stack/data/venv/lib/python3.12/site-packages/oslo_concurrency/lockutils.py:525}}
Sep 05 04:39:56 devstack cinder-volume[89807]: DEBUG cinder.volume.drivers.remotefs [None req-9bbc528a-6a65-4291-9a92-26691ce21973 tempest-SnapshotsActionsTest-1124761940 None] Creating offline snapshot aacc81c4-128a-4991-bc0f-4b75f10efa26 of volume c4399394-625b-4f86-aeef-dc58d9b00ff2 {{(pid=89807) _create_snapshot /opt/stack/cinder/cinder/volume/drivers/remotefs.py:1816}}
Sep 05 04:39:56 devstack cinder-volume[89807]: DEBUG oslo.privsep.daemon [-] privsep: reply[20f58bf5-f5f0-47a4-b74c-5f8d243922ed]: (4, 'qcow2') {{(pid=91079) _call_back /opt/stack/data/venv/lib/python3.12/site-packages/oslo_privsep/daemon.py:580}}
Sep 05 04:39:56 devstack cinder-volume[89807]: DEBUG oslo_concurrency.processutils [None req-9bbc528a-6a65-4291-9a92-26691ce21973 tempest-SnapshotsActionsTest-1124761940 None] Running cmd (subprocess): /opt/stack/data/venv/bin/python3.12 -m oslo_concurrency.prlimit --as=1073741824 --cpu=60 -- sudo cinder-rootwrap /etc/cinder/rootwrap.conf env LC_ALL=C qemu-img info -f qcow2 --output=json --force-share /opt/stack/data/cinder/mnt/047cfdca1f450f1d0d271390bd0962dc/volume-c4399394-625b-4f86-aeef-dc58d9b00ff2 {{(pid=89807) execute /opt/stack/data/venv/lib/python3.12/site-packages/oslo_concurrency/processutils.py:440}}
Sep 05 04:39:57 devstack sudo[93301]: quobyte : PWD=/ ; USER=root ; COMMAND=/opt/stack/data/venv/bin/cinder-rootwrap /etc/cinder/rootwrap.conf env LC_ALL=C qemu-img info -f qcow2 --output=json --force-share /opt/stack/data/cinder/mnt/047cfdca1f450f1d0d271390bd0962dc/volume-c4399394-625b-4f86-aeef-dc58d9b00ff2
Sep 05 04:39:57 devstack sudo[93301]: pam_unix(sudo:session): session opened for user root(uid=0) by (uid=1000)
Sep 05 04:39:57 devstack sudo[93301]: pam_unix(sudo:session): session closed for user root
Sep 05 04:39:57 devstack cinder-volume[89807]: DEBUG oslo_concurrency.processutils [None req-9bbc528a-6a65-4291-9a92-26691ce21973 tempest-SnapshotsActionsTest-1124761940 None] CMD "/opt/stack/data/venv/bin/python3.12 -m oslo_concurrency.prlimit --as=1073741824 --cpu=60 -- sudo cinder-rootwrap /etc/cinder/rootwrap.conf env LC_ALL=C qemu-img info -f qcow2 --output=json --force-share /opt/stack/data/cinder/mnt/047cfdca1f450f1d0d271390bd0962dc/volume-c4399394-625b-4f86-aeef-dc58d9b00ff2" returned: 0 in 0.464s {{(pid=89807) execute /opt/stack/data/venv/lib/python3.12/site-packages/oslo_concurrency/processutils.py:468}}
Sep 05 04:39:57 devstack cinder-volume[89807]: DEBUG oslo_concurrency.processutils [None req-9bbc528a-6a65-4291-9a92-26691ce21973 tempest-SnapshotsActionsTest-1124761940 None] Running cmd (subprocess): sudo cinder-rootwrap /etc/cinder/rootwrap.conf qemu-img create -f qcow2 -o backing_file=/opt/stack/data/cinder/mnt/047cfdca1f450f1d0d271390bd0962dc/volume-c4399394-625b-4f86-aeef-dc58d9b00ff2,backing_fmt=qcow2 /opt/stack/data/cinder/mnt/047cfdca1f450f1d0d271390bd0962dc/volume-c4399394-625b-4f86-aeef-dc58d9b00ff2.aacc81c4-128a-4991-bc0f-4b75f10efa26 1G {{(pid=89807) execute /opt/stack/data/venv/lib/python3.12/site-packages/oslo_concurrency/processutils.py:440}}
Sep 05 04:39:57 devstack cinder-volume[89807]: INFO cinder.volume.manager [req-d8eecdfd-c41c-4894-97fb-21ff9564b25d req-7f19faed-e7e5-40ed-8189-2e63ca7a4355 tempest-TaggedAttachmentsTest-1601119526 None] Terminate volume connection completed successfully.
Sep 05 04:39:57 devstack cinder-volume[89807]: DEBUG cinder.volume.manager [req-d8eecdfd-c41c-4894-97fb-21ff9564b25d req-7f19faed-e7e5-40ed-8189-2e63ca7a4355 tempest-TaggedAttachmentsTest-1601119526 None] Deleting attachment f0b62190-0516-43bc-ad0c-8b831a440761. {{(pid=89807) attachment_delete /opt/stack/cinder/cinder/volume/manager.py:5055}}
Sep 05 04:39:57 devstack sudo[93332]: quobyte : PWD=/ ; USER=root ; COMMAND=/opt/stack/data/venv/bin/cinder-rootwrap /etc/cinder/rootwrap.conf qemu-img create -f qcow2 -o backing_file=/opt/stack/data/cinder/mnt/047cfdca1f450f1d0d271390bd0962dc/volume-c4399394-625b-4f86-aeef-dc58d9b00ff2,backing_fmt=qcow2 /opt/stack/data/cinder/mnt/047cfdca1f450f1d0d271390bd0962dc/volume-c4399394-625b-4f86-aeef-dc58d9b00ff2.aacc81c4-128a-4991-bc0f-4b75f10efa26 1G
Sep 05 04:39:57 devstack sudo[93332]: pam_unix(sudo:session): session opened for user root(uid=0) by (uid=1000)
Sep 05 04:39:57 devstack sudo[93332]: pam_unix(sudo:session): session closed for user root
Sep 05 04:39:57 devstack cinder-volume[89807]: DEBUG oslo_concurrency.processutils [None req-9bbc528a-6a65-4291-9a92-26691ce21973 tempest-SnapshotsActionsTest-1124761940 None] CMD "sudo cinder-rootwrap /etc/cinder/rootwrap.conf qemu-img create -f qcow2 -o backing_file=/opt/stack/data/cinder/mnt/047cfdca1f450f1d0d271390bd0962dc/volume-c4399394-625b-4f86-aeef-dc58d9b00ff2,backing_fmt=qcow2 /opt/stack/data/cinder/mnt/047cfdca1f450f1d0d271390bd0962dc/volume-c4399394-625b-4f86-aeef-dc58d9b00ff2.aacc81c4-128a-4991-bc0f-4b75f10efa26 1G" returned: 0 in 0.431s {{(pid=89807) execute /opt/stack/data/venv/lib/python3.12/site-packages/oslo_concurrency/processutils.py:468}}
Sep 05 04:39:57 devstack cinder-volume[89807]: DEBUG oslo_concurrency.processutils [None req-9bbc528a-6a65-4291-9a92-26691ce21973 tempest-SnapshotsActionsTest-1124761940 None] Running cmd (subprocess): sudo cinder-rootwrap /etc/cinder/rootwrap.conf qemu-img rebase -u -b volume-c4399394-625b-4f86-aeef-dc58d9b00ff2 -F qcow2 /opt/stack/data/cinder/mnt/047cfdca1f450f1d0d271390bd0962dc/volume-c4399394-625b-4f86-aeef-dc58d9b00ff2.aacc81c4-128a-4991-bc0f-4b75f10efa26 {{(pid=89807) execute /opt/stack/data/venv/lib/python3.12/site-packages/oslo_concurrency/processutils.py:440}}
Sep 05 04:39:57 devstack sudo[93338]: quobyte : PWD=/ ; USER=root ; COMMAND=/opt/stack/data/venv/bin/cinder-rootwrap /etc/cinder/rootwrap.conf qemu-img rebase -u -b volume-c4399394-625b-4f86-aeef-dc58d9b00ff2 -F qcow2 /opt/stack/data/cinder/mnt/047cfdca1f450f1d0d271390bd0962dc/volume-c4399394-625b-4f86-aeef-dc58d9b00ff2.aacc81c4-128a-4991-bc0f-4b75f10efa26
Sep 05 04:39:57 devstack sudo[93338]: pam_unix(sudo:session): session opened for user root(uid=0) by (uid=1000)
Sep 05 04:39:58 devstack cinder-volume[89807]: INFO cinder.volume.manager [None req-71f85014-0e69-47a2-a6d7-414ec89c776f tempest-GroupSnapshotsV319Test-652611317 None] GroupSnapshot 352f9c2b-141b-4ed7-96f5-0257c1a9eb54: creating.
Sep 05 04:39:58 devstack cinder-volume[89807]: DEBUG cinder.volume.manager [None req-71f85014-0e69-47a2-a6d7-414ec89c776f tempest-GroupSnapshotsV319Test-652611317 None] Group snapshot 352f9c2b-141b-4ed7-96f5-0257c1a9eb54: creating. {{(pid=89807) create_group_snapshot /opt/stack/cinder/cinder/volume/manager.py:4175}}
Sep 05 04:39:58 devstack sudo[93338]: pam_unix(sudo:session): session closed for user root
Sep 05 04:39:58 devstack cinder-volume[89807]: DEBUG oslo_concurrency.processutils [None req-9bbc528a-6a65-4291-9a92-26691ce21973 tempest-SnapshotsActionsTest-1124761940 None] CMD "sudo cinder-rootwrap /etc/cinder/rootwrap.conf qemu-img rebase -u -b volume-c4399394-625b-4f86-aeef-dc58d9b00ff2 -F qcow2 /opt/stack/data/cinder/mnt/047cfdca1f450f1d0d271390bd0962dc/volume-c4399394-625b-4f86-aeef-dc58d9b00ff2.aacc81c4-128a-4991-bc0f-4b75f10efa26" returned: 0 in 0.406s {{(pid=89807) execute /opt/stack/data/venv/lib/python3.12/site-packages/oslo_concurrency/processutils.py:468}}
Sep 05 04:39:58 devstack cinder-volume[89807]: WARNING cinder.volume.drivers.remotefs [None req-9bbc528a-6a65-4291-9a92-26691ce21973 tempest-SnapshotsActionsTest-1124761940 None] /opt/stack/data/cinder/mnt/047cfdca1f450f1d0d271390bd0962dc/volume-c4399394-625b-4f86-aeef-dc58d9b00ff2.aacc81c4-128a-4991-bc0f-4b75f10efa26 is being set with open permissions: ugo+rw
Sep 05 04:39:58 devstack cinder-volume[89807]: DEBUG oslo_concurrency.processutils [None req-9bbc528a-6a65-4291-9a92-26691ce21973 tempest-SnapshotsActionsTest-1124761940 None] Running cmd (subprocess): sudo cinder-rootwrap /etc/cinder/rootwrap.conf chmod ugo+rw /opt/stack/data/cinder/mnt/047cfdca1f450f1d0d271390bd0962dc/volume-c4399394-625b-4f86-aeef-dc58d9b00ff2.aacc81c4-128a-4991-bc0f-4b75f10efa26 {{(pid=89807) execute /opt/stack/data/venv/lib/python3.12/site-packages/oslo_concurrency/processutils.py:440}}
Sep 05 04:39:58 devstack cinder-volume[89807]: DEBUG oslo_concurrency.lockutils [None req-71f85014-0e69-47a2-a6d7-414ec89c776f tempest-GroupSnapshotsV319Test-652611317 None] Acquiring lock "quobyte" by "cinder.volume.drivers.quobyte.QuobyteDriver.create_snapshot" {{(pid=89807) inner /opt/stack/data/venv/lib/python3.12/site-packages/oslo_concurrency/lockutils.py:512}}
Sep 05 04:39:58 devstack sudo[93343]: quobyte : PWD=/ ; USER=root ; COMMAND=/opt/stack/data/venv/bin/cinder-rootwrap /etc/cinder/rootwrap.conf chmod ugo+rw /opt/stack/data/cinder/mnt/047cfdca1f450f1d0d271390bd0962dc/volume-c4399394-625b-4f86-aeef-dc58d9b00ff2.aacc81c4-128a-4991-bc0f-4b75f10efa26
Sep 05 04:39:58 devstack sudo[93343]: pam_unix(sudo:session): session opened for user root(uid=0) by (uid=1000)
Sep 05 04:39:58 devstack sudo[93343]: pam_unix(sudo:session): session closed for user root
Sep 05 04:39:58 devstack cinder-volume[89807]: DEBUG oslo_concurrency.processutils [None req-9bbc528a-6a65-4291-9a92-26691ce21973 tempest-SnapshotsActionsTest-1124761940 None] CMD "sudo cinder-rootwrap /etc/cinder/rootwrap.conf chmod ugo+rw /opt/stack/data/cinder/mnt/047cfdca1f450f1d0d271390bd0962dc/volume-c4399394-625b-4f86-aeef-dc58d9b00ff2.aacc81c4-128a-4991-bc0f-4b75f10efa26" returned: 0 in 0.302s {{(pid=89807) execute /opt/stack/data/venv/lib/python3.12/site-packages/oslo_concurrency/processutils.py:468}}
Sep 05 04:39:58 devstack cinder-volume[89807]: DEBUG oslo_concurrency.processutils [None req-9bbc528a-6a65-4291-9a92-26691ce21973 tempest-SnapshotsActionsTest-1124761940 None] Running cmd (subprocess): sudo cinder-rootwrap /etc/cinder/rootwrap.conf truncate -s0 /opt/stack/data/cinder/mnt/047cfdca1f450f1d0d271390bd0962dc/volume-c4399394-625b-4f86-aeef-dc58d9b00ff2.info {{(pid=89807) execute /opt/stack/data/venv/lib/python3.12/site-packages/oslo_concurrency/processutils.py:440}}
Sep 05 04:39:58 devstack sudo[93347]: quobyte : PWD=/ ; USER=root ; COMMAND=/opt/stack/data/venv/bin/cinder-rootwrap /etc/cinder/rootwrap.conf truncate -s0 /opt/stack/data/cinder/mnt/047cfdca1f450f1d0d271390bd0962dc/volume-c4399394-625b-4f86-aeef-dc58d9b00ff2.info
Sep 05 04:39:58 devstack sudo[93347]: pam_unix(sudo:session): session opened for user root(uid=0) by (uid=1000)
Sep 05 04:39:58 devstack sudo[93347]: pam_unix(sudo:session): session closed for user root
Sep 05 04:39:58 devstack cinder-volume[89807]: DEBUG oslo_concurrency.processutils [None req-9bbc528a-6a65-4291-9a92-26691ce21973 tempest-SnapshotsActionsTest-1124761940 None] CMD "sudo cinder-rootwrap /etc/cinder/rootwrap.conf truncate -s0 /opt/stack/data/cinder/mnt/047cfdca1f450f1d0d271390bd0962dc/volume-c4399394-625b-4f86-aeef-dc58d9b00ff2.info" returned: 0 in 0.452s {{(pid=89807) execute /opt/stack/data/venv/lib/python3.12/site-packages/oslo_concurrency/processutils.py:468}}
Sep 05 04:39:58 devstack cinder-volume[89807]: WARNING cinder.volume.drivers.remotefs [None req-9bbc528a-6a65-4291-9a92-26691ce21973 tempest-SnapshotsActionsTest-1124761940 None] /opt/stack/data/cinder/mnt/047cfdca1f450f1d0d271390bd0962dc/volume-c4399394-625b-4f86-aeef-dc58d9b00ff2.info is being set with open permissions: ugo+rw
Sep 05 04:39:58 devstack cinder-volume[89807]: DEBUG oslo_concurrency.processutils [None req-9bbc528a-6a65-4291-9a92-26691ce21973 tempest-SnapshotsActionsTest-1124761940 None] Running cmd (subprocess): sudo cinder-rootwrap /etc/cinder/rootwrap.conf chmod ugo+rw /opt/stack/data/cinder/mnt/047cfdca1f450f1d0d271390bd0962dc/volume-c4399394-625b-4f86-aeef-dc58d9b00ff2.info {{(pid=89807) execute /opt/stack/data/venv/lib/python3.12/site-packages/oslo_concurrency/processutils.py:440}}
Sep 05 04:39:59 devstack sudo[93365]: quobyte : PWD=/ ; USER=root ; COMMAND=/opt/stack/data/venv/bin/cinder-rootwrap /etc/cinder/rootwrap.conf chmod ugo+rw /opt/stack/data/cinder/mnt/047cfdca1f450f1d0d271390bd0962dc/volume-c4399394-625b-4f86-aeef-dc58d9b00ff2.info
Sep 05 04:39:59 devstack sudo[93365]: pam_unix(sudo:session): session opened for user root(uid=0) by (uid=1000)
Sep 05 04:39:59 devstack sudo[93365]: pam_unix(sudo:session): session closed for user root
Sep 05 04:39:59 devstack cinder-volume[89807]: DEBUG oslo_concurrency.processutils [None req-9bbc528a-6a65-4291-9a92-26691ce21973 tempest-SnapshotsActionsTest-1124761940 None] CMD "sudo cinder-rootwrap /etc/cinder/rootwrap.conf chmod ugo+rw /opt/stack/data/cinder/mnt/047cfdca1f450f1d0d271390bd0962dc/volume-c4399394-625b-4f86-aeef-dc58d9b00ff2.info" returned: 0 in 0.327s {{(pid=89807) execute /opt/stack/data/venv/lib/python3.12/site-packages/oslo_concurrency/processutils.py:468}}
Sep 05 04:39:59 devstack cinder-volume[89807]: DEBUG oslo_concurrency.lockutils [None req-9bbc528a-6a65-4291-9a92-26691ce21973 tempest-SnapshotsActionsTest-1124761940 None] Lock "quobyte" "released" by "cinder.volume.drivers.quobyte.QuobyteDriver.create_snapshot" :: held 2.508s {{(pid=89807) inner /opt/stack/data/venv/lib/python3.12/site-packages/oslo_concurrency/lockutils.py:544}}
Sep 05 04:39:59 devstack cinder-volume[89807]: DEBUG oslo_concurrency.lockutils [None req-71f85014-0e69-47a2-a6d7-414ec89c776f tempest-GroupSnapshotsV319Test-652611317 None] Lock "quobyte" acquired by "cinder.volume.drivers.quobyte.QuobyteDriver.create_snapshot" :: waited 1.146s {{(pid=89807) inner /opt/stack/data/venv/lib/python3.12/site-packages/oslo_concurrency/lockutils.py:525}}
Sep 05 04:39:59 devstack cinder-volume[89807]: DEBUG cinder.volume.drivers.remotefs [None req-71f85014-0e69-47a2-a6d7-414ec89c776f tempest-GroupSnapshotsV319Test-652611317 None] Creating offline snapshot fda82679-eace-48d1-b6cc-9b1d037159cf of volume 397ad333-df5e-407c-8a63-a8131dbb7993 {{(pid=89807) _create_snapshot /opt/stack/cinder/cinder/volume/drivers/remotefs.py:1816}}
Sep 05 04:39:59 devstack cinder-volume[89807]: INFO cinder.volume.manager [None req-9bbc528a-6a65-4291-9a92-26691ce21973 tempest-SnapshotsActionsTest-1124761940 None] Create snapshot completed successfully
Sep 05 04:39:59 devstack cinder-volume[89807]: DEBUG oslo.privsep.daemon [-] privsep: reply[b20cd396-b1cf-4092-8362-1d2bd1d82231]: (4, 'qcow2') {{(pid=91079) _call_back /opt/stack/data/venv/lib/python3.12/site-packages/oslo_privsep/daemon.py:580}}
Sep 05 04:39:59 devstack cinder-volume[89807]: DEBUG oslo_concurrency.processutils [None req-71f85014-0e69-47a2-a6d7-414ec89c776f tempest-GroupSnapshotsV319Test-652611317 None] Running cmd (subprocess): /opt/stack/data/venv/bin/python3.12 -m oslo_concurrency.prlimit --as=1073741824 --cpu=60 -- sudo cinder-rootwrap /etc/cinder/rootwrap.conf env LC_ALL=C qemu-img info -f qcow2 --output=json --force-share /opt/stack/data/cinder/mnt/047cfdca1f450f1d0d271390bd0962dc/volume-397ad333-df5e-407c-8a63-a8131dbb7993 {{(pid=89807) execute /opt/stack/data/venv/lib/python3.12/site-packages/oslo_concurrency/processutils.py:440}}
Sep 05 04:39:59 devstack sudo[93370]: quobyte : PWD=/ ; USER=root ; COMMAND=/opt/stack/data/venv/bin/cinder-rootwrap /etc/cinder/rootwrap.conf env LC_ALL=C qemu-img info -f qcow2 --output=json --force-share /opt/stack/data/cinder/mnt/047cfdca1f450f1d0d271390bd0962dc/volume-397ad333-df5e-407c-8a63-a8131dbb7993
Sep 05 04:39:59 devstack sudo[93370]: pam_unix(sudo:session): session opened for user root(uid=0) by (uid=1000)
Sep 05 04:39:59 devstack sudo[93370]: pam_unix(sudo:session): session closed for user root
Sep 05 04:39:59 devstack cinder-volume[89807]: DEBUG oslo_concurrency.processutils [None req-71f85014-0e69-47a2-a6d7-414ec89c776f tempest-GroupSnapshotsV319Test-652611317 None] CMD "/opt/stack/data/venv/bin/python3.12 -m oslo_concurrency.prlimit --as=1073741824 --cpu=60 -- sudo cinder-rootwrap /etc/cinder/rootwrap.conf env LC_ALL=C qemu-img info -f qcow2 --output=json --force-share /opt/stack/data/cinder/mnt/047cfdca1f450f1d0d271390bd0962dc/volume-397ad333-df5e-407c-8a63-a8131dbb7993" returned: 0 in 0.429s {{(pid=89807) execute /opt/stack/data/venv/lib/python3.12/site-packages/oslo_concurrency/processutils.py:468}}
Sep 05 04:39:59 devstack cinder-volume[89807]: DEBUG oslo_concurrency.processutils [None req-71f85014-0e69-47a2-a6d7-414ec89c776f tempest-GroupSnapshotsV319Test-652611317 None] Running cmd (subprocess): sudo cinder-rootwrap /etc/cinder/rootwrap.conf qemu-img create -f qcow2 -o backing_file=/opt/stack/data/cinder/mnt/047cfdca1f450f1d0d271390bd0962dc/volume-397ad333-df5e-407c-8a63-a8131dbb7993,backing_fmt=qcow2 /opt/stack/data/cinder/mnt/047cfdca1f450f1d0d271390bd0962dc/volume-397ad333-df5e-407c-8a63-a8131dbb7993.fda82679-eace-48d1-b6cc-9b1d037159cf 1G {{(pid=89807) execute /opt/stack/data/venv/lib/python3.12/site-packages/oslo_concurrency/processutils.py:440}}
Sep 05 04:39:59 devstack sudo[93377]: quobyte : PWD=/ ; USER=root ; COMMAND=/opt/stack/data/venv/bin/cinder-rootwrap /etc/cinder/rootwrap.conf qemu-img create -f qcow2 -o backing_file=/opt/stack/data/cinder/mnt/047cfdca1f450f1d0d271390bd0962dc/volume-397ad333-df5e-407c-8a63-a8131dbb7993,backing_fmt=qcow2 /opt/stack/data/cinder/mnt/047cfdca1f450f1d0d271390bd0962dc/volume-397ad333-df5e-407c-8a63-a8131dbb7993.fda82679-eace-48d1-b6cc-9b1d037159cf 1G
Sep 05 04:39:59 devstack sudo[93377]: pam_unix(sudo:session): session opened for user root(uid=0) by (uid=1000)
Sep 05 04:40:00 devstack sudo[93377]: pam_unix(sudo:session): session closed for user root
Sep 05 04:40:00 devstack cinder-volume[89807]: DEBUG oslo_concurrency.processutils [None req-71f85014-0e69-47a2-a6d7-414ec89c776f tempest-GroupSnapshotsV319Test-652611317 None] CMD "sudo cinder-rootwrap /etc/cinder/rootwrap.conf qemu-img create -f qcow2 -o backing_file=/opt/stack/data/cinder/mnt/047cfdca1f450f1d0d271390bd0962dc/volume-397ad333-df5e-407c-8a63-a8131dbb7993,backing_fmt=qcow2 /opt/stack/data/cinder/mnt/047cfdca1f450f1d0d271390bd0962dc/volume-397ad333-df5e-407c-8a63-a8131dbb7993.fda82679-eace-48d1-b6cc-9b1d037159cf 1G" returned: 0 in 0.571s {{(pid=89807) execute /opt/stack/data/venv/lib/python3.12/site-packages/oslo_concurrency/processutils.py:468}}
Sep 05 04:40:00 devstack cinder-volume[89807]: DEBUG oslo_concurrency.processutils [None req-71f85014-0e69-47a2-a6d7-414ec89c776f tempest-GroupSnapshotsV319Test-652611317 None] Running cmd (subprocess): sudo cinder-rootwrap /etc/cinder/rootwrap.conf qemu-img rebase -u -b volume-397ad333-df5e-407c-8a63-a8131dbb7993 -F qcow2 /opt/stack/data/cinder/mnt/047cfdca1f450f1d0d271390bd0962dc/volume-397ad333-df5e-407c-8a63-a8131dbb7993.fda82679-eace-48d1-b6cc-9b1d037159cf {{(pid=89807) execute /opt/stack/data/venv/lib/python3.12/site-packages/oslo_concurrency/processutils.py:440}}
Sep 05 04:40:00 devstack sudo[93384]: quobyte : PWD=/ ; USER=root ; COMMAND=/opt/stack/data/venv/bin/cinder-rootwrap /etc/cinder/rootwrap.conf qemu-img rebase -u -b volume-397ad333-df5e-407c-8a63-a8131dbb7993 -F qcow2 /opt/stack/data/cinder/mnt/047cfdca1f450f1d0d271390bd0962dc/volume-397ad333-df5e-407c-8a63-a8131dbb7993.fda82679-eace-48d1-b6cc-9b1d037159cf
Sep 05 04:40:00 devstack sudo[93384]: pam_unix(sudo:session): session opened for user root(uid=0) by (uid=1000)
Sep 05 04:40:00 devstack sudo[93384]: pam_unix(sudo:session): session closed for user root
Sep 05 04:40:00 devstack cinder-volume[89807]: DEBUG oslo_concurrency.processutils [None req-71f85014-0e69-47a2-a6d7-414ec89c776f tempest-GroupSnapshotsV319Test-652611317 None] CMD "sudo cinder-rootwrap /etc/cinder/rootwrap.conf qemu-img rebase -u -b volume-397ad333-df5e-407c-8a63-a8131dbb7993 -F qcow2 /opt/stack/data/cinder/mnt/047cfdca1f450f1d0d271390bd0962dc/volume-397ad333-df5e-407c-8a63-a8131dbb7993.fda82679-eace-48d1-b6cc-9b1d037159cf" returned: 0 in 0.407s {{(pid=89807) execute /opt/stack/data/venv/lib/python3.12/site-packages/oslo_concurrency/processutils.py:468}}
Sep 05 04:40:00 devstack cinder-volume[89807]: WARNING cinder.volume.drivers.remotefs [None req-71f85014-0e69-47a2-a6d7-414ec89c776f tempest-GroupSnapshotsV319Test-652611317 None] /opt/stack/data/cinder/mnt/047cfdca1f450f1d0d271390bd0962dc/volume-397ad333-df5e-407c-8a63-a8131dbb7993.fda82679-eace-48d1-b6cc-9b1d037159cf is being set with open permissions: ugo+rw: NotImplementedError
Sep 05 04:40:00 devstack cinder-volume[89807]: DEBUG oslo_concurrency.processutils [None req-71f85014-0e69-47a2-a6d7-414ec89c776f tempest-GroupSnapshotsV319Test-652611317 None] Running cmd (subprocess): sudo cinder-rootwrap /etc/cinder/rootwrap.conf chmod ugo+rw /opt/stack/data/cinder/mnt/047cfdca1f450f1d0d271390bd0962dc/volume-397ad333-df5e-407c-8a63-a8131dbb7993.fda82679-eace-48d1-b6cc-9b1d037159cf {{(pid=89807) execute /opt/stack/data/venv/lib/python3.12/site-packages/oslo_concurrency/processutils.py:440}}
Sep 05 04:40:00 devstack sudo[93393]: quobyte : PWD=/ ; USER=root ; COMMAND=/opt/stack/data/venv/bin/cinder-rootwrap /etc/cinder/rootwrap.conf chmod ugo+rw /opt/stack/data/cinder/mnt/047cfdca1f450f1d0d271390bd0962dc/volume-397ad333-df5e-407c-8a63-a8131dbb7993.fda82679-eace-48d1-b6cc-9b1d037159cf
Sep 05 04:40:00 devstack sudo[93393]: pam_unix(sudo:session): session opened for user root(uid=0) by (uid=1000)
Sep 05 04:40:00 devstack cinder-volume[89807]: INFO cinder.volume.manager [None req-444ae8e8-7910-44ed-978b-01e7797abd93 tempest-GroupSnapshotsTest-941596947 None] Group tempest-GroupSnapshotsTest-Group-1106548957: creating
Sep 05 04:40:00 devstack cinder-volume[89807]: DEBUG oslo_concurrency.lockutils [None req-018d942e-3ec2-4d41-b6eb-7937a76b78a8 tempest-SnapshotsActionsTest-1124761940 None] Acquiring lock "quobyte" by "cinder.volume.drivers.quobyte.QuobyteDriver.create_snapshot" {{(pid=89807) inner /opt/stack/data/venv/lib/python3.12/site-packages/oslo_concurrency/lockutils.py:512}}
Sep 05 04:40:01 devstack cinder-volume[89807]: INFO cinder.volume.manager [None req-444ae8e8-7910-44ed-978b-01e7797abd93 tempest-GroupSnapshotsTest-941596947 None] Group tempest-GroupSnapshotsTest-Group-1106548957: created successfully
Sep 05 04:40:01 devstack cinder-volume[89807]: INFO cinder.volume.manager [None req-444ae8e8-7910-44ed-978b-01e7797abd93 tempest-GroupSnapshotsTest-941596947 None] Create group completed successfully.
Sep 05 04:40:01 devstack sudo[93393]: pam_unix(sudo:session): session closed for user root
Sep 05 04:40:01 devstack cinder-volume[89807]: DEBUG oslo_concurrency.processutils [None req-71f85014-0e69-47a2-a6d7-414ec89c776f tempest-GroupSnapshotsV319Test-652611317 None] CMD "sudo cinder-rootwrap /etc/cinder/rootwrap.conf chmod ugo+rw /opt/stack/data/cinder/mnt/047cfdca1f450f1d0d271390bd0962dc/volume-397ad333-df5e-407c-8a63-a8131dbb7993.fda82679-eace-48d1-b6cc-9b1d037159cf" returned: 0 in 0.260s {{(pid=89807) execute /opt/stack/data/venv/lib/python3.12/site-packages/oslo_concurrency/processutils.py:468}}
Sep 05 04:40:01 devstack cinder-volume[89807]: DEBUG oslo_concurrency.processutils [None req-71f85014-0e69-47a2-a6d7-414ec89c776f tempest-GroupSnapshotsV319Test-652611317 None] Running cmd (subprocess): sudo cinder-rootwrap /etc/cinder/rootwrap.conf truncate -s0 /opt/stack/data/cinder/mnt/047cfdca1f450f1d0d271390bd0962dc/volume-397ad333-df5e-407c-8a63-a8131dbb7993.info {{(pid=89807) execute /opt/stack/data/venv/lib/python3.12/site-packages/oslo_concurrency/processutils.py:440}}
Sep 05 04:40:01 devstack sudo[93397]: quobyte : PWD=/ ; USER=root ; COMMAND=/opt/stack/data/venv/bin/cinder-rootwrap /etc/cinder/rootwrap.conf truncate -s0 /opt/stack/data/cinder/mnt/047cfdca1f450f1d0d271390bd0962dc/volume-397ad333-df5e-407c-8a63-a8131dbb7993.info
Sep 05 04:40:01 devstack sudo[93397]: pam_unix(sudo:session): session opened for user root(uid=0) by (uid=1000)
Sep 05 04:40:01 devstack sudo[93397]: pam_unix(sudo:session): session closed for user root
Sep 05 04:40:01 devstack cinder-volume[89807]: DEBUG oslo_concurrency.processutils [None req-71f85014-0e69-47a2-a6d7-414ec89c776f tempest-GroupSnapshotsV319Test-652611317 None] CMD "sudo cinder-rootwrap /etc/cinder/rootwrap.conf truncate -s0 /opt/stack/data/cinder/mnt/047cfdca1f450f1d0d271390bd0962dc/volume-397ad333-df5e-407c-8a63-a8131dbb7993.info" returned: 0 in 0.278s {{(pid=89807) execute /opt/stack/data/venv/lib/python3.12/site-packages/oslo_concurrency/processutils.py:468}}
Sep 05 04:40:01 devstack cinder-volume[89807]: WARNING cinder.volume.drivers.remotefs [None req-71f85014-0e69-47a2-a6d7-414ec89c776f tempest-GroupSnapshotsV319Test-652611317 None] /opt/stack/data/cinder/mnt/047cfdca1f450f1d0d271390bd0962dc/volume-397ad333-df5e-407c-8a63-a8131dbb7993.info is being set with open permissions: ugo+rw: NotImplementedError
Sep 05 04:40:01 devstack cinder-volume[89807]: DEBUG oslo_concurrency.processutils [None req-71f85014-0e69-47a2-a6d7-414ec89c776f tempest-GroupSnapshotsV319Test-652611317 None] Running cmd (subprocess): sudo cinder-rootwrap /etc/cinder/rootwrap.conf chmod ugo+rw /opt/stack/data/cinder/mnt/047cfdca1f450f1d0d271390bd0962dc/volume-397ad333-df5e-407c-8a63-a8131dbb7993.info {{(pid=89807) execute /opt/stack/data/venv/lib/python3.12/site-packages/oslo_concurrency/processutils.py:440}}
Sep 05 04:40:01 devstack sudo[93401]: quobyte : PWD=/ ; USER=root ; COMMAND=/opt/stack/data/venv/bin/cinder-rootwrap /etc/cinder/rootwrap.conf chmod ugo+rw /opt/stack/data/cinder/mnt/047cfdca1f450f1d0d271390bd0962dc/volume-397ad333-df5e-407c-8a63-a8131dbb7993.info
Sep 05 04:40:01 devstack sudo[93401]: pam_unix(sudo:session): session opened for user root(uid=0) by (uid=1000)
Sep 05 04:40:01 devstack sudo[93401]: pam_unix(sudo:session): session closed for user root
Sep 05 04:40:01 devstack cinder-volume[89807]: DEBUG oslo_concurrency.processutils [None req-71f85014-0e69-47a2-a6d7-414ec89c776f tempest-GroupSnapshotsV319Test-652611317 None] CMD "sudo cinder-rootwrap /etc/cinder/rootwrap.conf chmod ugo+rw /opt/stack/data/cinder/mnt/047cfdca1f450f1d0d271390bd0962dc/volume-397ad333-df5e-407c-8a63-a8131dbb7993.info" returned: 0 in 0.254s {{(pid=89807) execute /opt/stack/data/venv/lib/python3.12/site-packages/oslo_concurrency/processutils.py:468}}
Sep 05 04:40:01 devstack cinder-volume[89807]: DEBUG oslo_concurrency.lockutils [None req-71f85014-0e69-47a2-a6d7-414ec89c776f tempest-GroupSnapshotsV319Test-652611317 None] Lock "quobyte" "released" by "cinder.volume.drivers.quobyte.QuobyteDriver.create_snapshot" :: held 2.298s {{(pid=89807) inner /opt/stack/data/venv/lib/python3.12/site-packages/oslo_concurrency/lockutils.py:544}}
Sep 05 04:40:01 devstack cinder-volume[89807]: DEBUG oslo_concurrency.lockutils [None req-018d942e-3ec2-4d41-b6eb-7937a76b78a8 tempest-SnapshotsActionsTest-1124761940 None] Lock "quobyte" acquired by "cinder.volume.drivers.quobyte.QuobyteDriver.create_snapshot" :: waited 0.681s {{(pid=89807) inner /opt/stack/data/venv/lib/python3.12/site-packages/oslo_concurrency/lockutils.py:525}}
Sep 05 04:40:01 devstack cinder-volume[89807]: DEBUG cinder.volume.drivers.remotefs [None req-018d942e-3ec2-4d41-b6eb-7937a76b78a8 tempest-SnapshotsActionsTest-1124761940 None] Creating offline snapshot bf86b6c4-8f1d-4cc6-8157-86e3618adec4 of volume c4399394-625b-4f86-aeef-dc58d9b00ff2 {{(pid=89807) _create_snapshot /opt/stack/cinder/cinder/volume/drivers/remotefs.py:1816}}
Sep 05 04:40:01 devstack cinder-volume[89807]: DEBUG oslo.privsep.daemon [-] privsep: reply[d29b3e70-587d-4509-af6a-eea90c35adff]: (4, 'qcow2') {{(pid=91079) _call_back /opt/stack/data/venv/lib/python3.12/site-packages/oslo_privsep/daemon.py:580}}
Sep 05 04:40:01 devstack cinder-volume[89807]: DEBUG oslo_concurrency.processutils [None req-018d942e-3ec2-4d41-b6eb-7937a76b78a8 tempest-SnapshotsActionsTest-1124761940 None] Running cmd (subprocess): /opt/stack/data/venv/bin/python3.12 -m oslo_concurrency.prlimit --as=1073741824 --cpu=60 -- sudo cinder-rootwrap /etc/cinder/rootwrap.conf env LC_ALL=C qemu-img info -f qcow2 --output=json --force-share /opt/stack/data/cinder/mnt/047cfdca1f450f1d0d271390bd0962dc/volume-c4399394-625b-4f86-aeef-dc58d9b00ff2.aacc81c4-128a-4991-bc0f-4b75f10efa26 {{(pid=89807) execute /opt/stack/data/venv/lib/python3.12/site-packages/oslo_concurrency/processutils.py:440}}
Sep 05 04:40:01 devstack cinder-volume[89807]: INFO cinder.volume.manager [None req-71f85014-0e69-47a2-a6d7-414ec89c776f tempest-GroupSnapshotsV319Test-652611317 None] group_snapshot 352f9c2b-141b-4ed7-96f5-0257c1a9eb54: created successfully
Sep 05 04:40:01 devstack sudo[93404]: quobyte : PWD=/ ; USER=root ; COMMAND=/opt/stack/data/venv/bin/cinder-rootwrap /etc/cinder/rootwrap.conf env LC_ALL=C qemu-img info -f qcow2 --output=json --force-share /opt/stack/data/cinder/mnt/047cfdca1f450f1d0d271390bd0962dc/volume-c4399394-625b-4f86-aeef-dc58d9b00ff2.aacc81c4-128a-4991-bc0f-4b75f10efa26
Sep 05 04:40:01 devstack sudo[93404]: pam_unix(sudo:session): session opened for user root(uid=0) by (uid=1000)
Sep 05 04:40:02 devstack sudo[93404]: pam_unix(sudo:session): session closed for user root
Sep 05 04:40:02 devstack cinder-volume[89807]: DEBUG oslo_concurrency.processutils [None req-018d942e-3ec2-4d41-b6eb-7937a76b78a8 tempest-SnapshotsActionsTest-1124761940 None] CMD "/opt/stack/data/venv/bin/python3.12 -m oslo_concurrency.prlimit --as=1073741824 --cpu=60 -- sudo cinder-rootwrap /etc/cinder/rootwrap.conf env LC_ALL=C qemu-img info -f qcow2 --output=json --force-share /opt/stack/data/cinder/mnt/047cfdca1f450f1d0d271390bd0962dc/volume-c4399394-625b-4f86-aeef-dc58d9b00ff2.aacc81c4-128a-4991-bc0f-4b75f10efa26" returned: 0 in 0.429s {{(pid=89807) execute /opt/stack/data/venv/lib/python3.12/site-packages/oslo_concurrency/processutils.py:468}}
Sep 05 04:40:02 devstack cinder-volume[89807]: DEBUG cinder.volume.drivers.remotefs [None req-018d942e-3ec2-4d41-b6eb-7937a76b78a8 tempest-SnapshotsActionsTest-1124761940 None] Fetching qemu-img info with special backing_file_template: (/opt/stack/data/cinder/mnt/[0-9a-f]+/)?(volume-c4399394-625b-4f86-aeef-dc58d9b00ff2(.(tmp-snap-)?[0-9a-f-]+)?|volume_from_snapshot_cache/(tmp-snap-)?[0-9a-f-]+(.(child-|parent-)[0-9a-f-]+)?)$ {{(pid=89807) _qemu_img_info_base /opt/stack/cinder/cinder/volume/drivers/remotefs.py:896}}
Sep 05 04:40:02 devstack cinder-volume[89807]: DEBUG oslo_concurrency.processutils [None req-018d942e-3ec2-4d41-b6eb-7937a76b78a8 tempest-SnapshotsActionsTest-1124761940 None] Running cmd (subprocess): sudo cinder-rootwrap /etc/cinder/rootwrap.conf qemu-img create -f qcow2 -o backing_file=/opt/stack/data/cinder/mnt/047cfdca1f450f1d0d271390bd0962dc/volume-c4399394-625b-4f86-aeef-dc58d9b00ff2.aacc81c4-128a-4991-bc0f-4b75f10efa26,backing_fmt=qcow2 /opt/stack/data/cinder/mnt/047cfdca1f450f1d0d271390bd0962dc/volume-c4399394-625b-4f86-aeef-dc58d9b00ff2.bf86b6c4-8f1d-4cc6-8157-86e3618adec4 1G {{(pid=89807) execute /opt/stack/data/venv/lib/python3.12/site-packages/oslo_concurrency/processutils.py:440}}
Sep 05 04:40:02 devstack sudo[93417]: quobyte : PWD=/ ; USER=root ; COMMAND=/opt/stack/data/venv/bin/cinder-rootwrap /etc/cinder/rootwrap.conf qemu-img create -f qcow2 -o backing_file=/opt/stack/data/cinder/mnt/047cfdca1f450f1d0d271390bd0962dc/volume-c4399394-625b-4f86-aeef-dc58d9b00ff2.aacc81c4-128a-4991-bc0f-4b75f10efa26,backing_fmt=qcow2 /opt/stack/data/cinder/mnt/047cfdca1f450f1d0d271390bd0962dc/volume-c4399394-625b-4f86-aeef-dc58d9b00ff2.bf86b6c4-8f1d-4cc6-8157-86e3618adec4 1G
Sep 05 04:40:02 devstack sudo[93417]: pam_unix(sudo:session): session opened for user root(uid=0) by (uid=1000)
Sep 05 04:40:02 devstack cinder-volume[89807]: DEBUG cinder.volume.flows.manager.create_volume [None req-e3149afd-c449-472d-b9ea-051ec7b99d6b tempest-GroupSnapshotsTest-941596947 None] Volume reschedule parameters: True retry: {'num_attempts': 1, 'backends': ['devstack@QuobyteHD#QuobyteHD'], 'hosts': ['devstack@QuobyteHD#QuobyteHD']} {{(pid=89807) get_flow /opt/stack/cinder/cinder/volume/flows/manager/create_volume.py:1397}}
Sep 05 04:40:02 devstack cinder-volume[89807]: DEBUG cinder.volume.manager [None req-e3149afd-c449-472d-b9ea-051ec7b99d6b tempest-GroupSnapshotsTest-941596947 None] Flow 'volume_create_manager' (f16bd6e5-2e11-4940-9f66-16a7f0ecbe74) transitioned into state 'RUNNING' from state 'PENDING' {{(pid=89807) _flow_receiver /opt/stack/data/venv/lib/python3.12/site-packages/taskflow/listeners/logging.py:160}}
Sep 05 04:40:02 devstack cinder-volume[89807]: DEBUG cinder.volume.manager [None req-e3149afd-c449-472d-b9ea-051ec7b99d6b tempest-GroupSnapshotsTest-941596947 None] Task 'cinder.volume.flows.manager.create_volume.ExtractVolumeRefTask;volume:create' (aeb10222-85dc-466b-abcf-dcabb153b214) transitioned into state 'RUNNING' from state 'PENDING' {{(pid=89807) _task_receiver /opt/stack/data/venv/lib/python3.12/site-packages/taskflow/listeners/logging.py:242}}
Sep 05 04:40:02 devstack cinder-volume[89807]: DEBUG cinder.volume.manager [None req-e3149afd-c449-472d-b9ea-051ec7b99d6b tempest-GroupSnapshotsTest-941596947 None] Task 'cinder.volume.flows.manager.create_volume.ExtractVolumeRefTask;volume:create' (aeb10222-85dc-466b-abcf-dcabb153b214) transitioned into state 'SUCCESS' from state 'RUNNING' with result 'Volume(_name_id=None,admin_metadata=,attach_status='detached',availability_zone='nova',bootable=False,cluster=,cluster_name=None,consistencygroup=,consistencygroup_id=None,created_at=2026-09-05T02:40:02Z,deleted=False,deleted_at=None,display_description=None,display_name='tempest-volume-703775721',ec2_id=None,encryption_key_id=None,glance_metadata=,group=,group_id=6435a849-edc1-4f29-b046-aa6062098431,host='devstack@QuobyteHD#QuobyteHD',id=08fe61b2-2e3c-4600-b810-91fe5f5116c2,launched_at=None,metadata={},migration_status=None,multiattach=False,previous_status=None,project_id='3c116ad98bb842cfa19b45fe890c7f4c',provider_auth=None,provider_geometry=None,provider_id=None,provider_location=None,replication_driver_data=None,replication_extended_status=None,replication_status=None,scheduled_at=2026-09-05T02:40:03Z,service_uuid=None,shared_targets=True,size=1,snapshot_id=None,snapshots=,source_volid=None,status='creating',terminated_at=None,updated_at=2026-09-05T02:40:03Z,use_quota=True,user_id='d522a1ead1c247e1af2c065214149f0d',volume_attachment=VolumeAttachmentList,volume_type=VolumeType(4ac1aa0b-c24f-4c34-8c49-004cf7c411ee),volume_type_id=4ac1aa0b-c24f-4c34-8c49-004cf7c411ee)' {{(pid=89807) _task_receiver /opt/stack/data/venv/lib/python3.12/site-packages/taskflow/listeners/logging.py:218}}
Sep 05 04:40:02 devstack cinder-volume[89807]: DEBUG cinder.volume.manager [None req-e3149afd-c449-472d-b9ea-051ec7b99d6b tempest-GroupSnapshotsTest-941596947 None] Task 'cinder.volume.flows.manager.create_volume.OnFailureRescheduleTask;volume:create' (daa259cd-f4a9-4f43-9181-fc785b0fd75d) transitioned into state 'RUNNING' from state 'PENDING' {{(pid=89807) _task_receiver /opt/stack/data/venv/lib/python3.12/site-packages/taskflow/listeners/logging.py:242}}
Sep 05 04:40:02 devstack cinder-volume[89807]: DEBUG cinder.volume.manager [None req-e3149afd-c449-472d-b9ea-051ec7b99d6b tempest-GroupSnapshotsTest-941596947 None] Task 'cinder.volume.flows.manager.create_volume.OnFailureRescheduleTask;volume:create' (daa259cd-f4a9-4f43-9181-fc785b0fd75d) transitioned into state 'SUCCESS' from state 'RUNNING' with result 'None' {{(pid=89807) _task_receiver /opt/stack/data/venv/lib/python3.12/site-packages/taskflow/listeners/logging.py:218}}
Sep 05 04:40:02 devstack cinder-volume[89807]: DEBUG cinder.volume.manager [None req-e3149afd-c449-472d-b9ea-051ec7b99d6b tempest-GroupSnapshotsTest-941596947 None] Task 'cinder.volume.flows.manager.create_volume.ExtractVolumeSpecTask;volume:create' (c7c97d88-2479-45b3-93cf-a45d9b293370) transitioned into state 'RUNNING' from state 'PENDING' {{(pid=89807) _task_receiver /opt/stack/data/venv/lib/python3.12/site-packages/taskflow/listeners/logging.py:242}}
Sep 05 04:40:02 devstack cinder-volume[89807]: DEBUG cinder.volume.manager [None req-e3149afd-c449-472d-b9ea-051ec7b99d6b tempest-GroupSnapshotsTest-941596947 None] Task 'cinder.volume.flows.manager.create_volume.ExtractVolumeSpecTask;volume:create' (c7c97d88-2479-45b3-93cf-a45d9b293370) transitioned into state 'SUCCESS' from state 'RUNNING' with result '{'status': 'creating', 'type': 'raw', 'volume_id': '08fe61b2-2e3c-4600-b810-91fe5f5116c2', 'volume_name': 'volume-08fe61b2-2e3c-4600-b810-91fe5f5116c2', 'volume_size': 1}' {{(pid=89807) _task_receiver /opt/stack/data/venv/lib/python3.12/site-packages/taskflow/listeners/logging.py:218}}
Sep 05 04:40:02 devstack cinder-volume[89807]: DEBUG cinder.volume.manager [None req-e3149afd-c449-472d-b9ea-051ec7b99d6b tempest-GroupSnapshotsTest-941596947 None] Task 'cinder.volume.flows.manager.create_volume.NotifyVolumeActionTask;volume:create, create.start' (1007ba53-c421-48e6-9bf3-1dee6bfc137c) transitioned into state 'RUNNING' from state 'PENDING' {{(pid=89807) _task_receiver /opt/stack/data/venv/lib/python3.12/site-packages/taskflow/listeners/logging.py:242}}
Sep 05 04:40:02 devstack cinder-volume[89807]: DEBUG cinder.volume.manager [None req-e3149afd-c449-472d-b9ea-051ec7b99d6b tempest-GroupSnapshotsTest-941596947 None] Task 'cinder.volume.flows.manager.create_volume.NotifyVolumeActionTask;volume:create, create.start' (1007ba53-c421-48e6-9bf3-1dee6bfc137c) transitioned into state 'SUCCESS' from state 'RUNNING' with result 'None' {{(pid=89807) _task_receiver /opt/stack/data/venv/lib/python3.12/site-packages/taskflow/listeners/logging.py:218}}
Sep 05 04:40:02 devstack sudo[93417]: pam_unix(sudo:session): session closed for user root
Sep 05 04:40:02 devstack cinder-volume[89807]: DEBUG cinder.volume.manager [None req-e3149afd-c449-472d-b9ea-051ec7b99d6b tempest-GroupSnapshotsTest-941596947 None] Task 'cinder.volume.flows.manager.create_volume.CreateVolumeFromSpecTask;volume:create' (305665cf-9e59-4e85-b736-de24c1f8a21c) transitioned into state 'RUNNING' from state 'PENDING' {{(pid=89807) _task_receiver /opt/stack/data/venv/lib/python3.12/site-packages/taskflow/listeners/logging.py:242}}
Sep 05 04:40:02 devstack cinder-volume[89807]: INFO cinder.volume.flows.manager.create_volume [None req-e3149afd-c449-472d-b9ea-051ec7b99d6b tempest-GroupSnapshotsTest-941596947 None] Volume 08fe61b2-2e3c-4600-b810-91fe5f5116c2: being created as raw with specification: {'status': 'creating', 'volume_name': 'volume-08fe61b2-2e3c-4600-b810-91fe5f5116c2', 'volume_size': 1}
Sep 05 04:40:02 devstack cinder-volume[89807]: DEBUG oslo_concurrency.lockutils [None req-e3149afd-c449-472d-b9ea-051ec7b99d6b tempest-GroupSnapshotsTest-941596947 None] Acquiring lock "quobyte" by "cinder.volume.drivers.quobyte.QuobyteDriver.create_volume" {{(pid=89807) inner /opt/stack/data/venv/lib/python3.12/site-packages/oslo_concurrency/lockutils.py:512}}
Sep 05 04:40:02 devstack cinder-volume[89807]: DEBUG oslo_concurrency.processutils [None req-018d942e-3ec2-4d41-b6eb-7937a76b78a8 tempest-SnapshotsActionsTest-1124761940 None] CMD "sudo cinder-rootwrap /etc/cinder/rootwrap.conf qemu-img create -f qcow2 -o backing_file=/opt/stack/data/cinder/mnt/047cfdca1f450f1d0d271390bd0962dc/volume-c4399394-625b-4f86-aeef-dc58d9b00ff2.aacc81c4-128a-4991-bc0f-4b75f10efa26,backing_fmt=qcow2 /opt/stack/data/cinder/mnt/047cfdca1f450f1d0d271390bd0962dc/volume-c4399394-625b-4f86-aeef-dc58d9b00ff2.bf86b6c4-8f1d-4cc6-8157-86e3618adec4 1G" returned: 0 in 0.827s {{(pid=89807) execute /opt/stack/data/venv/lib/python3.12/site-packages/oslo_concurrency/processutils.py:468}}
Sep 05 04:40:02 devstack cinder-volume[89807]: DEBUG oslo_concurrency.processutils [None req-018d942e-3ec2-4d41-b6eb-7937a76b78a8 tempest-SnapshotsActionsTest-1124761940 None] Running cmd (subprocess): sudo cinder-rootwrap /etc/cinder/rootwrap.conf qemu-img rebase -u -b volume-c4399394-625b-4f86-aeef-dc58d9b00ff2.aacc81c4-128a-4991-bc0f-4b75f10efa26 -F qcow2 /opt/stack/data/cinder/mnt/047cfdca1f450f1d0d271390bd0962dc/volume-c4399394-625b-4f86-aeef-dc58d9b00ff2.bf86b6c4-8f1d-4cc6-8157-86e3618adec4 {{(pid=89807) execute /opt/stack/data/venv/lib/python3.12/site-packages/oslo_concurrency/processutils.py:440}}
Sep 05 04:40:03 devstack sudo[93440]: quobyte : PWD=/ ; USER=root ; COMMAND=/opt/stack/data/venv/bin/cinder-rootwrap /etc/cinder/rootwrap.conf qemu-img rebase -u -b volume-c4399394-625b-4f86-aeef-dc58d9b00ff2.aacc81c4-128a-4991-bc0f-4b75f10efa26 -F qcow2 /opt/stack/data/cinder/mnt/047cfdca1f450f1d0d271390bd0962dc/volume-c4399394-625b-4f86-aeef-dc58d9b00ff2.bf86b6c4-8f1d-4cc6-8157-86e3618adec4
Sep 05 04:40:03 devstack sudo[93440]: pam_unix(sudo:session): session opened for user root(uid=0) by (uid=1000)
Sep 05 04:40:03 devstack sudo[93440]: pam_unix(sudo:session): session closed for user root
Sep 05 04:40:03 devstack cinder-volume[89807]: DEBUG oslo_concurrency.processutils [None req-018d942e-3ec2-4d41-b6eb-7937a76b78a8 tempest-SnapshotsActionsTest-1124761940 None] CMD "sudo cinder-rootwrap /etc/cinder/rootwrap.conf qemu-img rebase -u -b volume-c4399394-625b-4f86-aeef-dc58d9b00ff2.aacc81c4-128a-4991-bc0f-4b75f10efa26 -F qcow2 /opt/stack/data/cinder/mnt/047cfdca1f450f1d0d271390bd0962dc/volume-c4399394-625b-4f86-aeef-dc58d9b00ff2.bf86b6c4-8f1d-4cc6-8157-86e3618adec4" returned: 0 in 0.332s {{(pid=89807) execute /opt/stack/data/venv/lib/python3.12/site-packages/oslo_concurrency/processutils.py:468}}
Sep 05 04:40:03 devstack cinder-volume[89807]: WARNING cinder.volume.drivers.remotefs [None req-018d942e-3ec2-4d41-b6eb-7937a76b78a8 tempest-SnapshotsActionsTest-1124761940 None] /opt/stack/data/cinder/mnt/047cfdca1f450f1d0d271390bd0962dc/volume-c4399394-625b-4f86-aeef-dc58d9b00ff2.bf86b6c4-8f1d-4cc6-8157-86e3618adec4 is being set with open permissions: ugo+rw
Sep 05 04:40:03 devstack cinder-volume[89807]: DEBUG oslo_concurrency.processutils [None req-018d942e-3ec2-4d41-b6eb-7937a76b78a8 tempest-SnapshotsActionsTest-1124761940 None] Running cmd (subprocess): sudo cinder-rootwrap /etc/cinder/rootwrap.conf chmod ugo+rw /opt/stack/data/cinder/mnt/047cfdca1f450f1d0d271390bd0962dc/volume-c4399394-625b-4f86-aeef-dc58d9b00ff2.bf86b6c4-8f1d-4cc6-8157-86e3618adec4 {{(pid=89807) execute /opt/stack/data/venv/lib/python3.12/site-packages/oslo_concurrency/processutils.py:440}}
Sep 05 04:40:03 devstack cinder-volume[89807]: INFO cinder.volume.manager [None req-f95573e4-9509-4460-9f4a-f59c67301bff tempest-GroupSnapshotsV319Test-652611317 None] group_snapshot 352f9c2b-141b-4ed7-96f5-0257c1a9eb54: deleting
Sep 05 04:40:03 devstack sudo[93446]: quobyte : PWD=/ ; USER=root ; COMMAND=/opt/stack/data/venv/bin/cinder-rootwrap /etc/cinder/rootwrap.conf chmod ugo+rw /opt/stack/data/cinder/mnt/047cfdca1f450f1d0d271390bd0962dc/volume-c4399394-625b-4f86-aeef-dc58d9b00ff2.bf86b6c4-8f1d-4cc6-8157-86e3618adec4
Sep 05 04:40:03 devstack sudo[93446]: pam_unix(sudo:session): session opened for user root(uid=0) by (uid=1000)
Sep 05 04:40:03 devstack cinder-volume[89807]: DEBUG cinder.volume.manager [None req-f95573e4-9509-4460-9f4a-f59c67301bff tempest-GroupSnapshotsV319Test-652611317 None] group_snapshot 352f9c2b-141b-4ed7-96f5-0257c1a9eb54: deleting {{(pid=89807) delete_group_snapshot /opt/stack/cinder/cinder/volume/manager.py:4350}}
Sep 05 04:40:03 devstack cinder-volume[89807]: DEBUG cinder.coordination [None req-f95573e4-9509-4460-9f4a-f59c67301bff tempest-GroupSnapshotsV319Test-652611317 None] Acquiring lock "cinder-quobyte-397ad333-df5e-407c-8a63-a8131dbb7993" by "delete_snapshot" {{(pid=89807) __acquire /opt/stack/cinder/cinder/coordination.py:138}}
Sep 05 04:40:03 devstack cinder-volume[89807]: DEBUG cinder.coordination [None req-f95573e4-9509-4460-9f4a-f59c67301bff tempest-GroupSnapshotsV319Test-652611317 None] Lock "cinder-quobyte-397ad333-df5e-407c-8a63-a8131dbb7993" acquired by "delete_snapshot" :: waited 0.019s {{(pid=89807) __acquire /opt/stack/cinder/cinder/coordination.py:141}}
Sep 05 04:40:03 devstack cinder-volume[89807]: DEBUG cinder.coordination [None req-f95573e4-9509-4460-9f4a-f59c67301bff tempest-GroupSnapshotsV319Test-652611317 None] Acquiring lock "cinder-quobyte-fda82679-eace-48d1-b6cc-9b1d037159cf" by "_delete_snapshot" {{(pid=89807) __acquire /opt/stack/cinder/cinder/coordination.py:138}}
Sep 05 04:40:03 devstack cinder-volume[89807]: DEBUG cinder.coordination [None req-f95573e4-9509-4460-9f4a-f59c67301bff tempest-GroupSnapshotsV319Test-652611317 None] Lock "cinder-quobyte-fda82679-eace-48d1-b6cc-9b1d037159cf" acquired by "_delete_snapshot" :: waited 0.014s {{(pid=89807) __acquire /opt/stack/cinder/cinder/coordination.py:141}}
