Sep 05 04:40:34 devstack cinder-volume[89807]: DEBUG cinder.coordination [None req-be8fac27-a6d0-4fe1-bdb2-2f4c5e6a7229 tempest-SnapshotsActionsTest-1124761940 None] Lock "cinder-c4399394-625b-4f86-aeef-dc58d9b00ff2-delete_volume" released by "delete_volume" :: held 1.791s {{(pid=89807) __release /opt/stack/cinder/cinder/coordination.py:152}}
Sep 05 04:40:35 devstack cinder-volume[89807]: INFO cinder.volume.manager [None req-d3b5766b-b779-4a00-bd53-dcd4974ebeed tempest-GroupSnapshotsTest-941596947 None] Update group completed successfully.
Sep 05 04:40:36 devstack cinder-volume[89807]: INFO cinder.volume.manager [None req-5504885b-f1ef-4733-a4d5-64cb1b3825f7 tempest-GroupSnapshotsTest-941596947 None] Update group completed successfully.
Sep 05 04:40:37 devstack cinder-volume[89807]: INFO cinder.volume.manager [None req-181c0e90-4198-4783-b265-b98e4826d584 tempest-GroupSnapshotsTest-941596947 None] Update group completed successfully.
Sep 05 04:40:39 devstack cinder-volume[89807]: INFO cinder.volume.manager [None req-6a233ffd-86b0-4911-ad30-72cd320a8dd7 tempest-GroupSnapshotsTest-941596947 None] Update group completed successfully.
Sep 05 04:40:40 devstack cinder-volume[89807]: INFO cinder.volume.manager [None req-60c680f9-b77b-4112-8709-93af297b4140 tempest-GroupSnapshotsTest-941596947 None] GroupSnapshot 8f336861-7d2f-482e-915e-d0cc3101468e: creating.
Sep 05 04:40:40 devstack cinder-volume[89807]: DEBUG cinder.volume.manager [None req-60c680f9-b77b-4112-8709-93af297b4140 tempest-GroupSnapshotsTest-941596947 None] Group snapshot 8f336861-7d2f-482e-915e-d0cc3101468e: creating. {{(pid=89807) create_group_snapshot /opt/stack/cinder/cinder/volume/manager.py:4175}}
Sep 05 04:40:40 devstack cinder-volume[89807]: DEBUG oslo_concurrency.lockutils [None req-60c680f9-b77b-4112-8709-93af297b4140 tempest-GroupSnapshotsTest-941596947 None] Acquiring lock "quobyte" by "cinder.volume.drivers.quobyte.QuobyteDriver.create_snapshot" {{(pid=89807) inner /opt/stack/data/venv/lib/python3.12/site-packages/oslo_concurrency/lockutils.py:512}}
Sep 05 04:40:40 devstack cinder-volume[89807]: DEBUG oslo_concurrency.lockutils [None req-60c680f9-b77b-4112-8709-93af297b4140 tempest-GroupSnapshotsTest-941596947 None] Lock "quobyte" acquired by "cinder.volume.drivers.quobyte.QuobyteDriver.create_snapshot" :: waited 0.001s {{(pid=89807) inner /opt/stack/data/venv/lib/python3.12/site-packages/oslo_concurrency/lockutils.py:525}}
Sep 05 04:40:40 devstack cinder-volume[89807]: DEBUG cinder.volume.drivers.remotefs [None req-60c680f9-b77b-4112-8709-93af297b4140 tempest-GroupSnapshotsTest-941596947 None] Creating offline snapshot 0fe9fdcd-3fb6-43c5-917d-6c83dcfbf1fd of volume 3ccdfd99-e549-4c15-a5ac-c2590c380f8a {{(pid=89807) _create_snapshot /opt/stack/cinder/cinder/volume/drivers/remotefs.py:1816}}
Sep 05 04:40:40 devstack cinder-volume[89807]: DEBUG oslo.privsep.daemon [-] privsep: reply[55c96817-7d74-48ac-9403-9cbb9bf8d844]: (4, 'qcow2') {{(pid=91079) _call_back /opt/stack/data/venv/lib/python3.12/site-packages/oslo_privsep/daemon.py:580}}
Sep 05 04:40:40 devstack cinder-volume[89807]: DEBUG oslo_concurrency.processutils [None req-60c680f9-b77b-4112-8709-93af297b4140 tempest-GroupSnapshotsTest-941596947 None] Running cmd (subprocess): /opt/stack/data/venv/bin/python3.12 -m oslo_concurrency.prlimit --as=1073741824 --cpu=60 -- sudo cinder-rootwrap /etc/cinder/rootwrap.conf env LC_ALL=C qemu-img info -f qcow2 --output=json --force-share /opt/stack/data/cinder/mnt/047cfdca1f450f1d0d271390bd0962dc/volume-3ccdfd99-e549-4c15-a5ac-c2590c380f8a {{(pid=89807) execute /opt/stack/data/venv/lib/python3.12/site-packages/oslo_concurrency/processutils.py:440}}
Sep 05 04:40:40 devstack sudo[93834]: quobyte : PWD=/ ; USER=root ; COMMAND=/opt/stack/data/venv/bin/cinder-rootwrap /etc/cinder/rootwrap.conf env LC_ALL=C qemu-img info -f qcow2 --output=json --force-share /opt/stack/data/cinder/mnt/047cfdca1f450f1d0d271390bd0962dc/volume-3ccdfd99-e549-4c15-a5ac-c2590c380f8a
Sep 05 04:40:40 devstack sudo[93834]: pam_unix(sudo:session): session opened for user root(uid=0) by (uid=1000)
Sep 05 04:40:41 devstack cinder-volume[89807]: DEBUG oslo_concurrency.processutils [None req-60c680f9-b77b-4112-8709-93af297b4140 tempest-GroupSnapshotsTest-941596947 None] CMD "/opt/stack/data/venv/bin/python3.12 -m oslo_concurrency.prlimit --as=1073741824 --cpu=60 -- sudo cinder-rootwrap /etc/cinder/rootwrap.conf env LC_ALL=C qemu-img info -f qcow2 --output=json --force-share /opt/stack/data/cinder/mnt/047cfdca1f450f1d0d271390bd0962dc/volume-3ccdfd99-e549-4c15-a5ac-c2590c380f8a" returned: 0 in 0.466s {{(pid=89807) execute /opt/stack/data/venv/lib/python3.12/site-packages/oslo_concurrency/processutils.py:468}}
Sep 05 04:40:41 devstack sudo[93834]: pam_unix(sudo:session): session closed for user root
Sep 05 04:40:41 devstack cinder-volume[89807]: DEBUG oslo_concurrency.processutils [None req-60c680f9-b77b-4112-8709-93af297b4140 tempest-GroupSnapshotsTest-941596947 None] Running cmd (subprocess): sudo cinder-rootwrap /etc/cinder/rootwrap.conf qemu-img create -f qcow2 -o backing_file=/opt/stack/data/cinder/mnt/047cfdca1f450f1d0d271390bd0962dc/volume-3ccdfd99-e549-4c15-a5ac-c2590c380f8a,backing_fmt=qcow2 /opt/stack/data/cinder/mnt/047cfdca1f450f1d0d271390bd0962dc/volume-3ccdfd99-e549-4c15-a5ac-c2590c380f8a.0fe9fdcd-3fb6-43c5-917d-6c83dcfbf1fd 1G {{(pid=89807) execute /opt/stack/data/venv/lib/python3.12/site-packages/oslo_concurrency/processutils.py:440}}
Sep 05 04:40:41 devstack sudo[93839]: quobyte : PWD=/ ; USER=root ; COMMAND=/opt/stack/data/venv/bin/cinder-rootwrap /etc/cinder/rootwrap.conf qemu-img create -f qcow2 -o backing_file=/opt/stack/data/cinder/mnt/047cfdca1f450f1d0d271390bd0962dc/volume-3ccdfd99-e549-4c15-a5ac-c2590c380f8a,backing_fmt=qcow2 /opt/stack/data/cinder/mnt/047cfdca1f450f1d0d271390bd0962dc/volume-3ccdfd99-e549-4c15-a5ac-c2590c380f8a.0fe9fdcd-3fb6-43c5-917d-6c83dcfbf1fd 1G
Sep 05 04:40:41 devstack sudo[93839]: pam_unix(sudo:session): session opened for user root(uid=0) by (uid=1000)
Sep 05 04:40:41 devstack sudo[93839]: pam_unix(sudo:session): session closed for user root
Sep 05 04:40:41 devstack cinder-volume[89807]: DEBUG oslo_concurrency.processutils [None req-60c680f9-b77b-4112-8709-93af297b4140 tempest-GroupSnapshotsTest-941596947 None] CMD "sudo cinder-rootwrap /etc/cinder/rootwrap.conf qemu-img create -f qcow2 -o backing_file=/opt/stack/data/cinder/mnt/047cfdca1f450f1d0d271390bd0962dc/volume-3ccdfd99-e549-4c15-a5ac-c2590c380f8a,backing_fmt=qcow2 /opt/stack/data/cinder/mnt/047cfdca1f450f1d0d271390bd0962dc/volume-3ccdfd99-e549-4c15-a5ac-c2590c380f8a.0fe9fdcd-3fb6-43c5-917d-6c83dcfbf1fd 1G" returned: 0 in 0.534s {{(pid=89807) execute /opt/stack/data/venv/lib/python3.12/site-packages/oslo_concurrency/processutils.py:468}}
Sep 05 04:40:41 devstack cinder-volume[89807]: DEBUG oslo_concurrency.processutils [None req-60c680f9-b77b-4112-8709-93af297b4140 tempest-GroupSnapshotsTest-941596947 None] Running cmd (subprocess): sudo cinder-rootwrap /etc/cinder/rootwrap.conf qemu-img rebase -u -b volume-3ccdfd99-e549-4c15-a5ac-c2590c380f8a -F qcow2 /opt/stack/data/cinder/mnt/047cfdca1f450f1d0d271390bd0962dc/volume-3ccdfd99-e549-4c15-a5ac-c2590c380f8a.0fe9fdcd-3fb6-43c5-917d-6c83dcfbf1fd {{(pid=89807) execute /opt/stack/data/venv/lib/python3.12/site-packages/oslo_concurrency/processutils.py:440}}
Sep 05 04:40:41 devstack sudo[93845]: quobyte : PWD=/ ; USER=root ; COMMAND=/opt/stack/data/venv/bin/cinder-rootwrap /etc/cinder/rootwrap.conf qemu-img rebase -u -b volume-3ccdfd99-e549-4c15-a5ac-c2590c380f8a -F qcow2 /opt/stack/data/cinder/mnt/047cfdca1f450f1d0d271390bd0962dc/volume-3ccdfd99-e549-4c15-a5ac-c2590c380f8a.0fe9fdcd-3fb6-43c5-917d-6c83dcfbf1fd
Sep 05 04:40:41 devstack sudo[93845]: pam_unix(sudo:session): session opened for user root(uid=0) by (uid=1000)
Sep 05 04:40:42 devstack sudo[93845]: pam_unix(sudo:session): session closed for user root
Sep 05 04:40:42 devstack cinder-volume[89807]: DEBUG oslo_concurrency.processutils [None req-60c680f9-b77b-4112-8709-93af297b4140 tempest-GroupSnapshotsTest-941596947 None] CMD "sudo cinder-rootwrap /etc/cinder/rootwrap.conf qemu-img rebase -u -b volume-3ccdfd99-e549-4c15-a5ac-c2590c380f8a -F qcow2 /opt/stack/data/cinder/mnt/047cfdca1f450f1d0d271390bd0962dc/volume-3ccdfd99-e549-4c15-a5ac-c2590c380f8a.0fe9fdcd-3fb6-43c5-917d-6c83dcfbf1fd" returned: 0 in 0.395s {{(pid=89807) execute /opt/stack/data/venv/lib/python3.12/site-packages/oslo_concurrency/processutils.py:468}}
Sep 05 04:40:42 devstack cinder-volume[89807]: WARNING cinder.volume.drivers.remotefs [None req-60c680f9-b77b-4112-8709-93af297b4140 tempest-GroupSnapshotsTest-941596947 None] /opt/stack/data/cinder/mnt/047cfdca1f450f1d0d271390bd0962dc/volume-3ccdfd99-e549-4c15-a5ac-c2590c380f8a.0fe9fdcd-3fb6-43c5-917d-6c83dcfbf1fd is being set with open permissions: ugo+rw: NotImplementedError
Sep 05 04:40:42 devstack cinder-volume[89807]: DEBUG oslo_concurrency.processutils [None req-60c680f9-b77b-4112-8709-93af297b4140 tempest-GroupSnapshotsTest-941596947 None] Running cmd (subprocess): sudo cinder-rootwrap /etc/cinder/rootwrap.conf chmod ugo+rw /opt/stack/data/cinder/mnt/047cfdca1f450f1d0d271390bd0962dc/volume-3ccdfd99-e549-4c15-a5ac-c2590c380f8a.0fe9fdcd-3fb6-43c5-917d-6c83dcfbf1fd {{(pid=89807) execute /opt/stack/data/venv/lib/python3.12/site-packages/oslo_concurrency/processutils.py:440}}
Sep 05 04:40:42 devstack sudo[93851]: quobyte : PWD=/ ; USER=root ; COMMAND=/opt/stack/data/venv/bin/cinder-rootwrap /etc/cinder/rootwrap.conf chmod ugo+rw /opt/stack/data/cinder/mnt/047cfdca1f450f1d0d271390bd0962dc/volume-3ccdfd99-e549-4c15-a5ac-c2590c380f8a.0fe9fdcd-3fb6-43c5-917d-6c83dcfbf1fd
Sep 05 04:40:42 devstack sudo[93851]: pam_unix(sudo:session): session opened for user root(uid=0) by (uid=1000)
Sep 05 04:40:42 devstack cinder-volume[89807]: DEBUG cinder.volume.flows.manager.create_volume [None req-08155b47-0493-4de4-94d2-7dee26d9b9ba tempest-VolumeRetypeWithoutMigrationTest-565051893 None] Volume reschedule parameters: True retry: {'num_attempts': 1, 'backends': ['devstack@QuobyteHD#QuobyteHD'], 'hosts': ['devstack@QuobyteHD#QuobyteHD']} {{(pid=89807) get_flow /opt/stack/cinder/cinder/volume/flows/manager/create_volume.py:1397}}
Sep 05 04:40:42 devstack cinder-volume[89807]: DEBUG cinder.volume.manager [None req-08155b47-0493-4de4-94d2-7dee26d9b9ba tempest-VolumeRetypeWithoutMigrationTest-565051893 None] Flow 'volume_create_manager' (5c49a6b2-9df9-4d72-a6b2-e533e7ee9309) transitioned into state 'RUNNING' from state 'PENDING' {{(pid=89807) _flow_receiver /opt/stack/data/venv/lib/python3.12/site-packages/taskflow/listeners/logging.py:160}}
Sep 05 04:40:42 devstack cinder-volume[89807]: DEBUG cinder.volume.manager [None req-08155b47-0493-4de4-94d2-7dee26d9b9ba tempest-VolumeRetypeWithoutMigrationTest-565051893 None] Task 'cinder.volume.flows.manager.create_volume.ExtractVolumeRefTask;volume:create' (829ff02b-f8c6-4161-a91f-9ed7ae967bd8) transitioned into state 'RUNNING' from state 'PENDING' {{(pid=89807) _task_receiver /opt/stack/data/venv/lib/python3.12/site-packages/taskflow/listeners/logging.py:242}}
Sep 05 04:40:42 devstack cinder-volume[89807]: DEBUG cinder.volume.manager [None req-08155b47-0493-4de4-94d2-7dee26d9b9ba tempest-VolumeRetypeWithoutMigrationTest-565051893 None] Task 'cinder.volume.flows.manager.create_volume.ExtractVolumeRefTask;volume:create' (829ff02b-f8c6-4161-a91f-9ed7ae967bd8) transitioned into state 'SUCCESS' from state 'RUNNING' with result 'Volume(_name_id=None,admin_metadata=,attach_status='detached',availability_zone='nova',bootable=False,cluster=,cluster_name=None,consistencygroup=,consistencygroup_id=None,created_at=2026-09-05T02:40:42Z,deleted=False,deleted_at=None,display_description=None,display_name='tempest-VolumeRetypeWithoutMigrationTest-Volume-1567355415',ec2_id=None,encryption_key_id=None,glance_metadata=,group=,group_id=None,host='devstack@QuobyteHD#QuobyteHD',id=02541a6f-d6ea-4cb8-be63-1b584b17c417,launched_at=None,metadata={},migration_status=None,multiattach=False,previous_status=None,project_id='cba68b83bd9d4694a5a3fa8dce9eb0a6',provider_auth=None,provider_geometry=None,provider_id=None,provider_location=None,replication_driver_data=None,replication_extended_status=None,replication_status=None,scheduled_at=2026-09-05T02:40:42Z,service_uuid=None,shared_targets=True,size=1,snapshot_id=None,snapshots=,source_volid=None,status='creating',terminated_at=None,updated_at=2026-09-05T02:40:42Z,use_quota=True,user_id='780a75781efd4e9a8188a128b6ebac25',volume_attachment=VolumeAttachmentList,volume_type=VolumeType(4b162cda-41e6-4036-ac38-0b6b7cc05034),volume_type_id=4b162cda-41e6-4036-ac38-0b6b7cc05034)' {{(pid=89807) _task_receiver /opt/stack/data/venv/lib/python3.12/site-packages/taskflow/listeners/logging.py:218}}
Sep 05 04:40:42 devstack cinder-volume[89807]: DEBUG cinder.volume.manager [None req-08155b47-0493-4de4-94d2-7dee26d9b9ba tempest-VolumeRetypeWithoutMigrationTest-565051893 None] Task 'cinder.volume.flows.manager.create_volume.OnFailureRescheduleTask;volume:create' (daaddc31-febc-4b1e-8aa5-1ae4dc55b446) transitioned into state 'RUNNING' from state 'PENDING' {{(pid=89807) _task_receiver /opt/stack/data/venv/lib/python3.12/site-packages/taskflow/listeners/logging.py:242}}
Sep 05 04:40:42 devstack cinder-volume[89807]: DEBUG cinder.volume.manager [None req-08155b47-0493-4de4-94d2-7dee26d9b9ba tempest-VolumeRetypeWithoutMigrationTest-565051893 None] Task 'cinder.volume.flows.manager.create_volume.OnFailureRescheduleTask;volume:create' (daaddc31-febc-4b1e-8aa5-1ae4dc55b446) transitioned into state 'SUCCESS' from state 'RUNNING' with result 'None' {{(pid=89807) _task_receiver /opt/stack/data/venv/lib/python3.12/site-packages/taskflow/listeners/logging.py:218}}
Sep 05 04:40:42 devstack cinder-volume[89807]: DEBUG cinder.volume.manager [None req-08155b47-0493-4de4-94d2-7dee26d9b9ba tempest-VolumeRetypeWithoutMigrationTest-565051893 None] Task 'cinder.volume.flows.manager.create_volume.ExtractVolumeSpecTask;volume:create' (087b0b62-15ed-47d2-ae0d-b50ed1eb13ab) transitioned into state 'RUNNING' from state 'PENDING' {{(pid=89807) _task_receiver /opt/stack/data/venv/lib/python3.12/site-packages/taskflow/listeners/logging.py:242}}
Sep 05 04:40:42 devstack cinder-volume[89807]: DEBUG cinder.volume.manager [None req-08155b47-0493-4de4-94d2-7dee26d9b9ba tempest-VolumeRetypeWithoutMigrationTest-565051893 None] Task 'cinder.volume.flows.manager.create_volume.ExtractVolumeSpecTask;volume:create' (087b0b62-15ed-47d2-ae0d-b50ed1eb13ab) transitioned into state 'SUCCESS' from state 'RUNNING' with result '{'status': 'creating', 'type': 'raw', 'volume_id': '02541a6f-d6ea-4cb8-be63-1b584b17c417', 'volume_name': 'volume-02541a6f-d6ea-4cb8-be63-1b584b17c417', 'volume_size': 1}' {{(pid=89807) _task_receiver /opt/stack/data/venv/lib/python3.12/site-packages/taskflow/listeners/logging.py:218}}
Sep 05 04:40:42 devstack cinder-volume[89807]: DEBUG cinder.volume.manager [None req-08155b47-0493-4de4-94d2-7dee26d9b9ba tempest-VolumeRetypeWithoutMigrationTest-565051893 None] Task 'cinder.volume.flows.manager.create_volume.NotifyVolumeActionTask;volume:create, create.start' (21bb61f1-4d5c-4ead-9a4d-294b2c9627d5) transitioned into state 'RUNNING' from state 'PENDING' {{(pid=89807) _task_receiver /opt/stack/data/venv/lib/python3.12/site-packages/taskflow/listeners/logging.py:242}}
Sep 05 04:40:42 devstack cinder-volume[89807]: DEBUG cinder.volume.manager [None req-08155b47-0493-4de4-94d2-7dee26d9b9ba tempest-VolumeRetypeWithoutMigrationTest-565051893 None] Task 'cinder.volume.flows.manager.create_volume.NotifyVolumeActionTask;volume:create, create.start' (21bb61f1-4d5c-4ead-9a4d-294b2c9627d5) transitioned into state 'SUCCESS' from state 'RUNNING' with result 'None' {{(pid=89807) _task_receiver /opt/stack/data/venv/lib/python3.12/site-packages/taskflow/listeners/logging.py:218}}
Sep 05 04:40:42 devstack cinder-volume[89807]: DEBUG cinder.volume.manager [None req-08155b47-0493-4de4-94d2-7dee26d9b9ba tempest-VolumeRetypeWithoutMigrationTest-565051893 None] Task 'cinder.volume.flows.manager.create_volume.CreateVolumeFromSpecTask;volume:create' (d510c3c5-a2ee-4249-ab50-d4b2a5effcb8) transitioned into state 'RUNNING' from state 'PENDING' {{(pid=89807) _task_receiver /opt/stack/data/venv/lib/python3.12/site-packages/taskflow/listeners/logging.py:242}}
Sep 05 04:40:42 devstack cinder-volume[89807]: INFO cinder.volume.flows.manager.create_volume [None req-08155b47-0493-4de4-94d2-7dee26d9b9ba tempest-VolumeRetypeWithoutMigrationTest-565051893 None] Volume 02541a6f-d6ea-4cb8-be63-1b584b17c417: being created as raw with specification: {'status': 'creating', 'volume_name': 'volume-02541a6f-d6ea-4cb8-be63-1b584b17c417', 'volume_size': 1}
Sep 05 04:40:42 devstack cinder-volume[89807]: DEBUG oslo_concurrency.lockutils [None req-08155b47-0493-4de4-94d2-7dee26d9b9ba tempest-VolumeRetypeWithoutMigrationTest-565051893 None] Acquiring lock "quobyte" by "cinder.volume.drivers.quobyte.QuobyteDriver.create_volume" {{(pid=89807) inner /opt/stack/data/venv/lib/python3.12/site-packages/oslo_concurrency/lockutils.py:512}}
Sep 05 04:40:42 devstack sudo[93851]: pam_unix(sudo:session): session closed for user root
Sep 05 04:40:42 devstack cinder-volume[89807]: DEBUG oslo_concurrency.processutils [None req-60c680f9-b77b-4112-8709-93af297b4140 tempest-GroupSnapshotsTest-941596947 None] CMD "sudo cinder-rootwrap /etc/cinder/rootwrap.conf chmod ugo+rw /opt/stack/data/cinder/mnt/047cfdca1f450f1d0d271390bd0962dc/volume-3ccdfd99-e549-4c15-a5ac-c2590c380f8a.0fe9fdcd-3fb6-43c5-917d-6c83dcfbf1fd" returned: 0 in 0.303s {{(pid=89807) execute /opt/stack/data/venv/lib/python3.12/site-packages/oslo_concurrency/processutils.py:468}}
Sep 05 04:40:42 devstack cinder-volume[89807]: DEBUG oslo_concurrency.processutils [None req-60c680f9-b77b-4112-8709-93af297b4140 tempest-GroupSnapshotsTest-941596947 None] Running cmd (subprocess): sudo cinder-rootwrap /etc/cinder/rootwrap.conf truncate -s0 /opt/stack/data/cinder/mnt/047cfdca1f450f1d0d271390bd0962dc/volume-3ccdfd99-e549-4c15-a5ac-c2590c380f8a.info {{(pid=89807) execute /opt/stack/data/venv/lib/python3.12/site-packages/oslo_concurrency/processutils.py:440}}
Sep 05 04:40:42 devstack sudo[93857]: quobyte : PWD=/ ; USER=root ; COMMAND=/opt/stack/data/venv/bin/cinder-rootwrap /etc/cinder/rootwrap.conf truncate -s0 /opt/stack/data/cinder/mnt/047cfdca1f450f1d0d271390bd0962dc/volume-3ccdfd99-e549-4c15-a5ac-c2590c380f8a.info
Sep 05 04:40:42 devstack sudo[93857]: pam_unix(sudo:session): session opened for user root(uid=0) by (uid=1000)
Sep 05 04:40:42 devstack sudo[93857]: pam_unix(sudo:session): session closed for user root
Sep 05 04:40:42 devstack cinder-volume[89807]: DEBUG oslo_concurrency.processutils [None req-60c680f9-b77b-4112-8709-93af297b4140 tempest-GroupSnapshotsTest-941596947 None] CMD "sudo cinder-rootwrap /etc/cinder/rootwrap.conf truncate -s0 /opt/stack/data/cinder/mnt/047cfdca1f450f1d0d271390bd0962dc/volume-3ccdfd99-e549-4c15-a5ac-c2590c380f8a.info" returned: 0 in 0.357s {{(pid=89807) execute /opt/stack/data/venv/lib/python3.12/site-packages/oslo_concurrency/processutils.py:468}}
Sep 05 04:40:42 devstack cinder-volume[89807]: WARNING cinder.volume.drivers.remotefs [None req-60c680f9-b77b-4112-8709-93af297b4140 tempest-GroupSnapshotsTest-941596947 None] /opt/stack/data/cinder/mnt/047cfdca1f450f1d0d271390bd0962dc/volume-3ccdfd99-e549-4c15-a5ac-c2590c380f8a.info is being set with open permissions: ugo+rw: NotImplementedError
Sep 05 04:40:42 devstack cinder-volume[89807]: DEBUG oslo_concurrency.processutils [None req-60c680f9-b77b-4112-8709-93af297b4140 tempest-GroupSnapshotsTest-941596947 None] Running cmd (subprocess): sudo cinder-rootwrap /etc/cinder/rootwrap.conf chmod ugo+rw /opt/stack/data/cinder/mnt/047cfdca1f450f1d0d271390bd0962dc/volume-3ccdfd99-e549-4c15-a5ac-c2590c380f8a.info {{(pid=89807) execute /opt/stack/data/venv/lib/python3.12/site-packages/oslo_concurrency/processutils.py:440}}
Sep 05 04:40:42 devstack sudo[93860]: quobyte : PWD=/ ; USER=root ; COMMAND=/opt/stack/data/venv/bin/cinder-rootwrap /etc/cinder/rootwrap.conf chmod ugo+rw /opt/stack/data/cinder/mnt/047cfdca1f450f1d0d271390bd0962dc/volume-3ccdfd99-e549-4c15-a5ac-c2590c380f8a.info
Sep 05 04:40:42 devstack sudo[93860]: pam_unix(sudo:session): session opened for user root(uid=0) by (uid=1000)
Sep 05 04:40:43 devstack sudo[93860]: pam_unix(sudo:session): session closed for user root
Sep 05 04:40:43 devstack cinder-volume[89807]: DEBUG oslo_concurrency.processutils [None req-60c680f9-b77b-4112-8709-93af297b4140 tempest-GroupSnapshotsTest-941596947 None] CMD "sudo cinder-rootwrap /etc/cinder/rootwrap.conf chmod ugo+rw /opt/stack/data/cinder/mnt/047cfdca1f450f1d0d271390bd0962dc/volume-3ccdfd99-e549-4c15-a5ac-c2590c380f8a.info" returned: 0 in 0.262s {{(pid=89807) execute /opt/stack/data/venv/lib/python3.12/site-packages/oslo_concurrency/processutils.py:468}}
Sep 05 04:40:43 devstack cinder-volume[89807]: DEBUG oslo_concurrency.lockutils [None req-60c680f9-b77b-4112-8709-93af297b4140 tempest-GroupSnapshotsTest-941596947 None] Lock "quobyte" "released" by "cinder.volume.drivers.quobyte.QuobyteDriver.create_snapshot" :: held 2.423s {{(pid=89807) inner /opt/stack/data/venv/lib/python3.12/site-packages/oslo_concurrency/lockutils.py:544}}
Sep 05 04:40:43 devstack cinder-volume[89807]: DEBUG oslo_concurrency.lockutils [None req-60c680f9-b77b-4112-8709-93af297b4140 tempest-GroupSnapshotsTest-941596947 None] Acquiring lock "quobyte" by "cinder.volume.drivers.quobyte.QuobyteDriver.create_snapshot" {{(pid=89807) inner /opt/stack/data/venv/lib/python3.12/site-packages/oslo_concurrency/lockutils.py:512}}
Sep 05 04:40:43 devstack cinder-volume[89807]: DEBUG oslo_concurrency.lockutils [None req-60c680f9-b77b-4112-8709-93af297b4140 tempest-GroupSnapshotsTest-941596947 None] Lock "quobyte" acquired by "cinder.volume.drivers.quobyte.QuobyteDriver.create_snapshot" :: waited 0.001s {{(pid=89807) inner /opt/stack/data/venv/lib/python3.12/site-packages/oslo_concurrency/lockutils.py:525}}
Sep 05 04:40:43 devstack cinder-volume[89807]: DEBUG cinder.volume.drivers.remotefs [None req-60c680f9-b77b-4112-8709-93af297b4140 tempest-GroupSnapshotsTest-941596947 None] Creating offline snapshot e0d08b33-8fe5-4ea1-806c-e89ba23da42c of volume 038f44a5-0968-4fe3-b6a9-88ae075c0fb7 {{(pid=89807) _create_snapshot /opt/stack/cinder/cinder/volume/drivers/remotefs.py:1816}}
Sep 05 04:40:43 devstack cinder-volume[89807]: DEBUG oslo.privsep.daemon [-] privsep: reply[6768b0e0-00b5-4326-9c31-0c4fd3b6f988]: (4, 'qcow2') {{(pid=91079) _call_back /opt/stack/data/venv/lib/python3.12/site-packages/oslo_privsep/daemon.py:580}}
Sep 05 04:40:43 devstack cinder-volume[89807]: DEBUG oslo_concurrency.processutils [None req-60c680f9-b77b-4112-8709-93af297b4140 tempest-GroupSnapshotsTest-941596947 None] Running cmd (subprocess): /opt/stack/data/venv/bin/python3.12 -m oslo_concurrency.prlimit --as=1073741824 --cpu=60 -- sudo cinder-rootwrap /etc/cinder/rootwrap.conf env LC_ALL=C qemu-img info -f qcow2 --output=json --force-share /opt/stack/data/cinder/mnt/047cfdca1f450f1d0d271390bd0962dc/volume-038f44a5-0968-4fe3-b6a9-88ae075c0fb7 {{(pid=89807) execute /opt/stack/data/venv/lib/python3.12/site-packages/oslo_concurrency/processutils.py:440}}
Sep 05 04:40:43 devstack sudo[93863]: quobyte : PWD=/ ; USER=root ; COMMAND=/opt/stack/data/venv/bin/cinder-rootwrap /etc/cinder/rootwrap.conf env LC_ALL=C qemu-img info -f qcow2 --output=json --force-share /opt/stack/data/cinder/mnt/047cfdca1f450f1d0d271390bd0962dc/volume-038f44a5-0968-4fe3-b6a9-88ae075c0fb7
Sep 05 04:40:43 devstack sudo[93863]: pam_unix(sudo:session): session opened for user root(uid=0) by (uid=1000)
Sep 05 04:40:43 devstack sudo[93863]: pam_unix(sudo:session): session closed for user root
Sep 05 04:40:43 devstack cinder-volume[89807]: DEBUG oslo_concurrency.processutils [None req-60c680f9-b77b-4112-8709-93af297b4140 tempest-GroupSnapshotsTest-941596947 None] CMD "/opt/stack/data/venv/bin/python3.12 -m oslo_concurrency.prlimit --as=1073741824 --cpu=60 -- sudo cinder-rootwrap /etc/cinder/rootwrap.conf env LC_ALL=C qemu-img info -f qcow2 --output=json --force-share /opt/stack/data/cinder/mnt/047cfdca1f450f1d0d271390bd0962dc/volume-038f44a5-0968-4fe3-b6a9-88ae075c0fb7" returned: 0 in 0.385s {{(pid=89807) execute /opt/stack/data/venv/lib/python3.12/site-packages/oslo_concurrency/processutils.py:468}}
Sep 05 04:40:43 devstack cinder-volume[89807]: DEBUG oslo_concurrency.processutils [None req-60c680f9-b77b-4112-8709-93af297b4140 tempest-GroupSnapshotsTest-941596947 None] Running cmd (subprocess): sudo cinder-rootwrap /etc/cinder/rootwrap.conf qemu-img create -f qcow2 -o backing_file=/opt/stack/data/cinder/mnt/047cfdca1f450f1d0d271390bd0962dc/volume-038f44a5-0968-4fe3-b6a9-88ae075c0fb7,backing_fmt=qcow2 /opt/stack/data/cinder/mnt/047cfdca1f450f1d0d271390bd0962dc/volume-038f44a5-0968-4fe3-b6a9-88ae075c0fb7.e0d08b33-8fe5-4ea1-806c-e89ba23da42c 1G {{(pid=89807) execute /opt/stack/data/venv/lib/python3.12/site-packages/oslo_concurrency/processutils.py:440}}
Sep 05 04:40:43 devstack sudo[93872]: quobyte : PWD=/ ; USER=root ; COMMAND=/opt/stack/data/venv/bin/cinder-rootwrap /etc/cinder/rootwrap.conf qemu-img create -f qcow2 -o backing_file=/opt/stack/data/cinder/mnt/047cfdca1f450f1d0d271390bd0962dc/volume-038f44a5-0968-4fe3-b6a9-88ae075c0fb7,backing_fmt=qcow2 /opt/stack/data/cinder/mnt/047cfdca1f450f1d0d271390bd0962dc/volume-038f44a5-0968-4fe3-b6a9-88ae075c0fb7.e0d08b33-8fe5-4ea1-806c-e89ba23da42c 1G
Sep 05 04:40:43 devstack sudo[93872]: pam_unix(sudo:session): session opened for user root(uid=0) by (uid=1000)
Sep 05 04:40:44 devstack sudo[93872]: pam_unix(sudo:session): session closed for user root
Sep 05 04:40:44 devstack cinder-volume[89807]: DEBUG oslo_concurrency.processutils [None req-60c680f9-b77b-4112-8709-93af297b4140 tempest-GroupSnapshotsTest-941596947 None] CMD "sudo cinder-rootwrap /etc/cinder/rootwrap.conf qemu-img create -f qcow2 -o backing_file=/opt/stack/data/cinder/mnt/047cfdca1f450f1d0d271390bd0962dc/volume-038f44a5-0968-4fe3-b6a9-88ae075c0fb7,backing_fmt=qcow2 /opt/stack/data/cinder/mnt/047cfdca1f450f1d0d271390bd0962dc/volume-038f44a5-0968-4fe3-b6a9-88ae075c0fb7.e0d08b33-8fe5-4ea1-806c-e89ba23da42c 1G" returned: 0 in 0.537s {{(pid=89807) execute /opt/stack/data/venv/lib/python3.12/site-packages/oslo_concurrency/processutils.py:468}}
Sep 05 04:40:44 devstack cinder-volume[89807]: DEBUG oslo_concurrency.processutils [None req-60c680f9-b77b-4112-8709-93af297b4140 tempest-GroupSnapshotsTest-941596947 None] Running cmd (subprocess): sudo cinder-rootwrap /etc/cinder/rootwrap.conf qemu-img rebase -u -b volume-038f44a5-0968-4fe3-b6a9-88ae075c0fb7 -F qcow2 /opt/stack/data/cinder/mnt/047cfdca1f450f1d0d271390bd0962dc/volume-038f44a5-0968-4fe3-b6a9-88ae075c0fb7.e0d08b33-8fe5-4ea1-806c-e89ba23da42c {{(pid=89807) execute /opt/stack/data/venv/lib/python3.12/site-packages/oslo_concurrency/processutils.py:440}}
Sep 05 04:40:44 devstack sudo[93879]: quobyte : PWD=/ ; USER=root ; COMMAND=/opt/stack/data/venv/bin/cinder-rootwrap /etc/cinder/rootwrap.conf qemu-img rebase -u -b volume-038f44a5-0968-4fe3-b6a9-88ae075c0fb7 -F qcow2 /opt/stack/data/cinder/mnt/047cfdca1f450f1d0d271390bd0962dc/volume-038f44a5-0968-4fe3-b6a9-88ae075c0fb7.e0d08b33-8fe5-4ea1-806c-e89ba23da42c
Sep 05 04:40:44 devstack sudo[93879]: pam_unix(sudo:session): session opened for user root(uid=0) by (uid=1000)
Sep 05 04:40:44 devstack sudo[93879]: pam_unix(sudo:session): session closed for user root
Sep 05 04:40:44 devstack cinder-volume[89807]: DEBUG oslo_concurrency.processutils [None req-60c680f9-b77b-4112-8709-93af297b4140 tempest-GroupSnapshotsTest-941596947 None] CMD "sudo cinder-rootwrap /etc/cinder/rootwrap.conf qemu-img rebase -u -b volume-038f44a5-0968-4fe3-b6a9-88ae075c0fb7 -F qcow2 /opt/stack/data/cinder/mnt/047cfdca1f450f1d0d271390bd0962dc/volume-038f44a5-0968-4fe3-b6a9-88ae075c0fb7.e0d08b33-8fe5-4ea1-806c-e89ba23da42c" returned: 0 in 0.389s {{(pid=89807) execute /opt/stack/data/venv/lib/python3.12/site-packages/oslo_concurrency/processutils.py:468}}
Sep 05 04:40:44 devstack cinder-volume[89807]: WARNING cinder.volume.drivers.remotefs [None req-60c680f9-b77b-4112-8709-93af297b4140 tempest-GroupSnapshotsTest-941596947 None] /opt/stack/data/cinder/mnt/047cfdca1f450f1d0d271390bd0962dc/volume-038f44a5-0968-4fe3-b6a9-88ae075c0fb7.e0d08b33-8fe5-4ea1-806c-e89ba23da42c is being set with open permissions: ugo+rw: NotImplementedError
Sep 05 04:40:44 devstack cinder-volume[89807]: DEBUG oslo_concurrency.processutils [None req-60c680f9-b77b-4112-8709-93af297b4140 tempest-GroupSnapshotsTest-941596947 None] Running cmd (subprocess): sudo cinder-rootwrap /etc/cinder/rootwrap.conf chmod ugo+rw /opt/stack/data/cinder/mnt/047cfdca1f450f1d0d271390bd0962dc/volume-038f44a5-0968-4fe3-b6a9-88ae075c0fb7.e0d08b33-8fe5-4ea1-806c-e89ba23da42c {{(pid=89807) execute /opt/stack/data/venv/lib/python3.12/site-packages/oslo_concurrency/processutils.py:440}}
Sep 05 04:40:44 devstack sudo[93896]: quobyte : PWD=/ ; USER=root ; COMMAND=/opt/stack/data/venv/bin/cinder-rootwrap /etc/cinder/rootwrap.conf chmod ugo+rw /opt/stack/data/cinder/mnt/047cfdca1f450f1d0d271390bd0962dc/volume-038f44a5-0968-4fe3-b6a9-88ae075c0fb7.e0d08b33-8fe5-4ea1-806c-e89ba23da42c
Sep 05 04:40:44 devstack sudo[93896]: pam_unix(sudo:session): session opened for user root(uid=0) by (uid=1000)
Sep 05 04:40:44 devstack sudo[93896]: pam_unix(sudo:session): session closed for user root
Sep 05 04:40:44 devstack cinder-volume[89807]: DEBUG oslo_concurrency.processutils [None req-60c680f9-b77b-4112-8709-93af297b4140 tempest-GroupSnapshotsTest-941596947 None] CMD "sudo cinder-rootwrap /etc/cinder/rootwrap.conf chmod ugo+rw /opt/stack/data/cinder/mnt/047cfdca1f450f1d0d271390bd0962dc/volume-038f44a5-0968-4fe3-b6a9-88ae075c0fb7.e0d08b33-8fe5-4ea1-806c-e89ba23da42c" returned: 0 in 0.341s {{(pid=89807) execute /opt/stack/data/venv/lib/python3.12/site-packages/oslo_concurrency/processutils.py:468}}
Sep 05 04:40:45 devstack cinder-volume[89807]: DEBUG oslo_concurrency.processutils [None req-60c680f9-b77b-4112-8709-93af297b4140 tempest-GroupSnapshotsTest-941596947 None] Running cmd (subprocess): sudo cinder-rootwrap /etc/cinder/rootwrap.conf truncate -s0 /opt/stack/data/cinder/mnt/047cfdca1f450f1d0d271390bd0962dc/volume-038f44a5-0968-4fe3-b6a9-88ae075c0fb7.info {{(pid=89807) execute /opt/stack/data/venv/lib/python3.12/site-packages/oslo_concurrency/processutils.py:440}}
Sep 05 04:40:45 devstack sudo[93905]: quobyte : PWD=/ ; USER=root ; COMMAND=/opt/stack/data/venv/bin/cinder-rootwrap /etc/cinder/rootwrap.conf truncate -s0 /opt/stack/data/cinder/mnt/047cfdca1f450f1d0d271390bd0962dc/volume-038f44a5-0968-4fe3-b6a9-88ae075c0fb7.info
Sep 05 04:40:45 devstack sudo[93905]: pam_unix(sudo:session): session opened for user root(uid=0) by (uid=1000)
Sep 05 04:40:45 devstack sudo[93905]: pam_unix(sudo:session): session closed for user root
Sep 05 04:40:45 devstack cinder-volume[89807]: DEBUG oslo_concurrency.processutils [None req-60c680f9-b77b-4112-8709-93af297b4140 tempest-GroupSnapshotsTest-941596947 None] CMD "sudo cinder-rootwrap /etc/cinder/rootwrap.conf truncate -s0 /opt/stack/data/cinder/mnt/047cfdca1f450f1d0d271390bd0962dc/volume-038f44a5-0968-4fe3-b6a9-88ae075c0fb7.info" returned: 0 in 0.394s {{(pid=89807) execute /opt/stack/data/venv/lib/python3.12/site-packages/oslo_concurrency/processutils.py:468}}
Sep 05 04:40:45 devstack cinder-volume[89807]: WARNING cinder.volume.drivers.remotefs [None req-60c680f9-b77b-4112-8709-93af297b4140 tempest-GroupSnapshotsTest-941596947 None] /opt/stack/data/cinder/mnt/047cfdca1f450f1d0d271390bd0962dc/volume-038f44a5-0968-4fe3-b6a9-88ae075c0fb7.info is being set with open permissions: ugo+rw: NotImplementedError
Sep 05 04:40:45 devstack cinder-volume[89807]: DEBUG oslo_concurrency.processutils [None req-60c680f9-b77b-4112-8709-93af297b4140 tempest-GroupSnapshotsTest-941596947 None] Running cmd (subprocess): sudo cinder-rootwrap /etc/cinder/rootwrap.conf chmod ugo+rw /opt/stack/data/cinder/mnt/047cfdca1f450f1d0d271390bd0962dc/volume-038f44a5-0968-4fe3-b6a9-88ae075c0fb7.info {{(pid=89807) execute /opt/stack/data/venv/lib/python3.12/site-packages/oslo_concurrency/processutils.py:440}}
Sep 05 04:40:45 devstack sudo[93908]: quobyte : PWD=/ ; USER=root ; COMMAND=/opt/stack/data/venv/bin/cinder-rootwrap /etc/cinder/rootwrap.conf chmod ugo+rw /opt/stack/data/cinder/mnt/047cfdca1f450f1d0d271390bd0962dc/volume-038f44a5-0968-4fe3-b6a9-88ae075c0fb7.info
Sep 05 04:40:45 devstack sudo[93908]: pam_unix(sudo:session): session opened for user root(uid=0) by (uid=1000)
Sep 05 04:40:45 devstack sudo[93908]: pam_unix(sudo:session): session closed for user root
Sep 05 04:40:45 devstack cinder-volume[89807]: DEBUG oslo_concurrency.processutils [None req-60c680f9-b77b-4112-8709-93af297b4140 tempest-GroupSnapshotsTest-941596947 None] CMD "sudo cinder-rootwrap /etc/cinder/rootwrap.conf chmod ugo+rw /opt/stack/data/cinder/mnt/047cfdca1f450f1d0d271390bd0962dc/volume-038f44a5-0968-4fe3-b6a9-88ae075c0fb7.info" returned: 0 in 0.244s {{(pid=89807) execute /opt/stack/data/venv/lib/python3.12/site-packages/oslo_concurrency/processutils.py:468}}
Sep 05 04:40:45 devstack cinder-volume[89807]: DEBUG oslo_concurrency.lockutils [None req-60c680f9-b77b-4112-8709-93af297b4140 tempest-GroupSnapshotsTest-941596947 None] Lock "quobyte" "released" by "cinder.volume.drivers.quobyte.QuobyteDriver.create_snapshot" :: held 2.410s {{(pid=89807) inner /opt/stack/data/venv/lib/python3.12/site-packages/oslo_concurrency/lockutils.py:544}}
Sep 05 04:40:45 devstack cinder-volume[89807]: DEBUG oslo_concurrency.lockutils [None req-08155b47-0493-4de4-94d2-7dee26d9b9ba tempest-VolumeRetypeWithoutMigrationTest-565051893 None] Lock "quobyte" acquired by "cinder.volume.drivers.quobyte.QuobyteDriver.create_volume" :: waited 3.213s {{(pid=89807) inner /opt/stack/data/venv/lib/python3.12/site-packages/oslo_concurrency/lockutils.py:525}}
Sep 05 04:40:45 devstack cinder-volume[89807]: DEBUG cinder.volume.drivers.quobyte [None req-08155b47-0493-4de4-94d2-7dee26d9b9ba tempest-VolumeRetypeWithoutMigrationTest-565051893 None] ==> create_volume: call "{'self': , 'volume': Volume(_name_id=None,admin_metadata=,attach_status='detached',availability_zone='nova',bootable=False,cluster=,cluster_name=None,consistencygroup=,consistencygroup_id=None,created_at=2026-09-05T02:40:42Z,deleted=False,deleted_at=None,display_description=None,display_name='tempest-VolumeRetypeWithoutMigrationTest-Volume-1567355415',ec2_id=None,encryption_key_id=None,glance_metadata=,group=,group_id=None,host='devstack@QuobyteHD#QuobyteHD',id=02541a6f-d6ea-4cb8-be63-1b584b17c417,launched_at=None,metadata={},migration_status=None,multiattach=False,previous_status=None,project_id='cba68b83bd9d4694a5a3fa8dce9eb0a6',provider_auth=None,provider_geometry=None,provider_id=None,provider_location=None,replication_driver_data=None,replication_extended_status=None,replication_status=None,scheduled_at=2026-09-05T02:40:42Z,service_uuid=None,shared_targets=True,size=1,snapshot_id=None,snapshots=,source_volid=None,status='creating',terminated_at=None,updated_at=2026-09-05T02:40:42Z,use_quota=True,user_id='780a75781efd4e9a8188a128b6ebac25',volume_attachment=VolumeAttachmentList,volume_type=VolumeType(4b162cda-41e6-4036-ac38-0b6b7cc05034),volume_type_id=4b162cda-41e6-4036-ac38-0b6b7cc05034)}" {{(pid=89807) trace_logging_wrapper /opt/stack/cinder/cinder/volume/volume_utils.py:1497}}
Sep 05 04:40:45 devstack cinder-volume[89807]: DEBUG cinder.volume.drivers.remotefs [None req-08155b47-0493-4de4-94d2-7dee26d9b9ba tempest-VolumeRetypeWithoutMigrationTest-565051893 None] Creating volume 02541a6f-d6ea-4cb8-be63-1b584b17c417 {{(pid=89807) create_volume /opt/stack/cinder/cinder/volume/drivers/remotefs.py:292}}
Sep 05 04:40:45 devstack cinder-volume[89807]: DEBUG oslo_concurrency.lockutils [None req-08155b47-0493-4de4-94d2-7dee26d9b9ba tempest-VolumeRetypeWithoutMigrationTest-565051893 None] Acquiring lock "quobyte_ensure" by "cinder.volume.drivers.quobyte.QuobyteDriver._ensure_shares_mounted" {{(pid=89807) inner /opt/stack/data/venv/lib/python3.12/site-packages/oslo_concurrency/lockutils.py:512}}
Sep 05 04:40:45 devstack cinder-volume[89807]: DEBUG oslo_concurrency.lockutils [None req-08155b47-0493-4de4-94d2-7dee26d9b9ba tempest-VolumeRetypeWithoutMigrationTest-565051893 None] Lock "quobyte_ensure" acquired by "cinder.volume.drivers.quobyte.QuobyteDriver._ensure_shares_mounted" :: waited 0.000s {{(pid=89807) inner /opt/stack/data/venv/lib/python3.12/site-packages/oslo_concurrency/lockutils.py:525}}
Sep 05 04:40:45 devstack cinder-volume[89807]: DEBUG cinder.volume.drivers.quobyte [None req-08155b47-0493-4de4-94d2-7dee26d9b9ba tempest-VolumeRetypeWithoutMigrationTest-565051893 None] Quobyte Volume URL set to: {'osci02.corp.quobyte.com/cinder-vol-21bf73a9-368f-491f-873e-80ae88eb3b6b': None} {{(pid=89807) _load_shares_config /opt/stack/cinder/cinder/volume/drivers/quobyte.py:662}}
Sep 05 04:40:45 devstack cinder-volume[89807]: DEBUG cinder.volume.drivers.quobyte [None req-08155b47-0493-4de4-94d2-7dee26d9b9ba tempest-VolumeRetypeWithoutMigrationTest-565051893 None] Available shares ['osci02.corp.quobyte.com/cinder-vol-21bf73a9-368f-491f-873e-80ae88eb3b6b'] {{(pid=89807) _ensure_shares_mounted /opt/stack/cinder/cinder/volume/drivers/quobyte.py:692}}
Sep 05 04:40:45 devstack cinder-volume[89807]: DEBUG oslo_concurrency.lockutils [None req-08155b47-0493-4de4-94d2-7dee26d9b9ba tempest-VolumeRetypeWithoutMigrationTest-565051893 None] Lock "quobyte_ensure" "released" by "cinder.volume.drivers.quobyte.QuobyteDriver._ensure_shares_mounted" :: held 0.006s {{(pid=89807) inner /opt/stack/data/venv/lib/python3.12/site-packages/oslo_concurrency/lockutils.py:544}}
Sep 05 04:40:45 devstack cinder-volume[89807]: DEBUG cinder.volume.drivers.quobyte [None req-08155b47-0493-4de4-94d2-7dee26d9b9ba tempest-VolumeRetypeWithoutMigrationTest-565051893 None] Selected osci02.corp.quobyte.com/cinder-vol-21bf73a9-368f-491f-873e-80ae88eb3b6b as target Quobyte volume. {{(pid=89807) _find_share /opt/stack/cinder/cinder/volume/drivers/quobyte.py:713}}
Sep 05 04:40:45 devstack cinder-volume[89807]: INFO cinder.volume.drivers.remotefs [None req-08155b47-0493-4de4-94d2-7dee26d9b9ba tempest-VolumeRetypeWithoutMigrationTest-565051893 None] casted to osci02.corp.quobyte.com/cinder-vol-21bf73a9-368f-491f-873e-80ae88eb3b6b
Sep 05 04:40:45 devstack cinder-volume[89807]: DEBUG oslo_concurrency.processutils [None req-08155b47-0493-4de4-94d2-7dee26d9b9ba tempest-VolumeRetypeWithoutMigrationTest-565051893 None] Running cmd (subprocess): sudo cinder-rootwrap /etc/cinder/rootwrap.conf qemu-img create -f qcow2 -o preallocation=metadata /opt/stack/data/cinder/mnt/047cfdca1f450f1d0d271390bd0962dc/volume-02541a6f-d6ea-4cb8-be63-1b584b17c417 1073741824 {{(pid=89807) execute /opt/stack/data/venv/lib/python3.12/site-packages/oslo_concurrency/processutils.py:440}}
Sep 05 04:40:45 devstack sudo[93911]: quobyte : PWD=/ ; USER=root ; COMMAND=/opt/stack/data/venv/bin/cinder-rootwrap /etc/cinder/rootwrap.conf qemu-img create -f qcow2 -o preallocation=metadata /opt/stack/data/cinder/mnt/047cfdca1f450f1d0d271390bd0962dc/volume-02541a6f-d6ea-4cb8-be63-1b584b17c417 1073741824
Sep 05 04:40:45 devstack sudo[93911]: pam_unix(sudo:session): session opened for user root(uid=0) by (uid=1000)
Sep 05 04:40:45 devstack cinder-volume[89807]: INFO cinder.volume.manager [None req-60c680f9-b77b-4112-8709-93af297b4140 tempest-GroupSnapshotsTest-941596947 None] group_snapshot 8f336861-7d2f-482e-915e-d0cc3101468e: created successfully
Sep 05 04:40:46 devstack sudo[93911]: pam_unix(sudo:session): session closed for user root
Sep 05 04:40:46 devstack cinder-volume[89807]: DEBUG oslo_concurrency.processutils [None req-08155b47-0493-4de4-94d2-7dee26d9b9ba tempest-VolumeRetypeWithoutMigrationTest-565051893 None] CMD "sudo cinder-rootwrap /etc/cinder/rootwrap.conf qemu-img create -f qcow2 -o preallocation=metadata /opt/stack/data/cinder/mnt/047cfdca1f450f1d0d271390bd0962dc/volume-02541a6f-d6ea-4cb8-be63-1b584b17c417 1073741824" returned: 0 in 0.569s {{(pid=89807) execute /opt/stack/data/venv/lib/python3.12/site-packages/oslo_concurrency/processutils.py:468}}
Sep 05 04:40:46 devstack cinder-volume[89807]: DEBUG oslo_concurrency.processutils [None req-08155b47-0493-4de4-94d2-7dee26d9b9ba tempest-VolumeRetypeWithoutMigrationTest-565051893 None] Running cmd (subprocess): sudo cinder-rootwrap /etc/cinder/rootwrap.conf chmod ugo+rw /opt/stack/data/cinder/mnt/047cfdca1f450f1d0d271390bd0962dc/volume-02541a6f-d6ea-4cb8-be63-1b584b17c417 {{(pid=89807) execute /opt/stack/data/venv/lib/python3.12/site-packages/oslo_concurrency/processutils.py:440}}
Sep 05 04:40:46 devstack sudo[93918]: quobyte : PWD=/ ; USER=root ; COMMAND=/opt/stack/data/venv/bin/cinder-rootwrap /etc/cinder/rootwrap.conf chmod ugo+rw /opt/stack/data/cinder/mnt/047cfdca1f450f1d0d271390bd0962dc/volume-02541a6f-d6ea-4cb8-be63-1b584b17c417
Sep 05 04:40:46 devstack sudo[93918]: pam_unix(sudo:session): session opened for user root(uid=0) by (uid=1000)
Sep 05 04:40:46 devstack cinder-volume[89807]: INFO cinder.volume.manager [None req-b21b1227-1ac8-4809-88ff-e8717b6136ce tempest-GroupSnapshotsTest-941596947 None] group_snapshot 8f336861-7d2f-482e-915e-d0cc3101468e: deleting
Sep 05 04:40:46 devstack cinder-volume[89807]: DEBUG cinder.volume.manager [None req-b21b1227-1ac8-4809-88ff-e8717b6136ce tempest-GroupSnapshotsTest-941596947 None] group_snapshot 8f336861-7d2f-482e-915e-d0cc3101468e: deleting {{(pid=89807) delete_group_snapshot /opt/stack/cinder/cinder/volume/manager.py:4350}}
Sep 05 04:40:46 devstack cinder-volume[89807]: DEBUG cinder.coordination [None req-b21b1227-1ac8-4809-88ff-e8717b6136ce tempest-GroupSnapshotsTest-941596947 None] Acquiring lock "cinder-quobyte-3ccdfd99-e549-4c15-a5ac-c2590c380f8a" by "delete_snapshot" {{(pid=89807) __acquire /opt/stack/cinder/cinder/coordination.py:138}}
Sep 05 04:40:46 devstack cinder-volume[89807]: DEBUG cinder.coordination [None req-b21b1227-1ac8-4809-88ff-e8717b6136ce tempest-GroupSnapshotsTest-941596947 None] Lock "cinder-quobyte-3ccdfd99-e549-4c15-a5ac-c2590c380f8a" acquired by "delete_snapshot" :: waited 0.024s {{(pid=89807) __acquire /opt/stack/cinder/cinder/coordination.py:141}}
Sep 05 04:40:46 devstack cinder-volume[89807]: DEBUG cinder.coordination [None req-b21b1227-1ac8-4809-88ff-e8717b6136ce tempest-GroupSnapshotsTest-941596947 None] Acquiring lock "cinder-quobyte-0fe9fdcd-3fb6-43c5-917d-6c83dcfbf1fd" by "_delete_snapshot" {{(pid=89807) __acquire /opt/stack/cinder/cinder/coordination.py:138}}
Sep 05 04:40:46 devstack cinder-volume[89807]: DEBUG cinder.coordination [None req-b21b1227-1ac8-4809-88ff-e8717b6136ce tempest-GroupSnapshotsTest-941596947 None] Lock "cinder-quobyte-0fe9fdcd-3fb6-43c5-917d-6c83dcfbf1fd" acquired by "_delete_snapshot" :: waited 0.021s {{(pid=89807) __acquire /opt/stack/cinder/cinder/coordination.py:141}}
Sep 05 04:40:46 devstack cinder-volume[89807]: DEBUG cinder.volume.drivers.remotefs [None req-b21b1227-1ac8-4809-88ff-e8717b6136ce tempest-GroupSnapshotsTest-941596947 None] Deleting offline snapshot 0fe9fdcd-3fb6-43c5-917d-6c83dcfbf1fd of volume 3ccdfd99-e549-4c15-a5ac-c2590c380f8a {{(pid=89807) _delete_snapshot /opt/stack/cinder/cinder/volume/drivers/remotefs.py:1288}}
Sep 05 04:40:46 devstack cinder-volume[89807]: DEBUG cinder.volume.drivers.remotefs [None req-b21b1227-1ac8-4809-88ff-e8717b6136ce tempest-GroupSnapshotsTest-941596947 None] snapshot_file for this snap is: volume-3ccdfd99-e549-4c15-a5ac-c2590c380f8a.0fe9fdcd-3fb6-43c5-917d-6c83dcfbf1fd {{(pid=89807) _delete_snapshot /opt/stack/cinder/cinder/volume/drivers/remotefs.py:1317}}
Sep 05 04:40:46 devstack cinder-volume[89807]: DEBUG oslo.privsep.daemon [-] privsep: reply[e04ffb10-dea0-4743-81d3-7b5dfea2b986]: (4, 'qcow2') {{(pid=91079) _call_back /opt/stack/data/venv/lib/python3.12/site-packages/oslo_privsep/daemon.py:580}}
Sep 05 04:40:46 devstack cinder-volume[89807]: DEBUG oslo_concurrency.processutils [None req-b21b1227-1ac8-4809-88ff-e8717b6136ce tempest-GroupSnapshotsTest-941596947 None] Running cmd (subprocess): /opt/stack/data/venv/bin/python3.12 -m oslo_concurrency.prlimit --as=1073741824 --cpu=60 -- sudo cinder-rootwrap /etc/cinder/rootwrap.conf env LC_ALL=C qemu-img info -f qcow2 --output=json --force-share /opt/stack/data/cinder/mnt/047cfdca1f450f1d0d271390bd0962dc/volume-3ccdfd99-e549-4c15-a5ac-c2590c380f8a.0fe9fdcd-3fb6-43c5-917d-6c83dcfbf1fd {{(pid=89807) execute /opt/stack/data/venv/lib/python3.12/site-packages/oslo_concurrency/processutils.py:440}}
Sep 05 04:40:46 devstack sudo[93918]: pam_unix(sudo:session): session closed for user root
Sep 05 04:40:46 devstack cinder-volume[89807]: DEBUG oslo_concurrency.processutils [None req-08155b47-0493-4de4-94d2-7dee26d9b9ba tempest-VolumeRetypeWithoutMigrationTest-565051893 None] CMD "sudo cinder-rootwrap /etc/cinder/rootwrap.conf chmod ugo+rw /opt/stack/data/cinder/mnt/047cfdca1f450f1d0d271390bd0962dc/volume-02541a6f-d6ea-4cb8-be63-1b584b17c417" returned: 0 in 0.474s {{(pid=89807) execute /opt/stack/data/venv/lib/python3.12/site-packages/oslo_concurrency/processutils.py:468}}
Sep 05 04:40:46 devstack cinder-volume[89807]: DEBUG cinder.volume.drivers.quobyte [None req-08155b47-0493-4de4-94d2-7dee26d9b9ba tempest-VolumeRetypeWithoutMigrationTest-565051893 None] <== create_volume: return (1096ms) {'provider_location': 'osci02.corp.quobyte.com/cinder-vol-21bf73a9-368f-491f-873e-80ae88eb3b6b'} {{(pid=89807) trace_logging_wrapper /opt/stack/cinder/cinder/volume/volume_utils.py:1522}}
Sep 05 04:40:46 devstack cinder-volume[89807]: DEBUG oslo_concurrency.lockutils [None req-08155b47-0493-4de4-94d2-7dee26d9b9ba tempest-VolumeRetypeWithoutMigrationTest-565051893 None] Lock "quobyte" "released" by "cinder.volume.drivers.quobyte.QuobyteDriver.create_volume" :: held 1.102s {{(pid=89807) inner /opt/stack/data/venv/lib/python3.12/site-packages/oslo_concurrency/lockutils.py:544}}
Sep 05 04:40:46 devstack cinder-volume[89807]: DEBUG cinder.volume.manager [None req-08155b47-0493-4de4-94d2-7dee26d9b9ba tempest-VolumeRetypeWithoutMigrationTest-565051893 None] Task 'cinder.volume.flows.manager.create_volume.CreateVolumeFromSpecTask;volume:create' (d510c3c5-a2ee-4249-ab50-d4b2a5effcb8) transitioned into state 'SUCCESS' from state 'RUNNING' with result '{'status': 'creating', 'volume_name': 'volume-02541a6f-d6ea-4cb8-be63-1b584b17c417', 'volume_size': 1}' {{(pid=89807) _task_receiver /opt/stack/data/venv/lib/python3.12/site-packages/taskflow/listeners/logging.py:218}}
Sep 05 04:40:46 devstack cinder-volume[89807]: DEBUG cinder.volume.manager [None req-08155b47-0493-4de4-94d2-7dee26d9b9ba tempest-VolumeRetypeWithoutMigrationTest-565051893 None] Task 'cinder.volume.flows.manager.create_volume.CreateVolumeOnFinishTask;volume:create, create.end' (28ac88bf-a259-461c-8292-c04d85b6e301) transitioned into state 'RUNNING' from state 'PENDING' {{(pid=89807) _task_receiver /opt/stack/data/venv/lib/python3.12/site-packages/taskflow/listeners/logging.py:242}}
Sep 05 04:40:46 devstack sudo[93921]: quobyte : PWD=/ ; USER=root ; COMMAND=/opt/stack/data/venv/bin/cinder-rootwrap /etc/cinder/rootwrap.conf env LC_ALL=C qemu-img info -f qcow2 --output=json --force-share /opt/stack/data/cinder/mnt/047cfdca1f450f1d0d271390bd0962dc/volume-3ccdfd99-e549-4c15-a5ac-c2590c380f8a.0fe9fdcd-3fb6-43c5-917d-6c83dcfbf1fd
Sep 05 04:40:46 devstack sudo[93921]: pam_unix(sudo:session): session opened for user root(uid=0) by (uid=1000)
Sep 05 04:40:46 devstack cinder-volume[89807]: INFO cinder.volume.flows.manager.create_volume [None req-08155b47-0493-4de4-94d2-7dee26d9b9ba tempest-VolumeRetypeWithoutMigrationTest-565051893 None] Volume volume-02541a6f-d6ea-4cb8-be63-1b584b17c417 (02541a6f-d6ea-4cb8-be63-1b584b17c417): created successfully
Sep 05 04:40:46 devstack cinder-volume[89807]: DEBUG cinder.volume.manager [None req-08155b47-0493-4de4-94d2-7dee26d9b9ba tempest-VolumeRetypeWithoutMigrationTest-565051893 None] Task 'cinder.volume.flows.manager.create_volume.CreateVolumeOnFinishTask;volume:create, create.end' (28ac88bf-a259-461c-8292-c04d85b6e301) transitioned into state 'SUCCESS' from state 'RUNNING' with result 'None' {{(pid=89807) _task_receiver /opt/stack/data/venv/lib/python3.12/site-packages/taskflow/listeners/logging.py:218}}
Sep 05 04:40:46 devstack cinder-volume[89807]: DEBUG cinder.volume.manager [None req-08155b47-0493-4de4-94d2-7dee26d9b9ba tempest-VolumeRetypeWithoutMigrationTest-565051893 None] Flow 'volume_create_manager' (5c49a6b2-9df9-4d72-a6b2-e533e7ee9309) transitioned into state 'SUCCESS' from state 'RUNNING' {{(pid=89807) _flow_receiver /opt/stack/data/venv/lib/python3.12/site-packages/taskflow/listeners/logging.py:160}}
Sep 05 04:40:46 devstack cinder-volume[89807]: INFO cinder.volume.manager [None req-08155b47-0493-4de4-94d2-7dee26d9b9ba tempest-VolumeRetypeWithoutMigrationTest-565051893 None] Created volume successfully.
Sep 05 04:40:47 devstack sudo[93921]: pam_unix(sudo:session): session closed for user root
Sep 05 04:40:47 devstack cinder-volume[89807]: DEBUG oslo_concurrency.processutils [None req-b21b1227-1ac8-4809-88ff-e8717b6136ce tempest-GroupSnapshotsTest-941596947 None] CMD "/opt/stack/data/venv/bin/python3.12 -m oslo_concurrency.prlimit --as=1073741824 --cpu=60 -- sudo cinder-rootwrap /etc/cinder/rootwrap.conf env LC_ALL=C qemu-img info -f qcow2 --output=json --force-share /opt/stack/data/cinder/mnt/047cfdca1f450f1d0d271390bd0962dc/volume-3ccdfd99-e549-4c15-a5ac-c2590c380f8a.0fe9fdcd-3fb6-43c5-917d-6c83dcfbf1fd" returned: 0 in 0.618s {{(pid=89807) execute /opt/stack/data/venv/lib/python3.12/site-packages/oslo_concurrency/processutils.py:468}}
