Sep 05 04:39:51 devstack devstack@c-api.service[89502]: /opt/stack/data/venv/lib/python3.12/site-packages/oslo_context/context.py:102: DeprecationWarning: Policy enforcement is depending on the value of is_admin. This key is deprecated. Please update your policy file to use the standard policy values.
Sep 05 04:39:51 devstack devstack@c-api.service[89502]: warnings.warn(
Sep 05 04:39:51 devstack devstack@c-api.service[89502]: INFO cinder.volume.api [req-8aaae092-6423-4fe6-b4dc-3291fcbf03fe req-18b1d9d1-cc0a-473c-9e2e-c3a9501d8500 tempest-VolumesGetTestJSON-1539574704 tempest-VolumesGetTestJSON-1539574704-project-member] Volume info retrieved successfully.
Sep 05 04:39:51 devstack devstack@c-api.service[89502]: INFO cinder.api.openstack.wsgi [req-8aaae092-6423-4fe6-b4dc-3291fcbf03fe req-18b1d9d1-cc0a-473c-9e2e-c3a9501d8500 tempest-VolumesGetTestJSON-1539574704 tempest-VolumesGetTestJSON-1539574704-project-member] http://192.168.122.229/volume/v3/volumes/8a36cc68-a7df-4774-853f-f1b7cb0e3103 returned with HTTP 200
Sep 05 04:39:51 devstack devstack@c-api.service[89502]: [pid: 89502|app: 0|req: 76/149] 192.168.122.229 () {60 vars in 1487 bytes} [Sat Sep 5 04:39:51 2026] GET /volume/v3/volumes/8a36cc68-a7df-4774-853f-f1b7cb0e3103 => generated 864 bytes in 174 msecs (HTTP/1.1 200) 7 headers in 285 bytes (1 switches on core 0)
Sep 05 04:39:51 devstack devstack@c-api.service[89503]: INFO cinder.api.openstack.wsgi [None req-561add4a-6987-469e-917a-f19b2dc12589 tempest-GroupSnapshotsV319Test-1534963720 tempest-GroupSnapshotsV319Test-1534963720-project-admin] POST http://192.168.122.229/volume/v3/types
Sep 05 04:39:51 devstack devstack@c-api.service[89503]: DEBUG cinder.api.openstack.wsgi [None req-561add4a-6987-469e-917a-f19b2dc12589 tempest-GroupSnapshotsV319Test-1534963720 tempest-GroupSnapshotsV319Test-1534963720-project-admin] Action: 'create', calling method: _create, body: {"volume_type": {"name": "tempest-GroupSnapshotsV319Test-volume-type-641570778"}} {{(pid=89503) _process_stack /opt/stack/cinder/cinder/api/openstack/wsgi.py:876}}
Sep 05 04:39:52 devstack devstack@c-api.service[89503]: INFO cinder.api.openstack.wsgi [None req-561add4a-6987-469e-917a-f19b2dc12589 tempest-GroupSnapshotsV319Test-1534963720 tempest-GroupSnapshotsV319Test-1534963720-project-admin] http://192.168.122.229/volume/v3/types returned with HTTP 200
Sep 05 04:39:52 devstack devstack@c-api.service[89503]: [pid: 89503|app: 0|req: 74/150] 192.168.122.229 () {60 vars in 1136 bytes} [Sat Sep 5 04:39:51 2026] POST /volume/v3/types => generated 227 bytes in 738 msecs (HTTP/1.1 200) 7 headers in 285 bytes (1 switches on core 0)
Sep 05 04:39:52 devstack devstack@c-api.service[89502]: DEBUG cinder.api.middleware.request_id [None req-e6c64b77-5d09-4428-aa1c-f71aba8fbfb1 None None] RequestId filter calling following filter/app {{(pid=89502) _context_setter /opt/stack/cinder/cinder/api/middleware/request_id.py:62}}
Sep 05 04:39:52 devstack devstack@c-api.service[89502]: INFO cinder.api.openstack.wsgi [None req-e6c64b77-5d09-4428-aa1c-f71aba8fbfb1 tempest-GroupSnapshotsV319Test-1534963720 tempest-GroupSnapshotsV319Test-1534963720-project-admin] POST http://192.168.122.229/volume/v3/group_types
Sep 05 04:39:52 devstack devstack@c-api.service[89502]: DEBUG cinder.api.openstack.wsgi [None req-e6c64b77-5d09-4428-aa1c-f71aba8fbfb1 tempest-GroupSnapshotsV319Test-1534963720 tempest-GroupSnapshotsV319Test-1534963720-project-admin] Action: 'create', calling method: version_select, body: {"group_type": {"name": "tempest-GroupSnapshotsV319Test-group-type-919939658"}} {{(pid=89502) _process_stack /opt/stack/cinder/cinder/api/openstack/wsgi.py:876}}
Sep 05 04:39:52 devstack devstack@c-api.service[89502]: INFO cinder.api.openstack.wsgi [None req-e6c64b77-5d09-4428-aa1c-f71aba8fbfb1 tempest-GroupSnapshotsV319Test-1534963720 tempest-GroupSnapshotsV319Test-1534963720-project-admin] http://192.168.122.229/volume/v3/group_types returned with HTTP 202
Sep 05 04:39:52 devstack devstack@c-api.service[89502]: [pid: 89502|app: 0|req: 77/151] 192.168.122.229 () {62 vars in 1195 bytes} [Sat Sep 5 04:39:52 2026] POST /volume/v3/group_types => generated 184 bytes in 165 msecs (HTTP/1.1 202) 7 headers in 292 bytes (1 switches on core 0)
Sep 05 04:39:52 devstack devstack@c-api.service[89503]: DEBUG cinder.api.middleware.request_id [None req-21723d94-196e-4ba9-ae5b-753bddd556e3 None None] RequestId filter calling following filter/app {{(pid=89503) _context_setter /opt/stack/cinder/cinder/api/middleware/request_id.py:62}}
Sep 05 04:39:52 devstack devstack@c-api.service[89503]: INFO cinder.api.openstack.wsgi [None req-21723d94-196e-4ba9-ae5b-753bddd556e3 tempest-GroupSnapshotsV319Test-652611317 tempest-GroupSnapshotsV319Test-652611317-project-member] POST http://192.168.122.229/volume/v3/groups
Sep 05 04:39:52 devstack devstack@c-api.service[89503]: DEBUG cinder.api.openstack.wsgi [None req-21723d94-196e-4ba9-ae5b-753bddd556e3 tempest-GroupSnapshotsV319Test-652611317 tempest-GroupSnapshotsV319Test-652611317-project-member] Action: 'create', calling method: version_select, body: {"group": {"group_type": "7410948d-0a40-469e-9ecb-56e938a66335", "volume_types": ["2918f034-1afe-4556-8cb5-35266ffeaf69"], "name": "tempest-GroupSnapshotsV319Test-Group-2030021441"}} {{(pid=89503) _process_stack /opt/stack/cinder/cinder/api/openstack/wsgi.py:876}}
Sep 05 04:39:52 devstack devstack@c-api.service[89502]: DEBUG cinder.api.middleware.request_id [req-2aaad9f3-2a3f-4e6e-9032-87c7b6afe717 req-6eb7775f-77f6-416d-8ef7-2b9200910c07 None None] RequestId filter calling following filter/app {{(pid=89502) _context_setter /opt/stack/cinder/cinder/api/middleware/request_id.py:62}}
Sep 05 04:39:52 devstack devstack@c-api.service[89503]: DEBUG cinder.api.v3.groups [None req-21723d94-196e-4ba9-ae5b-753bddd556e3 tempest-GroupSnapshotsV319Test-652611317 tempest-GroupSnapshotsV319Test-652611317-project-member] Creating new group {'group': {'group_type': '7410948d-0a40-469e-9ecb-56e938a66335', 'volume_types': ['2918f034-1afe-4556-8cb5-35266ffeaf69'], 'name': 'tempest-GroupSnapshotsV319Test-Group-2030021441'}} {{(pid=89503) create /opt/stack/cinder/cinder/api/v3/groups.py:190}}
Sep 05 04:39:52 devstack devstack@c-api.service[89502]: INFO cinder.api.openstack.wsgi [req-2aaad9f3-2a3f-4e6e-9032-87c7b6afe717 req-6eb7775f-77f6-416d-8ef7-2b9200910c07 tempest-TaggedAttachmentsTest-1601119526 tempest-TaggedAttachmentsTest-1601119526-project-member] GET http://192.168.122.229/volume/v3/volumes/8bd37196-1192-46d6-92c0-9b9196da4fb5
Sep 05 04:39:52 devstack devstack@c-api.service[89502]: DEBUG cinder.api.openstack.wsgi [req-2aaad9f3-2a3f-4e6e-9032-87c7b6afe717 req-6eb7775f-77f6-416d-8ef7-2b9200910c07 tempest-TaggedAttachmentsTest-1601119526 tempest-TaggedAttachmentsTest-1601119526-project-member] Empty body provided in request {{(pid=89502) get_body /opt/stack/cinder/cinder/api/openstack/wsgi.py:725}}
Sep 05 04:39:52 devstack devstack@c-api.service[89502]: DEBUG cinder.api.openstack.wsgi [req-2aaad9f3-2a3f-4e6e-9032-87c7b6afe717 req-6eb7775f-77f6-416d-8ef7-2b9200910c07 tempest-TaggedAttachmentsTest-1601119526 tempest-TaggedAttachmentsTest-1601119526-project-member] Calling method 'show' {{(pid=89502) _process_stack /opt/stack/cinder/cinder/api/openstack/wsgi.py:878}}
Sep 05 04:39:52 devstack devstack@c-api.service[89502]: /opt/stack/cinder/cinder/objects/volume.py:315: DeprecationWarning: Passing item_cls to obj_make_list() is deprecated. The item class is now derived from the list object's field definition.
Sep 05 04:39:52 devstack devstack@c-api.service[89502]: attachments = base.obj_make_list(
Sep 05 04:39:52 devstack devstack@c-api.service[89503]: INFO cinder.api.v3.groups [None req-21723d94-196e-4ba9-ae5b-753bddd556e3 tempest-GroupSnapshotsV319Test-652611317 tempest-GroupSnapshotsV319Test-652611317-project-member] Creating group tempest-GroupSnapshotsV319Test-Group-2030021441.
Sep 05 04:39:52 devstack devstack@c-api.service[89502]: /opt/stack/data/venv/lib/python3.12/site-packages/oslo_context/context.py:102: DeprecationWarning: Policy enforcement is depending on the value of is_admin. This key is deprecated. Please update your policy file to use the standard policy values.
Sep 05 04:39:52 devstack devstack@c-api.service[89502]: warnings.warn(
Sep 05 04:39:52 devstack devstack@c-api.service[89502]: INFO cinder.volume.api [req-2aaad9f3-2a3f-4e6e-9032-87c7b6afe717 req-6eb7775f-77f6-416d-8ef7-2b9200910c07 tempest-TaggedAttachmentsTest-1601119526 tempest-TaggedAttachmentsTest-1601119526-project-member] Volume info retrieved successfully.
Sep 05 04:39:52 devstack devstack@c-api.service[89502]: INFO cinder.api.openstack.wsgi [req-2aaad9f3-2a3f-4e6e-9032-87c7b6afe717 req-6eb7775f-77f6-416d-8ef7-2b9200910c07 tempest-TaggedAttachmentsTest-1601119526 tempest-TaggedAttachmentsTest-1601119526-project-member] http://192.168.122.229/volume/v3/volumes/8bd37196-1192-46d6-92c0-9b9196da4fb5 returned with HTTP 200
Sep 05 04:39:52 devstack devstack@c-api.service[89502]: [pid: 89502|app: 0|req: 78/152] 192.168.122.229 () {60 vars in 1487 bytes} [Sat Sep 5 04:39:52 2026] GET /volume/v3/volumes/8bd37196-1192-46d6-92c0-9b9196da4fb5 => generated 853 bytes in 156 msecs (HTTP/1.1 200) 7 headers in 285 bytes (1 switches on core 0)
Sep 05 04:39:52 devstack devstack@c-api.service[89503]: /opt/stack/cinder/cinder/objects/service.py:236: DeprecationWarning: Passing item_cls to obj_make_list() is deprecated. The item class is now derived from the list object's field definition.
Sep 05 04:39:52 devstack devstack@c-api.service[89503]: return base.obj_make_list(context, cls(context), objects.Service,
Sep 05 04:39:52 devstack devstack@c-api.service[89503]: DEBUG cinder.volume.api [None req-21723d94-196e-4ba9-ae5b-753bddd556e3 tempest-GroupSnapshotsV319Test-652611317 tempest-GroupSnapshotsV319Test-652611317-project-member] Availability zone cache updated, next update will occur around 2026-09-05 03:39:52.848811. {{(pid=89503) list_availability_zones /opt/stack/cinder/cinder/volume/api.py:155}}
Sep 05 04:39:52 devstack devstack@c-api.service[89503]: INFO cinder.volume.api [None req-21723d94-196e-4ba9-ae5b-753bddd556e3 tempest-GroupSnapshotsV319Test-652611317 tempest-GroupSnapshotsV319Test-652611317-project-member] Availability Zones retrieved successfully.
Sep 05 04:39:52 devstack devstack@c-api.service[89503]: DEBUG cinder.quota [None req-21723d94-196e-4ba9-ae5b-753bddd556e3 tempest-GroupSnapshotsV319Test-652611317 tempest-GroupSnapshotsV319Test-652611317-project-member] Created reservations ['4807deba-13cf-4e81-8c6e-0061f358ca8b'] {{(pid=89503) reserve /opt/stack/cinder/cinder/quota.py:752}}
Sep 05 04:39:52 devstack devstack@c-api.service[89502]: DEBUG cinder.api.middleware.request_id [req-c2483b9a-5ab9-4d26-8fc7-b4f90de0d4dd req-6652d5bb-e44d-491e-b98e-4a2caac8e9ff None None] RequestId filter calling following filter/app {{(pid=89502) _context_setter /opt/stack/cinder/cinder/api/middleware/request_id.py:62}}
Sep 05 04:39:52 devstack devstack@c-api.service[89502]: INFO cinder.api.openstack.wsgi [req-c2483b9a-5ab9-4d26-8fc7-b4f90de0d4dd req-6652d5bb-e44d-491e-b98e-4a2caac8e9ff tempest-VolumesGetTestJSON-1539574704 tempest-VolumesGetTestJSON-1539574704-project-member] GET http://192.168.122.229/volume/v3/volumes/8a36cc68-a7df-4774-853f-f1b7cb0e3103
Sep 05 04:39:52 devstack devstack@c-api.service[89502]: DEBUG cinder.api.openstack.wsgi [req-c2483b9a-5ab9-4d26-8fc7-b4f90de0d4dd req-6652d5bb-e44d-491e-b98e-4a2caac8e9ff tempest-VolumesGetTestJSON-1539574704 tempest-VolumesGetTestJSON-1539574704-project-member] Empty body provided in request {{(pid=89502) get_body /opt/stack/cinder/cinder/api/openstack/wsgi.py:725}}
Sep 05 04:39:52 devstack devstack@c-api.service[89502]: DEBUG cinder.api.openstack.wsgi [req-c2483b9a-5ab9-4d26-8fc7-b4f90de0d4dd req-6652d5bb-e44d-491e-b98e-4a2caac8e9ff tempest-VolumesGetTestJSON-1539574704 tempest-VolumesGetTestJSON-1539574704-project-member] Calling method 'show' {{(pid=89502) _process_stack /opt/stack/cinder/cinder/api/openstack/wsgi.py:878}}
Sep 05 04:39:53 devstack devstack@c-api.service[89502]: /opt/stack/cinder/cinder/objects/volume.py:315: DeprecationWarning: Passing item_cls to obj_make_list() is deprecated. The item class is now derived from the list object's field definition.
Sep 05 04:39:53 devstack devstack@c-api.service[89502]: attachments = base.obj_make_list(
Sep 05 04:39:53 devstack devstack@c-api.service[89502]: /opt/stack/data/venv/lib/python3.12/site-packages/oslo_context/context.py:102: DeprecationWarning: Policy enforcement is depending on the value of is_admin. This key is deprecated. Please update your policy file to use the standard policy values.
Sep 05 04:39:53 devstack devstack@c-api.service[89502]: warnings.warn(
Sep 05 04:39:53 devstack devstack@c-api.service[89502]: INFO cinder.volume.api [req-c2483b9a-5ab9-4d26-8fc7-b4f90de0d4dd req-6652d5bb-e44d-491e-b98e-4a2caac8e9ff tempest-VolumesGetTestJSON-1539574704 tempest-VolumesGetTestJSON-1539574704-project-member] Volume info retrieved successfully.
Sep 05 04:39:53 devstack devstack@c-api.service[89502]: INFO cinder.api.openstack.wsgi [req-c2483b9a-5ab9-4d26-8fc7-b4f90de0d4dd req-6652d5bb-e44d-491e-b98e-4a2caac8e9ff tempest-VolumesGetTestJSON-1539574704 tempest-VolumesGetTestJSON-1539574704-project-member] http://192.168.122.229/volume/v3/volumes/8a36cc68-a7df-4774-853f-f1b7cb0e3103 returned with HTTP 200
Sep 05 04:39:53 devstack devstack@c-api.service[89502]: [pid: 89502|app: 0|req: 79/153] 192.168.122.229 () {60 vars in 1487 bytes} [Sat Sep 5 04:39:52 2026] GET /volume/v3/volumes/8a36cc68-a7df-4774-853f-f1b7cb0e3103 => generated 865 bytes in 124 msecs (HTTP/1.1 200) 7 headers in 285 bytes (1 switches on core 0)
Sep 05 04:39:53 devstack devstack@c-api.service[89503]: INFO cinder.api.openstack.wsgi [None req-21723d94-196e-4ba9-ae5b-753bddd556e3 tempest-GroupSnapshotsV319Test-652611317 tempest-GroupSnapshotsV319Test-652611317-project-member] http://192.168.122.229/volume/v3/groups returned with HTTP 202
Sep 05 04:39:53 devstack devstack@c-api.service[89503]: [pid: 89503|app: 0|req: 75/154] 192.168.122.229 () {62 vars in 1181 bytes} [Sat Sep 5 04:39:52 2026] POST /volume/v3/groups => generated 116 bytes in 964 msecs (HTTP/1.1 202) 7 headers in 292 bytes (2 switches on core 0)
Sep 05 04:39:53 devstack devstack@c-api.service[89502]: DEBUG cinder.api.middleware.request_id [None req-6192ac7e-8abe-4e41-8e9e-743cae9db56b None None] RequestId filter calling following filter/app {{(pid=89502) _context_setter /opt/stack/cinder/cinder/api/middleware/request_id.py:62}}
Sep 05 04:39:53 devstack devstack@c-api.service[89502]: INFO cinder.api.openstack.wsgi [None req-6192ac7e-8abe-4e41-8e9e-743cae9db56b tempest-GroupSnapshotsV319Test-652611317 tempest-GroupSnapshotsV319Test-652611317-project-member] GET http://192.168.122.229/volume/v3/groups/07076dcc-4c4f-4ea8-9851-792eb76020cb
Sep 05 04:39:53 devstack devstack@c-api.service[89502]: DEBUG cinder.api.openstack.wsgi [None req-6192ac7e-8abe-4e41-8e9e-743cae9db56b tempest-GroupSnapshotsV319Test-652611317 tempest-GroupSnapshotsV319Test-652611317-project-member] Empty body provided in request {{(pid=89502) get_body /opt/stack/cinder/cinder/api/openstack/wsgi.py:725}}
Sep 05 04:39:53 devstack devstack@c-api.service[89502]: DEBUG cinder.api.openstack.wsgi [None req-6192ac7e-8abe-4e41-8e9e-743cae9db56b tempest-GroupSnapshotsV319Test-652611317 tempest-GroupSnapshotsV319Test-652611317-project-member] Calling method 'version_select' {{(pid=89502) _process_stack /opt/stack/cinder/cinder/api/openstack/wsgi.py:878}}
Sep 05 04:39:53 devstack devstack@c-api.service[89502]: DEBUG cinder.api.v3.groups [None req-6192ac7e-8abe-4e41-8e9e-743cae9db56b tempest-GroupSnapshotsV319Test-652611317 tempest-GroupSnapshotsV319Test-652611317-project-member] show called for member 07076dcc-4c4f-4ea8-9851-792eb76020cb {{(pid=89502) show /opt/stack/cinder/cinder/api/v3/groups.py:58}}
Sep 05 04:39:53 devstack devstack@c-api.service[89502]: /opt/stack/data/venv/lib/python3.12/site-packages/oslo_context/context.py:102: DeprecationWarning: Policy enforcement is depending on the value of is_admin. This key is deprecated. Please update your policy file to use the standard policy values.
Sep 05 04:39:53 devstack devstack@c-api.service[89502]: warnings.warn(
Sep 05 04:39:53 devstack devstack@c-api.service[89503]: DEBUG cinder.api.middleware.request_id [None req-41372e4f-0ac3-48a3-93ac-f24f4c9fe7a9 None None] RequestId filter calling following filter/app {{(pid=89503) _context_setter /opt/stack/cinder/cinder/api/middleware/request_id.py:62}}
Sep 05 04:39:53 devstack devstack@c-api.service[89503]: INFO cinder.api.openstack.wsgi [None req-41372e4f-0ac3-48a3-93ac-f24f4c9fe7a9 None None] GET http://192.168.122.229/volume//
Sep 05 04:39:53 devstack devstack@c-api.service[89503]: DEBUG cinder.api.openstack.wsgi [None req-41372e4f-0ac3-48a3-93ac-f24f4c9fe7a9 None None] Empty body provided in request {{(pid=89503) get_body /opt/stack/cinder/cinder/api/openstack/wsgi.py:725}}
Sep 05 04:39:53 devstack devstack@c-api.service[89503]: DEBUG cinder.api.openstack.wsgi [None req-41372e4f-0ac3-48a3-93ac-f24f4c9fe7a9 None None] Calling method 'all' {{(pid=89503) _process_stack /opt/stack/cinder/cinder/api/openstack/wsgi.py:878}}
Sep 05 04:39:53 devstack devstack@c-api.service[89503]: INFO cinder.api.openstack.wsgi [None req-41372e4f-0ac3-48a3-93ac-f24f4c9fe7a9 None None] http://192.168.122.229/volume// returned with HTTP 300
Sep 05 04:39:53 devstack devstack@c-api.service[89503]: [pid: 89503|app: 0|req: 76/155] 192.168.122.229 () {58 vars in 1317 bytes} [Sat Sep 5 04:39:53 2026] GET /volume/ => generated 390 bytes in 14 msecs (HTTP/1.1 300) 7 headers in 299 bytes (1 switches on core 0)
Sep 05 04:39:53 devstack devstack@c-api.service[89502]: /opt/stack/cinder/cinder/objects/volume_type.py:195: DeprecationWarning: Passing item_cls to obj_make_list() is deprecated. The item class is now derived from the list object's field definition.
Sep 05 04:39:53 devstack devstack@c-api.service[89502]: return base.obj_make_list(context, cls(context),
Sep 05 04:39:53 devstack devstack@c-api.service[89502]: INFO cinder.api.openstack.wsgi [None req-6192ac7e-8abe-4e41-8e9e-743cae9db56b tempest-GroupSnapshotsV319Test-652611317 tempest-GroupSnapshotsV319Test-652611317-project-member] http://192.168.122.229/volume/v3/groups/07076dcc-4c4f-4ea8-9851-792eb76020cb returned with HTTP 200
Sep 05 04:39:53 devstack devstack@c-api.service[89503]: DEBUG cinder.api.middleware.request_id [req-2aaad9f3-2a3f-4e6e-9032-87c7b6afe717 req-c3f6b3fa-3f6a-4dee-895f-4db8dc767add None None] RequestId filter calling following filter/app {{(pid=89503) _context_setter /opt/stack/cinder/cinder/api/middleware/request_id.py:62}}
Sep 05 04:39:53 devstack devstack@c-api.service[89502]: [pid: 89502|app: 0|req: 80/156] 192.168.122.229 () {60 vars in 1270 bytes} [Sat Sep 5 04:39:53 2026] GET /volume/v3/groups/07076dcc-4c4f-4ea8-9851-792eb76020cb => generated 396 bytes in 168 msecs (HTTP/1.1 200) 7 headers in 286 bytes (1 switches on core 0)
Sep 05 04:39:53 devstack devstack@c-api.service[89503]: INFO cinder.api.openstack.wsgi [req-2aaad9f3-2a3f-4e6e-9032-87c7b6afe717 req-c3f6b3fa-3f6a-4dee-895f-4db8dc767add tempest-TaggedAttachmentsTest-1601119526 tempest-TaggedAttachmentsTest-1601119526-project-member] POST http://192.168.122.229/volume/v3/attachments
Sep 05 04:39:53 devstack devstack@c-api.service[89503]: DEBUG cinder.api.openstack.wsgi [req-2aaad9f3-2a3f-4e6e-9032-87c7b6afe717 req-c3f6b3fa-3f6a-4dee-895f-4db8dc767add tempest-TaggedAttachmentsTest-1601119526 tempest-TaggedAttachmentsTest-1601119526-project-member] Action: 'create', calling method: version_select, body: {"attachment": {"volume_uuid": "8bd37196-1192-46d6-92c0-9b9196da4fb5", "connector": null, "instance_uuid": "3c392f93-6654-45a3-be1c-e93e65c6abcc"}} {{(pid=89503) _process_stack /opt/stack/cinder/cinder/api/openstack/wsgi.py:876}}
Sep 05 04:39:53 devstack devstack@c-api.service[89503]: /opt/stack/cinder/cinder/objects/volume.py:315: DeprecationWarning: Passing item_cls to obj_make_list() is deprecated. The item class is now derived from the list object's field definition.
Sep 05 04:39:53 devstack devstack@c-api.service[89503]: attachments = base.obj_make_list(
Sep 05 04:39:53 devstack devstack@c-api.service[89503]: /opt/stack/data/venv/lib/python3.12/site-packages/oslo_context/context.py:102: DeprecationWarning: Policy enforcement is depending on the value of is_admin. This key is deprecated. Please update your policy file to use the standard policy values.
Sep 05 04:39:53 devstack devstack@c-api.service[89503]: warnings.warn(
Sep 05 04:39:53 devstack devstack@c-api.service[89502]: DEBUG cinder.api.middleware.request_id [None req-406659c1-1ab2-4d1d-ade2-bc39545b02fa None None] RequestId filter calling following filter/app {{(pid=89502) _context_setter /opt/stack/cinder/cinder/api/middleware/request_id.py:62}}
Sep 05 04:39:53 devstack devstack@c-api.service[89503]: INFO cinder.api.openstack.wsgi [req-2aaad9f3-2a3f-4e6e-9032-87c7b6afe717 req-c3f6b3fa-3f6a-4dee-895f-4db8dc767add tempest-TaggedAttachmentsTest-1601119526 tempest-TaggedAttachmentsTest-1601119526-project-member] http://192.168.122.229/volume/v3/attachments returned with HTTP 200
Sep 05 04:39:53 devstack devstack@c-api.service[89503]: [pid: 89503|app: 0|req: 77/157] 192.168.122.229 () {66 vars in 1483 bytes} [Sat Sep 5 04:39:53 2026] POST /volume/v3/attachments => generated 273 bytes in 136 msecs (HTTP/1.1 200) 7 headers in 286 bytes (1 switches on core 0)
Sep 05 04:39:53 devstack devstack@c-api.service[89503]: DEBUG cinder.api.middleware.request_id [req-c708da02-15b6-43c4-9ef0-0f28ec844489 req-5e751dfe-70bb-41a8-a6a8-d9651730e1ae None None] RequestId filter calling following filter/app {{(pid=89503) _context_setter /opt/stack/cinder/cinder/api/middleware/request_id.py:62}}
Sep 05 04:39:53 devstack devstack@c-api.service[89503]: INFO cinder.api.openstack.wsgi [req-c708da02-15b6-43c4-9ef0-0f28ec844489 req-5e751dfe-70bb-41a8-a6a8-d9651730e1ae tempest-VolumesGetTestJSON-1539574704 tempest-VolumesGetTestJSON-1539574704-project-reader] GET http://192.168.122.229/volume/v3/volumes/8a36cc68-a7df-4774-853f-f1b7cb0e3103
Sep 05 04:39:53 devstack devstack@c-api.service[89503]: DEBUG cinder.api.openstack.wsgi [req-c708da02-15b6-43c4-9ef0-0f28ec844489 req-5e751dfe-70bb-41a8-a6a8-d9651730e1ae tempest-VolumesGetTestJSON-1539574704 tempest-VolumesGetTestJSON-1539574704-project-reader] Empty body provided in request {{(pid=89503) get_body /opt/stack/cinder/cinder/api/openstack/wsgi.py:725}}
Sep 05 04:39:53 devstack devstack@c-api.service[89503]: DEBUG cinder.api.openstack.wsgi [req-c708da02-15b6-43c4-9ef0-0f28ec844489 req-5e751dfe-70bb-41a8-a6a8-d9651730e1ae tempest-VolumesGetTestJSON-1539574704 tempest-VolumesGetTestJSON-1539574704-project-reader] Calling method 'show' {{(pid=89503) _process_stack /opt/stack/cinder/cinder/api/openstack/wsgi.py:878}}
Sep 05 04:39:53 devstack devstack@c-api.service[89503]: /opt/stack/cinder/cinder/objects/volume.py:315: DeprecationWarning: Passing item_cls to obj_make_list() is deprecated. The item class is now derived from the list object's field definition.
Sep 05 04:39:53 devstack devstack@c-api.service[89503]: attachments = base.obj_make_list(
Sep 05 04:39:53 devstack devstack@c-api.service[89503]: /opt/stack/data/venv/lib/python3.12/site-packages/oslo_context/context.py:102: DeprecationWarning: Policy enforcement is depending on the value of is_admin. This key is deprecated. Please update your policy file to use the standard policy values.
Sep 05 04:39:53 devstack devstack@c-api.service[89503]: warnings.warn(
Sep 05 04:39:53 devstack devstack@c-api.service[89503]: INFO cinder.volume.api [req-c708da02-15b6-43c4-9ef0-0f28ec844489 req-5e751dfe-70bb-41a8-a6a8-d9651730e1ae tempest-VolumesGetTestJSON-1539574704 tempest-VolumesGetTestJSON-1539574704-project-reader] Volume info retrieved successfully.
Sep 05 04:39:53 devstack devstack@c-api.service[89503]: INFO cinder.api.openstack.wsgi [req-c708da02-15b6-43c4-9ef0-0f28ec844489 req-5e751dfe-70bb-41a8-a6a8-d9651730e1ae tempest-VolumesGetTestJSON-1539574704 tempest-VolumesGetTestJSON-1539574704-project-reader] http://192.168.122.229/volume/v3/volumes/8a36cc68-a7df-4774-853f-f1b7cb0e3103 returned with HTTP 200
Sep 05 04:39:53 devstack devstack@c-api.service[89503]: [pid: 89503|app: 0|req: 78/158] 192.168.122.229 () {60 vars in 1487 bytes} [Sat Sep 5 04:39:53 2026] GET /volume/v3/volumes/8a36cc68-a7df-4774-853f-f1b7cb0e3103 => generated 865 bytes in 66 msecs (HTTP/1.1 200) 7 headers in 285 bytes (1 switches on core 0)
Sep 05 04:39:53 devstack devstack@c-api.service[89503]: DEBUG cinder.api.middleware.request_id [None req-32d72423-6e3e-4dbb-bf4f-eab1825e7a0c None None] RequestId filter calling following filter/app {{(pid=89503) _context_setter /opt/stack/cinder/cinder/api/middleware/request_id.py:62}}
Sep 05 04:39:53 devstack devstack@c-api.service[89503]: INFO cinder.api.openstack.wsgi [None req-32d72423-6e3e-4dbb-bf4f-eab1825e7a0c tempest-TaggedAttachmentsTest-1601119526 tempest-TaggedAttachmentsTest-1601119526-project-member] GET http://192.168.122.229/volume/v3/volumes/8bd37196-1192-46d6-92c0-9b9196da4fb5
Sep 05 04:39:53 devstack devstack@c-api.service[89503]: DEBUG cinder.api.openstack.wsgi [None req-32d72423-6e3e-4dbb-bf4f-eab1825e7a0c tempest-TaggedAttachmentsTest-1601119526 tempest-TaggedAttachmentsTest-1601119526-project-member] Empty body provided in request {{(pid=89503) get_body /opt/stack/cinder/cinder/api/openstack/wsgi.py:725}}
Sep 05 04:39:53 devstack devstack@c-api.service[89503]: DEBUG cinder.api.openstack.wsgi [None req-32d72423-6e3e-4dbb-bf4f-eab1825e7a0c tempest-TaggedAttachmentsTest-1601119526 tempest-TaggedAttachmentsTest-1601119526-project-member] Calling method 'show' {{(pid=89503) _process_stack /opt/stack/cinder/cinder/api/openstack/wsgi.py:878}}
Sep 05 04:39:53 devstack devstack@c-api.service[89503]: /opt/stack/cinder/cinder/objects/volume.py:315: DeprecationWarning: Passing item_cls to obj_make_list() is deprecated. The item class is now derived from the list object's field definition.
Sep 05 04:39:53 devstack devstack@c-api.service[89503]: attachments = base.obj_make_list(
Sep 05 04:39:53 devstack devstack@c-api.service[89503]: /opt/stack/data/venv/lib/python3.12/site-packages/oslo_context/context.py:102: DeprecationWarning: Policy enforcement is depending on the value of is_admin. This key is deprecated. Please update your policy file to use the standard policy values.
Sep 05 04:39:53 devstack devstack@c-api.service[89503]: warnings.warn(
Sep 05 04:39:53 devstack devstack@c-api.service[89503]: INFO cinder.volume.api [None req-32d72423-6e3e-4dbb-bf4f-eab1825e7a0c tempest-TaggedAttachmentsTest-1601119526 tempest-TaggedAttachmentsTest-1601119526-project-member] Volume info retrieved successfully.
Sep 05 04:39:53 devstack devstack@c-api.service[89503]: INFO cinder.api.openstack.wsgi [None req-32d72423-6e3e-4dbb-bf4f-eab1825e7a0c tempest-TaggedAttachmentsTest-1601119526 tempest-TaggedAttachmentsTest-1601119526-project-member] http://192.168.122.229/volume/v3/volumes/8bd37196-1192-46d6-92c0-9b9196da4fb5 returned with HTTP 200
Sep 05 04:39:53 devstack devstack@c-api.service[89503]: [pid: 89503|app: 0|req: 79/159] 192.168.122.229 () {58 vars in 1232 bytes} [Sat Sep 5 04:39:53 2026] GET /volume/v3/volumes/8bd37196-1192-46d6-92c0-9b9196da4fb5 => generated 852 bytes in 54 msecs (HTTP/1.1 200) 7 headers in 285 bytes (1 switches on core 0)
Sep 05 04:39:53 devstack devstack@c-api.service[89503]: DEBUG cinder.api.middleware.request_id [None req-49e84c71-d8d1-4c56-bb30-d034f7a44e14 None None] RequestId filter calling following filter/app {{(pid=89503) _context_setter /opt/stack/cinder/cinder/api/middleware/request_id.py:62}}
Sep 05 04:39:53 devstack devstack@c-api.service[89503]: INFO cinder.api.openstack.wsgi [None req-49e84c71-d8d1-4c56-bb30-d034f7a44e14 None None] GET http://192.168.122.229/volume//
Sep 05 04:39:53 devstack devstack@c-api.service[89503]: DEBUG cinder.api.openstack.wsgi [None req-49e84c71-d8d1-4c56-bb30-d034f7a44e14 None None] Empty body provided in request {{(pid=89503) get_body /opt/stack/cinder/cinder/api/openstack/wsgi.py:725}}
Sep 05 04:39:53 devstack devstack@c-api.service[89503]: DEBUG cinder.api.openstack.wsgi [None req-49e84c71-d8d1-4c56-bb30-d034f7a44e14 None None] Calling method 'all' {{(pid=89503) _process_stack /opt/stack/cinder/cinder/api/openstack/wsgi.py:878}}
Sep 05 04:39:53 devstack devstack@c-api.service[89503]: INFO cinder.api.openstack.wsgi [None req-49e84c71-d8d1-4c56-bb30-d034f7a44e14 None None] http://192.168.122.229/volume// returned with HTTP 300
Sep 05 04:39:53 devstack devstack@c-api.service[89503]: [pid: 89503|app: 0|req: 80/160] 192.168.122.229 () {58 vars in 1315 bytes} [Sat Sep 5 04:39:53 2026] GET /volume/ => generated 390 bytes in 5 msecs (HTTP/1.1 300) 7 headers in 299 bytes (1 switches on core 0)
Sep 05 04:39:53 devstack devstack@c-api.service[89503]: DEBUG cinder.api.middleware.request_id [req-f21f6e65-0b9d-4ceb-8752-90f6ac08c410 req-047b3a72-e28c-4f98-b572-708c84899480 None None] RequestId filter calling following filter/app {{(pid=89503) _context_setter /opt/stack/cinder/cinder/api/middleware/request_id.py:62}}
Sep 05 04:39:53 devstack devstack@c-api.service[89503]: INFO cinder.api.openstack.wsgi [req-f21f6e65-0b9d-4ceb-8752-90f6ac08c410 req-047b3a72-e28c-4f98-b572-708c84899480 tempest-VolumesGetTestJSON-1539574704 tempest-VolumesGetTestJSON-1539574704-project-member] DELETE http://192.168.122.229/volume/v3/volumes/8a36cc68-a7df-4774-853f-f1b7cb0e3103
Sep 05 04:39:53 devstack devstack@c-api.service[89503]: DEBUG cinder.api.openstack.wsgi [req-f21f6e65-0b9d-4ceb-8752-90f6ac08c410 req-047b3a72-e28c-4f98-b572-708c84899480 tempest-VolumesGetTestJSON-1539574704 tempest-VolumesGetTestJSON-1539574704-project-member] Empty body provided in request {{(pid=89503) get_body /opt/stack/cinder/cinder/api/openstack/wsgi.py:725}}
Sep 05 04:39:53 devstack devstack@c-api.service[89503]: DEBUG cinder.api.openstack.wsgi [req-f21f6e65-0b9d-4ceb-8752-90f6ac08c410 req-047b3a72-e28c-4f98-b572-708c84899480 tempest-VolumesGetTestJSON-1539574704 tempest-VolumesGetTestJSON-1539574704-project-member] Calling method 'delete' {{(pid=89503) _process_stack /opt/stack/cinder/cinder/api/openstack/wsgi.py:878}}
Sep 05 04:39:53 devstack devstack@c-api.service[89503]: INFO cinder.api.v3.volumes [req-f21f6e65-0b9d-4ceb-8752-90f6ac08c410 req-047b3a72-e28c-4f98-b572-708c84899480 tempest-VolumesGetTestJSON-1539574704 tempest-VolumesGetTestJSON-1539574704-project-member] Delete volume with id: 8a36cc68-a7df-4774-853f-f1b7cb0e3103
Sep 05 04:39:53 devstack devstack@c-api.service[89503]: /opt/stack/cinder/cinder/objects/volume.py:315: DeprecationWarning: Passing item_cls to obj_make_list() is deprecated. The item class is now derived from the list object's field definition.
Sep 05 04:39:53 devstack devstack@c-api.service[89503]: attachments = base.obj_make_list(
Sep 05 04:39:53 devstack devstack@c-api.service[89503]: /opt/stack/data/venv/lib/python3.12/site-packages/oslo_context/context.py:102: DeprecationWarning: Policy enforcement is depending on the value of is_admin. This key is deprecated. Please update your policy file to use the standard policy values.
Sep 05 04:39:53 devstack devstack@c-api.service[89503]: warnings.warn(
Sep 05 04:39:53 devstack devstack@c-api.service[89503]: INFO cinder.volume.api [req-f21f6e65-0b9d-4ceb-8752-90f6ac08c410 req-047b3a72-e28c-4f98-b572-708c84899480 tempest-VolumesGetTestJSON-1539574704 tempest-VolumesGetTestJSON-1539574704-project-member] Volume info retrieved successfully.
Sep 05 04:39:53 devstack devstack@c-api.service[89502]: INFO cinder.api.openstack.wsgi [None req-406659c1-1ab2-4d1d-ade2-bc39545b02fa tempest-SnapshotsActionsTest-1124761940 tempest-SnapshotsActionsTest-1124761940-project-member] POST http://192.168.122.229/volume/v3/volumes
Sep 05 04:39:53 devstack devstack@c-api.service[89502]: DEBUG cinder.api.openstack.wsgi [None req-406659c1-1ab2-4d1d-ade2-bc39545b02fa tempest-SnapshotsActionsTest-1124761940 tempest-SnapshotsActionsTest-1124761940-project-member] Action: 'create', calling method: create, body: {"volume": {"size": 1, "name": "tempest-SnapshotsActionsTest-Volume-2051848102"}} {{(pid=89502) _process_stack /opt/stack/cinder/cinder/api/openstack/wsgi.py:876}}
Sep 05 04:39:53 devstack devstack@c-api.service[89503]: INFO cinder.volume.api [req-f21f6e65-0b9d-4ceb-8752-90f6ac08c410 req-047b3a72-e28c-4f98-b572-708c84899480 tempest-VolumesGetTestJSON-1539574704 tempest-VolumesGetTestJSON-1539574704-project-member] Delete volume request issued successfully.
Sep 05 04:39:53 devstack devstack@c-api.service[89503]: INFO cinder.api.openstack.wsgi [req-f21f6e65-0b9d-4ceb-8752-90f6ac08c410 req-047b3a72-e28c-4f98-b572-708c84899480 tempest-VolumesGetTestJSON-1539574704 tempest-VolumesGetTestJSON-1539574704-project-member] http://192.168.122.229/volume/v3/volumes/8a36cc68-a7df-4774-853f-f1b7cb0e3103 returned with HTTP 202
Sep 05 04:39:53 devstack devstack@c-api.service[89503]: [pid: 89503|app: 0|req: 81/161] 192.168.122.229 () {62 vars in 1509 bytes} [Sat Sep 5 04:39:53 2026] DELETE /volume/v3/volumes/8a36cc68-a7df-4774-853f-f1b7cb0e3103 => generated 0 bytes in 65 msecs (HTTP/1.1 202) 6 headers in 233 bytes (1 switches on core 0)
Sep 05 04:39:53 devstack devstack@c-api.service[89502]: DEBUG cinder.api.v3.volumes [None req-406659c1-1ab2-4d1d-ade2-bc39545b02fa tempest-SnapshotsActionsTest-1124761940 tempest-SnapshotsActionsTest-1124761940-project-member] Create volume request body: {'volume': {'size': 1, 'name': 'tempest-SnapshotsActionsTest-Volume-2051848102'}} {{(pid=89502) create /opt/stack/cinder/cinder/api/v3/volumes.py:368}}
Sep 05 04:39:53 devstack devstack@c-api.service[89502]: INFO cinder.api.v3.volumes [None req-406659c1-1ab2-4d1d-ade2-bc39545b02fa tempest-SnapshotsActionsTest-1124761940 tempest-SnapshotsActionsTest-1124761940-project-member] Create volume of 1 GB
Sep 05 04:39:53 devstack devstack@c-api.service[89503]: DEBUG cinder.api.middleware.request_id [req-2aaad9f3-2a3f-4e6e-9032-87c7b6afe717 req-05c16ccb-701b-4738-ba17-7386baa5f612 None None] RequestId filter calling following filter/app {{(pid=89503) _context_setter /opt/stack/cinder/cinder/api/middleware/request_id.py:62}}
Sep 05 04:39:53 devstack devstack@c-api.service[89502]: /opt/stack/data/venv/lib/python3.12/site-packages/oslo_context/context.py:102: DeprecationWarning: Policy enforcement is depending on the value of is_admin. This key is deprecated. Please update your policy file to use the standard policy values.
Sep 05 04:39:53 devstack devstack@c-api.service[89502]: warnings.warn(
Sep 05 04:39:53 devstack devstack@c-api.service[89503]: INFO cinder.api.openstack.wsgi [req-2aaad9f3-2a3f-4e6e-9032-87c7b6afe717 req-05c16ccb-701b-4738-ba17-7386baa5f612 tempest-TaggedAttachmentsTest-1601119526 tempest-TaggedAttachmentsTest-1601119526-project-member] GET http://192.168.122.229/volume/v3/volumes/8bd37196-1192-46d6-92c0-9b9196da4fb5
Sep 05 04:39:53 devstack devstack@c-api.service[89503]: DEBUG cinder.api.openstack.wsgi [req-2aaad9f3-2a3f-4e6e-9032-87c7b6afe717 req-05c16ccb-701b-4738-ba17-7386baa5f612 tempest-TaggedAttachmentsTest-1601119526 tempest-TaggedAttachmentsTest-1601119526-project-member] Empty body provided in request {{(pid=89503) get_body /opt/stack/cinder/cinder/api/openstack/wsgi.py:725}}
Sep 05 04:39:53 devstack devstack@c-api.service[89503]: DEBUG cinder.api.openstack.wsgi [req-2aaad9f3-2a3f-4e6e-9032-87c7b6afe717 req-05c16ccb-701b-4738-ba17-7386baa5f612 tempest-TaggedAttachmentsTest-1601119526 tempest-TaggedAttachmentsTest-1601119526-project-member] Calling method 'show' {{(pid=89503) _process_stack /opt/stack/cinder/cinder/api/openstack/wsgi.py:878}}
Sep 05 04:39:53 devstack devstack@c-api.service[89502]: INFO cinder.volume.api [None req-406659c1-1ab2-4d1d-ade2-bc39545b02fa tempest-SnapshotsActionsTest-1124761940 tempest-SnapshotsActionsTest-1124761940-project-member] Availability Zones retrieved successfully.
Sep 05 04:39:53 devstack devstack@c-api.service[89503]: /opt/stack/cinder/cinder/objects/volume.py:315: DeprecationWarning: Passing item_cls to obj_make_list() is deprecated. The item class is now derived from the list object's field definition.
Sep 05 04:39:53 devstack devstack@c-api.service[89503]: attachments = base.obj_make_list(
Sep 05 04:39:53 devstack devstack@c-api.service[89503]: /opt/stack/data/venv/lib/python3.12/site-packages/oslo_context/context.py:102: DeprecationWarning: Policy enforcement is depending on the value of is_admin. This key is deprecated. Please update your policy file to use the standard policy values.
Sep 05 04:39:53 devstack devstack@c-api.service[89503]: warnings.warn(
Sep 05 04:39:53 devstack devstack@c-api.service[89503]: INFO cinder.volume.api [req-2aaad9f3-2a3f-4e6e-9032-87c7b6afe717 req-05c16ccb-701b-4738-ba17-7386baa5f612 tempest-TaggedAttachmentsTest-1601119526 tempest-TaggedAttachmentsTest-1601119526-project-member] Volume info retrieved successfully.
Sep 05 04:39:53 devstack devstack@c-api.service[89503]: INFO cinder.api.openstack.wsgi [req-2aaad9f3-2a3f-4e6e-9032-87c7b6afe717 req-05c16ccb-701b-4738-ba17-7386baa5f612 tempest-TaggedAttachmentsTest-1601119526 tempest-TaggedAttachmentsTest-1601119526-project-member] http://192.168.122.229/volume/v3/volumes/8bd37196-1192-46d6-92c0-9b9196da4fb5 returned with HTTP 200
Sep 05 04:39:53 devstack devstack@c-api.service[89502]: DEBUG cinder.volume.api [None req-406659c1-1ab2-4d1d-ade2-bc39545b02fa tempest-SnapshotsActionsTest-1124761940 tempest-SnapshotsActionsTest-1124761940-project-member] Flow 'volume_create_api' (39f91428-ff97-45ba-9128-93e9b8f47eeb) transitioned into state 'RUNNING' from state 'PENDING' {{(pid=89502) _flow_receiver /opt/stack/data/venv/lib/python3.12/site-packages/taskflow/listeners/logging.py:160}}
Sep 05 04:39:53 devstack devstack@c-api.service[89503]: [pid: 89503|app: 0|req: 82/162] 192.168.122.229 () {62 vars in 1528 bytes} [Sat Sep 5 04:39:53 2026] GET /volume/v3/volumes/8bd37196-1192-46d6-92c0-9b9196da4fb5 => generated 1033 bytes in 50 msecs (HTTP/1.1 200) 7 headers in 287 bytes (1 switches on core 0)
Sep 05 04:39:53 devstack devstack@c-api.service[89503]: DEBUG cinder.api.middleware.request_id [req-3c2828d4-88a0-4c02-92b4-da65ace827b2 req-ba680cf3-0c4e-492b-98c2-4fc371d40805 None None] RequestId filter calling following filter/app {{(pid=89503) _context_setter /opt/stack/cinder/cinder/api/middleware/request_id.py:62}}
Sep 05 04:39:53 devstack devstack@c-api.service[89503]: INFO cinder.api.openstack.wsgi [req-3c2828d4-88a0-4c02-92b4-da65ace827b2 req-ba680cf3-0c4e-492b-98c2-4fc371d40805 tempest-VolumesGetTestJSON-1539574704 tempest-VolumesGetTestJSON-1539574704-project-member] GET http://192.168.122.229/volume/v3/volumes/8a36cc68-a7df-4774-853f-f1b7cb0e3103
Sep 05 04:39:53 devstack devstack@c-api.service[89503]: DEBUG cinder.api.openstack.wsgi [req-3c2828d4-88a0-4c02-92b4-da65ace827b2 req-ba680cf3-0c4e-492b-98c2-4fc371d40805 tempest-VolumesGetTestJSON-1539574704 tempest-VolumesGetTestJSON-1539574704-project-member] Empty body provided in request {{(pid=89503) get_body /opt/stack/cinder/cinder/api/openstack/wsgi.py:725}}
Sep 05 04:39:53 devstack devstack@c-api.service[89502]: DEBUG cinder.volume.api [None req-406659c1-1ab2-4d1d-ade2-bc39545b02fa tempest-SnapshotsActionsTest-1124761940 tempest-SnapshotsActionsTest-1124761940-project-member] Task 'cinder.volume.flows.api.create_volume.ExtractVolumeRequestTask;volume:create' (a8b8bff2-6398-4623-bc3e-54b065a62011) transitioned into state 'RUNNING' from state 'PENDING' {{(pid=89502) _task_receiver /opt/stack/data/venv/lib/python3.12/site-packages/taskflow/listeners/logging.py:242}}
Sep 05 04:39:53 devstack devstack@c-api.service[89503]: DEBUG cinder.api.openstack.wsgi [req-3c2828d4-88a0-4c02-92b4-da65ace827b2 req-ba680cf3-0c4e-492b-98c2-4fc371d40805 tempest-VolumesGetTestJSON-1539574704 tempest-VolumesGetTestJSON-1539574704-project-member] Calling method 'show' {{(pid=89503) _process_stack /opt/stack/cinder/cinder/api/openstack/wsgi.py:878}}
Sep 05 04:39:53 devstack devstack@c-api.service[89502]: DEBUG cinder.volume.flows.api.create_volume [None req-406659c1-1ab2-4d1d-ade2-bc39545b02fa tempest-SnapshotsActionsTest-1124761940 tempest-SnapshotsActionsTest-1124761940-project-member] Validating volume size '1' using validate_int {{(pid=89502) _extract_size /opt/stack/cinder/cinder/volume/flows/api/create_volume.py:226}}
Sep 05 04:39:53 devstack devstack@c-api.service[89503]: /opt/stack/cinder/cinder/objects/volume.py:315: DeprecationWarning: Passing item_cls to obj_make_list() is deprecated. The item class is now derived from the list object's field definition.
Sep 05 04:39:53 devstack devstack@c-api.service[89503]: attachments = base.obj_make_list(
Sep 05 04:39:53 devstack devstack@c-api.service[89503]: /opt/stack/data/venv/lib/python3.12/site-packages/oslo_context/context.py:102: DeprecationWarning: Policy enforcement is depending on the value of is_admin. This key is deprecated. Please update your policy file to use the standard policy values.
Sep 05 04:39:53 devstack devstack@c-api.service[89503]: warnings.warn(
Sep 05 04:39:53 devstack devstack@c-api.service[89503]: INFO cinder.volume.api [req-3c2828d4-88a0-4c02-92b4-da65ace827b2 req-ba680cf3-0c4e-492b-98c2-4fc371d40805 tempest-VolumesGetTestJSON-1539574704 tempest-VolumesGetTestJSON-1539574704-project-member] Volume info retrieved successfully.
Sep 05 04:39:53 devstack devstack@c-api.service[89503]: INFO cinder.api.openstack.wsgi [req-3c2828d4-88a0-4c02-92b4-da65ace827b2 req-ba680cf3-0c4e-492b-98c2-4fc371d40805 tempest-VolumesGetTestJSON-1539574704 tempest-VolumesGetTestJSON-1539574704-project-member] http://192.168.122.229/volume/v3/volumes/8a36cc68-a7df-4774-853f-f1b7cb0e3103 returned with HTTP 200
Sep 05 04:39:53 devstack devstack@c-api.service[89503]: [pid: 89503|app: 0|req: 83/163] 192.168.122.229 () {60 vars in 1487 bytes} [Sat Sep 5 04:39:53 2026] GET /volume/v3/volumes/8a36cc68-a7df-4774-853f-f1b7cb0e3103 => generated 864 bytes in 42 msecs (HTTP/1.1 200) 7 headers in 285 bytes (1 switches on core 0)
Sep 05 04:39:53 devstack devstack@c-api.service[89502]: DEBUG cinder.volume.api [None req-406659c1-1ab2-4d1d-ade2-bc39545b02fa tempest-SnapshotsActionsTest-1124761940 tempest-SnapshotsActionsTest-1124761940-project-member] Task 'cinder.volume.flows.api.create_volume.ExtractVolumeRequestTask;volume:create' (a8b8bff2-6398-4623-bc3e-54b065a62011) transitioned into state 'SUCCESS' from state 'RUNNING' with result '{'size': 1, 'snapshot_id': None, 'source_volid': None, 'volume_type': VolumeType(created_at=2026-09-05T02:25:03Z,deleted=False,deleted_at=None,description=None,extra_specs={},id=e98cd512-7611-485b-90a0-8d2a77aacc96,is_public=True,name='QuobyteHD',projects=[],qos_specs=,qos_specs_id=None,updated_at=None), 'volume_type_id': 'e98cd512-7611-485b-90a0-8d2a77aacc96', 'encryption_key_id': None, 'qos_specs': None, 'consistencygroup_id': None, 'cgsnapshot_id': None, 'group_id': None, 'replication_status': 'disabled', 'refresh_az': False, 'backup_id': None, 'multiattach': False, 'availability_zones': ['nova']}' {{(pid=89502) _task_receiver /opt/stack/data/venv/lib/python3.12/site-packages/taskflow/listeners/logging.py:218}}
Sep 05 04:39:53 devstack devstack@c-api.service[89502]: DEBUG cinder.volume.api [None req-406659c1-1ab2-4d1d-ade2-bc39545b02fa tempest-SnapshotsActionsTest-1124761940 tempest-SnapshotsActionsTest-1124761940-project-member] Task 'cinder.volume.flows.api.create_volume.QuotaReserveTask;volume:create' (57a55c75-1fb7-4da9-afe7-7a790033c050) transitioned into state 'RUNNING' from state 'PENDING' {{(pid=89502) _task_receiver /opt/stack/data/venv/lib/python3.12/site-packages/taskflow/listeners/logging.py:242}}
Sep 05 04:39:53 devstack devstack@c-api.service[89503]: DEBUG cinder.api.middleware.request_id [req-2aaad9f3-2a3f-4e6e-9032-87c7b6afe717 req-740ac374-b672-431b-9abc-8cf01dba0130 None None] RequestId filter calling following filter/app {{(pid=89503) _context_setter /opt/stack/cinder/cinder/api/middleware/request_id.py:62}}
Sep 05 04:39:53 devstack devstack@c-api.service[89503]: INFO cinder.api.openstack.wsgi [req-2aaad9f3-2a3f-4e6e-9032-87c7b6afe717 req-740ac374-b672-431b-9abc-8cf01dba0130 tempest-TaggedAttachmentsTest-1601119526 tempest-TaggedAttachmentsTest-1601119526-project-member] PUT http://192.168.122.229/volume/v3/attachments/f0b62190-0516-43bc-ad0c-8b831a440761
Sep 05 04:39:53 devstack devstack@c-api.service[89503]: DEBUG cinder.api.openstack.wsgi [req-2aaad9f3-2a3f-4e6e-9032-87c7b6afe717 req-740ac374-b672-431b-9abc-8cf01dba0130 tempest-TaggedAttachmentsTest-1601119526 tempest-TaggedAttachmentsTest-1601119526-project-member] Action: 'update', calling method: version_select, body: {"attachment": {"connector": {"platform": "x86_64", "os_type": "linux", "ip": "192.168.122.229", "host": "devstack", "multipath": false, "enforce_multipath": true, "initiator": "iqn.2016-04.com.open-iscsi:7d419ed82db2", "do_local_attach": false, "uuid": "d26e695a-c18f-459b-8eec-b70914f502f5", "system uuid": "610f30df-d72b-441c-a553-4f6ddd9500f9", "nvme_native_multipath": false, "mountpoint": "/dev/vdb"}}} {{(pid=89503) _process_stack /opt/stack/cinder/cinder/api/openstack/wsgi.py:876}}
Sep 05 04:39:53 devstack devstack@c-api.service[89503]: DEBUG cinder.coordination [req-2aaad9f3-2a3f-4e6e-9032-87c7b6afe717 req-740ac374-b672-431b-9abc-8cf01dba0130 tempest-TaggedAttachmentsTest-1601119526 tempest-TaggedAttachmentsTest-1601119526-project-member] Acquiring lock "cinder-attachment_update-8bd37196-1192-46d6-92c0-9b9196da4fb5-devstack" by "attachment_update" {{(pid=89503) __acquire /opt/stack/cinder/cinder/coordination.py:138}}
Sep 05 04:39:53 devstack devstack@c-api.service[89503]: DEBUG cinder.coordination [req-2aaad9f3-2a3f-4e6e-9032-87c7b6afe717 req-740ac374-b672-431b-9abc-8cf01dba0130 tempest-TaggedAttachmentsTest-1601119526 tempest-TaggedAttachmentsTest-1601119526-project-member] Lock "cinder-attachment_update-8bd37196-1192-46d6-92c0-9b9196da4fb5-devstack" acquired by "attachment_update" :: waited 0.021s {{(pid=89503) __acquire /opt/stack/cinder/cinder/coordination.py:141}}
Sep 05 04:39:53 devstack devstack@c-api.service[89503]: /opt/stack/data/venv/lib/python3.12/site-packages/oslo_context/context.py:102: DeprecationWarning: Policy enforcement is depending on the value of is_admin. This key is deprecated. Please update your policy file to use the standard policy values.
Sep 05 04:39:53 devstack devstack@c-api.service[89503]: warnings.warn(
Sep 05 04:39:53 devstack devstack@c-api.service[89503]: /opt/stack/cinder/cinder/objects/volume.py:315: DeprecationWarning: Passing item_cls to obj_make_list() is deprecated. The item class is now derived from the list object's field definition.
Sep 05 04:39:53 devstack devstack@c-api.service[89503]: attachments = base.obj_make_list(
Sep 05 04:39:54 devstack devstack@c-api.service[89502]: DEBUG cinder.quota [None req-406659c1-1ab2-4d1d-ade2-bc39545b02fa tempest-SnapshotsActionsTest-1124761940 tempest-SnapshotsActionsTest-1124761940-project-member] Created reservations ['fc46cb87-db56-408a-88e5-1fe67c7df28e', 'ec0aa259-3d0f-4062-a900-03d0b79718b3', '7206aaad-856d-439f-aa95-17632cf2239b', 'fb4feb2e-46e5-4d33-8ee3-47210e033c87'] {{(pid=89502) reserve /opt/stack/cinder/cinder/quota.py:752}}
Sep 05 04:39:54 devstack devstack@c-api.service[89502]: DEBUG cinder.volume.api [None req-406659c1-1ab2-4d1d-ade2-bc39545b02fa tempest-SnapshotsActionsTest-1124761940 tempest-SnapshotsActionsTest-1124761940-project-member] Task 'cinder.volume.flows.api.create_volume.QuotaReserveTask;volume:create' (57a55c75-1fb7-4da9-afe7-7a790033c050) transitioned into state 'SUCCESS' from state 'RUNNING' with result '{'reservations': ['fc46cb87-db56-408a-88e5-1fe67c7df28e', 'ec0aa259-3d0f-4062-a900-03d0b79718b3', '7206aaad-856d-439f-aa95-17632cf2239b', 'fb4feb2e-46e5-4d33-8ee3-47210e033c87']}' {{(pid=89502) _task_receiver /opt/stack/data/venv/lib/python3.12/site-packages/taskflow/listeners/logging.py:218}}
Sep 05 04:39:54 devstack devstack@c-api.service[89502]: DEBUG cinder.volume.api [None req-406659c1-1ab2-4d1d-ade2-bc39545b02fa tempest-SnapshotsActionsTest-1124761940 tempest-SnapshotsActionsTest-1124761940-project-member] Task 'cinder.volume.flows.api.create_volume.EntryCreateTask;volume:create' (aaefc6d8-61b1-4e66-b4d4-896594f655c8) transitioned into state 'RUNNING' from state 'PENDING' {{(pid=89502) _task_receiver /opt/stack/data/venv/lib/python3.12/site-packages/taskflow/listeners/logging.py:242}}
Sep 05 04:39:54 devstack devstack@c-api.service[89502]: /opt/stack/cinder/cinder/objects/volume.py:315: DeprecationWarning: Passing item_cls to obj_make_list() is deprecated. The item class is now derived from the list object's field definition.
Sep 05 04:39:54 devstack devstack@c-api.service[89502]: attachments = base.obj_make_list(
