Jun 26 18:40:10 devstack devstack@c-api.service[93482]: DEBUG cinder.api.v3.group_snapshots [None req-f7f91fb1-79e6-4e38-9694-02db75e763d4 tempest-GroupSnapshotsTest-1608754754 tempest-GroupSnapshotsTest-1608754754-project-member] delete called for member 99b3b141-c22b-4eaa-a2a9-e6605dd57452 {{(pid=93482) delete /opt/stack/cinder/cinder/api/v3/group_snapshots.py:72}}
Jun 26 18:40:10 devstack devstack@c-api.service[93482]: INFO cinder.api.v3.group_snapshots [None req-f7f91fb1-79e6-4e38-9694-02db75e763d4 tempest-GroupSnapshotsTest-1608754754 tempest-GroupSnapshotsTest-1608754754-project-member] Delete group_snapshot with id: 99b3b141-c22b-4eaa-a2a9-e6605dd57452
Jun 26 18:40:10 devstack devstack@c-api.service[93482]: /opt/stack/data/venv/lib/python3.12/site-packages/oslo_context/context.py:102: DeprecationWarning: Policy enforcement is depending on the value of is_admin. This key is deprecated. Please update your policy file to use the standard policy values.
Jun 26 18:40:10 devstack devstack@c-api.service[93482]: warnings.warn(
Jun 26 18:40:10 devstack devstack@c-api.service[93482]: INFO cinder.api.openstack.wsgi [None req-f7f91fb1-79e6-4e38-9694-02db75e763d4 tempest-GroupSnapshotsTest-1608754754 tempest-GroupSnapshotsTest-1608754754-project-member] http://192.168.122.43/volume/v3/group_snapshots/99b3b141-c22b-4eaa-a2a9-e6605dd57452 returned with HTTP 202
Jun 26 18:40:10 devstack devstack@c-api.service[93482]: [pid: 93482|app: 0|req: 138/278] 192.168.122.43 () {60 vars in 1295 bytes} [Fri Jun 26 18:40:10 2026] DELETE /volume/v3/group_snapshots/99b3b141-c22b-4eaa-a2a9-e6605dd57452 => generated 0 bytes in 142 msecs (HTTP/1.1 202) 6 headers in 234 bytes (1 switches on core 0)
Jun 26 18:40:10 devstack devstack@c-api.service[93481]: DEBUG cinder.api.middleware.request_id [None req-6e902a2a-3eda-44da-83c9-f5418cc6ca32 None None] RequestId filter calling following filter/app {{(pid=93481) _context_setter /opt/stack/cinder/cinder/api/middleware/request_id.py:62}}
Jun 26 18:40:10 devstack devstack@c-api.service[93481]: INFO cinder.api.openstack.wsgi [None req-6e902a2a-3eda-44da-83c9-f5418cc6ca32 tempest-GroupSnapshotsTest-1608754754 tempest-GroupSnapshotsTest-1608754754-project-member] GET http://192.168.122.43/volume/v3/volumes/detail
Jun 26 18:40:10 devstack devstack@c-api.service[93481]: DEBUG cinder.api.openstack.wsgi [None req-6e902a2a-3eda-44da-83c9-f5418cc6ca32 tempest-GroupSnapshotsTest-1608754754 tempest-GroupSnapshotsTest-1608754754-project-member] Empty body provided in request {{(pid=93481) get_body /opt/stack/cinder/cinder/api/openstack/wsgi.py:725}}
Jun 26 18:40:10 devstack devstack@c-api.service[93481]: DEBUG cinder.api.openstack.wsgi [None req-6e902a2a-3eda-44da-83c9-f5418cc6ca32 tempest-GroupSnapshotsTest-1608754754 tempest-GroupSnapshotsTest-1608754754-project-member] Calling method 'detail' {{(pid=93481) _process_stack /opt/stack/cinder/cinder/api/openstack/wsgi.py:878}}
Jun 26 18:40:10 devstack devstack@c-api.service[93481]: DEBUG cinder.api.api_utils [None req-6e902a2a-3eda-44da-83c9-f5418cc6ca32 tempest-GroupSnapshotsTest-1608754754 tempest-GroupSnapshotsTest-1608754754-project-member] Removing options '' from query. {{(pid=93481) remove_invalid_filter_options /opt/stack/cinder/cinder/api/api_utils.py:82}}
Jun 26 18:40:10 devstack devstack@c-api.service[93481]: /opt/stack/data/venv/lib/python3.12/site-packages/oslo_context/context.py:102: DeprecationWarning: Policy enforcement is depending on the value of is_admin. This key is deprecated. Please update your policy file to use the standard policy values.
Jun 26 18:40:10 devstack devstack@c-api.service[93481]: warnings.warn(
Jun 26 18:40:10 devstack devstack@c-api.service[93481]: DEBUG cinder.volume.api [None req-6e902a2a-3eda-44da-83c9-f5418cc6ca32 tempest-GroupSnapshotsTest-1608754754 tempest-GroupSnapshotsTest-1608754754-project-member] Searching by: MultiDict([('no_migration_targets', True)]). {{(pid=93481) get_all /opt/stack/cinder/cinder/volume/api.py:664}}
Jun 26 18:40:10 devstack devstack@c-api.service[93481]: INFO cinder.volume.api [None req-6e902a2a-3eda-44da-83c9-f5418cc6ca32 tempest-GroupSnapshotsTest-1608754754 tempest-GroupSnapshotsTest-1608754754-project-member] Get all volumes completed successfully.
Jun 26 18:40:10 devstack devstack@c-api.service[93481]: WARNING stevedore.named [None req-6e902a2a-3eda-44da-83c9-f5418cc6ca32 tempest-GroupSnapshotsTest-1608754754 tempest-GroupSnapshotsTest-1608754754-project-member] Could not load cinder.keymgr.conf_key_mgr.ConfKeyManager
Jun 26 18:40:10 devstack devstack@c-api.service[93481]: WARNING castellan.key_manager [None req-6e902a2a-3eda-44da-83c9-f5418cc6ca32 tempest-GroupSnapshotsTest-1608754754 tempest-GroupSnapshotsTest-1608754754-project-member] Deprecation Warning : cinder.keymgr.conf_key_mgr.ConfKeyManager is not a stevedore based driver, trying to load it as a class: stevedore.exception.NoMatches: No 'castellan.drivers' driver found, looking for 'cinder.keymgr.conf_key_mgr.ConfKeyManager'
Jun 26 18:40:10 devstack devstack@c-api.service[93481]: DEBUG oslo_db.sqlalchemy.engines [None req-6e902a2a-3eda-44da-83c9-f5418cc6ca32 tempest-GroupSnapshotsTest-1608754754 tempest-GroupSnapshotsTest-1608754754-project-member] MySQL server mode set to STRICT_TRANS_TABLES,STRICT_ALL_TABLES,NO_ZERO_IN_DATE,NO_ZERO_DATE,ERROR_FOR_DIVISION_BY_ZERO,TRADITIONAL,NO_ENGINE_SUBSTITUTION {{(pid=93481) _check_effective_sql_mode /opt/stack/data/venv/lib/python3.12/site-packages/oslo_db/sqlalchemy/engines.py:325}}
Jun 26 18:40:10 devstack devstack@c-api.service[93481]: /opt/stack/data/venv/lib/python3.12/site-packages/oslo_context/context.py:102: DeprecationWarning: Policy enforcement is depending on the value of is_admin. This key is deprecated. Please update your policy file to use the standard policy values.
Jun 26 18:40:10 devstack devstack@c-api.service[93481]: warnings.warn(
Jun 26 18:40:10 devstack devstack@c-api.service[93481]: INFO cinder.api.openstack.wsgi [None req-6e902a2a-3eda-44da-83c9-f5418cc6ca32 tempest-GroupSnapshotsTest-1608754754 tempest-GroupSnapshotsTest-1608754754-project-member] http://192.168.122.43/volume/v3/volumes/detail returned with HTTP 200
Jun 26 18:40:10 devstack devstack@c-api.service[93481]: [pid: 93481|app: 0|req: 141/279] 192.168.122.43 () {60 vars in 1178 bytes} [Fri Jun 26 18:40:10 2026] GET /volume/v3/volumes/detail => generated 925 bytes in 223 msecs (HTTP/1.1 200) 7 headers in 286 bytes (1 switches on core 0)
Jun 26 18:40:10 devstack devstack@c-api.service[93482]: DEBUG cinder.api.middleware.request_id [None req-3f4770bf-da1f-45c9-9927-83e25a2e65ad None None] RequestId filter calling following filter/app {{(pid=93482) _context_setter /opt/stack/cinder/cinder/api/middleware/request_id.py:62}}
Jun 26 18:40:10 devstack devstack@c-api.service[93482]: INFO cinder.api.openstack.wsgi [None req-3f4770bf-da1f-45c9-9927-83e25a2e65ad tempest-GroupSnapshotsTest-1608754754 tempest-GroupSnapshotsTest-1608754754-project-member] GET http://192.168.122.43/volume/v3/snapshots/detail
Jun 26 18:40:10 devstack devstack@c-api.service[93482]: DEBUG cinder.api.openstack.wsgi [None req-3f4770bf-da1f-45c9-9927-83e25a2e65ad tempest-GroupSnapshotsTest-1608754754 tempest-GroupSnapshotsTest-1608754754-project-member] Empty body provided in request {{(pid=93482) get_body /opt/stack/cinder/cinder/api/openstack/wsgi.py:725}}
Jun 26 18:40:10 devstack devstack@c-api.service[93482]: DEBUG cinder.api.openstack.wsgi [None req-3f4770bf-da1f-45c9-9927-83e25a2e65ad tempest-GroupSnapshotsTest-1608754754 tempest-GroupSnapshotsTest-1608754754-project-member] Calling method 'detail' {{(pid=93482) _process_stack /opt/stack/cinder/cinder/api/openstack/wsgi.py:878}}
Jun 26 18:40:10 devstack devstack@c-api.service[93482]: DEBUG cinder.api.api_utils [None req-3f4770bf-da1f-45c9-9927-83e25a2e65ad tempest-GroupSnapshotsTest-1608754754 tempest-GroupSnapshotsTest-1608754754-project-member] Removing options '' from query. {{(pid=93482) remove_invalid_filter_options /opt/stack/cinder/cinder/api/api_utils.py:82}}
Jun 26 18:40:10 devstack devstack@c-api.service[93482]: /opt/stack/data/venv/lib/python3.12/site-packages/oslo_context/context.py:102: DeprecationWarning: Policy enforcement is depending on the value of is_admin. This key is deprecated. Please update your policy file to use the standard policy values.
Jun 26 18:40:10 devstack devstack@c-api.service[93482]: warnings.warn(
Jun 26 18:40:10 devstack devstack@c-api.service[93482]: DEBUG cinder.db.api [None req-3f4770bf-da1f-45c9-9927-83e25a2e65ad tempest-GroupSnapshotsTest-1608754754 tempest-GroupSnapshotsTest-1608754754-project-member] Building query based on filter {{(pid=93482) _process_snaps_filters /opt/stack/cinder/cinder/db/api.py:3942}}
Jun 26 18:40:10 devstack devstack@c-api.service[93482]: INFO cinder.volume.api [None req-3f4770bf-da1f-45c9-9927-83e25a2e65ad tempest-GroupSnapshotsTest-1608754754 tempest-GroupSnapshotsTest-1608754754-project-member] Get all snapshots completed successfully.
Jun 26 18:40:10 devstack devstack@c-api.service[93482]: /opt/stack/data/venv/lib/python3.12/site-packages/oslo_context/context.py:102: DeprecationWarning: Policy enforcement is depending on the value of is_admin. This key is deprecated. Please update your policy file to use the standard policy values.
Jun 26 18:40:10 devstack devstack@c-api.service[93482]: warnings.warn(
Jun 26 18:40:10 devstack devstack@c-api.service[93482]: INFO cinder.api.openstack.wsgi [None req-3f4770bf-da1f-45c9-9927-83e25a2e65ad tempest-GroupSnapshotsTest-1608754754 tempest-GroupSnapshotsTest-1608754754-project-member] http://192.168.122.43/volume/v3/snapshots/detail returned with HTTP 200
Jun 26 18:40:10 devstack devstack@c-api.service[93482]: [pid: 93482|app: 0|req: 139/280] 192.168.122.43 () {58 vars in 1143 bytes} [Fri Jun 26 18:40:10 2026] GET /volume/v3/snapshots/detail => generated 453 bytes in 39 msecs (HTTP/1.1 200) 7 headers in 285 bytes (1 switches on core 0)
Jun 26 18:40:10 devstack devstack@c-api.service[93481]: DEBUG cinder.api.middleware.request_id [None req-ab74c4f7-eb8f-409c-a1c4-638357a424f0 None None] RequestId filter calling following filter/app {{(pid=93481) _context_setter /opt/stack/cinder/cinder/api/middleware/request_id.py:62}}
Jun 26 18:40:10 devstack devstack@c-api.service[93481]: INFO cinder.api.openstack.wsgi [None req-ab74c4f7-eb8f-409c-a1c4-638357a424f0 tempest-GroupSnapshotsTest-1608754754 tempest-GroupSnapshotsTest-1608754754-project-member] GET http://192.168.122.43/volume/v3/snapshots/2f3a8af8-2727-47a9-9f62-faffb1981c90
Jun 26 18:40:10 devstack devstack@c-api.service[93481]: DEBUG cinder.api.openstack.wsgi [None req-ab74c4f7-eb8f-409c-a1c4-638357a424f0 tempest-GroupSnapshotsTest-1608754754 tempest-GroupSnapshotsTest-1608754754-project-member] Empty body provided in request {{(pid=93481) get_body /opt/stack/cinder/cinder/api/openstack/wsgi.py:725}}
Jun 26 18:40:10 devstack devstack@c-api.service[93481]: DEBUG cinder.api.openstack.wsgi [None req-ab74c4f7-eb8f-409c-a1c4-638357a424f0 tempest-GroupSnapshotsTest-1608754754 tempest-GroupSnapshotsTest-1608754754-project-member] Calling method 'show' {{(pid=93481) _process_stack /opt/stack/cinder/cinder/api/openstack/wsgi.py:878}}
Jun 26 18:40:10 devstack devstack@c-api.service[93481]: /opt/stack/data/venv/lib/python3.12/site-packages/oslo_context/context.py:102: DeprecationWarning: Policy enforcement is depending on the value of is_admin. This key is deprecated. Please update your policy file to use the standard policy values.
Jun 26 18:40:10 devstack devstack@c-api.service[93481]: warnings.warn(
Jun 26 18:40:10 devstack devstack@c-api.service[93481]: INFO cinder.volume.api [None req-ab74c4f7-eb8f-409c-a1c4-638357a424f0 tempest-GroupSnapshotsTest-1608754754 tempest-GroupSnapshotsTest-1608754754-project-member] Snapshot retrieved successfully.
Jun 26 18:40:10 devstack devstack@c-api.service[93481]: INFO cinder.api.openstack.wsgi [None req-ab74c4f7-eb8f-409c-a1c4-638357a424f0 tempest-GroupSnapshotsTest-1608754754 tempest-GroupSnapshotsTest-1608754754-project-member] http://192.168.122.43/volume/v3/snapshots/2f3a8af8-2727-47a9-9f62-faffb1981c90 returned with HTTP 200
Jun 26 18:40:10 devstack devstack@c-api.service[93481]: [pid: 93481|app: 0|req: 142/281] 192.168.122.43 () {58 vars in 1233 bytes} [Fri Jun 26 18:40:10 2026] GET /volume/v3/snapshots/2f3a8af8-2727-47a9-9f62-faffb1981c90 => generated 450 bytes in 44 msecs (HTTP/1.1 200) 7 headers in 285 bytes (1 switches on core 0)
Jun 26 18:40:10 devstack devstack@c-api.service[93482]: DEBUG cinder.api.middleware.request_id [req-5dfd235c-5dc7-42e0-8a59-cc79d573b000 req-2f340e05-7a0a-4d96-80ee-cf4e705b1ecd None None] RequestId filter calling following filter/app {{(pid=93482) _context_setter /opt/stack/cinder/cinder/api/middleware/request_id.py:62}}
Jun 26 18:40:10 devstack devstack@c-api.service[93482]: INFO cinder.api.openstack.wsgi [req-5dfd235c-5dc7-42e0-8a59-cc79d573b000 req-2f340e05-7a0a-4d96-80ee-cf4e705b1ecd tempest-DeleteServersTestJSON-1205608279 tempest-DeleteServersTestJSON-1205608279-project-member] DELETE http://192.168.122.43/volume/v3/attachments/8bbcd398-a7b4-41d0-a2da-7b43314da6dd
Jun 26 18:40:10 devstack devstack@c-api.service[93482]: DEBUG cinder.api.openstack.wsgi [req-5dfd235c-5dc7-42e0-8a59-cc79d573b000 req-2f340e05-7a0a-4d96-80ee-cf4e705b1ecd tempest-DeleteServersTestJSON-1205608279 tempest-DeleteServersTestJSON-1205608279-project-member] Empty body provided in request {{(pid=93482) get_body /opt/stack/cinder/cinder/api/openstack/wsgi.py:725}}
Jun 26 18:40:10 devstack devstack@c-api.service[93482]: DEBUG cinder.api.openstack.wsgi [req-5dfd235c-5dc7-42e0-8a59-cc79d573b000 req-2f340e05-7a0a-4d96-80ee-cf4e705b1ecd tempest-DeleteServersTestJSON-1205608279 tempest-DeleteServersTestJSON-1205608279-project-member] Calling method 'version_select' {{(pid=93482) _process_stack /opt/stack/cinder/cinder/api/openstack/wsgi.py:878}}
Jun 26 18:40:10 devstack devstack@c-api.service[93482]: /opt/stack/data/venv/lib/python3.12/site-packages/oslo_context/context.py:102: DeprecationWarning: Policy enforcement is depending on the value of is_admin. This key is deprecated. Please update your policy file to use the standard policy values.
Jun 26 18:40:10 devstack devstack@c-api.service[93482]: warnings.warn(
Jun 26 18:40:11 devstack devstack@c-api.service[93482]: INFO cinder.api.openstack.wsgi [req-5dfd235c-5dc7-42e0-8a59-cc79d573b000 req-2f340e05-7a0a-4d96-80ee-cf4e705b1ecd tempest-DeleteServersTestJSON-1205608279 tempest-DeleteServersTestJSON-1205608279-project-member] http://192.168.122.43/volume/v3/attachments/8bbcd398-a7b4-41d0-a2da-7b43314da6dd returned with HTTP 200
Jun 26 18:40:11 devstack devstack@c-api.service[93482]: [pid: 93482|app: 0|req: 140/282] 192.168.122.43 () {64 vars in 1557 bytes} [Fri Jun 26 18:40:10 2026] DELETE /volume/v3/attachments/8bbcd398-a7b4-41d0-a2da-7b43314da6dd => generated 19 bytes in 766 msecs (HTTP/1.1 200) 7 headers in 285 bytes (1 switches on core 0)
Jun 26 18:40:11 devstack devstack@c-api.service[93481]: DEBUG cinder.api.middleware.request_id [None req-0b95f6b3-a4e1-4a00-9f39-698297d0ec96 None None] RequestId filter calling following filter/app {{(pid=93481) _context_setter /opt/stack/cinder/cinder/api/middleware/request_id.py:62}}
Jun 26 18:40:11 devstack devstack@c-api.service[93481]: INFO cinder.api.openstack.wsgi [None req-0b95f6b3-a4e1-4a00-9f39-698297d0ec96 tempest-GroupSnapshotsTest-1608754754 tempest-GroupSnapshotsTest-1608754754-project-member] GET http://192.168.122.43/volume/v3/snapshots/2f3a8af8-2727-47a9-9f62-faffb1981c90
Jun 26 18:40:11 devstack devstack@c-api.service[93481]: DEBUG cinder.api.openstack.wsgi [None req-0b95f6b3-a4e1-4a00-9f39-698297d0ec96 tempest-GroupSnapshotsTest-1608754754 tempest-GroupSnapshotsTest-1608754754-project-member] Empty body provided in request {{(pid=93481) get_body /opt/stack/cinder/cinder/api/openstack/wsgi.py:725}}
Jun 26 18:40:11 devstack devstack@c-api.service[93481]: DEBUG cinder.api.openstack.wsgi [None req-0b95f6b3-a4e1-4a00-9f39-698297d0ec96 tempest-GroupSnapshotsTest-1608754754 tempest-GroupSnapshotsTest-1608754754-project-member] Calling method 'show' {{(pid=93481) _process_stack /opt/stack/cinder/cinder/api/openstack/wsgi.py:878}}
Jun 26 18:40:11 devstack devstack@c-api.service[93481]: /opt/stack/data/venv/lib/python3.12/site-packages/oslo_context/context.py:102: DeprecationWarning: Policy enforcement is depending on the value of is_admin. This key is deprecated. Please update your policy file to use the standard policy values.
Jun 26 18:40:11 devstack devstack@c-api.service[93481]: warnings.warn(
Jun 26 18:40:11 devstack devstack@c-api.service[93481]: INFO cinder.volume.api [None req-0b95f6b3-a4e1-4a00-9f39-698297d0ec96 tempest-GroupSnapshotsTest-1608754754 tempest-GroupSnapshotsTest-1608754754-project-member] Snapshot retrieved successfully.
Jun 26 18:40:11 devstack devstack@c-api.service[93481]: INFO cinder.api.openstack.wsgi [None req-0b95f6b3-a4e1-4a00-9f39-698297d0ec96 tempest-GroupSnapshotsTest-1608754754 tempest-GroupSnapshotsTest-1608754754-project-member] http://192.168.122.43/volume/v3/snapshots/2f3a8af8-2727-47a9-9f62-faffb1981c90 returned with HTTP 200
Jun 26 18:40:11 devstack devstack@c-api.service[93481]: [pid: 93481|app: 0|req: 143/283] 192.168.122.43 () {58 vars in 1233 bytes} [Fri Jun 26 18:40:11 2026] GET /volume/v3/snapshots/2f3a8af8-2727-47a9-9f62-faffb1981c90 => generated 450 bytes in 118 msecs (HTTP/1.1 200) 7 headers in 285 bytes (1 switches on core 0)
Jun 26 18:40:12 devstack devstack@c-api.service[93482]: DEBUG cinder.api.middleware.request_id [None req-2ee48cfb-c915-48fb-acf5-13d5b8019830 None None] RequestId filter calling following filter/app {{(pid=93482) _context_setter /opt/stack/cinder/cinder/api/middleware/request_id.py:62}}
Jun 26 18:40:12 devstack devstack@c-api.service[93482]: INFO cinder.api.openstack.wsgi [None req-2ee48cfb-c915-48fb-acf5-13d5b8019830 tempest-GroupSnapshotsTest-1608754754 tempest-GroupSnapshotsTest-1608754754-project-member] GET http://192.168.122.43/volume/v3/snapshots/2f3a8af8-2727-47a9-9f62-faffb1981c90
Jun 26 18:40:12 devstack devstack@c-api.service[93482]: DEBUG cinder.api.openstack.wsgi [None req-2ee48cfb-c915-48fb-acf5-13d5b8019830 tempest-GroupSnapshotsTest-1608754754 tempest-GroupSnapshotsTest-1608754754-project-member] Empty body provided in request {{(pid=93482) get_body /opt/stack/cinder/cinder/api/openstack/wsgi.py:725}}
Jun 26 18:40:12 devstack devstack@c-api.service[93482]: DEBUG cinder.api.openstack.wsgi [None req-2ee48cfb-c915-48fb-acf5-13d5b8019830 tempest-GroupSnapshotsTest-1608754754 tempest-GroupSnapshotsTest-1608754754-project-member] Calling method 'show' {{(pid=93482) _process_stack /opt/stack/cinder/cinder/api/openstack/wsgi.py:878}}
Jun 26 18:40:12 devstack devstack@c-api.service[93482]: /opt/stack/data/venv/lib/python3.12/site-packages/oslo_context/context.py:102: DeprecationWarning: Policy enforcement is depending on the value of is_admin. This key is deprecated. Please update your policy file to use the standard policy values.
Jun 26 18:40:12 devstack devstack@c-api.service[93482]: warnings.warn(
Jun 26 18:40:12 devstack devstack@c-api.service[93482]: INFO cinder.volume.api [None req-2ee48cfb-c915-48fb-acf5-13d5b8019830 tempest-GroupSnapshotsTest-1608754754 tempest-GroupSnapshotsTest-1608754754-project-member] Snapshot retrieved successfully.
Jun 26 18:40:12 devstack devstack@c-api.service[93482]: INFO cinder.api.openstack.wsgi [None req-2ee48cfb-c915-48fb-acf5-13d5b8019830 tempest-GroupSnapshotsTest-1608754754 tempest-GroupSnapshotsTest-1608754754-project-member] http://192.168.122.43/volume/v3/snapshots/2f3a8af8-2727-47a9-9f62-faffb1981c90 returned with HTTP 200
Jun 26 18:40:12 devstack devstack@c-api.service[93482]: [pid: 93482|app: 0|req: 141/284] 192.168.122.43 () {58 vars in 1233 bytes} [Fri Jun 26 18:40:12 2026] GET /volume/v3/snapshots/2f3a8af8-2727-47a9-9f62-faffb1981c90 => generated 450 bytes in 28 msecs (HTTP/1.1 200) 7 headers in 285 bytes (2 switches on core 0)
Jun 26 18:40:13 devstack devstack@c-api.service[93481]: DEBUG cinder.api.middleware.request_id [None req-7451b748-a898-4ae2-93d8-6376e0921612 None None] RequestId filter calling following filter/app {{(pid=93481) _context_setter /opt/stack/cinder/cinder/api/middleware/request_id.py:62}}
Jun 26 18:40:13 devstack devstack@c-api.service[93481]: INFO cinder.api.openstack.wsgi [None req-7451b748-a898-4ae2-93d8-6376e0921612 tempest-GroupSnapshotsTest-1608754754 tempest-GroupSnapshotsTest-1608754754-project-member] GET http://192.168.122.43/volume/v3/snapshots/2f3a8af8-2727-47a9-9f62-faffb1981c90
Jun 26 18:40:13 devstack devstack@c-api.service[93481]: DEBUG cinder.api.openstack.wsgi [None req-7451b748-a898-4ae2-93d8-6376e0921612 tempest-GroupSnapshotsTest-1608754754 tempest-GroupSnapshotsTest-1608754754-project-member] Empty body provided in request {{(pid=93481) get_body /opt/stack/cinder/cinder/api/openstack/wsgi.py:725}}
Jun 26 18:40:13 devstack devstack@c-api.service[93481]: DEBUG cinder.api.openstack.wsgi [None req-7451b748-a898-4ae2-93d8-6376e0921612 tempest-GroupSnapshotsTest-1608754754 tempest-GroupSnapshotsTest-1608754754-project-member] Calling method 'show' {{(pid=93481) _process_stack /opt/stack/cinder/cinder/api/openstack/wsgi.py:878}}
Jun 26 18:40:13 devstack devstack@c-api.service[93481]: /opt/stack/data/venv/lib/python3.12/site-packages/oslo_context/context.py:102: DeprecationWarning: Policy enforcement is depending on the value of is_admin. This key is deprecated. Please update your policy file to use the standard policy values.
Jun 26 18:40:13 devstack devstack@c-api.service[93481]: warnings.warn(
Jun 26 18:40:13 devstack devstack@c-api.service[93481]: INFO cinder.volume.api [None req-7451b748-a898-4ae2-93d8-6376e0921612 tempest-GroupSnapshotsTest-1608754754 tempest-GroupSnapshotsTest-1608754754-project-member] Snapshot retrieved successfully.
Jun 26 18:40:13 devstack devstack@c-api.service[93481]: INFO cinder.api.openstack.wsgi [None req-7451b748-a898-4ae2-93d8-6376e0921612 tempest-GroupSnapshotsTest-1608754754 tempest-GroupSnapshotsTest-1608754754-project-member] http://192.168.122.43/volume/v3/snapshots/2f3a8af8-2727-47a9-9f62-faffb1981c90 returned with HTTP 200
Jun 26 18:40:13 devstack devstack@c-api.service[93481]: [pid: 93481|app: 0|req: 144/285] 192.168.122.43 () {58 vars in 1233 bytes} [Fri Jun 26 18:40:13 2026] GET /volume/v3/snapshots/2f3a8af8-2727-47a9-9f62-faffb1981c90 => generated 450 bytes in 39 msecs (HTTP/1.1 200) 7 headers in 285 bytes (1 switches on core 0)
Jun 26 18:40:14 devstack devstack@c-api.service[93481]: DEBUG cinder.api.middleware.request_id [None req-a3859c7b-0cdd-4ad0-822c-166f7a5df3af None None] RequestId filter calling following filter/app {{(pid=93481) _context_setter /opt/stack/cinder/cinder/api/middleware/request_id.py:62}}
Jun 26 18:40:14 devstack devstack@c-api.service[93482]: DEBUG cinder.api.middleware.request_id [None req-32348735-bb3e-4df2-8c0a-4f73f1370685 None None] RequestId filter calling following filter/app {{(pid=93482) _context_setter /opt/stack/cinder/cinder/api/middleware/request_id.py:62}}
Jun 26 18:40:14 devstack devstack@c-api.service[93482]: INFO cinder.api.openstack.wsgi [None req-32348735-bb3e-4df2-8c0a-4f73f1370685 tempest-GroupSnapshotsTest-1608754754 tempest-GroupSnapshotsTest-1608754754-project-member] GET http://192.168.122.43/volume/v3/snapshots/2f3a8af8-2727-47a9-9f62-faffb1981c90
Jun 26 18:40:14 devstack devstack@c-api.service[93482]: DEBUG cinder.api.openstack.wsgi [None req-32348735-bb3e-4df2-8c0a-4f73f1370685 tempest-GroupSnapshotsTest-1608754754 tempest-GroupSnapshotsTest-1608754754-project-member] Empty body provided in request {{(pid=93482) get_body /opt/stack/cinder/cinder/api/openstack/wsgi.py:725}}
Jun 26 18:40:14 devstack devstack@c-api.service[93481]: INFO cinder.api.openstack.wsgi [None req-a3859c7b-0cdd-4ad0-822c-166f7a5df3af tempest-DeleteServersTestJSON-1205608279 tempest-DeleteServersTestJSON-1205608279-project-member] GET http://192.168.122.43/volume/v3/volumes/68516b3e-09cc-4dec-a271-275a8912de6c
Jun 26 18:40:14 devstack devstack@c-api.service[93482]: DEBUG cinder.api.openstack.wsgi [None req-32348735-bb3e-4df2-8c0a-4f73f1370685 tempest-GroupSnapshotsTest-1608754754 tempest-GroupSnapshotsTest-1608754754-project-member] Calling method 'show' {{(pid=93482) _process_stack /opt/stack/cinder/cinder/api/openstack/wsgi.py:878}}
Jun 26 18:40:14 devstack devstack@c-api.service[93481]: DEBUG cinder.api.openstack.wsgi [None req-a3859c7b-0cdd-4ad0-822c-166f7a5df3af tempest-DeleteServersTestJSON-1205608279 tempest-DeleteServersTestJSON-1205608279-project-member] Empty body provided in request {{(pid=93481) get_body /opt/stack/cinder/cinder/api/openstack/wsgi.py:725}}
Jun 26 18:40:14 devstack devstack@c-api.service[93481]: DEBUG cinder.api.openstack.wsgi [None req-a3859c7b-0cdd-4ad0-822c-166f7a5df3af tempest-DeleteServersTestJSON-1205608279 tempest-DeleteServersTestJSON-1205608279-project-member] Calling method 'show' {{(pid=93481) _process_stack /opt/stack/cinder/cinder/api/openstack/wsgi.py:878}}
Jun 26 18:40:14 devstack devstack@c-api.service[93482]: INFO cinder.api.openstack.wsgi [None req-32348735-bb3e-4df2-8c0a-4f73f1370685 tempest-GroupSnapshotsTest-1608754754 tempest-GroupSnapshotsTest-1608754754-project-member] http://192.168.122.43/volume/v3/snapshots/2f3a8af8-2727-47a9-9f62-faffb1981c90 returned with HTTP 404
Jun 26 18:40:14 devstack devstack@c-api.service[93482]: [pid: 93482|app: 0|req: 142/286] 192.168.122.43 () {58 vars in 1233 bytes} [Fri Jun 26 18:40:14 2026] GET /volume/v3/snapshots/2f3a8af8-2727-47a9-9f62-faffb1981c90 => generated 111 bytes in 29 msecs (HTTP/1.1 404) 7 headers in 292 bytes (1 switches on core 0)
Jun 26 18:40:14 devstack devstack@c-api.service[93482]: DEBUG cinder.api.middleware.request_id [None req-076ea3d9-22da-48b6-b47d-233e788f6666 None None] RequestId filter calling following filter/app {{(pid=93482) _context_setter /opt/stack/cinder/cinder/api/middleware/request_id.py:62}}
Jun 26 18:40:14 devstack devstack@c-api.service[93481]: /opt/stack/data/venv/lib/python3.12/site-packages/oslo_context/context.py:102: DeprecationWarning: Policy enforcement is depending on the value of is_admin. This key is deprecated. Please update your policy file to use the standard policy values.
Jun 26 18:40:14 devstack devstack@c-api.service[93481]: warnings.warn(
Jun 26 18:40:14 devstack devstack@c-api.service[93482]: INFO cinder.api.openstack.wsgi [None req-076ea3d9-22da-48b6-b47d-233e788f6666 tempest-GroupSnapshotsTest-1608754754 tempest-GroupSnapshotsTest-1608754754-project-member] GET http://192.168.122.43/volume/v3/group_snapshots/99b3b141-c22b-4eaa-a2a9-e6605dd57452
Jun 26 18:40:14 devstack devstack@c-api.service[93482]: DEBUG cinder.api.openstack.wsgi [None req-076ea3d9-22da-48b6-b47d-233e788f6666 tempest-GroupSnapshotsTest-1608754754 tempest-GroupSnapshotsTest-1608754754-project-member] Empty body provided in request {{(pid=93482) get_body /opt/stack/cinder/cinder/api/openstack/wsgi.py:725}}
Jun 26 18:40:14 devstack devstack@c-api.service[93482]: DEBUG cinder.api.openstack.wsgi [None req-076ea3d9-22da-48b6-b47d-233e788f6666 tempest-GroupSnapshotsTest-1608754754 tempest-GroupSnapshotsTest-1608754754-project-member] Calling method 'version_select' {{(pid=93482) _process_stack /opt/stack/cinder/cinder/api/openstack/wsgi.py:878}}
Jun 26 18:40:14 devstack devstack@c-api.service[93482]: DEBUG cinder.api.v3.group_snapshots [None req-076ea3d9-22da-48b6-b47d-233e788f6666 tempest-GroupSnapshotsTest-1608754754 tempest-GroupSnapshotsTest-1608754754-project-member] show called for member 99b3b141-c22b-4eaa-a2a9-e6605dd57452 {{(pid=93482) show /opt/stack/cinder/cinder/api/v3/group_snapshots.py:58}}
Jun 26 18:40:14 devstack devstack@c-api.service[93481]: INFO cinder.volume.api [None req-a3859c7b-0cdd-4ad0-822c-166f7a5df3af tempest-DeleteServersTestJSON-1205608279 tempest-DeleteServersTestJSON-1205608279-project-member] Volume info retrieved successfully.
Jun 26 18:40:14 devstack devstack@c-api.service[93482]: INFO cinder.api.openstack.wsgi [None req-076ea3d9-22da-48b6-b47d-233e788f6666 tempest-GroupSnapshotsTest-1608754754 tempest-GroupSnapshotsTest-1608754754-project-member] http://192.168.122.43/volume/v3/group_snapshots/99b3b141-c22b-4eaa-a2a9-e6605dd57452 returned with HTTP 404
Jun 26 18:40:14 devstack devstack@c-api.service[93482]: [pid: 93482|app: 0|req: 143/287] 192.168.122.43 () {60 vars in 1292 bytes} [Fri Jun 26 18:40:14 2026] GET /volume/v3/group_snapshots/99b3b141-c22b-4eaa-a2a9-e6605dd57452 => generated 116 bytes in 26 msecs (HTTP/1.1 404) 7 headers in 293 bytes (1 switches on core 0)
Jun 26 18:40:14 devstack devstack@c-api.service[93481]: INFO cinder.api.openstack.wsgi [None req-a3859c7b-0cdd-4ad0-822c-166f7a5df3af tempest-DeleteServersTestJSON-1205608279 tempest-DeleteServersTestJSON-1205608279-project-member] http://192.168.122.43/volume/v3/volumes/68516b3e-09cc-4dec-a271-275a8912de6c returned with HTTP 200
Jun 26 18:40:14 devstack devstack@c-api.service[93481]: [pid: 93481|app: 0|req: 145/288] 192.168.122.43 () {58 vars in 1227 bytes} [Fri Jun 26 18:40:14 2026] GET /volume/v3/volumes/68516b3e-09cc-4dec-a271-275a8912de6c => generated 851 bytes in 63 msecs (HTTP/1.1 200) 7 headers in 285 bytes (1 switches on core 0)
Jun 26 18:40:15 devstack devstack@c-api.service[93482]: DEBUG cinder.api.middleware.request_id [None req-7a7f7c9b-4c4c-441d-8f45-31feee7ddd47 None None] RequestId filter calling following filter/app {{(pid=93482) _context_setter /opt/stack/cinder/cinder/api/middleware/request_id.py:62}}
Jun 26 18:40:15 devstack devstack@c-api.service[93482]: INFO cinder.api.openstack.wsgi [None req-7a7f7c9b-4c4c-441d-8f45-31feee7ddd47 tempest-GroupSnapshotsTest-1608754754 tempest-GroupSnapshotsTest-1608754754-project-member] GET http://192.168.122.43/volume/v3/group_snapshots
Jun 26 18:40:15 devstack devstack@c-api.service[93482]: DEBUG cinder.api.openstack.wsgi [None req-7a7f7c9b-4c4c-441d-8f45-31feee7ddd47 tempest-GroupSnapshotsTest-1608754754 tempest-GroupSnapshotsTest-1608754754-project-member] Empty body provided in request {{(pid=93482) get_body /opt/stack/cinder/cinder/api/openstack/wsgi.py:725}}
Jun 26 18:40:15 devstack devstack@c-api.service[93482]: DEBUG cinder.api.openstack.wsgi [None req-7a7f7c9b-4c4c-441d-8f45-31feee7ddd47 tempest-GroupSnapshotsTest-1608754754 tempest-GroupSnapshotsTest-1608754754-project-member] Calling method 'version_select' {{(pid=93482) _process_stack /opt/stack/cinder/cinder/api/openstack/wsgi.py:878}}
Jun 26 18:40:15 devstack devstack@c-api.service[93481]: DEBUG cinder.api.middleware.request_id [None req-48db9f3c-e2c0-443f-a909-727859a6c670 None None] RequestId filter calling following filter/app {{(pid=93481) _context_setter /opt/stack/cinder/cinder/api/middleware/request_id.py:62}}
Jun 26 18:40:15 devstack devstack@c-api.service[93482]: INFO cinder.api.openstack.wsgi [None req-7a7f7c9b-4c4c-441d-8f45-31feee7ddd47 tempest-GroupSnapshotsTest-1608754754 tempest-GroupSnapshotsTest-1608754754-project-member] http://192.168.122.43/volume/v3/group_snapshots returned with HTTP 200
Jun 26 18:40:15 devstack devstack@c-api.service[93482]: [pid: 93482|app: 0|req: 144/289] 192.168.122.43 () {60 vars in 1181 bytes} [Fri Jun 26 18:40:15 2026] GET /volume/v3/group_snapshots => generated 23 bytes in 25 msecs (HTTP/1.1 200) 7 headers in 285 bytes (1 switches on core 0)
Jun 26 18:40:15 devstack devstack@c-api.service[93481]: INFO cinder.api.openstack.wsgi [None req-48db9f3c-e2c0-443f-a909-727859a6c670 tempest-DeleteServersTestJSON-1205608279 tempest-DeleteServersTestJSON-1205608279-project-member] GET http://192.168.122.43/volume/v3/volumes/68516b3e-09cc-4dec-a271-275a8912de6c
Jun 26 18:40:15 devstack devstack@c-api.service[93481]: DEBUG cinder.api.openstack.wsgi [None req-48db9f3c-e2c0-443f-a909-727859a6c670 tempest-DeleteServersTestJSON-1205608279 tempest-DeleteServersTestJSON-1205608279-project-member] Empty body provided in request {{(pid=93481) get_body /opt/stack/cinder/cinder/api/openstack/wsgi.py:725}}
Jun 26 18:40:15 devstack devstack@c-api.service[93481]: DEBUG cinder.api.openstack.wsgi [None req-48db9f3c-e2c0-443f-a909-727859a6c670 tempest-DeleteServersTestJSON-1205608279 tempest-DeleteServersTestJSON-1205608279-project-member] Calling method 'show' {{(pid=93481) _process_stack /opt/stack/cinder/cinder/api/openstack/wsgi.py:878}}
Jun 26 18:40:15 devstack devstack@c-api.service[93482]: DEBUG cinder.api.middleware.request_id [None req-91deeb2e-cc1e-46b6-9433-688773a41348 None None] RequestId filter calling following filter/app {{(pid=93482) _context_setter /opt/stack/cinder/cinder/api/middleware/request_id.py:62}}
Jun 26 18:40:15 devstack devstack@c-api.service[93482]: INFO cinder.api.openstack.wsgi [None req-91deeb2e-cc1e-46b6-9433-688773a41348 tempest-GroupSnapshotsTest-1608754754 tempest-GroupSnapshotsTest-1608754754-project-member] DELETE http://192.168.122.43/volume/v3/group_snapshots/99b3b141-c22b-4eaa-a2a9-e6605dd57452
Jun 26 18:40:15 devstack devstack@c-api.service[93482]: DEBUG cinder.api.openstack.wsgi [None req-91deeb2e-cc1e-46b6-9433-688773a41348 tempest-GroupSnapshotsTest-1608754754 tempest-GroupSnapshotsTest-1608754754-project-member] Empty body provided in request {{(pid=93482) get_body /opt/stack/cinder/cinder/api/openstack/wsgi.py:725}}
Jun 26 18:40:15 devstack devstack@c-api.service[93482]: DEBUG cinder.api.openstack.wsgi [None req-91deeb2e-cc1e-46b6-9433-688773a41348 tempest-GroupSnapshotsTest-1608754754 tempest-GroupSnapshotsTest-1608754754-project-member] Calling method 'version_select' {{(pid=93482) _process_stack /opt/stack/cinder/cinder/api/openstack/wsgi.py:878}}
Jun 26 18:40:15 devstack devstack@c-api.service[93482]: DEBUG cinder.api.v3.group_snapshots [None req-91deeb2e-cc1e-46b6-9433-688773a41348 tempest-GroupSnapshotsTest-1608754754 tempest-GroupSnapshotsTest-1608754754-project-member] delete called for member 99b3b141-c22b-4eaa-a2a9-e6605dd57452 {{(pid=93482) delete /opt/stack/cinder/cinder/api/v3/group_snapshots.py:72}}
Jun 26 18:40:15 devstack devstack@c-api.service[93482]: INFO cinder.api.v3.group_snapshots [None req-91deeb2e-cc1e-46b6-9433-688773a41348 tempest-GroupSnapshotsTest-1608754754 tempest-GroupSnapshotsTest-1608754754-project-member] Delete group_snapshot with id: 99b3b141-c22b-4eaa-a2a9-e6605dd57452
Jun 26 18:40:15 devstack devstack@c-api.service[93481]: /opt/stack/data/venv/lib/python3.12/site-packages/oslo_context/context.py:102: DeprecationWarning: Policy enforcement is depending on the value of is_admin. This key is deprecated. Please update your policy file to use the standard policy values.
Jun 26 18:40:15 devstack devstack@c-api.service[93481]: warnings.warn(
Jun 26 18:40:15 devstack devstack@c-api.service[93482]: INFO cinder.api.openstack.wsgi [None req-91deeb2e-cc1e-46b6-9433-688773a41348 tempest-GroupSnapshotsTest-1608754754 tempest-GroupSnapshotsTest-1608754754-project-member] http://192.168.122.43/volume/v3/group_snapshots/99b3b141-c22b-4eaa-a2a9-e6605dd57452 returned with HTTP 404
Jun 26 18:40:15 devstack devstack@c-api.service[93482]: [pid: 93482|app: 0|req: 145/290] 192.168.122.43 () {60 vars in 1295 bytes} [Fri Jun 26 18:40:15 2026] DELETE /volume/v3/group_snapshots/99b3b141-c22b-4eaa-a2a9-e6605dd57452 => generated 116 bytes in 16 msecs (HTTP/1.1 404) 7 headers in 293 bytes (1 switches on core 0)
Jun 26 18:40:15 devstack devstack@c-api.service[93482]: DEBUG cinder.api.middleware.request_id [None req-b2a42801-246f-4905-89b1-e2a34a20cd5b None None] RequestId filter calling following filter/app {{(pid=93482) _context_setter /opt/stack/cinder/cinder/api/middleware/request_id.py:62}}
Jun 26 18:40:15 devstack devstack@c-api.service[93481]: INFO cinder.volume.api [None req-48db9f3c-e2c0-443f-a909-727859a6c670 tempest-DeleteServersTestJSON-1205608279 tempest-DeleteServersTestJSON-1205608279-project-member] Volume info retrieved successfully.
Jun 26 18:40:15 devstack devstack@c-api.service[93482]: INFO cinder.api.openstack.wsgi [None req-b2a42801-246f-4905-89b1-e2a34a20cd5b tempest-GroupSnapshotsTest-1608754754 tempest-GroupSnapshotsTest-1608754754-project-member] GET http://192.168.122.43/volume/v3/volumes/detail
Jun 26 18:40:15 devstack devstack@c-api.service[93482]: DEBUG cinder.api.openstack.wsgi [None req-b2a42801-246f-4905-89b1-e2a34a20cd5b tempest-GroupSnapshotsTest-1608754754 tempest-GroupSnapshotsTest-1608754754-project-member] Empty body provided in request {{(pid=93482) get_body /opt/stack/cinder/cinder/api/openstack/wsgi.py:725}}
Jun 26 18:40:15 devstack devstack@c-api.service[93482]: DEBUG cinder.api.openstack.wsgi [None req-b2a42801-246f-4905-89b1-e2a34a20cd5b tempest-GroupSnapshotsTest-1608754754 tempest-GroupSnapshotsTest-1608754754-project-member] Calling method 'detail' {{(pid=93482) _process_stack /opt/stack/cinder/cinder/api/openstack/wsgi.py:878}}
Jun 26 18:40:15 devstack devstack@c-api.service[93482]: DEBUG cinder.api.api_utils [None req-b2a42801-246f-4905-89b1-e2a34a20cd5b tempest-GroupSnapshotsTest-1608754754 tempest-GroupSnapshotsTest-1608754754-project-member] Removing options '' from query. {{(pid=93482) remove_invalid_filter_options /opt/stack/cinder/cinder/api/api_utils.py:82}}
Jun 26 18:40:15 devstack devstack@c-api.service[93482]: DEBUG cinder.volume.api [None req-b2a42801-246f-4905-89b1-e2a34a20cd5b tempest-GroupSnapshotsTest-1608754754 tempest-GroupSnapshotsTest-1608754754-project-member] Searching by: MultiDict([('no_migration_targets', True)]). {{(pid=93482) get_all /opt/stack/cinder/cinder/volume/api.py:664}}
Jun 26 18:40:15 devstack devstack@c-api.service[93481]: INFO cinder.api.openstack.wsgi [None req-48db9f3c-e2c0-443f-a909-727859a6c670 tempest-DeleteServersTestJSON-1205608279 tempest-DeleteServersTestJSON-1205608279-project-member] http://192.168.122.43/volume/v3/volumes/68516b3e-09cc-4dec-a271-275a8912de6c returned with HTTP 200
Jun 26 18:40:15 devstack devstack@c-api.service[93481]: [pid: 93481|app: 0|req: 146/291] 192.168.122.43 () {58 vars in 1227 bytes} [Fri Jun 26 18:40:15 2026] GET /volume/v3/volumes/68516b3e-09cc-4dec-a271-275a8912de6c => generated 851 bytes in 49 msecs (HTTP/1.1 200) 7 headers in 285 bytes (1 switches on core 0)
Jun 26 18:40:15 devstack devstack@c-api.service[93482]: INFO cinder.volume.api [None req-b2a42801-246f-4905-89b1-e2a34a20cd5b tempest-GroupSnapshotsTest-1608754754 tempest-GroupSnapshotsTest-1608754754-project-member] Get all volumes completed successfully.
Jun 26 18:40:15 devstack devstack@c-api.service[93482]: WARNING stevedore.named [None req-b2a42801-246f-4905-89b1-e2a34a20cd5b tempest-GroupSnapshotsTest-1608754754 tempest-GroupSnapshotsTest-1608754754-project-member] Could not load cinder.keymgr.conf_key_mgr.ConfKeyManager
Jun 26 18:40:15 devstack devstack@c-api.service[93482]: WARNING castellan.key_manager [None req-b2a42801-246f-4905-89b1-e2a34a20cd5b tempest-GroupSnapshotsTest-1608754754 tempest-GroupSnapshotsTest-1608754754-project-member] Deprecation Warning : cinder.keymgr.conf_key_mgr.ConfKeyManager is not a stevedore based driver, trying to load it as a class: stevedore.exception.NoMatches: No 'castellan.drivers' driver found, looking for 'cinder.keymgr.conf_key_mgr.ConfKeyManager'
Jun 26 18:40:15 devstack devstack@c-api.service[93481]: DEBUG cinder.api.middleware.request_id [None req-5265a586-3836-498e-9032-f8fc9f8a221a None None] RequestId filter calling following filter/app {{(pid=93481) _context_setter /opt/stack/cinder/cinder/api/middleware/request_id.py:62}}
Jun 26 18:40:15 devstack devstack@c-api.service[93481]: INFO cinder.api.openstack.wsgi [None req-5265a586-3836-498e-9032-f8fc9f8a221a tempest-DeleteServersTestJSON-1205608279 tempest-DeleteServersTestJSON-1205608279-project-member] GET http://192.168.122.43/volume/v3/volumes/68516b3e-09cc-4dec-a271-275a8912de6c
Jun 26 18:40:15 devstack devstack@c-api.service[93481]: DEBUG cinder.api.openstack.wsgi [None req-5265a586-3836-498e-9032-f8fc9f8a221a tempest-DeleteServersTestJSON-1205608279 tempest-DeleteServersTestJSON-1205608279-project-member] Empty body provided in request {{(pid=93481) get_body /opt/stack/cinder/cinder/api/openstack/wsgi.py:725}}
Jun 26 18:40:15 devstack devstack@c-api.service[93481]: DEBUG cinder.api.openstack.wsgi [None req-5265a586-3836-498e-9032-f8fc9f8a221a tempest-DeleteServersTestJSON-1205608279 tempest-DeleteServersTestJSON-1205608279-project-member] Calling method 'show' {{(pid=93481) _process_stack /opt/stack/cinder/cinder/api/openstack/wsgi.py:878}}
Jun 26 18:40:15 devstack devstack@c-api.service[93482]: DEBUG oslo_db.sqlalchemy.engines [None req-b2a42801-246f-4905-89b1-e2a34a20cd5b tempest-GroupSnapshotsTest-1608754754 tempest-GroupSnapshotsTest-1608754754-project-member] MySQL server mode set to STRICT_TRANS_TABLES,STRICT_ALL_TABLES,NO_ZERO_IN_DATE,NO_ZERO_DATE,ERROR_FOR_DIVISION_BY_ZERO,TRADITIONAL,NO_ENGINE_SUBSTITUTION {{(pid=93482) _check_effective_sql_mode /opt/stack/data/venv/lib/python3.12/site-packages/oslo_db/sqlalchemy/engines.py:325}}
Jun 26 18:40:15 devstack devstack@c-api.service[93481]: /opt/stack/data/venv/lib/python3.12/site-packages/oslo_context/context.py:102: DeprecationWarning: Policy enforcement is depending on the value of is_admin. This key is deprecated. Please update your policy file to use the standard policy values.
Jun 26 18:40:15 devstack devstack@c-api.service[93481]: warnings.warn(
Jun 26 18:40:15 devstack devstack@c-api.service[93482]: /opt/stack/data/venv/lib/python3.12/site-packages/oslo_context/context.py:102: DeprecationWarning: Policy enforcement is depending on the value of is_admin. This key is deprecated. Please update your policy file to use the standard policy values.
Jun 26 18:40:15 devstack devstack@c-api.service[93482]: warnings.warn(
Jun 26 18:40:15 devstack devstack@c-api.service[93481]: INFO cinder.volume.api [None req-5265a586-3836-498e-9032-f8fc9f8a221a tempest-DeleteServersTestJSON-1205608279 tempest-DeleteServersTestJSON-1205608279-project-member] Volume info retrieved successfully.
Jun 26 18:40:15 devstack devstack@c-api.service[93482]: INFO cinder.api.openstack.wsgi [None req-b2a42801-246f-4905-89b1-e2a34a20cd5b tempest-GroupSnapshotsTest-1608754754 tempest-GroupSnapshotsTest-1608754754-project-member] http://192.168.122.43/volume/v3/volumes/detail returned with HTTP 200
Jun 26 18:40:15 devstack devstack@c-api.service[93482]: [pid: 93482|app: 0|req: 146/292] 192.168.122.43 () {60 vars in 1178 bytes} [Fri Jun 26 18:40:15 2026] GET /volume/v3/volumes/detail => generated 925 bytes in 174 msecs (HTTP/1.1 200) 7 headers in 286 bytes (1 switches on core 0)
Jun 26 18:40:15 devstack devstack@c-api.service[93481]: INFO cinder.api.openstack.wsgi [None req-5265a586-3836-498e-9032-f8fc9f8a221a tempest-DeleteServersTestJSON-1205608279 tempest-DeleteServersTestJSON-1205608279-project-member] http://192.168.122.43/volume/v3/volumes/68516b3e-09cc-4dec-a271-275a8912de6c returned with HTTP 200
Jun 26 18:40:15 devstack devstack@c-api.service[93481]: [pid: 93481|app: 0|req: 147/293] 192.168.122.43 () {58 vars in 1227 bytes} [Fri Jun 26 18:40:15 2026] GET /volume/v3/volumes/68516b3e-09cc-4dec-a271-275a8912de6c => generated 851 bytes in 69 msecs (HTTP/1.1 200) 7 headers in 285 bytes (1 switches on core 0)
Jun 26 18:40:15 devstack devstack@c-api.service[93482]: DEBUG cinder.api.middleware.request_id [None req-609c8195-448a-4160-a854-8e3a43f54ae7 None None] RequestId filter calling following filter/app {{(pid=93482) _context_setter /opt/stack/cinder/cinder/api/middleware/request_id.py:62}}
Jun 26 18:40:15 devstack devstack@c-api.service[93482]: INFO cinder.api.openstack.wsgi [None req-609c8195-448a-4160-a854-8e3a43f54ae7 tempest-GroupSnapshotsTest-1608754754 tempest-GroupSnapshotsTest-1608754754-project-member] POST http://192.168.122.43/volume/v3/groups/f51d7d52-2fb5-46d3-a5d0-60b076c4e97b/action
Jun 26 18:40:15 devstack devstack@c-api.service[93482]: DEBUG cinder.api.openstack.wsgi [None req-609c8195-448a-4160-a854-8e3a43f54ae7 tempest-GroupSnapshotsTest-1608754754 tempest-GroupSnapshotsTest-1608754754-project-member] Action body: b'{"delete": {"delete-volumes": true}}' {{(pid=93482) get_method /opt/stack/cinder/cinder/api/openstack/wsgi.py:993}}
Jun 26 18:40:15 devstack devstack@c-api.service[93482]: DEBUG cinder.api.openstack.wsgi [None req-609c8195-448a-4160-a854-8e3a43f54ae7 tempest-GroupSnapshotsTest-1608754754 tempest-GroupSnapshotsTest-1608754754-project-member] Action: 'action', calling method: version_select, body: {"delete": {"delete-volumes": true}} {{(pid=93482) _process_stack /opt/stack/cinder/cinder/api/openstack/wsgi.py:876}}
Jun 26 18:40:15 devstack devstack@c-api.service[93482]: DEBUG cinder.api.v3.groups [None req-609c8195-448a-4160-a854-8e3a43f54ae7 tempest-GroupSnapshotsTest-1608754754 tempest-GroupSnapshotsTest-1608754754-project-member] delete called for group f51d7d52-2fb5-46d3-a5d0-60b076c4e97b {{(pid=93482) _delete /opt/stack/cinder/cinder/api/v3/groups.py:117}}
Jun 26 18:40:15 devstack devstack@c-api.service[93482]: INFO cinder.api.v3.groups [None req-609c8195-448a-4160-a854-8e3a43f54ae7 tempest-GroupSnapshotsTest-1608754754 tempest-GroupSnapshotsTest-1608754754-project-member] Delete group with id: f51d7d52-2fb5-46d3-a5d0-60b076c4e97b
Jun 26 18:40:15 devstack devstack@c-api.service[93481]: DEBUG cinder.api.middleware.request_id [None req-12c5038f-7c7f-4748-868c-5550cb3eabb1 None None] RequestId filter calling following filter/app {{(pid=93481) _context_setter /opt/stack/cinder/cinder/api/middleware/request_id.py:62}}
Jun 26 18:40:15 devstack devstack@c-api.service[93482]: /opt/stack/data/venv/lib/python3.12/site-packages/oslo_context/context.py:102: DeprecationWarning: Policy enforcement is depending on the value of is_admin. This key is deprecated. Please update your policy file to use the standard policy values.
Jun 26 18:40:15 devstack devstack@c-api.service[93482]: warnings.warn(
Jun 26 18:40:15 devstack devstack@c-api.service[93481]: INFO cinder.api.openstack.wsgi [None req-12c5038f-7c7f-4748-868c-5550cb3eabb1 tempest-DeleteServersTestJSON-1205608279 tempest-DeleteServersTestJSON-1205608279-project-member] DELETE http://192.168.122.43/volume/v3/volumes/68516b3e-09cc-4dec-a271-275a8912de6c
Jun 26 18:40:15 devstack devstack@c-api.service[93481]: DEBUG cinder.api.openstack.wsgi [None req-12c5038f-7c7f-4748-868c-5550cb3eabb1 tempest-DeleteServersTestJSON-1205608279 tempest-DeleteServersTestJSON-1205608279-project-member] Empty body provided in request {{(pid=93481) get_body /opt/stack/cinder/cinder/api/openstack/wsgi.py:725}}
Jun 26 18:40:15 devstack devstack@c-api.service[93481]: DEBUG cinder.api.openstack.wsgi [None req-12c5038f-7c7f-4748-868c-5550cb3eabb1 tempest-DeleteServersTestJSON-1205608279 tempest-DeleteServersTestJSON-1205608279-project-member] Calling method 'delete' {{(pid=93481) _process_stack /opt/stack/cinder/cinder/api/openstack/wsgi.py:878}}
Jun 26 18:40:15 devstack devstack@c-api.service[93481]: INFO cinder.api.v3.volumes [None req-12c5038f-7c7f-4748-868c-5550cb3eabb1 tempest-DeleteServersTestJSON-1205608279 tempest-DeleteServersTestJSON-1205608279-project-member] Delete volume with id: 68516b3e-09cc-4dec-a271-275a8912de6c
Jun 26 18:40:15 devstack devstack@c-api.service[93481]: /opt/stack/data/venv/lib/python3.12/site-packages/oslo_context/context.py:102: DeprecationWarning: Policy enforcement is depending on the value of is_admin. This key is deprecated. Please update your policy file to use the standard policy values.
Jun 26 18:40:15 devstack devstack@c-api.service[93481]: warnings.warn(
Jun 26 18:40:15 devstack devstack@c-api.service[93481]: INFO cinder.volume.api [None req-12c5038f-7c7f-4748-868c-5550cb3eabb1 tempest-DeleteServersTestJSON-1205608279 tempest-DeleteServersTestJSON-1205608279-project-member] Volume info retrieved successfully.
Jun 26 18:40:15 devstack devstack@c-api.service[93481]: INFO cinder.volume.api [None req-12c5038f-7c7f-4748-868c-5550cb3eabb1 tempest-DeleteServersTestJSON-1205608279 tempest-DeleteServersTestJSON-1205608279-project-member] Delete volume request issued successfully.
Jun 26 18:40:15 devstack devstack@c-api.service[93481]: INFO cinder.api.openstack.wsgi [None req-12c5038f-7c7f-4748-868c-5550cb3eabb1 tempest-DeleteServersTestJSON-1205608279 tempest-DeleteServersTestJSON-1205608279-project-member] http://192.168.122.43/volume/v3/volumes/68516b3e-09cc-4dec-a271-275a8912de6c returned with HTTP 202
Jun 26 18:40:15 devstack devstack@c-api.service[93481]: [pid: 93481|app: 0|req: 148/294] 192.168.122.43 () {58 vars in 1230 bytes} [Fri Jun 26 18:40:15 2026] DELETE /volume/v3/volumes/68516b3e-09cc-4dec-a271-275a8912de6c => generated 0 bytes in 109 msecs (HTTP/1.1 202) 6 headers in 233 bytes (2 switches on core 0)
Jun 26 18:40:15 devstack devstack@c-api.service[93481]: DEBUG cinder.api.middleware.request_id [None req-9b23f37b-9fe8-4dc8-a330-99ce5c987f07 None None] RequestId filter calling following filter/app {{(pid=93481) _context_setter /opt/stack/cinder/cinder/api/middleware/request_id.py:62}}
Jun 26 18:40:15 devstack devstack@c-api.service[93481]: INFO cinder.api.openstack.wsgi [None req-9b23f37b-9fe8-4dc8-a330-99ce5c987f07 tempest-DeleteServersTestJSON-1205608279 tempest-DeleteServersTestJSON-1205608279-project-member] GET http://192.168.122.43/volume/v3/volumes/68516b3e-09cc-4dec-a271-275a8912de6c
Jun 26 18:40:15 devstack devstack@c-api.service[93481]: DEBUG cinder.api.openstack.wsgi [None req-9b23f37b-9fe8-4dc8-a330-99ce5c987f07 tempest-DeleteServersTestJSON-1205608279 tempest-DeleteServersTestJSON-1205608279-project-member] Empty body provided in request {{(pid=93481) get_body /opt/stack/cinder/cinder/api/openstack/wsgi.py:725}}
