Feb 22 20:30:58 devstack cinder-volume[82289]: DEBUG oslo_concurrency.lockutils [None req-afa81436-7d44-4f47-9132-4783c9c0c951 tempest-VolumesNegativeTest-673138655 None] Lock "quobyte_ensure" "released" by "cinder.volume.drivers.quobyte.QuobyteDriver._ensure_shares_mounted" :: held 0.010s {{(pid=82289) inner /opt/stack/data/venv/lib/python3.10/site-packages/oslo_concurrency/lockutils.py:538}}
Feb 22 20:30:58 devstack cinder-volume[82289]: DEBUG cinder.volume.drivers.quobyte [None req-afa81436-7d44-4f47-9132-4783c9c0c951 tempest-VolumesNegativeTest-673138655 None] Selected osci02.corp.quobyte.com/cinder-vol-88078c1f-a583-4468-a688-bdec968fa99f as target Quobyte volume. {{(pid=82289) _find_share /opt/stack/cinder/cinder/volume/drivers/quobyte.py:668}}
Feb 22 20:30:58 devstack cinder-volume[82289]: INFO cinder.volume.drivers.remotefs [None req-afa81436-7d44-4f47-9132-4783c9c0c951 tempest-VolumesNegativeTest-673138655 None] casted to osci02.corp.quobyte.com/cinder-vol-88078c1f-a583-4468-a688-bdec968fa99f
Feb 22 20:30:58 devstack cinder-volume[82289]: DEBUG oslo_concurrency.processutils [None req-afa81436-7d44-4f47-9132-4783c9c0c951 tempest-VolumesNegativeTest-673138655 None] Running cmd (subprocess): sudo cinder-rootwrap /etc/cinder/rootwrap.conf qemu-img create -f qcow2 -o preallocation=metadata /opt/stack/data/cinder/mnt/79060e37dd81f2a66f9fe2bbb0476daf/volume-0618343e-7567-4369-893c-4572a14fa00a 1073741824 {{(pid=82289) execute /opt/stack/data/venv/lib/python3.10/site-packages/oslo_concurrency/processutils.py:440}}
Feb 22 20:30:58 devstack sudo[84576]: quobyte : PWD=/ ; USER=root ; COMMAND=/opt/stack/data/venv/bin/cinder-rootwrap /etc/cinder/rootwrap.conf qemu-img create -f qcow2 -o preallocation=metadata /opt/stack/data/cinder/mnt/79060e37dd81f2a66f9fe2bbb0476daf/volume-0618343e-7567-4369-893c-4572a14fa00a 1073741824
Feb 22 20:30:58 devstack sudo[84576]: pam_unix(sudo:session): session opened for user root(uid=0) by (uid=1000)
Feb 22 20:30:58 devstack cinder-volume[82289]: INFO cinder.volume.manager [None req-d4e7b6d0-e7ef-49c8-9d47-6f4b1f75a5bf tempest-GroupSnapshotsTest-1021201305 None] Update group completed successfully.
Feb 22 20:30:59 devstack sudo[84576]: pam_unix(sudo:session): session closed for user root
Feb 22 20:30:59 devstack cinder-volume[82289]: DEBUG oslo_concurrency.processutils [None req-afa81436-7d44-4f47-9132-4783c9c0c951 tempest-VolumesNegativeTest-673138655 None] CMD "sudo cinder-rootwrap /etc/cinder/rootwrap.conf qemu-img create -f qcow2 -o preallocation=metadata /opt/stack/data/cinder/mnt/79060e37dd81f2a66f9fe2bbb0476daf/volume-0618343e-7567-4369-893c-4572a14fa00a 1073741824" returned: 0 in 0.720s {{(pid=82289) execute /opt/stack/data/venv/lib/python3.10/site-packages/oslo_concurrency/processutils.py:468}}
Feb 22 20:30:59 devstack cinder-volume[82289]: DEBUG oslo_concurrency.processutils [None req-afa81436-7d44-4f47-9132-4783c9c0c951 tempest-VolumesNegativeTest-673138655 None] Running cmd (subprocess): sudo cinder-rootwrap /etc/cinder/rootwrap.conf chmod ugo+rw /opt/stack/data/cinder/mnt/79060e37dd81f2a66f9fe2bbb0476daf/volume-0618343e-7567-4369-893c-4572a14fa00a {{(pid=82289) execute /opt/stack/data/venv/lib/python3.10/site-packages/oslo_concurrency/processutils.py:440}}
Feb 22 20:30:59 devstack sudo[84603]: quobyte : PWD=/ ; USER=root ; COMMAND=/opt/stack/data/venv/bin/cinder-rootwrap /etc/cinder/rootwrap.conf chmod ugo+rw /opt/stack/data/cinder/mnt/79060e37dd81f2a66f9fe2bbb0476daf/volume-0618343e-7567-4369-893c-4572a14fa00a
Feb 22 20:30:59 devstack sudo[84603]: pam_unix(sudo:session): session opened for user root(uid=0) by (uid=1000)
Feb 22 20:30:59 devstack sudo[84603]: pam_unix(sudo:session): session closed for user root
Feb 22 20:30:59 devstack cinder-volume[82289]: DEBUG oslo_concurrency.processutils [None req-afa81436-7d44-4f47-9132-4783c9c0c951 tempest-VolumesNegativeTest-673138655 None] CMD "sudo cinder-rootwrap /etc/cinder/rootwrap.conf chmod ugo+rw /opt/stack/data/cinder/mnt/79060e37dd81f2a66f9fe2bbb0476daf/volume-0618343e-7567-4369-893c-4572a14fa00a" returned: 0 in 0.414s {{(pid=82289) execute /opt/stack/data/venv/lib/python3.10/site-packages/oslo_concurrency/processutils.py:468}}
Feb 22 20:30:59 devstack cinder-volume[82289]: DEBUG cinder.volume.drivers.quobyte [None req-afa81436-7d44-4f47-9132-4783c9c0c951 tempest-VolumesNegativeTest-673138655 None] <== create_volume: return (1168ms) {'provider_location': 'osci02.corp.quobyte.com/cinder-vol-88078c1f-a583-4468-a688-bdec968fa99f'} {{(pid=82289) trace_logging_wrapper /opt/stack/cinder/cinder/volume/volume_utils.py:1523}}
Feb 22 20:30:59 devstack cinder-volume[82289]: DEBUG oslo_concurrency.lockutils [None req-afa81436-7d44-4f47-9132-4783c9c0c951 tempest-VolumesNegativeTest-673138655 None] Lock "quobyte" "released" by "cinder.volume.drivers.quobyte.QuobyteDriver.create_volume" :: held 1.171s {{(pid=82289) inner /opt/stack/data/venv/lib/python3.10/site-packages/oslo_concurrency/lockutils.py:538}}
Feb 22 20:30:59 devstack cinder-volume[82289]: DEBUG cinder.volume.manager [None req-afa81436-7d44-4f47-9132-4783c9c0c951 tempest-VolumesNegativeTest-673138655 None] Task 'cinder.volume.flows.manager.create_volume.CreateVolumeFromSpecTask;volume:create' (c5fe625d-01ed-433c-abd0-807c0f098d4f) transitioned into state 'SUCCESS' from state 'RUNNING' with result '{'status': 'creating', 'volume_name': 'volume-0618343e-7567-4369-893c-4572a14fa00a', 'volume_size': 1}' {{(pid=82289) _task_receiver /opt/stack/data/venv/lib/python3.10/site-packages/taskflow/listeners/logging.py:182}}
Feb 22 20:30:59 devstack cinder-volume[82289]: DEBUG cinder.volume.manager [None req-afa81436-7d44-4f47-9132-4783c9c0c951 tempest-VolumesNegativeTest-673138655 None] Task 'cinder.volume.flows.manager.create_volume.CreateVolumeOnFinishTask;volume:create, create.end' (f0e3d6ca-baf4-44b6-ad89-5714af42a7a3) transitioned into state 'RUNNING' from state 'PENDING' {{(pid=82289) _task_receiver /opt/stack/data/venv/lib/python3.10/site-packages/taskflow/listeners/logging.py:194}}
Feb 22 20:30:59 devstack cinder-volume[82289]: INFO cinder.volume.flows.manager.create_volume [None req-afa81436-7d44-4f47-9132-4783c9c0c951 tempest-VolumesNegativeTest-673138655 None] Volume volume-0618343e-7567-4369-893c-4572a14fa00a (0618343e-7567-4369-893c-4572a14fa00a): created successfully
Feb 22 20:30:59 devstack cinder-volume[82289]: DEBUG cinder.volume.manager [None req-afa81436-7d44-4f47-9132-4783c9c0c951 tempest-VolumesNegativeTest-673138655 None] Task 'cinder.volume.flows.manager.create_volume.CreateVolumeOnFinishTask;volume:create, create.end' (f0e3d6ca-baf4-44b6-ad89-5714af42a7a3) transitioned into state 'SUCCESS' from state 'RUNNING' with result 'None' {{(pid=82289) _task_receiver /opt/stack/data/venv/lib/python3.10/site-packages/taskflow/listeners/logging.py:182}}
Feb 22 20:30:59 devstack cinder-volume[82289]: DEBUG cinder.volume.manager [None req-afa81436-7d44-4f47-9132-4783c9c0c951 tempest-VolumesNegativeTest-673138655 None] Flow 'volume_create_manager' (9b8e4b2b-28fd-4f06-876b-1152a7bd8b89) transitioned into state 'SUCCESS' from state 'RUNNING' {{(pid=82289) _flow_receiver /opt/stack/data/venv/lib/python3.10/site-packages/taskflow/listeners/logging.py:145}}
Feb 22 20:30:59 devstack cinder-volume[82289]: INFO cinder.volume.manager [None req-afa81436-7d44-4f47-9132-4783c9c0c951 tempest-VolumesNegativeTest-673138655 None] Created volume successfully.
Feb 22 20:30:59 devstack cinder-volume[82289]: INFO cinder.volume.manager [None req-1d0ee53f-11e7-4a3e-b01b-92d0900e07da tempest-GroupSnapshotsTest-1021201305 None] Update group completed successfully.
Feb 22 20:31:01 devstack cinder-volume[82289]: INFO cinder.volume.manager [None req-c457c47f-ea4c-46bf-9869-4d34056f9a4b tempest-GroupSnapshotsTest-1021201305 None] Update group completed successfully.
Feb 22 20:31:02 devstack cinder-volume[82289]: INFO cinder.volume.manager [None req-13a6c516-ed42-4160-b2d5-10674bd8dfc3 tempest-GroupSnapshotsTest-1021201305 None] Update group completed successfully.
Feb 22 20:31:03 devstack cinder-volume[82289]: INFO cinder.volume.manager [None req-28288129-ec91-4497-818b-e148ba504cde tempest-GroupSnapshotsTest-1021201305 None] GroupSnapshot 845c0b9e-af94-4396-9f48-e60e64c4d0ec: creating.
Feb 22 20:31:03 devstack cinder-volume[82289]: DEBUG cinder.volume.manager [None req-28288129-ec91-4497-818b-e148ba504cde tempest-GroupSnapshotsTest-1021201305 None] Group snapshot 845c0b9e-af94-4396-9f48-e60e64c4d0ec: creating. {{(pid=82289) create_group_snapshot /opt/stack/cinder/cinder/volume/manager.py:4175}}
Feb 22 20:31:03 devstack cinder-volume[82289]: DEBUG oslo_concurrency.lockutils [None req-28288129-ec91-4497-818b-e148ba504cde tempest-GroupSnapshotsTest-1021201305 None] Acquiring lock "quobyte" by "cinder.volume.drivers.quobyte.QuobyteDriver.create_snapshot" {{(pid=82289) inner /opt/stack/data/venv/lib/python3.10/site-packages/oslo_concurrency/lockutils.py:506}}
Feb 22 20:31:03 devstack cinder-volume[82289]: DEBUG oslo_concurrency.lockutils [None req-28288129-ec91-4497-818b-e148ba504cde tempest-GroupSnapshotsTest-1021201305 None] Lock "quobyte" acquired by "cinder.volume.drivers.quobyte.QuobyteDriver.create_snapshot" :: waited 0.001s {{(pid=82289) inner /opt/stack/data/venv/lib/python3.10/site-packages/oslo_concurrency/lockutils.py:519}}
Feb 22 20:31:03 devstack cinder-volume[82289]: DEBUG cinder.volume.drivers.remotefs [None req-28288129-ec91-4497-818b-e148ba504cde tempest-GroupSnapshotsTest-1021201305 None] Creating offline snapshot 4234df48-b9ce-45e7-b017-570bc85804be of volume 5340152f-31a4-4b63-8af5-43cc9cead109 {{(pid=82289) _create_snapshot /opt/stack/cinder/cinder/volume/drivers/remotefs.py:1815}}
Feb 22 20:31:03 devstack cinder-volume[82289]: DEBUG oslo.privsep.daemon [-] privsep: reply[4b75b6e1-3a25-4528-a7ba-491e6e7cac56]: (4, 'qcow2') {{(pid=83192) _call_back /opt/stack/data/venv/lib/python3.10/site-packages/oslo_privsep/daemon.py:573}}
Feb 22 20:31:03 devstack cinder-volume[82289]: DEBUG oslo_concurrency.processutils [None req-28288129-ec91-4497-818b-e148ba504cde tempest-GroupSnapshotsTest-1021201305 None] Running cmd (subprocess): /opt/stack/data/venv/bin/python3.10 -m oslo_concurrency.prlimit --as=1073741824 --cpu=60 -- sudo cinder-rootwrap /etc/cinder/rootwrap.conf env LC_ALL=C qemu-img info -f qcow2 --output=json --force-share /opt/stack/data/cinder/mnt/79060e37dd81f2a66f9fe2bbb0476daf/volume-5340152f-31a4-4b63-8af5-43cc9cead109 {{(pid=82289) execute /opt/stack/data/venv/lib/python3.10/site-packages/oslo_concurrency/processutils.py:440}}
Feb 22 20:31:03 devstack sudo[84616]: quobyte : PWD=/ ; USER=root ; COMMAND=/opt/stack/data/venv/bin/cinder-rootwrap /etc/cinder/rootwrap.conf env LC_ALL=C qemu-img info -f qcow2 --output=json --force-share /opt/stack/data/cinder/mnt/79060e37dd81f2a66f9fe2bbb0476daf/volume-5340152f-31a4-4b63-8af5-43cc9cead109
Feb 22 20:31:03 devstack sudo[84616]: pam_unix(sudo:session): session opened for user root(uid=0) by (uid=1000)
Feb 22 20:31:04 devstack sudo[84616]: pam_unix(sudo:session): session closed for user root
Feb 22 20:31:04 devstack cinder-volume[82289]: DEBUG oslo_concurrency.processutils [None req-28288129-ec91-4497-818b-e148ba504cde tempest-GroupSnapshotsTest-1021201305 None] CMD "/opt/stack/data/venv/bin/python3.10 -m oslo_concurrency.prlimit --as=1073741824 --cpu=60 -- sudo cinder-rootwrap /etc/cinder/rootwrap.conf env LC_ALL=C qemu-img info -f qcow2 --output=json --force-share /opt/stack/data/cinder/mnt/79060e37dd81f2a66f9fe2bbb0476daf/volume-5340152f-31a4-4b63-8af5-43cc9cead109" returned: 0 in 0.595s {{(pid=82289) execute /opt/stack/data/venv/lib/python3.10/site-packages/oslo_concurrency/processutils.py:468}}
Feb 22 20:31:04 devstack cinder-volume[82289]: DEBUG oslo_concurrency.processutils [None req-28288129-ec91-4497-818b-e148ba504cde tempest-GroupSnapshotsTest-1021201305 None] Running cmd (subprocess): sudo cinder-rootwrap /etc/cinder/rootwrap.conf qemu-img create -f qcow2 -o backing_file=/opt/stack/data/cinder/mnt/79060e37dd81f2a66f9fe2bbb0476daf/volume-5340152f-31a4-4b63-8af5-43cc9cead109,backing_fmt=qcow2 /opt/stack/data/cinder/mnt/79060e37dd81f2a66f9fe2bbb0476daf/volume-5340152f-31a4-4b63-8af5-43cc9cead109.4234df48-b9ce-45e7-b017-570bc85804be 1G {{(pid=82289) execute /opt/stack/data/venv/lib/python3.10/site-packages/oslo_concurrency/processutils.py:440}}
Feb 22 20:31:04 devstack sudo[84621]: quobyte : PWD=/ ; USER=root ; COMMAND=/opt/stack/data/venv/bin/cinder-rootwrap /etc/cinder/rootwrap.conf qemu-img create -f qcow2 -o backing_file=/opt/stack/data/cinder/mnt/79060e37dd81f2a66f9fe2bbb0476daf/volume-5340152f-31a4-4b63-8af5-43cc9cead109,backing_fmt=qcow2 /opt/stack/data/cinder/mnt/79060e37dd81f2a66f9fe2bbb0476daf/volume-5340152f-31a4-4b63-8af5-43cc9cead109.4234df48-b9ce-45e7-b017-570bc85804be 1G
Feb 22 20:31:04 devstack sudo[84621]: pam_unix(sudo:session): session opened for user root(uid=0) by (uid=1000)
Feb 22 20:31:04 devstack sudo[84621]: pam_unix(sudo:session): session closed for user root
Feb 22 20:31:04 devstack cinder-volume[82289]: DEBUG oslo_concurrency.processutils [None req-28288129-ec91-4497-818b-e148ba504cde tempest-GroupSnapshotsTest-1021201305 None] CMD "sudo cinder-rootwrap /etc/cinder/rootwrap.conf qemu-img create -f qcow2 -o backing_file=/opt/stack/data/cinder/mnt/79060e37dd81f2a66f9fe2bbb0476daf/volume-5340152f-31a4-4b63-8af5-43cc9cead109,backing_fmt=qcow2 /opt/stack/data/cinder/mnt/79060e37dd81f2a66f9fe2bbb0476daf/volume-5340152f-31a4-4b63-8af5-43cc9cead109.4234df48-b9ce-45e7-b017-570bc85804be 1G" returned: 0 in 0.518s {{(pid=82289) execute /opt/stack/data/venv/lib/python3.10/site-packages/oslo_concurrency/processutils.py:468}}
Feb 22 20:31:04 devstack cinder-volume[82289]: DEBUG oslo_concurrency.processutils [None req-28288129-ec91-4497-818b-e148ba504cde tempest-GroupSnapshotsTest-1021201305 None] Running cmd (subprocess): sudo cinder-rootwrap /etc/cinder/rootwrap.conf qemu-img rebase -u -b volume-5340152f-31a4-4b63-8af5-43cc9cead109 -F qcow2 /opt/stack/data/cinder/mnt/79060e37dd81f2a66f9fe2bbb0476daf/volume-5340152f-31a4-4b63-8af5-43cc9cead109.4234df48-b9ce-45e7-b017-570bc85804be {{(pid=82289) execute /opt/stack/data/venv/lib/python3.10/site-packages/oslo_concurrency/processutils.py:440}}
Feb 22 20:31:04 devstack sudo[84626]: quobyte : PWD=/ ; USER=root ; COMMAND=/opt/stack/data/venv/bin/cinder-rootwrap /etc/cinder/rootwrap.conf qemu-img rebase -u -b volume-5340152f-31a4-4b63-8af5-43cc9cead109 -F qcow2 /opt/stack/data/cinder/mnt/79060e37dd81f2a66f9fe2bbb0476daf/volume-5340152f-31a4-4b63-8af5-43cc9cead109.4234df48-b9ce-45e7-b017-570bc85804be
Feb 22 20:31:04 devstack sudo[84626]: pam_unix(sudo:session): session opened for user root(uid=0) by (uid=1000)
Feb 22 20:31:05 devstack sudo[84626]: pam_unix(sudo:session): session closed for user root
Feb 22 20:31:05 devstack cinder-volume[82289]: DEBUG oslo_concurrency.processutils [None req-28288129-ec91-4497-818b-e148ba504cde tempest-GroupSnapshotsTest-1021201305 None] CMD "sudo cinder-rootwrap /etc/cinder/rootwrap.conf qemu-img rebase -u -b volume-5340152f-31a4-4b63-8af5-43cc9cead109 -F qcow2 /opt/stack/data/cinder/mnt/79060e37dd81f2a66f9fe2bbb0476daf/volume-5340152f-31a4-4b63-8af5-43cc9cead109.4234df48-b9ce-45e7-b017-570bc85804be" returned: 0 in 0.482s {{(pid=82289) execute /opt/stack/data/venv/lib/python3.10/site-packages/oslo_concurrency/processutils.py:468}}
Feb 22 20:31:05 devstack cinder-volume[82289]: WARNING cinder.volume.drivers.remotefs [None req-28288129-ec91-4497-818b-e148ba504cde tempest-GroupSnapshotsTest-1021201305 None] /opt/stack/data/cinder/mnt/79060e37dd81f2a66f9fe2bbb0476daf/volume-5340152f-31a4-4b63-8af5-43cc9cead109.4234df48-b9ce-45e7-b017-570bc85804be is being set with open permissions: ugo+rw: NotImplementedError
Feb 22 20:31:05 devstack cinder-volume[82289]: DEBUG oslo_concurrency.processutils [None req-28288129-ec91-4497-818b-e148ba504cde tempest-GroupSnapshotsTest-1021201305 None] Running cmd (subprocess): sudo cinder-rootwrap /etc/cinder/rootwrap.conf chmod ugo+rw /opt/stack/data/cinder/mnt/79060e37dd81f2a66f9fe2bbb0476daf/volume-5340152f-31a4-4b63-8af5-43cc9cead109.4234df48-b9ce-45e7-b017-570bc85804be {{(pid=82289) execute /opt/stack/data/venv/lib/python3.10/site-packages/oslo_concurrency/processutils.py:440}}
Feb 22 20:31:05 devstack sudo[84631]: quobyte : PWD=/ ; USER=root ; COMMAND=/opt/stack/data/venv/bin/cinder-rootwrap /etc/cinder/rootwrap.conf chmod ugo+rw /opt/stack/data/cinder/mnt/79060e37dd81f2a66f9fe2bbb0476daf/volume-5340152f-31a4-4b63-8af5-43cc9cead109.4234df48-b9ce-45e7-b017-570bc85804be
Feb 22 20:31:05 devstack sudo[84631]: pam_unix(sudo:session): session opened for user root(uid=0) by (uid=1000)
Feb 22 20:31:05 devstack sudo[84631]: pam_unix(sudo:session): session closed for user root
Feb 22 20:31:05 devstack cinder-volume[82289]: DEBUG oslo_concurrency.processutils [None req-28288129-ec91-4497-818b-e148ba504cde tempest-GroupSnapshotsTest-1021201305 None] CMD "sudo cinder-rootwrap /etc/cinder/rootwrap.conf chmod ugo+rw /opt/stack/data/cinder/mnt/79060e37dd81f2a66f9fe2bbb0476daf/volume-5340152f-31a4-4b63-8af5-43cc9cead109.4234df48-b9ce-45e7-b017-570bc85804be" returned: 0 in 0.440s {{(pid=82289) execute /opt/stack/data/venv/lib/python3.10/site-packages/oslo_concurrency/processutils.py:468}}
Feb 22 20:31:05 devstack cinder-volume[82289]: DEBUG oslo_concurrency.processutils [None req-28288129-ec91-4497-818b-e148ba504cde tempest-GroupSnapshotsTest-1021201305 None] Running cmd (subprocess): sudo cinder-rootwrap /etc/cinder/rootwrap.conf truncate -s0 /opt/stack/data/cinder/mnt/79060e37dd81f2a66f9fe2bbb0476daf/volume-5340152f-31a4-4b63-8af5-43cc9cead109.info {{(pid=82289) execute /opt/stack/data/venv/lib/python3.10/site-packages/oslo_concurrency/processutils.py:440}}
Feb 22 20:31:05 devstack sudo[84634]: quobyte : PWD=/ ; USER=root ; COMMAND=/opt/stack/data/venv/bin/cinder-rootwrap /etc/cinder/rootwrap.conf truncate -s0 /opt/stack/data/cinder/mnt/79060e37dd81f2a66f9fe2bbb0476daf/volume-5340152f-31a4-4b63-8af5-43cc9cead109.info
Feb 22 20:31:05 devstack sudo[84634]: pam_unix(sudo:session): session opened for user root(uid=0) by (uid=1000)
Feb 22 20:31:06 devstack sudo[84634]: pam_unix(sudo:session): session closed for user root
Feb 22 20:31:06 devstack cinder-volume[82289]: DEBUG oslo_concurrency.processutils [None req-28288129-ec91-4497-818b-e148ba504cde tempest-GroupSnapshotsTest-1021201305 None] CMD "sudo cinder-rootwrap /etc/cinder/rootwrap.conf truncate -s0 /opt/stack/data/cinder/mnt/79060e37dd81f2a66f9fe2bbb0476daf/volume-5340152f-31a4-4b63-8af5-43cc9cead109.info" returned: 0 in 0.534s {{(pid=82289) execute /opt/stack/data/venv/lib/python3.10/site-packages/oslo_concurrency/processutils.py:468}}
Feb 22 20:31:06 devstack cinder-volume[82289]: WARNING cinder.volume.drivers.remotefs [None req-28288129-ec91-4497-818b-e148ba504cde tempest-GroupSnapshotsTest-1021201305 None] /opt/stack/data/cinder/mnt/79060e37dd81f2a66f9fe2bbb0476daf/volume-5340152f-31a4-4b63-8af5-43cc9cead109.info is being set with open permissions: ugo+rw: NotImplementedError
Feb 22 20:31:06 devstack cinder-volume[82289]: DEBUG oslo_concurrency.processutils [None req-28288129-ec91-4497-818b-e148ba504cde tempest-GroupSnapshotsTest-1021201305 None] Running cmd (subprocess): sudo cinder-rootwrap /etc/cinder/rootwrap.conf chmod ugo+rw /opt/stack/data/cinder/mnt/79060e37dd81f2a66f9fe2bbb0476daf/volume-5340152f-31a4-4b63-8af5-43cc9cead109.info {{(pid=82289) execute /opt/stack/data/venv/lib/python3.10/site-packages/oslo_concurrency/processutils.py:440}}
Feb 22 20:31:06 devstack sudo[84639]: quobyte : PWD=/ ; USER=root ; COMMAND=/opt/stack/data/venv/bin/cinder-rootwrap /etc/cinder/rootwrap.conf chmod ugo+rw /opt/stack/data/cinder/mnt/79060e37dd81f2a66f9fe2bbb0476daf/volume-5340152f-31a4-4b63-8af5-43cc9cead109.info
Feb 22 20:31:06 devstack sudo[84639]: pam_unix(sudo:session): session opened for user root(uid=0) by (uid=1000)
Feb 22 20:31:06 devstack sudo[84639]: pam_unix(sudo:session): session closed for user root
Feb 22 20:31:06 devstack cinder-volume[82289]: DEBUG oslo_concurrency.processutils [None req-28288129-ec91-4497-818b-e148ba504cde tempest-GroupSnapshotsTest-1021201305 None] CMD "sudo cinder-rootwrap /etc/cinder/rootwrap.conf chmod ugo+rw /opt/stack/data/cinder/mnt/79060e37dd81f2a66f9fe2bbb0476daf/volume-5340152f-31a4-4b63-8af5-43cc9cead109.info" returned: 0 in 0.652s {{(pid=82289) execute /opt/stack/data/venv/lib/python3.10/site-packages/oslo_concurrency/processutils.py:468}}
Feb 22 20:31:06 devstack cinder-volume[82289]: DEBUG oslo_concurrency.lockutils [None req-28288129-ec91-4497-818b-e148ba504cde tempest-GroupSnapshotsTest-1021201305 None] Lock "quobyte" "released" by "cinder.volume.drivers.quobyte.QuobyteDriver.create_snapshot" :: held 3.300s {{(pid=82289) inner /opt/stack/data/venv/lib/python3.10/site-packages/oslo_concurrency/lockutils.py:538}}
Feb 22 20:31:06 devstack cinder-volume[82289]: DEBUG oslo_concurrency.lockutils [None req-28288129-ec91-4497-818b-e148ba504cde tempest-GroupSnapshotsTest-1021201305 None] Acquiring lock "quobyte" by "cinder.volume.drivers.quobyte.QuobyteDriver.create_snapshot" {{(pid=82289) inner /opt/stack/data/venv/lib/python3.10/site-packages/oslo_concurrency/lockutils.py:506}}
Feb 22 20:31:06 devstack cinder-volume[82289]: DEBUG oslo_concurrency.lockutils [None req-28288129-ec91-4497-818b-e148ba504cde tempest-GroupSnapshotsTest-1021201305 None] Lock "quobyte" acquired by "cinder.volume.drivers.quobyte.QuobyteDriver.create_snapshot" :: waited 0.000s {{(pid=82289) inner /opt/stack/data/venv/lib/python3.10/site-packages/oslo_concurrency/lockutils.py:519}}
Feb 22 20:31:06 devstack cinder-volume[82289]: DEBUG cinder.volume.drivers.remotefs [None req-28288129-ec91-4497-818b-e148ba504cde tempest-GroupSnapshotsTest-1021201305 None] Creating offline snapshot 500344b4-891a-4027-af20-ae56d83306d9 of volume af0e1d1f-4de6-4d0b-bb21-c0767a37aa86 {{(pid=82289) _create_snapshot /opt/stack/cinder/cinder/volume/drivers/remotefs.py:1815}}
Feb 22 20:31:07 devstack cinder-volume[82289]: DEBUG oslo.privsep.daemon [-] privsep: reply[48a8320a-7089-4b86-8f77-6e3a6ae7490e]: (4, 'qcow2') {{(pid=83192) _call_back /opt/stack/data/venv/lib/python3.10/site-packages/oslo_privsep/daemon.py:573}}
Feb 22 20:31:07 devstack cinder-volume[82289]: DEBUG oslo_concurrency.processutils [None req-28288129-ec91-4497-818b-e148ba504cde tempest-GroupSnapshotsTest-1021201305 None] Running cmd (subprocess): /opt/stack/data/venv/bin/python3.10 -m oslo_concurrency.prlimit --as=1073741824 --cpu=60 -- sudo cinder-rootwrap /etc/cinder/rootwrap.conf env LC_ALL=C qemu-img info -f qcow2 --output=json --force-share /opt/stack/data/cinder/mnt/79060e37dd81f2a66f9fe2bbb0476daf/volume-af0e1d1f-4de6-4d0b-bb21-c0767a37aa86 {{(pid=82289) execute /opt/stack/data/venv/lib/python3.10/site-packages/oslo_concurrency/processutils.py:440}}
Feb 22 20:31:07 devstack sudo[84643]: quobyte : PWD=/ ; USER=root ; COMMAND=/opt/stack/data/venv/bin/cinder-rootwrap /etc/cinder/rootwrap.conf env LC_ALL=C qemu-img info -f qcow2 --output=json --force-share /opt/stack/data/cinder/mnt/79060e37dd81f2a66f9fe2bbb0476daf/volume-af0e1d1f-4de6-4d0b-bb21-c0767a37aa86
Feb 22 20:31:07 devstack sudo[84643]: pam_unix(sudo:session): session opened for user root(uid=0) by (uid=1000)
Feb 22 20:31:07 devstack sudo[84643]: pam_unix(sudo:session): session closed for user root
Feb 22 20:31:07 devstack cinder-volume[82289]: DEBUG oslo_concurrency.processutils [None req-28288129-ec91-4497-818b-e148ba504cde tempest-GroupSnapshotsTest-1021201305 None] CMD "/opt/stack/data/venv/bin/python3.10 -m oslo_concurrency.prlimit --as=1073741824 --cpu=60 -- sudo cinder-rootwrap /etc/cinder/rootwrap.conf env LC_ALL=C qemu-img info -f qcow2 --output=json --force-share /opt/stack/data/cinder/mnt/79060e37dd81f2a66f9fe2bbb0476daf/volume-af0e1d1f-4de6-4d0b-bb21-c0767a37aa86" returned: 0 in 0.614s {{(pid=82289) execute /opt/stack/data/venv/lib/python3.10/site-packages/oslo_concurrency/processutils.py:468}}
Feb 22 20:31:07 devstack cinder-volume[82289]: DEBUG oslo_concurrency.processutils [None req-28288129-ec91-4497-818b-e148ba504cde tempest-GroupSnapshotsTest-1021201305 None] Running cmd (subprocess): sudo cinder-rootwrap /etc/cinder/rootwrap.conf qemu-img create -f qcow2 -o backing_file=/opt/stack/data/cinder/mnt/79060e37dd81f2a66f9fe2bbb0476daf/volume-af0e1d1f-4de6-4d0b-bb21-c0767a37aa86,backing_fmt=qcow2 /opt/stack/data/cinder/mnt/79060e37dd81f2a66f9fe2bbb0476daf/volume-af0e1d1f-4de6-4d0b-bb21-c0767a37aa86.500344b4-891a-4027-af20-ae56d83306d9 1G {{(pid=82289) execute /opt/stack/data/venv/lib/python3.10/site-packages/oslo_concurrency/processutils.py:440}}
Feb 22 20:31:07 devstack sudo[84648]: quobyte : PWD=/ ; USER=root ; COMMAND=/opt/stack/data/venv/bin/cinder-rootwrap /etc/cinder/rootwrap.conf qemu-img create -f qcow2 -o backing_file=/opt/stack/data/cinder/mnt/79060e37dd81f2a66f9fe2bbb0476daf/volume-af0e1d1f-4de6-4d0b-bb21-c0767a37aa86,backing_fmt=qcow2 /opt/stack/data/cinder/mnt/79060e37dd81f2a66f9fe2bbb0476daf/volume-af0e1d1f-4de6-4d0b-bb21-c0767a37aa86.500344b4-891a-4027-af20-ae56d83306d9 1G
Feb 22 20:31:07 devstack sudo[84648]: pam_unix(sudo:session): session opened for user root(uid=0) by (uid=1000)
Feb 22 20:31:08 devstack sudo[84648]: pam_unix(sudo:session): session closed for user root
Feb 22 20:31:08 devstack cinder-volume[82289]: DEBUG oslo_concurrency.processutils [None req-28288129-ec91-4497-818b-e148ba504cde tempest-GroupSnapshotsTest-1021201305 None] CMD "sudo cinder-rootwrap /etc/cinder/rootwrap.conf qemu-img create -f qcow2 -o backing_file=/opt/stack/data/cinder/mnt/79060e37dd81f2a66f9fe2bbb0476daf/volume-af0e1d1f-4de6-4d0b-bb21-c0767a37aa86,backing_fmt=qcow2 /opt/stack/data/cinder/mnt/79060e37dd81f2a66f9fe2bbb0476daf/volume-af0e1d1f-4de6-4d0b-bb21-c0767a37aa86.500344b4-891a-4027-af20-ae56d83306d9 1G" returned: 0 in 0.756s {{(pid=82289) execute /opt/stack/data/venv/lib/python3.10/site-packages/oslo_concurrency/processutils.py:468}}
Feb 22 20:31:08 devstack cinder-volume[82289]: DEBUG oslo_concurrency.processutils [None req-28288129-ec91-4497-818b-e148ba504cde tempest-GroupSnapshotsTest-1021201305 None] Running cmd (subprocess): sudo cinder-rootwrap /etc/cinder/rootwrap.conf qemu-img rebase -u -b volume-af0e1d1f-4de6-4d0b-bb21-c0767a37aa86 -F qcow2 /opt/stack/data/cinder/mnt/79060e37dd81f2a66f9fe2bbb0476daf/volume-af0e1d1f-4de6-4d0b-bb21-c0767a37aa86.500344b4-891a-4027-af20-ae56d83306d9 {{(pid=82289) execute /opt/stack/data/venv/lib/python3.10/site-packages/oslo_concurrency/processutils.py:440}}
Feb 22 20:31:08 devstack sudo[84665]: quobyte : PWD=/ ; USER=root ; COMMAND=/opt/stack/data/venv/bin/cinder-rootwrap /etc/cinder/rootwrap.conf qemu-img rebase -u -b volume-af0e1d1f-4de6-4d0b-bb21-c0767a37aa86 -F qcow2 /opt/stack/data/cinder/mnt/79060e37dd81f2a66f9fe2bbb0476daf/volume-af0e1d1f-4de6-4d0b-bb21-c0767a37aa86.500344b4-891a-4027-af20-ae56d83306d9
Feb 22 20:31:08 devstack sudo[84665]: pam_unix(sudo:session): session opened for user root(uid=0) by (uid=1000)
Feb 22 20:31:09 devstack sudo[84665]: pam_unix(sudo:session): session closed for user root
Feb 22 20:31:09 devstack cinder-volume[82289]: DEBUG oslo_concurrency.processutils [None req-28288129-ec91-4497-818b-e148ba504cde tempest-GroupSnapshotsTest-1021201305 None] CMD "sudo cinder-rootwrap /etc/cinder/rootwrap.conf qemu-img rebase -u -b volume-af0e1d1f-4de6-4d0b-bb21-c0767a37aa86 -F qcow2 /opt/stack/data/cinder/mnt/79060e37dd81f2a66f9fe2bbb0476daf/volume-af0e1d1f-4de6-4d0b-bb21-c0767a37aa86.500344b4-891a-4027-af20-ae56d83306d9" returned: 0 in 0.665s {{(pid=82289) execute /opt/stack/data/venv/lib/python3.10/site-packages/oslo_concurrency/processutils.py:468}}
Feb 22 20:31:09 devstack cinder-volume[82289]: WARNING cinder.volume.drivers.remotefs [None req-28288129-ec91-4497-818b-e148ba504cde tempest-GroupSnapshotsTest-1021201305 None] /opt/stack/data/cinder/mnt/79060e37dd81f2a66f9fe2bbb0476daf/volume-af0e1d1f-4de6-4d0b-bb21-c0767a37aa86.500344b4-891a-4027-af20-ae56d83306d9 is being set with open permissions: ugo+rw: NotImplementedError
Feb 22 20:31:09 devstack cinder-volume[82289]: DEBUG oslo_concurrency.processutils [None req-28288129-ec91-4497-818b-e148ba504cde tempest-GroupSnapshotsTest-1021201305 None] Running cmd (subprocess): sudo cinder-rootwrap /etc/cinder/rootwrap.conf chmod ugo+rw /opt/stack/data/cinder/mnt/79060e37dd81f2a66f9fe2bbb0476daf/volume-af0e1d1f-4de6-4d0b-bb21-c0767a37aa86.500344b4-891a-4027-af20-ae56d83306d9 {{(pid=82289) execute /opt/stack/data/venv/lib/python3.10/site-packages/oslo_concurrency/processutils.py:440}}
Feb 22 20:31:09 devstack sudo[84674]: quobyte : PWD=/ ; USER=root ; COMMAND=/opt/stack/data/venv/bin/cinder-rootwrap /etc/cinder/rootwrap.conf chmod ugo+rw /opt/stack/data/cinder/mnt/79060e37dd81f2a66f9fe2bbb0476daf/volume-af0e1d1f-4de6-4d0b-bb21-c0767a37aa86.500344b4-891a-4027-af20-ae56d83306d9
Feb 22 20:31:09 devstack sudo[84674]: pam_unix(sudo:session): session opened for user root(uid=0) by (uid=1000)
Feb 22 20:31:09 devstack sudo[84674]: pam_unix(sudo:session): session closed for user root
Feb 22 20:31:09 devstack cinder-volume[82289]: DEBUG oslo_concurrency.processutils [None req-28288129-ec91-4497-818b-e148ba504cde tempest-GroupSnapshotsTest-1021201305 None] CMD "sudo cinder-rootwrap /etc/cinder/rootwrap.conf chmod ugo+rw /opt/stack/data/cinder/mnt/79060e37dd81f2a66f9fe2bbb0476daf/volume-af0e1d1f-4de6-4d0b-bb21-c0767a37aa86.500344b4-891a-4027-af20-ae56d83306d9" returned: 0 in 0.465s {{(pid=82289) execute /opt/stack/data/venv/lib/python3.10/site-packages/oslo_concurrency/processutils.py:468}}
Feb 22 20:31:09 devstack cinder-volume[82289]: DEBUG oslo_concurrency.processutils [None req-28288129-ec91-4497-818b-e148ba504cde tempest-GroupSnapshotsTest-1021201305 None] Running cmd (subprocess): sudo cinder-rootwrap /etc/cinder/rootwrap.conf truncate -s0 /opt/stack/data/cinder/mnt/79060e37dd81f2a66f9fe2bbb0476daf/volume-af0e1d1f-4de6-4d0b-bb21-c0767a37aa86.info {{(pid=82289) execute /opt/stack/data/venv/lib/python3.10/site-packages/oslo_concurrency/processutils.py:440}}
Feb 22 20:31:09 devstack sudo[84677]: quobyte : PWD=/ ; USER=root ; COMMAND=/opt/stack/data/venv/bin/cinder-rootwrap /etc/cinder/rootwrap.conf truncate -s0 /opt/stack/data/cinder/mnt/79060e37dd81f2a66f9fe2bbb0476daf/volume-af0e1d1f-4de6-4d0b-bb21-c0767a37aa86.info
Feb 22 20:31:09 devstack sudo[84677]: pam_unix(sudo:session): session opened for user root(uid=0) by (uid=1000)
Feb 22 20:31:09 devstack cinder-volume[82289]: DEBUG oslo_service.periodic_task [None req-7b0af3cb-8247-419b-9c46-946752174d39 None None] Running periodic task VolumeManager.publish_service_capabilities {{(pid=82289) run_periodic_tasks /opt/stack/data/venv/lib/python3.10/site-packages/oslo_service/periodic_task.py:210}}
Feb 22 20:31:09 devstack cinder-volume[82289]: DEBUG oslo_concurrency.lockutils [None req-7b0af3cb-8247-419b-9c46-946752174d39 None None] Acquiring lock "quobyte_ensure" by "cinder.volume.drivers.quobyte.QuobyteDriver._ensure_shares_mounted" {{(pid=82289) inner /opt/stack/data/venv/lib/python3.10/site-packages/oslo_concurrency/lockutils.py:506}}
Feb 22 20:31:09 devstack cinder-volume[82289]: DEBUG oslo_concurrency.lockutils [None req-7b0af3cb-8247-419b-9c46-946752174d39 None None] Lock "quobyte_ensure" acquired by "cinder.volume.drivers.quobyte.QuobyteDriver._ensure_shares_mounted" :: waited 0.000s {{(pid=82289) inner /opt/stack/data/venv/lib/python3.10/site-packages/oslo_concurrency/lockutils.py:519}}
Feb 22 20:31:09 devstack cinder-volume[82289]: DEBUG cinder.volume.drivers.quobyte [None req-7b0af3cb-8247-419b-9c46-946752174d39 None None] Quobyte Volume URL set to: {'osci02.corp.quobyte.com/cinder-vol-88078c1f-a583-4468-a688-bdec968fa99f': None} {{(pid=82289) _load_shares_config /opt/stack/cinder/cinder/volume/drivers/quobyte.py:617}}
Feb 22 20:31:09 devstack cinder-volume[82289]: DEBUG cinder.volume.drivers.quobyte [None req-7b0af3cb-8247-419b-9c46-946752174d39 None None] Available shares ['osci02.corp.quobyte.com/cinder-vol-88078c1f-a583-4468-a688-bdec968fa99f'] {{(pid=82289) _ensure_shares_mounted /opt/stack/cinder/cinder/volume/drivers/quobyte.py:647}}
Feb 22 20:31:09 devstack cinder-volume[82289]: DEBUG oslo_concurrency.lockutils [None req-7b0af3cb-8247-419b-9c46-946752174d39 None None] Lock "quobyte_ensure" "released" by "cinder.volume.drivers.quobyte.QuobyteDriver._ensure_shares_mounted" :: held 0.004s {{(pid=82289) inner /opt/stack/data/venv/lib/python3.10/site-packages/oslo_concurrency/lockutils.py:538}}
Feb 22 20:31:09 devstack cinder-volume[82289]: DEBUG oslo_concurrency.processutils [None req-7b0af3cb-8247-419b-9c46-946752174d39 None None] Running cmd (subprocess): sudo cinder-rootwrap /etc/cinder/rootwrap.conf df --portability --block-size 1 /opt/stack/data/cinder/mnt/79060e37dd81f2a66f9fe2bbb0476daf {{(pid=82289) execute /opt/stack/data/venv/lib/python3.10/site-packages/oslo_concurrency/processutils.py:440}}
Feb 22 20:31:09 devstack sudo[84679]: quobyte : PWD=/ ; USER=root ; COMMAND=/opt/stack/data/venv/bin/cinder-rootwrap /etc/cinder/rootwrap.conf df --portability --block-size 1 /opt/stack/data/cinder/mnt/79060e37dd81f2a66f9fe2bbb0476daf
Feb 22 20:31:09 devstack sudo[84679]: pam_unix(sudo:session): session opened for user root(uid=0) by (uid=1000)
Feb 22 20:31:10 devstack sudo[84677]: pam_unix(sudo:session): session closed for user root
Feb 22 20:31:10 devstack cinder-volume[82289]: DEBUG oslo_concurrency.processutils [None req-28288129-ec91-4497-818b-e148ba504cde tempest-GroupSnapshotsTest-1021201305 None] CMD "sudo cinder-rootwrap /etc/cinder/rootwrap.conf truncate -s0 /opt/stack/data/cinder/mnt/79060e37dd81f2a66f9fe2bbb0476daf/volume-af0e1d1f-4de6-4d0b-bb21-c0767a37aa86.info" returned: 0 in 1.029s {{(pid=82289) execute /opt/stack/data/venv/lib/python3.10/site-packages/oslo_concurrency/processutils.py:468}}
Feb 22 20:31:10 devstack cinder-volume[82289]: WARNING cinder.volume.drivers.remotefs [None req-28288129-ec91-4497-818b-e148ba504cde tempest-GroupSnapshotsTest-1021201305 None] /opt/stack/data/cinder/mnt/79060e37dd81f2a66f9fe2bbb0476daf/volume-af0e1d1f-4de6-4d0b-bb21-c0767a37aa86.info is being set with open permissions: ugo+rw: NotImplementedError
Feb 22 20:31:10 devstack cinder-volume[82289]: DEBUG oslo_concurrency.processutils [None req-28288129-ec91-4497-818b-e148ba504cde tempest-GroupSnapshotsTest-1021201305 None] Running cmd (subprocess): sudo cinder-rootwrap /etc/cinder/rootwrap.conf chmod ugo+rw /opt/stack/data/cinder/mnt/79060e37dd81f2a66f9fe2bbb0476daf/volume-af0e1d1f-4de6-4d0b-bb21-c0767a37aa86.info {{(pid=82289) execute /opt/stack/data/venv/lib/python3.10/site-packages/oslo_concurrency/processutils.py:440}}
Feb 22 20:31:10 devstack sudo[84679]: pam_unix(sudo:session): session closed for user root
Feb 22 20:31:10 devstack cinder-volume[82289]: DEBUG oslo_concurrency.processutils [None req-7b0af3cb-8247-419b-9c46-946752174d39 None None] CMD "sudo cinder-rootwrap /etc/cinder/rootwrap.conf df --portability --block-size 1 /opt/stack/data/cinder/mnt/79060e37dd81f2a66f9fe2bbb0476daf" returned: 0 in 0.791s {{(pid=82289) execute /opt/stack/data/venv/lib/python3.10/site-packages/oslo_concurrency/processutils.py:468}}
Feb 22 20:31:10 devstack cinder-volume[82289]: DEBUG cinder.manager [None req-7b0af3cb-8247-419b-9c46-946752174d39 None None] Notifying Schedulers of capabilities ... {{(pid=82289) _publish_service_capabilities /opt/stack/cinder/cinder/manager.py:202}}
Feb 22 20:31:10 devstack sudo[84688]: quobyte : PWD=/ ; USER=root ; COMMAND=/opt/stack/data/venv/bin/cinder-rootwrap /etc/cinder/rootwrap.conf chmod ugo+rw /opt/stack/data/cinder/mnt/79060e37dd81f2a66f9fe2bbb0476daf/volume-af0e1d1f-4de6-4d0b-bb21-c0767a37aa86.info
Feb 22 20:31:10 devstack sudo[84688]: pam_unix(sudo:session): session opened for user root(uid=0) by (uid=1000)
Feb 22 20:31:11 devstack sudo[84688]: pam_unix(sudo:session): session closed for user root
Feb 22 20:31:11 devstack cinder-volume[82289]: DEBUG oslo_concurrency.processutils [None req-28288129-ec91-4497-818b-e148ba504cde tempest-GroupSnapshotsTest-1021201305 None] CMD "sudo cinder-rootwrap /etc/cinder/rootwrap.conf chmod ugo+rw /opt/stack/data/cinder/mnt/79060e37dd81f2a66f9fe2bbb0476daf/volume-af0e1d1f-4de6-4d0b-bb21-c0767a37aa86.info" returned: 0 in 0.755s {{(pid=82289) execute /opt/stack/data/venv/lib/python3.10/site-packages/oslo_concurrency/processutils.py:468}}
Feb 22 20:31:11 devstack cinder-volume[82289]: DEBUG oslo_concurrency.lockutils [None req-28288129-ec91-4497-818b-e148ba504cde tempest-GroupSnapshotsTest-1021201305 None] Lock "quobyte" "released" by "cinder.volume.drivers.quobyte.QuobyteDriver.create_snapshot" :: held 4.350s {{(pid=82289) inner /opt/stack/data/venv/lib/python3.10/site-packages/oslo_concurrency/lockutils.py:538}}
Feb 22 20:31:11 devstack cinder-volume[82289]: INFO cinder.volume.manager [None req-28288129-ec91-4497-818b-e148ba504cde tempest-GroupSnapshotsTest-1021201305 None] group_snapshot 845c0b9e-af94-4396-9f48-e60e64c4d0ec: created successfully
Feb 22 20:31:12 devstack cinder-volume[82289]: INFO cinder.volume.manager [None req-04712d14-e9f4-45cc-8bb4-4bee631ca950 tempest-GroupSnapshotsTest-1021201305 None] group_snapshot 845c0b9e-af94-4396-9f48-e60e64c4d0ec: deleting
Feb 22 20:31:12 devstack cinder-volume[82289]: DEBUG cinder.volume.manager [None req-04712d14-e9f4-45cc-8bb4-4bee631ca950 tempest-GroupSnapshotsTest-1021201305 None] group_snapshot 845c0b9e-af94-4396-9f48-e60e64c4d0ec: deleting {{(pid=82289) delete_group_snapshot /opt/stack/cinder/cinder/volume/manager.py:4350}}
Feb 22 20:31:12 devstack cinder-volume[82289]: DEBUG cinder.coordination [None req-04712d14-e9f4-45cc-8bb4-4bee631ca950 tempest-GroupSnapshotsTest-1021201305 None] Acquiring lock "cinder-quobyte-5340152f-31a4-4b63-8af5-43cc9cead109" by "delete_snapshot" {{(pid=82289) __acquire /opt/stack/cinder/cinder/coordination.py:138}}
Feb 22 20:31:12 devstack cinder-volume[82289]: DEBUG cinder.coordination [None req-04712d14-e9f4-45cc-8bb4-4bee631ca950 tempest-GroupSnapshotsTest-1021201305 None] Lock "cinder-quobyte-5340152f-31a4-4b63-8af5-43cc9cead109" acquired by "delete_snapshot" :: waited 0.012s {{(pid=82289) __acquire /opt/stack/cinder/cinder/coordination.py:141}}
Feb 22 20:31:12 devstack cinder-volume[82289]: DEBUG cinder.coordination [None req-04712d14-e9f4-45cc-8bb4-4bee631ca950 tempest-GroupSnapshotsTest-1021201305 None] Acquiring lock "cinder-quobyte-4234df48-b9ce-45e7-b017-570bc85804be" by "_delete_snapshot" {{(pid=82289) __acquire /opt/stack/cinder/cinder/coordination.py:138}}
Feb 22 20:31:12 devstack cinder-volume[82289]: DEBUG cinder.coordination [None req-04712d14-e9f4-45cc-8bb4-4bee631ca950 tempest-GroupSnapshotsTest-1021201305 None] Lock "cinder-quobyte-4234df48-b9ce-45e7-b017-570bc85804be" acquired by "_delete_snapshot" :: waited 0.011s {{(pid=82289) __acquire /opt/stack/cinder/cinder/coordination.py:141}}
Feb 22 20:31:12 devstack cinder-volume[82289]: DEBUG cinder.volume.drivers.remotefs [None req-04712d14-e9f4-45cc-8bb4-4bee631ca950 tempest-GroupSnapshotsTest-1021201305 None] Deleting offline snapshot 4234df48-b9ce-45e7-b017-570bc85804be of volume 5340152f-31a4-4b63-8af5-43cc9cead109 {{(pid=82289) _delete_snapshot /opt/stack/cinder/cinder/volume/drivers/remotefs.py:1288}}
Feb 22 20:31:12 devstack cinder-volume[82289]: DEBUG cinder.volume.drivers.remotefs [None req-04712d14-e9f4-45cc-8bb4-4bee631ca950 tempest-GroupSnapshotsTest-1021201305 None] snapshot_file for this snap is: volume-5340152f-31a4-4b63-8af5-43cc9cead109.4234df48-b9ce-45e7-b017-570bc85804be {{(pid=82289) _delete_snapshot /opt/stack/cinder/cinder/volume/drivers/remotefs.py:1317}}
Feb 22 20:31:12 devstack cinder-volume[82289]: DEBUG oslo.privsep.daemon [-] privsep: reply[fc36ee0b-c49c-4563-bdbd-15d019dc1873]: (4, 'qcow2') {{(pid=83192) _call_back /opt/stack/data/venv/lib/python3.10/site-packages/oslo_privsep/daemon.py:573}}
Feb 22 20:31:12 devstack cinder-volume[82289]: DEBUG oslo_concurrency.processutils [None req-04712d14-e9f4-45cc-8bb4-4bee631ca950 tempest-GroupSnapshotsTest-1021201305 None] Running cmd (subprocess): /opt/stack/data/venv/bin/python3.10 -m oslo_concurrency.prlimit --as=1073741824 --cpu=60 -- sudo cinder-rootwrap /etc/cinder/rootwrap.conf env LC_ALL=C qemu-img info -f qcow2 --output=json --force-share /opt/stack/data/cinder/mnt/79060e37dd81f2a66f9fe2bbb0476daf/volume-5340152f-31a4-4b63-8af5-43cc9cead109.4234df48-b9ce-45e7-b017-570bc85804be {{(pid=82289) execute /opt/stack/data/venv/lib/python3.10/site-packages/oslo_concurrency/processutils.py:440}}
Feb 22 20:31:12 devstack sudo[84708]: quobyte : PWD=/ ; USER=root ; COMMAND=/opt/stack/data/venv/bin/cinder-rootwrap /etc/cinder/rootwrap.conf env LC_ALL=C qemu-img info -f qcow2 --output=json --force-share /opt/stack/data/cinder/mnt/79060e37dd81f2a66f9fe2bbb0476daf/volume-5340152f-31a4-4b63-8af5-43cc9cead109.4234df48-b9ce-45e7-b017-570bc85804be
Feb 22 20:31:12 devstack sudo[84708]: pam_unix(sudo:session): session opened for user root(uid=0) by (uid=1000)
Feb 22 20:31:13 devstack sudo[84708]: pam_unix(sudo:session): session closed for user root
Feb 22 20:31:13 devstack cinder-volume[82289]: DEBUG oslo_concurrency.processutils [None req-04712d14-e9f4-45cc-8bb4-4bee631ca950 tempest-GroupSnapshotsTest-1021201305 None] CMD "/opt/stack/data/venv/bin/python3.10 -m oslo_concurrency.prlimit --as=1073741824 --cpu=60 -- sudo cinder-rootwrap /etc/cinder/rootwrap.conf env LC_ALL=C qemu-img info -f qcow2 --output=json --force-share /opt/stack/data/cinder/mnt/79060e37dd81f2a66f9fe2bbb0476daf/volume-5340152f-31a4-4b63-8af5-43cc9cead109.4234df48-b9ce-45e7-b017-570bc85804be" returned: 0 in 0.896s {{(pid=82289) execute /opt/stack/data/venv/lib/python3.10/site-packages/oslo_concurrency/processutils.py:468}}
Feb 22 20:31:13 devstack cinder-volume[82289]: DEBUG cinder.volume.drivers.remotefs [None req-04712d14-e9f4-45cc-8bb4-4bee631ca950 tempest-GroupSnapshotsTest-1021201305 None] Fetching qemu-img info with special backing_file_template: (/opt/stack/data/cinder/mnt/[0-9a-f]+/)?(volume-5340152f-31a4-4b63-8af5-43cc9cead109(.(tmp-snap-)?[0-9a-f-]+)?|volume_from_snapshot_cache/(tmp-snap-)?[0-9a-f-]+(.(child-|parent-)[0-9a-f-]+)?)$ {{(pid=82289) _qemu_img_info_base /opt/stack/cinder/cinder/volume/drivers/remotefs.py:896}}
Feb 22 20:31:13 devstack cinder-volume[82289]: DEBUG oslo.privsep.daemon [-] privsep: reply[76da6c46-68be-4a3d-a7de-dcb0a6e3211d]: (4, 'qcow2') {{(pid=83192) _call_back /opt/stack/data/venv/lib/python3.10/site-packages/oslo_privsep/daemon.py:573}}
Feb 22 20:31:13 devstack cinder-volume[82289]: DEBUG oslo_concurrency.processutils [None req-04712d14-e9f4-45cc-8bb4-4bee631ca950 tempest-GroupSnapshotsTest-1021201305 None] Running cmd (subprocess): /opt/stack/data/venv/bin/python3.10 -m oslo_concurrency.prlimit --as=1073741824 --cpu=60 -- sudo cinder-rootwrap /etc/cinder/rootwrap.conf env LC_ALL=C qemu-img info -f qcow2 --output=json --force-share /opt/stack/data/cinder/mnt/79060e37dd81f2a66f9fe2bbb0476daf/volume-5340152f-31a4-4b63-8af5-43cc9cead109 {{(pid=82289) execute /opt/stack/data/venv/lib/python3.10/site-packages/oslo_concurrency/processutils.py:440}}
Feb 22 20:31:13 devstack sudo[84754]: quobyte : PWD=/ ; USER=root ; COMMAND=/opt/stack/data/venv/bin/cinder-rootwrap /etc/cinder/rootwrap.conf env LC_ALL=C qemu-img info -f qcow2 --output=json --force-share /opt/stack/data/cinder/mnt/79060e37dd81f2a66f9fe2bbb0476daf/volume-5340152f-31a4-4b63-8af5-43cc9cead109
Feb 22 20:31:13 devstack sudo[84754]: pam_unix(sudo:session): session opened for user root(uid=0) by (uid=1000)
Feb 22 20:31:14 devstack sudo[84754]: pam_unix(sudo:session): session closed for user root
Feb 22 20:31:14 devstack cinder-volume[82289]: DEBUG oslo_concurrency.processutils [None req-04712d14-e9f4-45cc-8bb4-4bee631ca950 tempest-GroupSnapshotsTest-1021201305 None] CMD "/opt/stack/data/venv/bin/python3.10 -m oslo_concurrency.prlimit --as=1073741824 --cpu=60 -- sudo cinder-rootwrap /etc/cinder/rootwrap.conf env LC_ALL=C qemu-img info -f qcow2 --output=json --force-share /opt/stack/data/cinder/mnt/79060e37dd81f2a66f9fe2bbb0476daf/volume-5340152f-31a4-4b63-8af5-43cc9cead109" returned: 0 in 0.847s {{(pid=82289) execute /opt/stack/data/venv/lib/python3.10/site-packages/oslo_concurrency/processutils.py:468}}
Feb 22 20:31:14 devstack cinder-volume[82289]: DEBUG oslo_concurrency.processutils [None req-04712d14-e9f4-45cc-8bb4-4bee631ca950 tempest-GroupSnapshotsTest-1021201305 None] Running cmd (subprocess): sudo cinder-rootwrap /etc/cinder/rootwrap.conf qemu-img commit -d /opt/stack/data/cinder/mnt/79060e37dd81f2a66f9fe2bbb0476daf/volume-5340152f-31a4-4b63-8af5-43cc9cead109.4234df48-b9ce-45e7-b017-570bc85804be {{(pid=82289) execute /opt/stack/data/venv/lib/python3.10/site-packages/oslo_concurrency/processutils.py:440}}
Feb 22 20:31:14 devstack sudo[84770]: quobyte : PWD=/ ; USER=root ; COMMAND=/opt/stack/data/venv/bin/cinder-rootwrap /etc/cinder/rootwrap.conf qemu-img commit -d /opt/stack/data/cinder/mnt/79060e37dd81f2a66f9fe2bbb0476daf/volume-5340152f-31a4-4b63-8af5-43cc9cead109.4234df48-b9ce-45e7-b017-570bc85804be
Feb 22 20:31:14 devstack sudo[84770]: pam_unix(sudo:session): session opened for user root(uid=0) by (uid=1000)
Feb 22 20:31:14 devstack sudo[84770]: pam_unix(sudo:session): session closed for user root
Feb 22 20:31:14 devstack cinder-volume[82289]: DEBUG oslo_concurrency.processutils [None req-04712d14-e9f4-45cc-8bb4-4bee631ca950 tempest-GroupSnapshotsTest-1021201305 None] CMD "sudo cinder-rootwrap /etc/cinder/rootwrap.conf qemu-img commit -d /opt/stack/data/cinder/mnt/79060e37dd81f2a66f9fe2bbb0476daf/volume-5340152f-31a4-4b63-8af5-43cc9cead109.4234df48-b9ce-45e7-b017-570bc85804be" returned: 0 in 0.505s {{(pid=82289) execute /opt/stack/data/venv/lib/python3.10/site-packages/oslo_concurrency/processutils.py:468}}
Feb 22 20:31:14 devstack cinder-volume[82289]: DEBUG oslo_concurrency.processutils [None req-04712d14-e9f4-45cc-8bb4-4bee631ca950 tempest-GroupSnapshotsTest-1021201305 None] Running cmd (subprocess): sudo cinder-rootwrap /etc/cinder/rootwrap.conf rm -f /opt/stack/data/cinder/mnt/79060e37dd81f2a66f9fe2bbb0476daf/volume-5340152f-31a4-4b63-8af5-43cc9cead109.4234df48-b9ce-45e7-b017-570bc85804be {{(pid=82289) execute /opt/stack/data/venv/lib/python3.10/site-packages/oslo_concurrency/processutils.py:440}}
Feb 22 20:31:14 devstack sudo[84776]: quobyte : PWD=/ ; USER=root ; COMMAND=/opt/stack/data/venv/bin/cinder-rootwrap /etc/cinder/rootwrap.conf rm -f /opt/stack/data/cinder/mnt/79060e37dd81f2a66f9fe2bbb0476daf/volume-5340152f-31a4-4b63-8af5-43cc9cead109.4234df48-b9ce-45e7-b017-570bc85804be
Feb 22 20:31:14 devstack sudo[84776]: pam_unix(sudo:session): session opened for user root(uid=0) by (uid=1000)
Feb 22 20:31:15 devstack sudo[84776]: pam_unix(sudo:session): session closed for user root
Feb 22 20:31:15 devstack cinder-volume[82289]: DEBUG oslo_concurrency.processutils [None req-04712d14-e9f4-45cc-8bb4-4bee631ca950 tempest-GroupSnapshotsTest-1021201305 None] CMD "sudo cinder-rootwrap /etc/cinder/rootwrap.conf rm -f /opt/stack/data/cinder/mnt/79060e37dd81f2a66f9fe2bbb0476daf/volume-5340152f-31a4-4b63-8af5-43cc9cead109.4234df48-b9ce-45e7-b017-570bc85804be" returned: 0 in 0.962s {{(pid=82289) execute /opt/stack/data/venv/lib/python3.10/site-packages/oslo_concurrency/processutils.py:468}}
Feb 22 20:31:15 devstack cinder-volume[82289]: DEBUG cinder.coordination [None req-04712d14-e9f4-45cc-8bb4-4bee631ca950 tempest-GroupSnapshotsTest-1021201305 None] Lock "cinder-quobyte-4234df48-b9ce-45e7-b017-570bc85804be" released by "_delete_snapshot" :: held 3.381s {{(pid=82289) __release /opt/stack/cinder/cinder/coordination.py:152}}
Feb 22 20:31:15 devstack cinder-volume[82289]: DEBUG cinder.coordination [None req-04712d14-e9f4-45cc-8bb4-4bee631ca950 tempest-GroupSnapshotsTest-1021201305 None] Lock "cinder-quobyte-5340152f-31a4-4b63-8af5-43cc9cead109" released by "delete_snapshot" :: held 3.397s {{(pid=82289) __release /opt/stack/cinder/cinder/coordination.py:152}}
Feb 22 20:31:15 devstack cinder-volume[82289]: DEBUG cinder.coordination [None req-04712d14-e9f4-45cc-8bb4-4bee631ca950 tempest-GroupSnapshotsTest-1021201305 None] Acquiring lock "cinder-quobyte-af0e1d1f-4de6-4d0b-bb21-c0767a37aa86" by "delete_snapshot" {{(pid=82289) __acquire /opt/stack/cinder/cinder/coordination.py:138}}
Feb 22 20:31:15 devstack cinder-volume[82289]: DEBUG cinder.coordination [None req-04712d14-e9f4-45cc-8bb4-4bee631ca950 tempest-GroupSnapshotsTest-1021201305 None] Lock "cinder-quobyte-af0e1d1f-4de6-4d0b-bb21-c0767a37aa86" acquired by "delete_snapshot" :: waited 0.012s {{(pid=82289) __acquire /opt/stack/cinder/cinder/coordination.py:141}}
Feb 22 20:31:15 devstack cinder-volume[82289]: DEBUG cinder.coordination [None req-04712d14-e9f4-45cc-8bb4-4bee631ca950 tempest-GroupSnapshotsTest-1021201305 None] Acquiring lock "cinder-quobyte-500344b4-891a-4027-af20-ae56d83306d9" by "_delete_snapshot" {{(pid=82289) __acquire /opt/stack/cinder/cinder/coordination.py:138}}
Feb 22 20:31:15 devstack cinder-volume[82289]: DEBUG cinder.coordination [None req-04712d14-e9f4-45cc-8bb4-4bee631ca950 tempest-GroupSnapshotsTest-1021201305 None] Lock "cinder-quobyte-500344b4-891a-4027-af20-ae56d83306d9" acquired by "_delete_snapshot" :: waited 0.013s {{(pid=82289) __acquire /opt/stack/cinder/cinder/coordination.py:141}}
Feb 22 20:31:15 devstack cinder-volume[82289]: DEBUG cinder.volume.drivers.remotefs [None req-04712d14-e9f4-45cc-8bb4-4bee631ca950 tempest-GroupSnapshotsTest-1021201305 None] Deleting offline snapshot 500344b4-891a-4027-af20-ae56d83306d9 of volume af0e1d1f-4de6-4d0b-bb21-c0767a37aa86 {{(pid=82289) _delete_snapshot /opt/stack/cinder/cinder/volume/drivers/remotefs.py:1288}}
