Apr 08 15:50:12 devstack sudo[84327]: pam_unix(sudo:session): session closed for user root
Apr 08 15:50:12 devstack cinder-volume[82216]: DEBUG oslo_concurrency.processutils [None req-6f24137c-256e-4be7-b77d-7689fe2d0f56 tempest-SnapshotsActionsTest-1701999038 None] CMD "sudo cinder-rootwrap /etc/cinder/rootwrap.conf qemu-img create -f qcow2 -o backing_file=/opt/stack/data/cinder/mnt/d6227bb8421af48aea76a533e1f3baf3/volume-ccc8e4d1-935a-4baf-b5ae-60705e8294fd,backing_fmt=qcow2 /opt/stack/data/cinder/mnt/d6227bb8421af48aea76a533e1f3baf3/volume-ccc8e4d1-935a-4baf-b5ae-60705e8294fd.02878a1c-8b04-46c2-a6da-23a8cdbd4b7c 1G" returned: 0 in 0.744s {{(pid=82216) execute /opt/stack/data/venv/lib/python3.10/site-packages/oslo_concurrency/processutils.py:468}}
Apr 08 15:50:12 devstack cinder-volume[82216]: DEBUG oslo_concurrency.processutils [None req-6f24137c-256e-4be7-b77d-7689fe2d0f56 tempest-SnapshotsActionsTest-1701999038 None] Running cmd (subprocess): sudo cinder-rootwrap /etc/cinder/rootwrap.conf qemu-img rebase -u -b volume-ccc8e4d1-935a-4baf-b5ae-60705e8294fd -F qcow2 /opt/stack/data/cinder/mnt/d6227bb8421af48aea76a533e1f3baf3/volume-ccc8e4d1-935a-4baf-b5ae-60705e8294fd.02878a1c-8b04-46c2-a6da-23a8cdbd4b7c {{(pid=82216) execute /opt/stack/data/venv/lib/python3.10/site-packages/oslo_concurrency/processutils.py:440}}
Apr 08 15:50:12 devstack sudo[84332]: quobyte : PWD=/ ; USER=root ; COMMAND=/opt/stack/data/venv/bin/cinder-rootwrap /etc/cinder/rootwrap.conf qemu-img rebase -u -b volume-ccc8e4d1-935a-4baf-b5ae-60705e8294fd -F qcow2 /opt/stack/data/cinder/mnt/d6227bb8421af48aea76a533e1f3baf3/volume-ccc8e4d1-935a-4baf-b5ae-60705e8294fd.02878a1c-8b04-46c2-a6da-23a8cdbd4b7c
Apr 08 15:50:12 devstack sudo[84332]: pam_unix(sudo:session): session opened for user root(uid=0) by (uid=1000)
Apr 08 15:50:12 devstack sudo[84332]: pam_unix(sudo:session): session closed for user root
Apr 08 15:50:12 devstack cinder-volume[82216]: DEBUG oslo_concurrency.processutils [None req-6f24137c-256e-4be7-b77d-7689fe2d0f56 tempest-SnapshotsActionsTest-1701999038 None] CMD "sudo cinder-rootwrap /etc/cinder/rootwrap.conf qemu-img rebase -u -b volume-ccc8e4d1-935a-4baf-b5ae-60705e8294fd -F qcow2 /opt/stack/data/cinder/mnt/d6227bb8421af48aea76a533e1f3baf3/volume-ccc8e4d1-935a-4baf-b5ae-60705e8294fd.02878a1c-8b04-46c2-a6da-23a8cdbd4b7c" returned: 0 in 0.715s {{(pid=82216) execute /opt/stack/data/venv/lib/python3.10/site-packages/oslo_concurrency/processutils.py:468}}
Apr 08 15:50:12 devstack cinder-volume[82216]: WARNING cinder.volume.drivers.remotefs [None req-6f24137c-256e-4be7-b77d-7689fe2d0f56 tempest-SnapshotsActionsTest-1701999038 None] /opt/stack/data/cinder/mnt/d6227bb8421af48aea76a533e1f3baf3/volume-ccc8e4d1-935a-4baf-b5ae-60705e8294fd.02878a1c-8b04-46c2-a6da-23a8cdbd4b7c is being set with open permissions: ugo+rw
Apr 08 15:50:12 devstack cinder-volume[82216]: DEBUG oslo_concurrency.processutils [None req-6f24137c-256e-4be7-b77d-7689fe2d0f56 tempest-SnapshotsActionsTest-1701999038 None] Running cmd (subprocess): sudo cinder-rootwrap /etc/cinder/rootwrap.conf chmod ugo+rw /opt/stack/data/cinder/mnt/d6227bb8421af48aea76a533e1f3baf3/volume-ccc8e4d1-935a-4baf-b5ae-60705e8294fd.02878a1c-8b04-46c2-a6da-23a8cdbd4b7c {{(pid=82216) execute /opt/stack/data/venv/lib/python3.10/site-packages/oslo_concurrency/processutils.py:440}}
Apr 08 15:50:12 devstack sudo[84365]: quobyte : PWD=/ ; USER=root ; COMMAND=/opt/stack/data/venv/bin/cinder-rootwrap /etc/cinder/rootwrap.conf chmod ugo+rw /opt/stack/data/cinder/mnt/d6227bb8421af48aea76a533e1f3baf3/volume-ccc8e4d1-935a-4baf-b5ae-60705e8294fd.02878a1c-8b04-46c2-a6da-23a8cdbd4b7c
Apr 08 15:50:12 devstack sudo[84365]: pam_unix(sudo:session): session opened for user root(uid=0) by (uid=1000)
Apr 08 15:50:13 devstack sudo[84365]: pam_unix(sudo:session): session closed for user root
Apr 08 15:50:13 devstack cinder-volume[82216]: DEBUG oslo_concurrency.processutils [None req-6f24137c-256e-4be7-b77d-7689fe2d0f56 tempest-SnapshotsActionsTest-1701999038 None] CMD "sudo cinder-rootwrap /etc/cinder/rootwrap.conf chmod ugo+rw /opt/stack/data/cinder/mnt/d6227bb8421af48aea76a533e1f3baf3/volume-ccc8e4d1-935a-4baf-b5ae-60705e8294fd.02878a1c-8b04-46c2-a6da-23a8cdbd4b7c" returned: 0 in 0.465s {{(pid=82216) execute /opt/stack/data/venv/lib/python3.10/site-packages/oslo_concurrency/processutils.py:468}}
Apr 08 15:50:13 devstack cinder-volume[82216]: DEBUG oslo_concurrency.processutils [None req-6f24137c-256e-4be7-b77d-7689fe2d0f56 tempest-SnapshotsActionsTest-1701999038 None] Running cmd (subprocess): sudo cinder-rootwrap /etc/cinder/rootwrap.conf truncate -s0 /opt/stack/data/cinder/mnt/d6227bb8421af48aea76a533e1f3baf3/volume-ccc8e4d1-935a-4baf-b5ae-60705e8294fd.info {{(pid=82216) execute /opt/stack/data/venv/lib/python3.10/site-packages/oslo_concurrency/processutils.py:440}}
Apr 08 15:50:13 devstack sudo[84393]: quobyte : PWD=/ ; USER=root ; COMMAND=/opt/stack/data/venv/bin/cinder-rootwrap /etc/cinder/rootwrap.conf truncate -s0 /opt/stack/data/cinder/mnt/d6227bb8421af48aea76a533e1f3baf3/volume-ccc8e4d1-935a-4baf-b5ae-60705e8294fd.info
Apr 08 15:50:13 devstack sudo[84393]: pam_unix(sudo:session): session opened for user root(uid=0) by (uid=1000)
Apr 08 15:50:13 devstack sudo[84393]: pam_unix(sudo:session): session closed for user root
Apr 08 15:50:13 devstack cinder-volume[82216]: DEBUG oslo_concurrency.processutils [None req-6f24137c-256e-4be7-b77d-7689fe2d0f56 tempest-SnapshotsActionsTest-1701999038 None] CMD "sudo cinder-rootwrap /etc/cinder/rootwrap.conf truncate -s0 /opt/stack/data/cinder/mnt/d6227bb8421af48aea76a533e1f3baf3/volume-ccc8e4d1-935a-4baf-b5ae-60705e8294fd.info" returned: 0 in 0.447s {{(pid=82216) execute /opt/stack/data/venv/lib/python3.10/site-packages/oslo_concurrency/processutils.py:468}}
Apr 08 15:50:13 devstack cinder-volume[82216]: WARNING cinder.volume.drivers.remotefs [None req-6f24137c-256e-4be7-b77d-7689fe2d0f56 tempest-SnapshotsActionsTest-1701999038 None] /opt/stack/data/cinder/mnt/d6227bb8421af48aea76a533e1f3baf3/volume-ccc8e4d1-935a-4baf-b5ae-60705e8294fd.info is being set with open permissions: ugo+rw
Apr 08 15:50:13 devstack cinder-volume[82216]: DEBUG oslo_concurrency.processutils [None req-6f24137c-256e-4be7-b77d-7689fe2d0f56 tempest-SnapshotsActionsTest-1701999038 None] Running cmd (subprocess): sudo cinder-rootwrap /etc/cinder/rootwrap.conf chmod ugo+rw /opt/stack/data/cinder/mnt/d6227bb8421af48aea76a533e1f3baf3/volume-ccc8e4d1-935a-4baf-b5ae-60705e8294fd.info {{(pid=82216) execute /opt/stack/data/venv/lib/python3.10/site-packages/oslo_concurrency/processutils.py:440}}
Apr 08 15:50:13 devstack sudo[84403]: quobyte : PWD=/ ; USER=root ; COMMAND=/opt/stack/data/venv/bin/cinder-rootwrap /etc/cinder/rootwrap.conf chmod ugo+rw /opt/stack/data/cinder/mnt/d6227bb8421af48aea76a533e1f3baf3/volume-ccc8e4d1-935a-4baf-b5ae-60705e8294fd.info
Apr 08 15:50:13 devstack sudo[84403]: pam_unix(sudo:session): session opened for user root(uid=0) by (uid=1000)
Apr 08 15:50:14 devstack sudo[84403]: pam_unix(sudo:session): session closed for user root
Apr 08 15:50:14 devstack cinder-volume[82216]: DEBUG oslo_concurrency.processutils [None req-6f24137c-256e-4be7-b77d-7689fe2d0f56 tempest-SnapshotsActionsTest-1701999038 None] CMD "sudo cinder-rootwrap /etc/cinder/rootwrap.conf chmod ugo+rw /opt/stack/data/cinder/mnt/d6227bb8421af48aea76a533e1f3baf3/volume-ccc8e4d1-935a-4baf-b5ae-60705e8294fd.info" returned: 0 in 0.473s {{(pid=82216) execute /opt/stack/data/venv/lib/python3.10/site-packages/oslo_concurrency/processutils.py:468}}
Apr 08 15:50:14 devstack cinder-volume[82216]: DEBUG oslo_concurrency.lockutils [None req-6f24137c-256e-4be7-b77d-7689fe2d0f56 tempest-SnapshotsActionsTest-1701999038 None] Lock "quobyte" "released" by "cinder.volume.drivers.quobyte.QuobyteDriver.create_snapshot" :: held 3.508s {{(pid=82216) inner /opt/stack/data/venv/lib/python3.10/site-packages/oslo_concurrency/lockutils.py:538}}
Apr 08 15:50:14 devstack cinder-volume[82216]: DEBUG oslo_concurrency.lockutils [None req-aee29e86-1661-48e4-84f4-4f54a581c91b tempest-GroupSnapshotsTest-114372246 None] Lock "quobyte" acquired by "cinder.volume.drivers.quobyte.QuobyteDriver.create_snapshot" :: waited 2.337s {{(pid=82216) inner /opt/stack/data/venv/lib/python3.10/site-packages/oslo_concurrency/lockutils.py:519}}
Apr 08 15:50:14 devstack cinder-volume[82216]: DEBUG cinder.volume.drivers.remotefs [None req-aee29e86-1661-48e4-84f4-4f54a581c91b tempest-GroupSnapshotsTest-114372246 None] Creating offline snapshot e336ecb3-cc76-4f90-af03-0f1074811b39 of volume 48f6c4a5-dbdc-4b63-909e-8b8c62390060 {{(pid=82216) _create_snapshot /opt/stack/cinder/cinder/volume/drivers/remotefs.py:1815}}
Apr 08 15:50:14 devstack cinder-volume[82216]: INFO cinder.volume.manager [None req-6f24137c-256e-4be7-b77d-7689fe2d0f56 tempest-SnapshotsActionsTest-1701999038 None] Create snapshot completed successfully
Apr 08 15:50:14 devstack cinder-volume[82216]: DEBUG oslo.privsep.daemon [-] privsep: reply[5ded6d97-1cc3-4901-a9c6-269fba7e4616]: (4, 'qcow2') {{(pid=83125) _call_back /opt/stack/data/venv/lib/python3.10/site-packages/oslo_privsep/daemon.py:573}}
Apr 08 15:50:14 devstack cinder-volume[82216]: DEBUG oslo_concurrency.processutils [None req-aee29e86-1661-48e4-84f4-4f54a581c91b tempest-GroupSnapshotsTest-114372246 None] Running cmd (subprocess): /opt/stack/data/venv/bin/python3.10 -m oslo_concurrency.prlimit --as=1073741824 --cpu=60 -- sudo cinder-rootwrap /etc/cinder/rootwrap.conf env LC_ALL=C qemu-img info -f qcow2 --output=json --force-share /opt/stack/data/cinder/mnt/d6227bb8421af48aea76a533e1f3baf3/volume-48f6c4a5-dbdc-4b63-909e-8b8c62390060 {{(pid=82216) execute /opt/stack/data/venv/lib/python3.10/site-packages/oslo_concurrency/processutils.py:440}}
Apr 08 15:50:14 devstack sudo[84406]: quobyte : PWD=/ ; USER=root ; COMMAND=/opt/stack/data/venv/bin/cinder-rootwrap /etc/cinder/rootwrap.conf env LC_ALL=C qemu-img info -f qcow2 --output=json --force-share /opt/stack/data/cinder/mnt/d6227bb8421af48aea76a533e1f3baf3/volume-48f6c4a5-dbdc-4b63-909e-8b8c62390060
Apr 08 15:50:14 devstack sudo[84406]: pam_unix(sudo:session): session opened for user root(uid=0) by (uid=1000)
Apr 08 15:50:14 devstack sudo[84406]: pam_unix(sudo:session): session closed for user root
Apr 08 15:50:14 devstack cinder-volume[82216]: DEBUG oslo_concurrency.processutils [None req-aee29e86-1661-48e4-84f4-4f54a581c91b tempest-GroupSnapshotsTest-114372246 None] CMD "/opt/stack/data/venv/bin/python3.10 -m oslo_concurrency.prlimit --as=1073741824 --cpu=60 -- sudo cinder-rootwrap /etc/cinder/rootwrap.conf env LC_ALL=C qemu-img info -f qcow2 --output=json --force-share /opt/stack/data/cinder/mnt/d6227bb8421af48aea76a533e1f3baf3/volume-48f6c4a5-dbdc-4b63-909e-8b8c62390060" returned: 0 in 0.611s {{(pid=82216) execute /opt/stack/data/venv/lib/python3.10/site-packages/oslo_concurrency/processutils.py:468}}
Apr 08 15:50:14 devstack cinder-volume[82216]: DEBUG oslo_concurrency.processutils [None req-aee29e86-1661-48e4-84f4-4f54a581c91b tempest-GroupSnapshotsTest-114372246 None] Running cmd (subprocess): sudo cinder-rootwrap /etc/cinder/rootwrap.conf qemu-img create -f qcow2 -o backing_file=/opt/stack/data/cinder/mnt/d6227bb8421af48aea76a533e1f3baf3/volume-48f6c4a5-dbdc-4b63-909e-8b8c62390060,backing_fmt=qcow2 /opt/stack/data/cinder/mnt/d6227bb8421af48aea76a533e1f3baf3/volume-48f6c4a5-dbdc-4b63-909e-8b8c62390060.e336ecb3-cc76-4f90-af03-0f1074811b39 1G {{(pid=82216) execute /opt/stack/data/venv/lib/python3.10/site-packages/oslo_concurrency/processutils.py:440}}
Apr 08 15:50:14 devstack sudo[84413]: quobyte : PWD=/ ; USER=root ; COMMAND=/opt/stack/data/venv/bin/cinder-rootwrap /etc/cinder/rootwrap.conf qemu-img create -f qcow2 -o backing_file=/opt/stack/data/cinder/mnt/d6227bb8421af48aea76a533e1f3baf3/volume-48f6c4a5-dbdc-4b63-909e-8b8c62390060,backing_fmt=qcow2 /opt/stack/data/cinder/mnt/d6227bb8421af48aea76a533e1f3baf3/volume-48f6c4a5-dbdc-4b63-909e-8b8c62390060.e336ecb3-cc76-4f90-af03-0f1074811b39 1G
Apr 08 15:50:14 devstack sudo[84413]: pam_unix(sudo:session): session opened for user root(uid=0) by (uid=1000)
Apr 08 15:50:15 devstack cinder-volume[82216]: DEBUG oslo_concurrency.lockutils [None req-57422a0e-33a6-46a8-81b1-c69e84468361 tempest-SnapshotsActionsTest-1701999038 None] Acquiring lock "quobyte" by "cinder.volume.drivers.quobyte.QuobyteDriver.create_snapshot" {{(pid=82216) inner /opt/stack/data/venv/lib/python3.10/site-packages/oslo_concurrency/lockutils.py:506}}
Apr 08 15:50:15 devstack sudo[84413]: pam_unix(sudo:session): session closed for user root
Apr 08 15:50:15 devstack cinder-volume[82216]: DEBUG oslo_concurrency.processutils [None req-aee29e86-1661-48e4-84f4-4f54a581c91b tempest-GroupSnapshotsTest-114372246 None] CMD "sudo cinder-rootwrap /etc/cinder/rootwrap.conf qemu-img create -f qcow2 -o backing_file=/opt/stack/data/cinder/mnt/d6227bb8421af48aea76a533e1f3baf3/volume-48f6c4a5-dbdc-4b63-909e-8b8c62390060,backing_fmt=qcow2 /opt/stack/data/cinder/mnt/d6227bb8421af48aea76a533e1f3baf3/volume-48f6c4a5-dbdc-4b63-909e-8b8c62390060.e336ecb3-cc76-4f90-af03-0f1074811b39 1G" returned: 0 in 0.899s {{(pid=82216) execute /opt/stack/data/venv/lib/python3.10/site-packages/oslo_concurrency/processutils.py:468}}
Apr 08 15:50:15 devstack cinder-volume[82216]: DEBUG oslo_concurrency.processutils [None req-aee29e86-1661-48e4-84f4-4f54a581c91b tempest-GroupSnapshotsTest-114372246 None] Running cmd (subprocess): sudo cinder-rootwrap /etc/cinder/rootwrap.conf qemu-img rebase -u -b volume-48f6c4a5-dbdc-4b63-909e-8b8c62390060 -F qcow2 /opt/stack/data/cinder/mnt/d6227bb8421af48aea76a533e1f3baf3/volume-48f6c4a5-dbdc-4b63-909e-8b8c62390060.e336ecb3-cc76-4f90-af03-0f1074811b39 {{(pid=82216) execute /opt/stack/data/venv/lib/python3.10/site-packages/oslo_concurrency/processutils.py:440}}
Apr 08 15:50:15 devstack sudo[84419]: quobyte : PWD=/ ; USER=root ; COMMAND=/opt/stack/data/venv/bin/cinder-rootwrap /etc/cinder/rootwrap.conf qemu-img rebase -u -b volume-48f6c4a5-dbdc-4b63-909e-8b8c62390060 -F qcow2 /opt/stack/data/cinder/mnt/d6227bb8421af48aea76a533e1f3baf3/volume-48f6c4a5-dbdc-4b63-909e-8b8c62390060.e336ecb3-cc76-4f90-af03-0f1074811b39
Apr 08 15:50:15 devstack sudo[84419]: pam_unix(sudo:session): session opened for user root(uid=0) by (uid=1000)
Apr 08 15:50:16 devstack sudo[84419]: pam_unix(sudo:session): session closed for user root
Apr 08 15:50:16 devstack cinder-volume[82216]: DEBUG oslo_concurrency.processutils [None req-aee29e86-1661-48e4-84f4-4f54a581c91b tempest-GroupSnapshotsTest-114372246 None] CMD "sudo cinder-rootwrap /etc/cinder/rootwrap.conf qemu-img rebase -u -b volume-48f6c4a5-dbdc-4b63-909e-8b8c62390060 -F qcow2 /opt/stack/data/cinder/mnt/d6227bb8421af48aea76a533e1f3baf3/volume-48f6c4a5-dbdc-4b63-909e-8b8c62390060.e336ecb3-cc76-4f90-af03-0f1074811b39" returned: 0 in 0.488s {{(pid=82216) execute /opt/stack/data/venv/lib/python3.10/site-packages/oslo_concurrency/processutils.py:468}}
Apr 08 15:50:16 devstack cinder-volume[82216]: WARNING cinder.volume.drivers.remotefs [None req-aee29e86-1661-48e4-84f4-4f54a581c91b tempest-GroupSnapshotsTest-114372246 None] /opt/stack/data/cinder/mnt/d6227bb8421af48aea76a533e1f3baf3/volume-48f6c4a5-dbdc-4b63-909e-8b8c62390060.e336ecb3-cc76-4f90-af03-0f1074811b39 is being set with open permissions: ugo+rw: NotImplementedError
Apr 08 15:50:16 devstack cinder-volume[82216]: DEBUG oslo_concurrency.processutils [None req-aee29e86-1661-48e4-84f4-4f54a581c91b tempest-GroupSnapshotsTest-114372246 None] Running cmd (subprocess): sudo cinder-rootwrap /etc/cinder/rootwrap.conf chmod ugo+rw /opt/stack/data/cinder/mnt/d6227bb8421af48aea76a533e1f3baf3/volume-48f6c4a5-dbdc-4b63-909e-8b8c62390060.e336ecb3-cc76-4f90-af03-0f1074811b39 {{(pid=82216) execute /opt/stack/data/venv/lib/python3.10/site-packages/oslo_concurrency/processutils.py:440}}
Apr 08 15:50:16 devstack sudo[84424]: quobyte : PWD=/ ; USER=root ; COMMAND=/opt/stack/data/venv/bin/cinder-rootwrap /etc/cinder/rootwrap.conf chmod ugo+rw /opt/stack/data/cinder/mnt/d6227bb8421af48aea76a533e1f3baf3/volume-48f6c4a5-dbdc-4b63-909e-8b8c62390060.e336ecb3-cc76-4f90-af03-0f1074811b39
Apr 08 15:50:16 devstack sudo[84424]: pam_unix(sudo:session): session opened for user root(uid=0) by (uid=1000)
Apr 08 15:50:16 devstack sudo[84424]: pam_unix(sudo:session): session closed for user root
Apr 08 15:50:16 devstack cinder-volume[82216]: DEBUG oslo_concurrency.processutils [None req-aee29e86-1661-48e4-84f4-4f54a581c91b tempest-GroupSnapshotsTest-114372246 None] CMD "sudo cinder-rootwrap /etc/cinder/rootwrap.conf chmod ugo+rw /opt/stack/data/cinder/mnt/d6227bb8421af48aea76a533e1f3baf3/volume-48f6c4a5-dbdc-4b63-909e-8b8c62390060.e336ecb3-cc76-4f90-af03-0f1074811b39" returned: 0 in 0.432s {{(pid=82216) execute /opt/stack/data/venv/lib/python3.10/site-packages/oslo_concurrency/processutils.py:468}}
Apr 08 15:50:16 devstack cinder-volume[82216]: DEBUG oslo_concurrency.processutils [None req-aee29e86-1661-48e4-84f4-4f54a581c91b tempest-GroupSnapshotsTest-114372246 None] Running cmd (subprocess): sudo cinder-rootwrap /etc/cinder/rootwrap.conf truncate -s0 /opt/stack/data/cinder/mnt/d6227bb8421af48aea76a533e1f3baf3/volume-48f6c4a5-dbdc-4b63-909e-8b8c62390060.info {{(pid=82216) execute /opt/stack/data/venv/lib/python3.10/site-packages/oslo_concurrency/processutils.py:440}}
Apr 08 15:50:16 devstack sudo[84427]: quobyte : PWD=/ ; USER=root ; COMMAND=/opt/stack/data/venv/bin/cinder-rootwrap /etc/cinder/rootwrap.conf truncate -s0 /opt/stack/data/cinder/mnt/d6227bb8421af48aea76a533e1f3baf3/volume-48f6c4a5-dbdc-4b63-909e-8b8c62390060.info
Apr 08 15:50:16 devstack sudo[84427]: pam_unix(sudo:session): session opened for user root(uid=0) by (uid=1000)
Apr 08 15:50:17 devstack sudo[84427]: pam_unix(sudo:session): session closed for user root
Apr 08 15:50:17 devstack cinder-volume[82216]: DEBUG oslo_concurrency.processutils [None req-aee29e86-1661-48e4-84f4-4f54a581c91b tempest-GroupSnapshotsTest-114372246 None] CMD "sudo cinder-rootwrap /etc/cinder/rootwrap.conf truncate -s0 /opt/stack/data/cinder/mnt/d6227bb8421af48aea76a533e1f3baf3/volume-48f6c4a5-dbdc-4b63-909e-8b8c62390060.info" returned: 0 in 0.621s {{(pid=82216) execute /opt/stack/data/venv/lib/python3.10/site-packages/oslo_concurrency/processutils.py:468}}
Apr 08 15:50:17 devstack cinder-volume[82216]: WARNING cinder.volume.drivers.remotefs [None req-aee29e86-1661-48e4-84f4-4f54a581c91b tempest-GroupSnapshotsTest-114372246 None] /opt/stack/data/cinder/mnt/d6227bb8421af48aea76a533e1f3baf3/volume-48f6c4a5-dbdc-4b63-909e-8b8c62390060.info is being set with open permissions: ugo+rw: NotImplementedError
Apr 08 15:50:17 devstack cinder-volume[82216]: DEBUG oslo_concurrency.processutils [None req-aee29e86-1661-48e4-84f4-4f54a581c91b tempest-GroupSnapshotsTest-114372246 None] Running cmd (subprocess): sudo cinder-rootwrap /etc/cinder/rootwrap.conf chmod ugo+rw /opt/stack/data/cinder/mnt/d6227bb8421af48aea76a533e1f3baf3/volume-48f6c4a5-dbdc-4b63-909e-8b8c62390060.info {{(pid=82216) execute /opt/stack/data/venv/lib/python3.10/site-packages/oslo_concurrency/processutils.py:440}}
Apr 08 15:50:17 devstack sudo[84456]: quobyte : PWD=/ ; USER=root ; COMMAND=/opt/stack/data/venv/bin/cinder-rootwrap /etc/cinder/rootwrap.conf chmod ugo+rw /opt/stack/data/cinder/mnt/d6227bb8421af48aea76a533e1f3baf3/volume-48f6c4a5-dbdc-4b63-909e-8b8c62390060.info
Apr 08 15:50:17 devstack sudo[84456]: pam_unix(sudo:session): session opened for user root(uid=0) by (uid=1000)
Apr 08 15:50:17 devstack sudo[84456]: pam_unix(sudo:session): session closed for user root
Apr 08 15:50:17 devstack cinder-volume[82216]: DEBUG oslo_concurrency.processutils [None req-aee29e86-1661-48e4-84f4-4f54a581c91b tempest-GroupSnapshotsTest-114372246 None] CMD "sudo cinder-rootwrap /etc/cinder/rootwrap.conf chmod ugo+rw /opt/stack/data/cinder/mnt/d6227bb8421af48aea76a533e1f3baf3/volume-48f6c4a5-dbdc-4b63-909e-8b8c62390060.info" returned: 0 in 0.516s {{(pid=82216) execute /opt/stack/data/venv/lib/python3.10/site-packages/oslo_concurrency/processutils.py:468}}
Apr 08 15:50:18 devstack cinder-volume[82216]: DEBUG oslo_concurrency.lockutils [None req-aee29e86-1661-48e4-84f4-4f54a581c91b tempest-GroupSnapshotsTest-114372246 None] Lock "quobyte" "released" by "cinder.volume.drivers.quobyte.QuobyteDriver.create_snapshot" :: held 3.688s {{(pid=82216) inner /opt/stack/data/venv/lib/python3.10/site-packages/oslo_concurrency/lockutils.py:538}}
Apr 08 15:50:18 devstack cinder-volume[82216]: DEBUG oslo_concurrency.lockutils [None req-57422a0e-33a6-46a8-81b1-c69e84468361 tempest-SnapshotsActionsTest-1701999038 None] Lock "quobyte" acquired by "cinder.volume.drivers.quobyte.QuobyteDriver.create_snapshot" :: waited 2.237s {{(pid=82216) inner /opt/stack/data/venv/lib/python3.10/site-packages/oslo_concurrency/lockutils.py:519}}
Apr 08 15:50:18 devstack cinder-volume[82216]: DEBUG cinder.volume.drivers.remotefs [None req-57422a0e-33a6-46a8-81b1-c69e84468361 tempest-SnapshotsActionsTest-1701999038 None] Creating offline snapshot b0dc191c-e6ba-4a47-84de-2e7e9f90fc96 of volume ccc8e4d1-935a-4baf-b5ae-60705e8294fd {{(pid=82216) _create_snapshot /opt/stack/cinder/cinder/volume/drivers/remotefs.py:1815}}
Apr 08 15:50:18 devstack cinder-volume[82216]: DEBUG oslo.privsep.daemon [-] privsep: reply[25d563a2-d08a-41db-9057-165309c2a302]: (4, 'qcow2') {{(pid=83125) _call_back /opt/stack/data/venv/lib/python3.10/site-packages/oslo_privsep/daemon.py:573}}
Apr 08 15:50:18 devstack cinder-volume[82216]: DEBUG oslo_concurrency.processutils [None req-57422a0e-33a6-46a8-81b1-c69e84468361 tempest-SnapshotsActionsTest-1701999038 None] Running cmd (subprocess): /opt/stack/data/venv/bin/python3.10 -m oslo_concurrency.prlimit --as=1073741824 --cpu=60 -- sudo cinder-rootwrap /etc/cinder/rootwrap.conf env LC_ALL=C qemu-img info -f qcow2 --output=json --force-share /opt/stack/data/cinder/mnt/d6227bb8421af48aea76a533e1f3baf3/volume-ccc8e4d1-935a-4baf-b5ae-60705e8294fd.02878a1c-8b04-46c2-a6da-23a8cdbd4b7c {{(pid=82216) execute /opt/stack/data/venv/lib/python3.10/site-packages/oslo_concurrency/processutils.py:440}}
Apr 08 15:50:18 devstack cinder-volume[82216]: INFO cinder.volume.manager [None req-aee29e86-1661-48e4-84f4-4f54a581c91b tempest-GroupSnapshotsTest-114372246 None] group_snapshot 9893e2d8-59e8-4c25-9624-3ab1901243d0: created successfully
Apr 08 15:50:18 devstack sudo[84463]: quobyte : PWD=/ ; USER=root ; COMMAND=/opt/stack/data/venv/bin/cinder-rootwrap /etc/cinder/rootwrap.conf env LC_ALL=C qemu-img info -f qcow2 --output=json --force-share /opt/stack/data/cinder/mnt/d6227bb8421af48aea76a533e1f3baf3/volume-ccc8e4d1-935a-4baf-b5ae-60705e8294fd.02878a1c-8b04-46c2-a6da-23a8cdbd4b7c
Apr 08 15:50:18 devstack sudo[84463]: pam_unix(sudo:session): session opened for user root(uid=0) by (uid=1000)
Apr 08 15:50:18 devstack cinder-volume[82216]: INFO cinder.volume.manager [None req-f9eb0361-d832-4351-85f5-ba34e3814107 tempest-GroupSnapshotsTest-114372246 None] group_snapshot 9893e2d8-59e8-4c25-9624-3ab1901243d0: deleting
Apr 08 15:50:18 devstack cinder-volume[82216]: DEBUG cinder.volume.manager [None req-f9eb0361-d832-4351-85f5-ba34e3814107 tempest-GroupSnapshotsTest-114372246 None] group_snapshot 9893e2d8-59e8-4c25-9624-3ab1901243d0: deleting {{(pid=82216) delete_group_snapshot /opt/stack/cinder/cinder/volume/manager.py:4350}}
Apr 08 15:50:18 devstack cinder-volume[82216]: DEBUG cinder.coordination [None req-f9eb0361-d832-4351-85f5-ba34e3814107 tempest-GroupSnapshotsTest-114372246 None] Acquiring lock "cinder-quobyte-48f6c4a5-dbdc-4b63-909e-8b8c62390060" by "delete_snapshot" {{(pid=82216) __acquire /opt/stack/cinder/cinder/coordination.py:138}}
Apr 08 15:50:18 devstack cinder-volume[82216]: DEBUG cinder.coordination [None req-f9eb0361-d832-4351-85f5-ba34e3814107 tempest-GroupSnapshotsTest-114372246 None] Lock "cinder-quobyte-48f6c4a5-dbdc-4b63-909e-8b8c62390060" acquired by "delete_snapshot" :: waited 0.026s {{(pid=82216) __acquire /opt/stack/cinder/cinder/coordination.py:141}}
Apr 08 15:50:18 devstack cinder-volume[82216]: DEBUG cinder.coordination [None req-f9eb0361-d832-4351-85f5-ba34e3814107 tempest-GroupSnapshotsTest-114372246 None] Acquiring lock "cinder-quobyte-e336ecb3-cc76-4f90-af03-0f1074811b39" by "_delete_snapshot" {{(pid=82216) __acquire /opt/stack/cinder/cinder/coordination.py:138}}
Apr 08 15:50:18 devstack cinder-volume[82216]: DEBUG cinder.coordination [None req-f9eb0361-d832-4351-85f5-ba34e3814107 tempest-GroupSnapshotsTest-114372246 None] Lock "cinder-quobyte-e336ecb3-cc76-4f90-af03-0f1074811b39" acquired by "_delete_snapshot" :: waited 0.018s {{(pid=82216) __acquire /opt/stack/cinder/cinder/coordination.py:141}}
Apr 08 15:50:18 devstack cinder-volume[82216]: DEBUG cinder.volume.drivers.remotefs [None req-f9eb0361-d832-4351-85f5-ba34e3814107 tempest-GroupSnapshotsTest-114372246 None] Deleting offline snapshot e336ecb3-cc76-4f90-af03-0f1074811b39 of volume 48f6c4a5-dbdc-4b63-909e-8b8c62390060 {{(pid=82216) _delete_snapshot /opt/stack/cinder/cinder/volume/drivers/remotefs.py:1288}}
Apr 08 15:50:18 devstack cinder-volume[82216]: DEBUG cinder.volume.drivers.remotefs [None req-f9eb0361-d832-4351-85f5-ba34e3814107 tempest-GroupSnapshotsTest-114372246 None] snapshot_file for this snap is: volume-48f6c4a5-dbdc-4b63-909e-8b8c62390060.e336ecb3-cc76-4f90-af03-0f1074811b39 {{(pid=82216) _delete_snapshot /opt/stack/cinder/cinder/volume/drivers/remotefs.py:1317}}
Apr 08 15:50:18 devstack cinder-volume[82216]: DEBUG oslo.privsep.daemon [-] privsep: reply[a8f6e96c-6ad6-407e-92a2-2b7cbfcb5a86]: (4, 'qcow2') {{(pid=83125) _call_back /opt/stack/data/venv/lib/python3.10/site-packages/oslo_privsep/daemon.py:573}}
Apr 08 15:50:18 devstack cinder-volume[82216]: DEBUG oslo_concurrency.processutils [None req-f9eb0361-d832-4351-85f5-ba34e3814107 tempest-GroupSnapshotsTest-114372246 None] Running cmd (subprocess): /opt/stack/data/venv/bin/python3.10 -m oslo_concurrency.prlimit --as=1073741824 --cpu=60 -- sudo cinder-rootwrap /etc/cinder/rootwrap.conf env LC_ALL=C qemu-img info -f qcow2 --output=json --force-share /opt/stack/data/cinder/mnt/d6227bb8421af48aea76a533e1f3baf3/volume-48f6c4a5-dbdc-4b63-909e-8b8c62390060.e336ecb3-cc76-4f90-af03-0f1074811b39 {{(pid=82216) execute /opt/stack/data/venv/lib/python3.10/site-packages/oslo_concurrency/processutils.py:440}}
Apr 08 15:50:18 devstack sudo[84469]: quobyte : PWD=/ ; USER=root ; COMMAND=/opt/stack/data/venv/bin/cinder-rootwrap /etc/cinder/rootwrap.conf env LC_ALL=C qemu-img info -f qcow2 --output=json --force-share /opt/stack/data/cinder/mnt/d6227bb8421af48aea76a533e1f3baf3/volume-48f6c4a5-dbdc-4b63-909e-8b8c62390060.e336ecb3-cc76-4f90-af03-0f1074811b39
Apr 08 15:50:18 devstack sudo[84469]: pam_unix(sudo:session): session opened for user root(uid=0) by (uid=1000)
Apr 08 15:50:19 devstack sudo[84463]: pam_unix(sudo:session): session closed for user root
Apr 08 15:50:19 devstack cinder-volume[82216]: DEBUG oslo_concurrency.processutils [None req-57422a0e-33a6-46a8-81b1-c69e84468361 tempest-SnapshotsActionsTest-1701999038 None] CMD "/opt/stack/data/venv/bin/python3.10 -m oslo_concurrency.prlimit --as=1073741824 --cpu=60 -- sudo cinder-rootwrap /etc/cinder/rootwrap.conf env LC_ALL=C qemu-img info -f qcow2 --output=json --force-share /opt/stack/data/cinder/mnt/d6227bb8421af48aea76a533e1f3baf3/volume-ccc8e4d1-935a-4baf-b5ae-60705e8294fd.02878a1c-8b04-46c2-a6da-23a8cdbd4b7c" returned: 0 in 1.129s {{(pid=82216) execute /opt/stack/data/venv/lib/python3.10/site-packages/oslo_concurrency/processutils.py:468}}
Apr 08 15:50:19 devstack cinder-volume[82216]: DEBUG cinder.volume.drivers.remotefs [None req-57422a0e-33a6-46a8-81b1-c69e84468361 tempest-SnapshotsActionsTest-1701999038 None] Fetching qemu-img info with special backing_file_template: (/opt/stack/data/cinder/mnt/[0-9a-f]+/)?(volume-ccc8e4d1-935a-4baf-b5ae-60705e8294fd(.(tmp-snap-)?[0-9a-f-]+)?|volume_from_snapshot_cache/(tmp-snap-)?[0-9a-f-]+(.(child-|parent-)[0-9a-f-]+)?)$ {{(pid=82216) _qemu_img_info_base /opt/stack/cinder/cinder/volume/drivers/remotefs.py:896}}
Apr 08 15:50:19 devstack cinder-volume[82216]: DEBUG oslo_concurrency.processutils [None req-57422a0e-33a6-46a8-81b1-c69e84468361 tempest-SnapshotsActionsTest-1701999038 None] Running cmd (subprocess): sudo cinder-rootwrap /etc/cinder/rootwrap.conf qemu-img create -f qcow2 -o backing_file=/opt/stack/data/cinder/mnt/d6227bb8421af48aea76a533e1f3baf3/volume-ccc8e4d1-935a-4baf-b5ae-60705e8294fd.02878a1c-8b04-46c2-a6da-23a8cdbd4b7c,backing_fmt=qcow2 /opt/stack/data/cinder/mnt/d6227bb8421af48aea76a533e1f3baf3/volume-ccc8e4d1-935a-4baf-b5ae-60705e8294fd.b0dc191c-e6ba-4a47-84de-2e7e9f90fc96 1G {{(pid=82216) execute /opt/stack/data/venv/lib/python3.10/site-packages/oslo_concurrency/processutils.py:440}}
Apr 08 15:50:19 devstack sudo[84475]: quobyte : PWD=/ ; USER=root ; COMMAND=/opt/stack/data/venv/bin/cinder-rootwrap /etc/cinder/rootwrap.conf qemu-img create -f qcow2 -o backing_file=/opt/stack/data/cinder/mnt/d6227bb8421af48aea76a533e1f3baf3/volume-ccc8e4d1-935a-4baf-b5ae-60705e8294fd.02878a1c-8b04-46c2-a6da-23a8cdbd4b7c,backing_fmt=qcow2 /opt/stack/data/cinder/mnt/d6227bb8421af48aea76a533e1f3baf3/volume-ccc8e4d1-935a-4baf-b5ae-60705e8294fd.b0dc191c-e6ba-4a47-84de-2e7e9f90fc96 1G
Apr 08 15:50:19 devstack sudo[84475]: pam_unix(sudo:session): session opened for user root(uid=0) by (uid=1000)
Apr 08 15:50:19 devstack sudo[84469]: pam_unix(sudo:session): session closed for user root
Apr 08 15:50:19 devstack cinder-volume[82216]: DEBUG oslo_concurrency.processutils [None req-f9eb0361-d832-4351-85f5-ba34e3814107 tempest-GroupSnapshotsTest-114372246 None] CMD "/opt/stack/data/venv/bin/python3.10 -m oslo_concurrency.prlimit --as=1073741824 --cpu=60 -- sudo cinder-rootwrap /etc/cinder/rootwrap.conf env LC_ALL=C qemu-img info -f qcow2 --output=json --force-share /opt/stack/data/cinder/mnt/d6227bb8421af48aea76a533e1f3baf3/volume-48f6c4a5-dbdc-4b63-909e-8b8c62390060.e336ecb3-cc76-4f90-af03-0f1074811b39" returned: 0 in 0.882s {{(pid=82216) execute /opt/stack/data/venv/lib/python3.10/site-packages/oslo_concurrency/processutils.py:468}}
Apr 08 15:50:19 devstack cinder-volume[82216]: DEBUG cinder.volume.drivers.remotefs [None req-f9eb0361-d832-4351-85f5-ba34e3814107 tempest-GroupSnapshotsTest-114372246 None] Fetching qemu-img info with special backing_file_template: (/opt/stack/data/cinder/mnt/[0-9a-f]+/)?(volume-48f6c4a5-dbdc-4b63-909e-8b8c62390060(.(tmp-snap-)?[0-9a-f-]+)?|volume_from_snapshot_cache/(tmp-snap-)?[0-9a-f-]+(.(child-|parent-)[0-9a-f-]+)?)$ {{(pid=82216) _qemu_img_info_base /opt/stack/cinder/cinder/volume/drivers/remotefs.py:896}}
Apr 08 15:50:19 devstack cinder-volume[82216]: DEBUG oslo.privsep.daemon [-] privsep: reply[e5a7b50b-6a43-4e29-bf24-c99b3efd8841]: (4, 'qcow2') {{(pid=83125) _call_back /opt/stack/data/venv/lib/python3.10/site-packages/oslo_privsep/daemon.py:573}}
Apr 08 15:50:19 devstack cinder-volume[82216]: DEBUG oslo_concurrency.processutils [None req-f9eb0361-d832-4351-85f5-ba34e3814107 tempest-GroupSnapshotsTest-114372246 None] Running cmd (subprocess): /opt/stack/data/venv/bin/python3.10 -m oslo_concurrency.prlimit --as=1073741824 --cpu=60 -- sudo cinder-rootwrap /etc/cinder/rootwrap.conf env LC_ALL=C qemu-img info -f qcow2 --output=json --force-share /opt/stack/data/cinder/mnt/d6227bb8421af48aea76a533e1f3baf3/volume-48f6c4a5-dbdc-4b63-909e-8b8c62390060 {{(pid=82216) execute /opt/stack/data/venv/lib/python3.10/site-packages/oslo_concurrency/processutils.py:440}}
Apr 08 15:50:20 devstack sudo[84483]: quobyte : PWD=/ ; USER=root ; COMMAND=/opt/stack/data/venv/bin/cinder-rootwrap /etc/cinder/rootwrap.conf env LC_ALL=C qemu-img info -f qcow2 --output=json --force-share /opt/stack/data/cinder/mnt/d6227bb8421af48aea76a533e1f3baf3/volume-48f6c4a5-dbdc-4b63-909e-8b8c62390060
Apr 08 15:50:20 devstack sudo[84483]: pam_unix(sudo:session): session opened for user root(uid=0) by (uid=1000)
Apr 08 15:50:20 devstack cinder-volume[82216]: DEBUG cinder.volume.flows.manager.create_volume [None req-27ec8cf4-2ed1-4ad7-9440-1fa04ae4fc07 tempest-ServerRescueNegativeTestJSON-123973433 None] Volume reschedule parameters: True retry: {'num_attempts': 1, 'backends': ['devstack@QuobyteHD#QuobyteHD'], 'hosts': ['devstack@QuobyteHD#QuobyteHD']} {{(pid=82216) get_flow /opt/stack/cinder/cinder/volume/flows/manager/create_volume.py:1388}}
Apr 08 15:50:20 devstack cinder-volume[82216]: DEBUG cinder.volume.manager [None req-27ec8cf4-2ed1-4ad7-9440-1fa04ae4fc07 tempest-ServerRescueNegativeTestJSON-123973433 None] Flow 'volume_create_manager' (7b06ae20-6c55-47f1-bdde-f1d40b3f4601) transitioned into state 'RUNNING' from state 'PENDING' {{(pid=82216) _flow_receiver /opt/stack/data/venv/lib/python3.10/site-packages/taskflow/listeners/logging.py:145}}
Apr 08 15:50:20 devstack cinder-volume[82216]: DEBUG cinder.volume.manager [None req-27ec8cf4-2ed1-4ad7-9440-1fa04ae4fc07 tempest-ServerRescueNegativeTestJSON-123973433 None] Task 'cinder.volume.flows.manager.create_volume.ExtractVolumeRefTask;volume:create' (308c3749-82c8-4af2-98fe-61042f4ffb20) transitioned into state 'RUNNING' from state 'PENDING' {{(pid=82216) _task_receiver /opt/stack/data/venv/lib/python3.10/site-packages/taskflow/listeners/logging.py:194}}
Apr 08 15:50:20 devstack cinder-volume[82216]: DEBUG cinder.volume.manager [None req-27ec8cf4-2ed1-4ad7-9440-1fa04ae4fc07 tempest-ServerRescueNegativeTestJSON-123973433 None] Task 'cinder.volume.flows.manager.create_volume.ExtractVolumeRefTask;volume:create' (308c3749-82c8-4af2-98fe-61042f4ffb20) transitioned into state 'SUCCESS' from state 'RUNNING' with result 'Volume(_name_id=None,admin_metadata=,attach_status='detached',availability_zone='nova',bootable=False,cluster=,cluster_name=None,consistencygroup=,consistencygroup_id=None,created_at=2026-04-08T13:50:20Z,deleted=False,deleted_at=None,display_description=None,display_name='tempest-ServerRescueNegativeTestJSON-volume-265863256',ec2_id=None,encryption_key_id=None,glance_metadata=,group=,group_id=None,host='devstack@QuobyteHD#QuobyteHD',id=9193794f-b50c-4f48-952e-e6301c91b0ec,launched_at=None,metadata={},migration_status=None,multiattach=False,previous_status=None,project_id='eb5c3b41c714487c92adfad7d866b29a',provider_auth=None,provider_geometry=None,provider_id=None,provider_location=None,replication_driver_data=None,replication_extended_status=None,replication_status=None,scheduled_at=2026-04-08T13:50:21Z,service_uuid=None,shared_targets=True,size=1,snapshot_id=None,snapshots=,source_volid=None,status='creating',terminated_at=None,updated_at=2026-04-08T13:50:21Z,use_quota=True,user_id='7d8debf247c84cccb4b3c616b0191261',volume_attachment=VolumeAttachmentList,volume_type=VolumeType(68df3811-5109-47ad-b481-9a1c4494c306),volume_type_id=68df3811-5109-47ad-b481-9a1c4494c306)' {{(pid=82216) _task_receiver /opt/stack/data/venv/lib/python3.10/site-packages/taskflow/listeners/logging.py:182}}
Apr 08 15:50:20 devstack cinder-volume[82216]: DEBUG cinder.volume.manager [None req-27ec8cf4-2ed1-4ad7-9440-1fa04ae4fc07 tempest-ServerRescueNegativeTestJSON-123973433 None] Task 'cinder.volume.flows.manager.create_volume.OnFailureRescheduleTask;volume:create' (4ec6c70d-ad62-4c7b-be80-d1196d9c10e5) transitioned into state 'RUNNING' from state 'PENDING' {{(pid=82216) _task_receiver /opt/stack/data/venv/lib/python3.10/site-packages/taskflow/listeners/logging.py:194}}
Apr 08 15:50:20 devstack sudo[84475]: pam_unix(sudo:session): session closed for user root
Apr 08 15:50:20 devstack cinder-volume[82216]: DEBUG cinder.volume.manager [None req-27ec8cf4-2ed1-4ad7-9440-1fa04ae4fc07 tempest-ServerRescueNegativeTestJSON-123973433 None] Task 'cinder.volume.flows.manager.create_volume.OnFailureRescheduleTask;volume:create' (4ec6c70d-ad62-4c7b-be80-d1196d9c10e5) transitioned into state 'SUCCESS' from state 'RUNNING' with result 'None' {{(pid=82216) _task_receiver /opt/stack/data/venv/lib/python3.10/site-packages/taskflow/listeners/logging.py:182}}
Apr 08 15:50:20 devstack cinder-volume[82216]: DEBUG cinder.volume.manager [None req-27ec8cf4-2ed1-4ad7-9440-1fa04ae4fc07 tempest-ServerRescueNegativeTestJSON-123973433 None] Task 'cinder.volume.flows.manager.create_volume.ExtractVolumeSpecTask;volume:create' (71171b6c-e980-4fc4-9bb4-667ee8f0ad67) transitioned into state 'RUNNING' from state 'PENDING' {{(pid=82216) _task_receiver /opt/stack/data/venv/lib/python3.10/site-packages/taskflow/listeners/logging.py:194}}
Apr 08 15:50:20 devstack cinder-volume[82216]: DEBUG cinder.volume.manager [None req-27ec8cf4-2ed1-4ad7-9440-1fa04ae4fc07 tempest-ServerRescueNegativeTestJSON-123973433 None] Task 'cinder.volume.flows.manager.create_volume.ExtractVolumeSpecTask;volume:create' (71171b6c-e980-4fc4-9bb4-667ee8f0ad67) transitioned into state 'SUCCESS' from state 'RUNNING' with result '{'status': 'creating', 'type': 'raw', 'volume_id': '9193794f-b50c-4f48-952e-e6301c91b0ec', 'volume_name': 'volume-9193794f-b50c-4f48-952e-e6301c91b0ec', 'volume_size': 1}' {{(pid=82216) _task_receiver /opt/stack/data/venv/lib/python3.10/site-packages/taskflow/listeners/logging.py:182}}
Apr 08 15:50:20 devstack cinder-volume[82216]: DEBUG cinder.volume.manager [None req-27ec8cf4-2ed1-4ad7-9440-1fa04ae4fc07 tempest-ServerRescueNegativeTestJSON-123973433 None] Task 'cinder.volume.flows.manager.create_volume.NotifyVolumeActionTask;volume:create, create.start' (b258c36c-448b-4e51-a93f-d77b48a80b6e) transitioned into state 'RUNNING' from state 'PENDING' {{(pid=82216) _task_receiver /opt/stack/data/venv/lib/python3.10/site-packages/taskflow/listeners/logging.py:194}}
Apr 08 15:50:20 devstack cinder-volume[82216]: DEBUG cinder.volume.manager [None req-27ec8cf4-2ed1-4ad7-9440-1fa04ae4fc07 tempest-ServerRescueNegativeTestJSON-123973433 None] Task 'cinder.volume.flows.manager.create_volume.NotifyVolumeActionTask;volume:create, create.start' (b258c36c-448b-4e51-a93f-d77b48a80b6e) transitioned into state 'SUCCESS' from state 'RUNNING' with result 'None' {{(pid=82216) _task_receiver /opt/stack/data/venv/lib/python3.10/site-packages/taskflow/listeners/logging.py:182}}
Apr 08 15:50:20 devstack cinder-volume[82216]: DEBUG cinder.volume.manager [None req-27ec8cf4-2ed1-4ad7-9440-1fa04ae4fc07 tempest-ServerRescueNegativeTestJSON-123973433 None] Task 'cinder.volume.flows.manager.create_volume.CreateVolumeFromSpecTask;volume:create' (1394588c-0ee6-40a1-a58e-8e349e87d494) transitioned into state 'RUNNING' from state 'PENDING' {{(pid=82216) _task_receiver /opt/stack/data/venv/lib/python3.10/site-packages/taskflow/listeners/logging.py:194}}
Apr 08 15:50:20 devstack cinder-volume[82216]: INFO cinder.volume.flows.manager.create_volume [None req-27ec8cf4-2ed1-4ad7-9440-1fa04ae4fc07 tempest-ServerRescueNegativeTestJSON-123973433 None] Volume 9193794f-b50c-4f48-952e-e6301c91b0ec: being created as raw with specification: {'status': 'creating', 'volume_name': 'volume-9193794f-b50c-4f48-952e-e6301c91b0ec', 'volume_size': 1}
Apr 08 15:50:20 devstack cinder-volume[82216]: DEBUG oslo_concurrency.lockutils [None req-27ec8cf4-2ed1-4ad7-9440-1fa04ae4fc07 tempest-ServerRescueNegativeTestJSON-123973433 None] Acquiring lock "quobyte" by "cinder.volume.drivers.quobyte.QuobyteDriver.create_volume" {{(pid=82216) inner /opt/stack/data/venv/lib/python3.10/site-packages/oslo_concurrency/lockutils.py:506}}
Apr 08 15:50:20 devstack cinder-volume[82216]: DEBUG oslo_concurrency.processutils [None req-57422a0e-33a6-46a8-81b1-c69e84468361 tempest-SnapshotsActionsTest-1701999038 None] CMD "sudo cinder-rootwrap /etc/cinder/rootwrap.conf qemu-img create -f qcow2 -o backing_file=/opt/stack/data/cinder/mnt/d6227bb8421af48aea76a533e1f3baf3/volume-ccc8e4d1-935a-4baf-b5ae-60705e8294fd.02878a1c-8b04-46c2-a6da-23a8cdbd4b7c,backing_fmt=qcow2 /opt/stack/data/cinder/mnt/d6227bb8421af48aea76a533e1f3baf3/volume-ccc8e4d1-935a-4baf-b5ae-60705e8294fd.b0dc191c-e6ba-4a47-84de-2e7e9f90fc96 1G" returned: 0 in 1.356s {{(pid=82216) execute /opt/stack/data/venv/lib/python3.10/site-packages/oslo_concurrency/processutils.py:468}}
Apr 08 15:50:20 devstack cinder-volume[82216]: DEBUG oslo_concurrency.processutils [None req-57422a0e-33a6-46a8-81b1-c69e84468361 tempest-SnapshotsActionsTest-1701999038 None] Running cmd (subprocess): sudo cinder-rootwrap /etc/cinder/rootwrap.conf qemu-img rebase -u -b volume-ccc8e4d1-935a-4baf-b5ae-60705e8294fd.02878a1c-8b04-46c2-a6da-23a8cdbd4b7c -F qcow2 /opt/stack/data/cinder/mnt/d6227bb8421af48aea76a533e1f3baf3/volume-ccc8e4d1-935a-4baf-b5ae-60705e8294fd.b0dc191c-e6ba-4a47-84de-2e7e9f90fc96 {{(pid=82216) execute /opt/stack/data/venv/lib/python3.10/site-packages/oslo_concurrency/processutils.py:440}}
Apr 08 15:50:20 devstack sudo[84488]: quobyte : PWD=/ ; USER=root ; COMMAND=/opt/stack/data/venv/bin/cinder-rootwrap /etc/cinder/rootwrap.conf qemu-img rebase -u -b volume-ccc8e4d1-935a-4baf-b5ae-60705e8294fd.02878a1c-8b04-46c2-a6da-23a8cdbd4b7c -F qcow2 /opt/stack/data/cinder/mnt/d6227bb8421af48aea76a533e1f3baf3/volume-ccc8e4d1-935a-4baf-b5ae-60705e8294fd.b0dc191c-e6ba-4a47-84de-2e7e9f90fc96
Apr 08 15:50:20 devstack sudo[84488]: pam_unix(sudo:session): session opened for user root(uid=0) by (uid=1000)
Apr 08 15:50:20 devstack sudo[84483]: pam_unix(sudo:session): session closed for user root
Apr 08 15:50:20 devstack cinder-volume[82216]: DEBUG oslo_concurrency.processutils [None req-f9eb0361-d832-4351-85f5-ba34e3814107 tempest-GroupSnapshotsTest-114372246 None] CMD "/opt/stack/data/venv/bin/python3.10 -m oslo_concurrency.prlimit --as=1073741824 --cpu=60 -- sudo cinder-rootwrap /etc/cinder/rootwrap.conf env LC_ALL=C qemu-img info -f qcow2 --output=json --force-share /opt/stack/data/cinder/mnt/d6227bb8421af48aea76a533e1f3baf3/volume-48f6c4a5-dbdc-4b63-909e-8b8c62390060" returned: 0 in 1.090s {{(pid=82216) execute /opt/stack/data/venv/lib/python3.10/site-packages/oslo_concurrency/processutils.py:468}}
Apr 08 15:50:20 devstack cinder-volume[82216]: DEBUG oslo_concurrency.processutils [None req-f9eb0361-d832-4351-85f5-ba34e3814107 tempest-GroupSnapshotsTest-114372246 None] Running cmd (subprocess): sudo cinder-rootwrap /etc/cinder/rootwrap.conf qemu-img commit -d /opt/stack/data/cinder/mnt/d6227bb8421af48aea76a533e1f3baf3/volume-48f6c4a5-dbdc-4b63-909e-8b8c62390060.e336ecb3-cc76-4f90-af03-0f1074811b39 {{(pid=82216) execute /opt/stack/data/venv/lib/python3.10/site-packages/oslo_concurrency/processutils.py:440}}
Apr 08 15:50:21 devstack sudo[84493]: quobyte : PWD=/ ; USER=root ; COMMAND=/opt/stack/data/venv/bin/cinder-rootwrap /etc/cinder/rootwrap.conf qemu-img commit -d /opt/stack/data/cinder/mnt/d6227bb8421af48aea76a533e1f3baf3/volume-48f6c4a5-dbdc-4b63-909e-8b8c62390060.e336ecb3-cc76-4f90-af03-0f1074811b39
Apr 08 15:50:21 devstack sudo[84493]: pam_unix(sudo:session): session opened for user root(uid=0) by (uid=1000)
Apr 08 15:50:21 devstack sudo[84488]: pam_unix(sudo:session): session closed for user root
Apr 08 15:50:21 devstack cinder-volume[82216]: DEBUG oslo_concurrency.processutils [None req-57422a0e-33a6-46a8-81b1-c69e84468361 tempest-SnapshotsActionsTest-1701999038 None] CMD "sudo cinder-rootwrap /etc/cinder/rootwrap.conf qemu-img rebase -u -b volume-ccc8e4d1-935a-4baf-b5ae-60705e8294fd.02878a1c-8b04-46c2-a6da-23a8cdbd4b7c -F qcow2 /opt/stack/data/cinder/mnt/d6227bb8421af48aea76a533e1f3baf3/volume-ccc8e4d1-935a-4baf-b5ae-60705e8294fd.b0dc191c-e6ba-4a47-84de-2e7e9f90fc96" returned: 0 in 0.674s {{(pid=82216) execute /opt/stack/data/venv/lib/python3.10/site-packages/oslo_concurrency/processutils.py:468}}
Apr 08 15:50:21 devstack cinder-volume[82216]: WARNING cinder.volume.drivers.remotefs [None req-57422a0e-33a6-46a8-81b1-c69e84468361 tempest-SnapshotsActionsTest-1701999038 None] /opt/stack/data/cinder/mnt/d6227bb8421af48aea76a533e1f3baf3/volume-ccc8e4d1-935a-4baf-b5ae-60705e8294fd.b0dc191c-e6ba-4a47-84de-2e7e9f90fc96 is being set with open permissions: ugo+rw
Apr 08 15:50:21 devstack cinder-volume[82216]: DEBUG oslo_concurrency.processutils [None req-57422a0e-33a6-46a8-81b1-c69e84468361 tempest-SnapshotsActionsTest-1701999038 None] Running cmd (subprocess): sudo cinder-rootwrap /etc/cinder/rootwrap.conf chmod ugo+rw /opt/stack/data/cinder/mnt/d6227bb8421af48aea76a533e1f3baf3/volume-ccc8e4d1-935a-4baf-b5ae-60705e8294fd.b0dc191c-e6ba-4a47-84de-2e7e9f90fc96 {{(pid=82216) execute /opt/stack/data/venv/lib/python3.10/site-packages/oslo_concurrency/processutils.py:440}}
Apr 08 15:50:21 devstack sudo[84500]: quobyte : PWD=/ ; USER=root ; COMMAND=/opt/stack/data/venv/bin/cinder-rootwrap /etc/cinder/rootwrap.conf chmod ugo+rw /opt/stack/data/cinder/mnt/d6227bb8421af48aea76a533e1f3baf3/volume-ccc8e4d1-935a-4baf-b5ae-60705e8294fd.b0dc191c-e6ba-4a47-84de-2e7e9f90fc96
Apr 08 15:50:21 devstack sudo[84500]: pam_unix(sudo:session): session opened for user root(uid=0) by (uid=1000)
Apr 08 15:50:21 devstack cinder-volume[82216]: DEBUG oslo_service.periodic_task [None req-a73e5719-b069-4fc7-84b5-8dedae3c7c25 None None] Running periodic task VolumeManager.publish_service_capabilities {{(pid=82216) run_periodic_tasks /opt/stack/data/venv/lib/python3.10/site-packages/oslo_service/periodic_task.py:210}}
Apr 08 15:50:21 devstack cinder-volume[82216]: DEBUG oslo_concurrency.lockutils [None req-a73e5719-b069-4fc7-84b5-8dedae3c7c25 None None] Acquiring lock "quobyte_ensure" by "cinder.volume.drivers.quobyte.QuobyteDriver._ensure_shares_mounted" {{(pid=82216) inner /opt/stack/data/venv/lib/python3.10/site-packages/oslo_concurrency/lockutils.py:506}}
Apr 08 15:50:21 devstack cinder-volume[82216]: DEBUG oslo_concurrency.lockutils [None req-a73e5719-b069-4fc7-84b5-8dedae3c7c25 None None] Lock "quobyte_ensure" acquired by "cinder.volume.drivers.quobyte.QuobyteDriver._ensure_shares_mounted" :: waited 0.001s {{(pid=82216) inner /opt/stack/data/venv/lib/python3.10/site-packages/oslo_concurrency/lockutils.py:519}}
Apr 08 15:50:21 devstack cinder-volume[82216]: DEBUG cinder.volume.drivers.quobyte [None req-a73e5719-b069-4fc7-84b5-8dedae3c7c25 None None] Quobyte Volume URL set to: {'osci02.corp.quobyte.com/cinder-vol-0ee43344-e04a-48a5-bea1-5b0008182cc8': None} {{(pid=82216) _load_shares_config /opt/stack/cinder/cinder/volume/drivers/quobyte.py:617}}
Apr 08 15:50:21 devstack cinder-volume[82216]: DEBUG cinder.volume.drivers.quobyte [None req-a73e5719-b069-4fc7-84b5-8dedae3c7c25 None None] Available shares ['osci02.corp.quobyte.com/cinder-vol-0ee43344-e04a-48a5-bea1-5b0008182cc8'] {{(pid=82216) _ensure_shares_mounted /opt/stack/cinder/cinder/volume/drivers/quobyte.py:647}}
Apr 08 15:50:21 devstack cinder-volume[82216]: DEBUG oslo_concurrency.lockutils [None req-a73e5719-b069-4fc7-84b5-8dedae3c7c25 None None] Lock "quobyte_ensure" "released" by "cinder.volume.drivers.quobyte.QuobyteDriver._ensure_shares_mounted" :: held 0.015s {{(pid=82216) inner /opt/stack/data/venv/lib/python3.10/site-packages/oslo_concurrency/lockutils.py:538}}
Apr 08 15:50:21 devstack cinder-volume[82216]: DEBUG oslo_concurrency.processutils [None req-a73e5719-b069-4fc7-84b5-8dedae3c7c25 None None] Running cmd (subprocess): sudo cinder-rootwrap /etc/cinder/rootwrap.conf df --portability --block-size 1 /opt/stack/data/cinder/mnt/d6227bb8421af48aea76a533e1f3baf3 {{(pid=82216) execute /opt/stack/data/venv/lib/python3.10/site-packages/oslo_concurrency/processutils.py:440}}
Apr 08 15:50:21 devstack sudo[84503]: quobyte : PWD=/ ; USER=root ; COMMAND=/opt/stack/data/venv/bin/cinder-rootwrap /etc/cinder/rootwrap.conf df --portability --block-size 1 /opt/stack/data/cinder/mnt/d6227bb8421af48aea76a533e1f3baf3
Apr 08 15:50:21 devstack sudo[84503]: pam_unix(sudo:session): session opened for user root(uid=0) by (uid=1000)
Apr 08 15:50:21 devstack sudo[84493]: pam_unix(sudo:session): session closed for user root
Apr 08 15:50:21 devstack cinder-volume[82216]: DEBUG oslo_concurrency.processutils [None req-f9eb0361-d832-4351-85f5-ba34e3814107 tempest-GroupSnapshotsTest-114372246 None] CMD "sudo cinder-rootwrap /etc/cinder/rootwrap.conf qemu-img commit -d /opt/stack/data/cinder/mnt/d6227bb8421af48aea76a533e1f3baf3/volume-48f6c4a5-dbdc-4b63-909e-8b8c62390060.e336ecb3-cc76-4f90-af03-0f1074811b39" returned: 0 in 0.785s {{(pid=82216) execute /opt/stack/data/venv/lib/python3.10/site-packages/oslo_concurrency/processutils.py:468}}
Apr 08 15:50:21 devstack cinder-volume[82216]: DEBUG oslo_concurrency.processutils [None req-f9eb0361-d832-4351-85f5-ba34e3814107 tempest-GroupSnapshotsTest-114372246 None] Running cmd (subprocess): sudo cinder-rootwrap /etc/cinder/rootwrap.conf rm -f /opt/stack/data/cinder/mnt/d6227bb8421af48aea76a533e1f3baf3/volume-48f6c4a5-dbdc-4b63-909e-8b8c62390060.e336ecb3-cc76-4f90-af03-0f1074811b39 {{(pid=82216) execute /opt/stack/data/venv/lib/python3.10/site-packages/oslo_concurrency/processutils.py:440}}
Apr 08 15:50:21 devstack sudo[84506]: quobyte : PWD=/ ; USER=root ; COMMAND=/opt/stack/data/venv/bin/cinder-rootwrap /etc/cinder/rootwrap.conf rm -f /opt/stack/data/cinder/mnt/d6227bb8421af48aea76a533e1f3baf3/volume-48f6c4a5-dbdc-4b63-909e-8b8c62390060.e336ecb3-cc76-4f90-af03-0f1074811b39
Apr 08 15:50:21 devstack sudo[84506]: pam_unix(sudo:session): session opened for user root(uid=0) by (uid=1000)
Apr 08 15:50:21 devstack sudo[84500]: pam_unix(sudo:session): session closed for user root
Apr 08 15:50:21 devstack cinder-volume[82216]: DEBUG oslo_concurrency.processutils [None req-57422a0e-33a6-46a8-81b1-c69e84468361 tempest-SnapshotsActionsTest-1701999038 None] CMD "sudo cinder-rootwrap /etc/cinder/rootwrap.conf chmod ugo+rw /opt/stack/data/cinder/mnt/d6227bb8421af48aea76a533e1f3baf3/volume-ccc8e4d1-935a-4baf-b5ae-60705e8294fd.b0dc191c-e6ba-4a47-84de-2e7e9f90fc96" returned: 0 in 0.512s {{(pid=82216) execute /opt/stack/data/venv/lib/python3.10/site-packages/oslo_concurrency/processutils.py:468}}
